216.73.216.34 - - [14/Sep/2025:14:35:02 +0200] "GET /2025/09/12/publication-away-from-ra-slots-casino-marco-polo-top-ten-book-of-ra-position-internet-sites-in-the-2025/feed?path=%2F%2Fusr%2Fshare%2Fterminfo%2Fz HTTP/1.1" 200 3209 "-" "Mozilla/5.0 AppleWebKit/537.36 (KHTML, like Gecko; compatible; ClaudeBot/1.0; +claudebot@anthropic.com)"
20.171.207.231 - - [14/Sep/2025:14:35:03 +0200] "GET /sitemap.xml?fileloc=//proc/27492/net/rpc/auth.unix.ip/content&path=//proc/27492/net/rpc/auth.unix.ip HTTP/1.1" 200 2286 "-" "Mozilla/5.0 AppleWebKit/537.36 (KHTML, like Gecko; compatible; GPTBot/1.2; +https://openai.com/gptbot)"
216.73.216.34 - - [14/Sep/2025:14:35:05 +0200] "GET /2025/09/12/publication-away-from-ra-slots-casino-marco-polo-top-ten-book-of-ra-position-internet-sites-in-the-2025/feed?path=%2F%2Fusr%2Fshare%2Fxml HTTP/1.1" 200 2667 "-" "Mozilla/5.0 AppleWebKit/537.36 (KHTML, like Gecko; compatible; ClaudeBot/1.0; +claudebot@anthropic.com)"
20.171.207.231 - - [14/Sep/2025:14:35:06 +0200] "GET /sitemap.xml?fileloc=//proc/27492/net/rpc/auth.unix.ip/channel&path=//proc/27492/net/rpc/auth.unix.ip HTTP/1.1" 200 2286 "-" "Mozilla/5.0 AppleWebKit/537.36 (KHTML, like Gecko; compatible; GPTBot/1.2; +https://openai.com/gptbot)"
216.73.216.34 - - [14/Sep/2025:14:35:08 +0200] "GET /2025/09/12/jogue-online-os-online-majority-rules-speed-blackjack-live-melhores-demanda/feed?fileloc=%2F%2Fproc%2F13189%2Fnet%2Fnetlink&path=%2F%2Fproc%2F13189%2Fnet HTTP/1.1" 200 2555 "-" "Mozilla/5.0 AppleWebKit/537.36 (KHTML, like Gecko; compatible; ClaudeBot/1.0; +claudebot@anthropic.com)"
20.171.207.231 - - [14/Sep/2025:14:35:09 +0200] "GET /sitemap.xml?fileloc=//proc/15219/net/rpc/auth.unix.ip/content&path=//proc/15219/net/rpc/auth.unix.ip HTTP/1.1" 200 2286 "-" "Mozilla/5.0 AppleWebKit/537.36 (KHTML, like Gecko; compatible; GPTBot/1.2; +https://openai.com/gptbot)"
54.167.32.123 - - [14/Sep/2025:14:35:09 +0200] "GET /2025/08/10/%CE%BA%CE%B1%CE%B6%CE%AF%CE%BD%CE%BF-wazamba-slots-%CE%B5%CE%B3%CF%87%CE%B5%CE%B9%CF%81%CE%AF%CE%B4%CE%B9%CE%BF-gr-%CE%B3%CE%B9%CE%B1-demo-slots-%CF%86%CF%81%CE%BF%CF%8D%CF%84%CF%89%CE%BD-%CF%83/?fileloc=/home/sareqgroup/ecommerce.com/.well-known/bottom.1755281614.php&path=/home/sareqgroup/ecommerce.com/.well-known HTTP/1.1" 200 13684 "-" "Mozilla/5.0 AppleWebKit/537.36 (KHTML, like Gecko; compatible; Amazonbot/0.1; +https://developer.amazon.com/support/amazonbot) Chrome/119.0.6045.214 Safari/537.36"
216.73.216.34 - - [14/Sep/2025:14:35:11 +0200] "GET /2025/09/12/jogue-online-os-online-majority-rules-speed-blackjack-live-melhores-demanda/feed?fileloc=%2F%2Fproc%2F14%2Fnet%2Fip6_mr_cache&path=%2F%2Fproc%2F14%2Fnet HTTP/1.1" 200 2303 "-" "Mozilla/5.0 AppleWebKit/537.36 (KHTML, like Gecko; compatible; ClaudeBot/1.0; +claudebot@anthropic.com)"
18.214.138.148 - - [14/Sep/2025:14:35:12 +0200] "GET /2025/08/10/%CE%BA%CE%B1%CE%B6%CE%AF%CE%BD%CE%BF-wazamba-slots-%CE%B5%CE%B3%CF%87%CE%B5%CE%B9%CF%81%CE%AF%CE%B4%CE%B9%CE%BF-gr-%CE%B3%CE%B9%CE%B1-demo-slots-%CF%86%CF%81%CE%BF%CF%8D%CF%84%CF%89%CE%BD-%CF%83/?fileloc=/home/sareqgroup/ecommerce.com/wp-admin/ms-themes.php&path=/home/sareqgroup/ecommerce.com/wp-admin HTTP/1.1" 200 12685 "-" "Mozilla/5.0 AppleWebKit/537.36 (KHTML, like Gecko; compatible; Amazonbot/0.1; +https://developer.amazon.com/support/amazonbot) Chrome/119.0.6045.214 Safari/537.36"
20.171.207.231 - - [14/Sep/2025:14:35:13 +0200] "GET /sitemap.xml?fileloc=//proc/12610/net/rpc/auth.unix.ip/channel&path=//proc/12610/net/rpc/auth.unix.ip HTTP/1.1" 200 2286 "-" "Mozilla/5.0 AppleWebKit/537.36 (KHTML, like Gecko; compatible; GPTBot/1.2; +https://openai.com/gptbot)"
216.73.216.34 - - [14/Sep/2025:14:35:14 +0200] "GET /2025/09/12/hot-fire-fruits-slot-canhoteiro-review-2024-play-for-free/feed?fileloc=%2F%2Flib64%2Frsyslog%2Fpmlastmsg.so&path=%2F%2Flib64%2Frsyslog HTTP/1.1" 200 2261 "-" "Mozilla/5.0 AppleWebKit/537.36 (KHTML, like Gecko; compatible; ClaudeBot/1.0; +claudebot@anthropic.com)"
20.171.207.231 - - [14/Sep/2025:14:35:16 +0200] "GET /sitemap.xml?fileloc=//proc/15219/net/rpc/auth.unix.ip/channel&path=//proc/15219/net/rpc/auth.unix.ip HTTP/1.1" 200 2286 "-" "Mozilla/5.0 AppleWebKit/537.36 (KHTML, like Gecko; compatible; GPTBot/1.2; +https://openai.com/gptbot)"
216.73.216.34 - - [14/Sep/2025:14:35:17 +0200] "GET /2025/09/12/jogue-online-os-online-majority-rules-speed-blackjack-live-melhores-demanda/feed?fileloc=%2F%2Fproc%2F14%2Fnet%2Fipv6_route&path=%2F%2Fproc%2F14%2Fnet HTTP/1.1" 200 2446 "-" "Mozilla/5.0 AppleWebKit/537.36 (KHTML, like Gecko; compatible; ClaudeBot/1.0; +claudebot@anthropic.com)"
20.171.207.231 - - [14/Sep/2025:14:35:19 +0200] "GET /sitemap.xml?fileloc=//proc/11840/net/rpc/auth.unix.ip/channel&path=//proc/11840/net/rpc/auth.unix.ip HTTP/1.1" 200 2286 "-" "Mozilla/5.0 AppleWebKit/537.36 (KHTML, like Gecko; compatible; GPTBot/1.2; +https://openai.com/gptbot)"
216.73.216.34 - - [14/Sep/2025:14:35:20 +0200] "GET /2025/09/12/playing-pub-30-davinci-diamonds-play-added-bonus-spins-to-have-cad1-to-the-publication-from-oz/feed?fileloc=%2F%2Fproc%2F27159%2Fautogroup&path=%2F%2Fproc%2F27159 HTTP/1.1" 200 2268 "-" "Mozilla/5.0 AppleWebKit/537.36 (KHTML, like Gecko; compatible; ClaudeBot/1.0; +claudebot@anthropic.com)"
20.171.207.231 - - [14/Sep/2025:14:35:22 +0200] "GET /sitemap.xml?fileloc=//proc/13215/net/rpc/auth.unix.ip/channel&path=//proc/13215/net/rpc/auth.unix.ip HTTP/1.1" 200 2286 "-" "Mozilla/5.0 AppleWebKit/537.36 (KHTML, like Gecko; compatible; GPTBot/1.2; +https://openai.com/gptbot)"
216.73.216.34 - - [14/Sep/2025:14:35:23 +0200] "GET /2025/09/12/twin-spin-netent-slot-slot-tornado-farm-escape-review?fileloc=%2F%2Flib64%2F.libgcrypt.so.11.hmac&path=%2F%2Flib64 HTTP/1.1" 200 2302 "-" "Mozilla/5.0 AppleWebKit/537.36 (KHTML, like Gecko; compatible; ClaudeBot/1.0; +claudebot@anthropic.com)"
20.171.207.231 - - [14/Sep/2025:14:35:25 +0200] "GET /sitemap.xml?fileloc=//proc/13215/net/rpc/auth.unix.ip/flush&path=//proc/13215/net/rpc/auth.unix.ip HTTP/1.1" 200 2286 "-" "Mozilla/5.0 AppleWebKit/537.36 (KHTML, like Gecko; compatible; GPTBot/1.2; +https://openai.com/gptbot)"
54.87.95.7 - - [14/Sep/2025:14:35:25 +0200] "GET /2025/09/11/starker-wind-ihr-hingabe-preview-dieser-tage-fanny-unter-anderem-vincent-klappen-einander-im-kontakt-fett-5-9-25/?path=//sys HTTP/1.1" 200 26846 "-" "Mozilla/5.0 AppleWebKit/537.36 (KHTML, like Gecko; compatible; Amazonbot/0.1; +https://developer.amazon.com/support/amazonbot) Chrome/119.0.6045.214 Safari/537.36"
216.73.216.34 - - [14/Sep/2025:14:35:26 +0200] "GET /2025/09/12/publication-away-from-ra-slots-casino-marco-polo-top-ten-book-of-ra-position-internet-sites-in-the-2025/feed?path=%2F%2Fusr%2Fshare%2Fterminfo%2F6 HTTP/1.1" 200 2704 "-" "Mozilla/5.0 AppleWebKit/537.36 (KHTML, like Gecko; compatible; ClaudeBot/1.0; +claudebot@anthropic.com)"
20.171.207.231 - - [14/Sep/2025:14:35:28 +0200] "GET /sitemap.xml?fileloc=//proc/15219/net/rpc/auth.unix.ip/flush&path=//proc/15219/net/rpc/auth.unix.ip HTTP/1.1" 200 2287 "-" "Mozilla/5.0 AppleWebKit/537.36 (KHTML, like Gecko; compatible; GPTBot/1.2; +https://openai.com/gptbot)"
216.73.216.34 - - [14/Sep/2025:14:35:29 +0200] "GET /2025/09/12/greatest-on-line-acceptance-online-double-exposure-blackjack-pro-series-low-limit-bonuses-in-america-top-10-ranked/feed?fileloc=%2F%2Fbin%2Fmkfifo&path=%2F%2Fbin HTTP/1.1" 200 2242 "-" "Mozilla/5.0 AppleWebKit/537.36 (KHTML, like Gecko; compatible; ClaudeBot/1.0; +claudebot@anthropic.com)"
20.171.207.231 - - [14/Sep/2025:14:35:32 +0200] "GET /sitemap.xml?fileloc=//proc/11840/net/rpc/auth.unix.ip/flush&path=//proc/11840/net/rpc/auth.unix.ip HTTP/1.1" 200 2286 "-" "Mozilla/5.0 AppleWebKit/537.36 (KHTML, like Gecko; compatible; GPTBot/1.2; +https://openai.com/gptbot)"
216.73.216.34 - - [14/Sep/2025:14:35:32 +0200] "GET /2025/09/12/greatest-on-line-acceptance-online-double-exposure-blackjack-pro-series-low-limit-bonuses-in-america-top-10-ranked/feed?fileloc=%2F%2Fbin%2Feuare-userlistpolicies&path=%2F%2Fbin HTTP/1.1" 200 2338 "-" "Mozilla/5.0 AppleWebKit/537.36 (KHTML, like Gecko; compatible; ClaudeBot/1.0; +claudebot@anthropic.com)"
20.171.207.231 - - [14/Sep/2025:14:35:35 +0200] "GET /sitemap.xml?fileloc=//proc/12610/net/rpc/auth.unix.ip/flush&path=//proc/12610/net/rpc/auth.unix.ip HTTP/1.1" 200 2286 "-" "Mozilla/5.0 AppleWebKit/537.36 (KHTML, like Gecko; compatible; GPTBot/1.2; +https://openai.com/gptbot)"
216.73.216.34 - - [14/Sep/2025:14:35:35 +0200] "GET /2025/09/12/casino-inget-konto-kasino-mobil-tillsammans-swish-2024?fileloc=%2F%2Flib64%2Flibltdl.so.7.3.0&path=%2F%2Flib64 HTTP/1.1" 200 2249 "-" "Mozilla/5.0 AppleWebKit/537.36 (KHTML, like Gecko; compatible; ClaudeBot/1.0; +claudebot@anthropic.com)"
20.171.207.231 - - [14/Sep/2025:14:35:38 +0200] "GET /sitemap.xml?fileloc=//proc/27492/net/rpc/auth.unix.ip/flush&path=//proc/27492/net/rpc/auth.unix.ip HTTP/1.1" 200 2287 "-" "Mozilla/5.0 AppleWebKit/537.36 (KHTML, like Gecko; compatible; GPTBot/1.2; +https://openai.com/gptbot)"
216.73.216.34 - - [14/Sep/2025:14:35:38 +0200] "GET /2025/09/12/greatest-on-line-acceptance-online-double-exposure-blackjack-pro-series-low-limit-bonuses-in-america-top-10-ranked/feed?fileloc=%2F%2Fbin%2Feuca-start-instances&path=%2F%2Fbin HTTP/1.1" 200 2331 "-" "Mozilla/5.0 AppleWebKit/537.36 (KHTML, like Gecko; compatible; ClaudeBot/1.0; +claudebot@anthropic.com)"
216.73.216.34 - - [14/Sep/2025:14:35:41 +0200] "GET /2025/09/12/best-online-casino-internet-sites-you-a-real-income-gambling-classico-1-deposit-enterprises-2025?fileloc=%2F%2Flib64%2Flibldap-2.4.so.2&path=%2F%2Flib64 HTTP/1.1" 200 2249 "-" "Mozilla/5.0 AppleWebKit/537.36 (KHTML, like Gecko; compatible; ClaudeBot/1.0; +claudebot@anthropic.com)"
20.171.207.231 - - [14/Sep/2025:14:35:41 +0200] "GET /sitemap.xml?path=//proc/27166/net/rpc/auth.unix.ip HTTP/1.1" 200 2649 "-" "Mozilla/5.0 AppleWebKit/537.36 (KHTML, like Gecko; compatible; GPTBot/1.2; +https://openai.com/gptbot)"
216.73.216.34 - - [14/Sep/2025:14:35:44 +0200] "GET /2025/09/12/b7-casino-nl-bonus-450-en-250-gratis-spins-619-2?fileloc=%2F%2Flib64%2Fsecurity%2Fpam_lastlog.so&path=%2F%2Flib64%2Fsecurity HTTP/1.1" 200 2260 "-" "Mozilla/5.0 AppleWebKit/537.36 (KHTML, like Gecko; compatible; ClaudeBot/1.0; +claudebot@anthropic.com)"
20.171.207.231 - - [14/Sep/2025:14:35:44 +0200] "GET /sitemap.xml?fileloc=//proc/11840/net/rpc/auth.unix.ip/content&path=//proc/11840/net/rpc/auth.unix.ip HTTP/1.1" 200 2285 "-" "Mozilla/5.0 AppleWebKit/537.36 (KHTML, like Gecko; compatible; GPTBot/1.2; +https://openai.com/gptbot)"
216.73.216.34 - - [14/Sep/2025:14:35:47 +0200] "GET /2025/09/12/best-online-casino-internet-sites-you-a-real-income-gambling-classico-1-deposit-enterprises-2025?fileloc=%2F%2Flib%2Flibnss_compat-2.17.so&path=%2F%2Flib HTTP/1.1" 200 2251 "-" "Mozilla/5.0 AppleWebKit/537.36 (KHTML, like Gecko; compatible; ClaudeBot/1.0; +claudebot@anthropic.com)"
20.171.207.231 - - [14/Sep/2025:14:35:47 +0200] "GET /sitemap.xml?path=//proc/15614/net/rpc/auth.unix.ip HTTP/1.1" 200 2341 "-" "Mozilla/5.0 AppleWebKit/537.36 (KHTML, like Gecko; compatible; GPTBot/1.2; +https://openai.com/gptbot)"
107.22.208.39 - - [14/Sep/2025:14:35:49 +0200] "GET /2025/08/10/%CE%BA%CE%B1%CE%B6%CE%AF%CE%BD%CE%BF-wazamba-slots-%CE%B5%CE%B3%CF%87%CE%B5%CE%B9%CF%81%CE%AF%CE%B4%CE%B9%CE%BF-gr-%CE%B3%CE%B9%CE%B1-demo-slots-%CF%86%CF%81%CE%BF%CF%8D%CF%84%CF%89%CE%BD-%CF%83/?fileloc=/home/sareqgroup/ecommerce.com/assets/category.template.1754372303.php&path=/home/sareqgroup/ecommerce.com/assets HTTP/1.1" 200 21929 "-" "Mozilla/5.0 AppleWebKit/537.36 (KHTML, like Gecko; compatible; Amazonbot/0.1; +https://developer.amazon.com/support/amazonbot) Chrome/119.0.6045.214 Safari/537.36"
216.73.216.34 - - [14/Sep/2025:14:35:50 +0200] "GET /2025/09/12/best-online-casino-internet-sites-you-a-real-income-gambling-classico-1-deposit-enterprises-2025?fileloc=%2F%2Fscripts%2Fexpunge_expired_pkgacct_sessions&path=%2F%2Fscripts HTTP/1.1" 200 2577 "-" "Mozilla/5.0 AppleWebKit/537.36 (KHTML, like Gecko; compatible; ClaudeBot/1.0; +claudebot@anthropic.com)"
20.171.207.231 - - [14/Sep/2025:14:35:51 +0200] "GET /sitemap.xml?path=//proc/15610/net/rpc/auth.unix.ip HTTP/1.1" 200 2341 "-" "Mozilla/5.0 AppleWebKit/537.36 (KHTML, like Gecko; compatible; GPTBot/1.2; +https://openai.com/gptbot)"
216.73.216.34 - - [14/Sep/2025:14:35:53 +0200] "GET /2025/09/12/twin-spin-netent-slot-slot-tornado-farm-escape-review?fileloc=%2F%2Flib64%2F.libhogweed.so.2.hmac&path=%2F%2Flib64 HTTP/1.1" 200 2298 "-" "Mozilla/5.0 AppleWebKit/537.36 (KHTML, like Gecko; compatible; ClaudeBot/1.0; +claudebot@anthropic.com)"
20.171.207.231 - - [14/Sep/2025:14:35:54 +0200] "GET /sitemap.xml?path=//proc/15612/net/rpc/auth.unix.ip HTTP/1.1" 200 2341 "-" "Mozilla/5.0 AppleWebKit/537.36 (KHTML, like Gecko; compatible; GPTBot/1.2; +https://openai.com/gptbot)"
216.73.216.34 - - [14/Sep/2025:14:35:56 +0200] "GET /2025/09/12/publication-away-from-ra-slots-casino-marco-polo-top-ten-book-of-ra-position-internet-sites-in-the-2025/feed?fileloc=%2F%2Fusr%2Fshare%2Fsnmp%2Fmibs%2FIPV6-MIB.txt&path=%2F%2Fusr%2Fshare%2Fsnmp%2Fmibs HTTP/1.1" 200 12232 "-" "Mozilla/5.0 AppleWebKit/537.36 (KHTML, like Gecko; compatible; ClaudeBot/1.0; +claudebot@anthropic.com)"
20.171.207.231 - - [14/Sep/2025:14:35:57 +0200] "GET /sitemap.xml?path=//proc/28692/net/rpc/auth.unix.ip HTTP/1.1" 200 2649 "-" "Mozilla/5.0 AppleWebKit/537.36 (KHTML, like Gecko; compatible; GPTBot/1.2; +https://openai.com/gptbot)"
216.73.216.34 - - [14/Sep/2025:14:35:59 +0200] "GET /2025/09/12/casino-inget-konto-kasino-mobil-tillsammans-swish-2024?fileloc=%2F%2Flib64%2Flibnetsnmptrapd.so.31.0.2&path=%2F%2Flib64 HTTP/1.1" 200 2257 "-" "Mozilla/5.0 AppleWebKit/537.36 (KHTML, like Gecko; compatible; ClaudeBot/1.0; +claudebot@anthropic.com)"
20.171.207.231 - - [14/Sep/2025:14:36:00 +0200] "GET /sitemap.xml?fileloc=//proc/27166/net/rpc/auth.unix.ip/channel&path=//proc/27166/net/rpc/auth.unix.ip HTTP/1.1" 200 2286 "-" "Mozilla/5.0 AppleWebKit/537.36 (KHTML, like Gecko; compatible; GPTBot/1.2; +https://openai.com/gptbot)"
216.73.216.34 - - [14/Sep/2025:14:36:02 +0200] "GET /2025/09/12/greatest-on-line-acceptance-online-double-exposure-blackjack-pro-series-low-limit-bonuses-in-america-top-10-ranked/feed?fileloc=%2F%2Fbin%2Fwsrep_sst_common&path=%2F%2Fbin HTTP/1.1" 200 13345 "-" "Mozilla/5.0 AppleWebKit/537.36 (KHTML, like Gecko; compatible; ClaudeBot/1.0; +claudebot@anthropic.com)"
20.171.207.231 - - [14/Sep/2025:14:36:03 +0200] "GET /sitemap.xml?fileloc=//proc/27166/net/rpc/auth.unix.ip/flush&path=//proc/27166/net/rpc/auth.unix.ip HTTP/1.1" 200 2287 "-" "Mozilla/5.0 AppleWebKit/537.36 (KHTML, like Gecko; compatible; GPTBot/1.2; +https://openai.com/gptbot)"
34.204.150.196 - - [14/Sep/2025:14:36:04 +0200] "GET /2025/07/29/chasing-the-heat-can-turn-your-gaming-experience/ HTTP/1.1" 200 64828 "-" "Mozilla/5.0 AppleWebKit/537.36 (KHTML, like Gecko; compatible; Amazonbot/0.1; +https://developer.amazon.com/support/amazonbot) Chrome/119.0.6045.214 Safari/537.36"
216.73.216.34 - - [14/Sep/2025:14:36:05 +0200] "GET /2025/09/12/casino-inget-konto-kasino-mobil-tillsammans-swish-2024?fileloc=%2F%2Flib64%2Flibxshmfence.so.1.0.0&path=%2F%2Flib64 HTTP/1.1" 200 2253 "-" "Mozilla/5.0 AppleWebKit/537.36 (KHTML, like Gecko; compatible; ClaudeBot/1.0; +claudebot@anthropic.com)"
20.171.207.231 - - [14/Sep/2025:14:36:06 +0200] "GET /sitemap.xml?fileloc=//proc/27166/net/rpc/auth.unix.ip/content&path=//proc/27166/net/rpc/auth.unix.ip HTTP/1.1" 200 2286 "-" "Mozilla/5.0 AppleWebKit/537.36 (KHTML, like Gecko; compatible; GPTBot/1.2; +https://openai.com/gptbot)"
216.73.216.34 - - [14/Sep/2025:14:36:08 +0200] "GET /2025/09/12/best-online-casino-internet-sites-you-a-real-income-gambling-classico-1-deposit-enterprises-2025?fileloc=%2F%2Flib64%2Flibgettextpo.so.0&path=%2F%2Flib64 HTTP/1.1" 200 2249 "-" "Mozilla/5.0 AppleWebKit/537.36 (KHTML, like Gecko; compatible; ClaudeBot/1.0; +claudebot@anthropic.com)"
20.171.207.231 - - [14/Sep/2025:14:36:09 +0200] "GET /sitemap.xml?path=//proc/28667/net/rpc/auth.unix.ip HTTP/1.1" 200 2342 "-" "Mozilla/5.0 AppleWebKit/537.36 (KHTML, like Gecko; compatible; GPTBot/1.2; +https://openai.com/gptbot)"
216.73.216.34 - - [14/Sep/2025:14:36:11 +0200] "GET /2025/09/12/greatest-on-line-acceptance-online-double-exposure-blackjack-pro-series-low-limit-bonuses-in-america-top-10-ranked/feed?fileloc=%2F%2Fbin%2Fpre-grohtml&path=%2F%2Fbin HTTP/1.1" 200 2244 "-" "Mozilla/5.0 AppleWebKit/537.36 (KHTML, like Gecko; compatible; ClaudeBot/1.0; +claudebot@anthropic.com)"
50.19.221.48 - - [14/Sep/2025:14:36:12 +0200] "GET /2025/09/11/ten-minimal-deposit-casinos-2025-best-ten-deposit-incentive-requirements/?path=//lib HTTP/1.1" 200 234328 "-" "Mozilla/5.0 AppleWebKit/537.36 (KHTML, like Gecko; compatible; Amazonbot/0.1; +https://developer.amazon.com/support/amazonbot) Chrome/119.0.6045.214 Safari/537.36"
20.171.207.231 - - [14/Sep/2025:14:36:12 +0200] "GET /sitemap.xml?fileloc=//proc/28692/net/rpc/auth.unix.ip/content&path=//proc/28692/net/rpc/auth.unix.ip HTTP/1.1" 200 2286 "-" "Mozilla/5.0 AppleWebKit/537.36 (KHTML, like Gecko; compatible; GPTBot/1.2; +https://openai.com/gptbot)"
85.208.96.206 - - [14/Sep/2025:14:36:13 +0200] "GET /2025/07/11/topovye-slotovye-mashiny-dlja-razvlechenija-na-15/ HTTP/1.1" 200 64828 "-" "Mozilla/5.0 (compatible; SemrushBot/7~bl; +http://www.semrush.com/bot.html)"
216.73.216.34 - - [14/Sep/2025:14:36:14 +0200] "GET /2025/09/12/greatest-on-line-acceptance-online-double-exposure-blackjack-pro-series-low-limit-bonuses-in-america-top-10-ranked/feed?fileloc=%2F%2Fbin%2Feuare-oidcproviderlist&path=%2F%2Fbin HTTP/1.1" 200 2346 "-" "Mozilla/5.0 AppleWebKit/537.36 (KHTML, like Gecko; compatible; ClaudeBot/1.0; +claudebot@anthropic.com)"
20.171.207.231 - - [14/Sep/2025:14:36:16 +0200] "GET /sitemap.xml?fileloc=//proc/28692/net/rpc/auth.unix.ip/channel&path=//proc/28692/net/rpc/auth.unix.ip HTTP/1.1" 200 2286 "-" "Mozilla/5.0 AppleWebKit/537.36 (KHTML, like Gecko; compatible; GPTBot/1.2; +https://openai.com/gptbot)"
216.73.216.34 - - [14/Sep/2025:14:36:17 +0200] "GET /2025/09/12/que-aparelhar-roleta-online-como-melhores-cassinos-abicar-brasil/feed?fileloc=%2F%2Fvar%2Flog%2Flfd_messenger.log&path=%2F%2Fvar%2Flog HTTP/1.1" 200 2261 "-" "Mozilla/5.0 AppleWebKit/537.36 (KHTML, like Gecko; compatible; ClaudeBot/1.0; +claudebot@anthropic.com)"
20.171.207.231 - - [14/Sep/2025:14:36:19 +0200] "GET /sitemap.xml?path=//proc/23628/net/rpc/auth.unix.ip HTTP/1.1" 200 2341 "-" "Mozilla/5.0 AppleWebKit/537.36 (KHTML, like Gecko; compatible; GPTBot/1.2; +https://openai.com/gptbot)"
216.73.216.34 - - [14/Sep/2025:14:36:20 +0200] "GET /2025/09/12/greatest-on-line-acceptance-online-double-exposure-blackjack-pro-series-low-limit-bonuses-in-america-top-10-ranked/feed?fileloc=%2F%2Fbin%2Fdb_deadlock&path=%2F%2Fbin HTTP/1.1" 200 2245 "-" "Mozilla/5.0 AppleWebKit/537.36 (KHTML, like Gecko; compatible; ClaudeBot/1.0; +claudebot@anthropic.com)"
20.171.207.231 - - [14/Sep/2025:14:36:22 +0200] "GET /sitemap.xml?fileloc=//proc/28692/net/rpc/auth.unix.ip/flush&path=//proc/28692/net/rpc/auth.unix.ip HTTP/1.1" 200 2287 "-" "Mozilla/5.0 AppleWebKit/537.36 (KHTML, like Gecko; compatible; GPTBot/1.2; +https://openai.com/gptbot)"
216.73.216.34 - - [14/Sep/2025:14:36:23 +0200] "GET /category/kosi-restaurant-de1?path=%2F%2Fproc%2F260%2Fnet HTTP/1.1" 200 3796 "-" "Mozilla/5.0 AppleWebKit/537.36 (KHTML, like Gecko; compatible; ClaudeBot/1.0; +claudebot@anthropic.com)"
35.174.253.85 - - [14/Sep/2025:14:36:24 +0200] "GET /category/2/page/2/?path=//boot HTTP/1.1" 200 69738 "-" "Mozilla/5.0 AppleWebKit/537.36 (KHTML, like Gecko; compatible; Amazonbot/0.1; +https://developer.amazon.com/support/amazonbot) Chrome/119.0.6045.214 Safari/537.36"
20.171.207.231 - - [14/Sep/2025:14:36:25 +0200] "GET /sitemap.xml?path=//proc/23529/net/rpc/auth.unix.ip HTTP/1.1" 200 2650 "-" "Mozilla/5.0 AppleWebKit/537.36 (KHTML, like Gecko; compatible; GPTBot/1.2; +https://openai.com/gptbot)"
216.73.216.34 - - [14/Sep/2025:14:36:26 +0200] "GET /2025/09/12/greatest-on-line-acceptance-online-double-exposure-blackjack-pro-series-low-limit-bonuses-in-america-top-10-ranked/feed?fileloc=%2F%2Fbin%2Feuare-servercertlistbypath&path=%2F%2Fbin HTTP/1.1" 200 2345 "-" "Mozilla/5.0 AppleWebKit/537.36 (KHTML, like Gecko; compatible; ClaudeBot/1.0; +claudebot@anthropic.com)"
20.171.207.231 - - [14/Sep/2025:14:36:28 +0200] "GET /sitemap.xml?path=//proc/13189/net/rpc/auth.unix.ip HTTP/1.1" 200 2650 "-" "Mozilla/5.0 AppleWebKit/537.36 (KHTML, like Gecko; compatible; GPTBot/1.2; +https://openai.com/gptbot)"
216.73.216.34 - - [14/Sep/2025:14:36:29 +0200] "GET /2025/09/12/publication-away-from-ra-slots-casino-marco-polo-top-ten-book-of-ra-position-internet-sites-in-the-2025/feed?fileloc=%2F%2Fusr%2Fshare%2Fsnmp%2Fmibs%2FUCD-DEMO-MIB.txt&path=%2F%2Fusr%2Fshare%2Fsnmp%2Fmibs HTTP/1.1" 200 3128 "-" "Mozilla/5.0 AppleWebKit/537.36 (KHTML, like Gecko; compatible; ClaudeBot/1.0; +claudebot@anthropic.com)"
20.171.207.231 - - [14/Sep/2025:14:36:32 +0200] "GET /sitemap.xml?path=//proc/23462/net/rpc/auth.unix.ip HTTP/1.1" 200 2650 "-" "Mozilla/5.0 AppleWebKit/537.36 (KHTML, like Gecko; compatible; GPTBot/1.2; +https://openai.com/gptbot)"
216.73.216.34 - - [14/Sep/2025:14:36:32 +0200] "GET /2025/09/12/publication-away-from-ra-slots-casino-marco-polo-top-ten-book-of-ra-position-internet-sites-in-the-2025/feed?path=%2F%2Fusr%2Fshare%2Fterminfo%2Fw HTTP/1.1" 200 6573 "-" "Mozilla/5.0 AppleWebKit/537.36 (KHTML, like Gecko; compatible; ClaudeBot/1.0; +claudebot@anthropic.com)"
20.171.207.231 - - [14/Sep/2025:14:36:35 +0200] "GET /sitemap.xml?path=//proc/17370/net/rpc/auth.unix.ip HTTP/1.1" 200 2341 "-" "Mozilla/5.0 AppleWebKit/537.36 (KHTML, like Gecko; compatible; GPTBot/1.2; +https://openai.com/gptbot)"
216.73.216.34 - - [14/Sep/2025:14:36:35 +0200] "GET /2025/09/12/latest-play-sweet-life-real-money-no-deposit-incentives-british-2025-best-ranked-now-offers?fileloc=%2F%2Flib64%2Fliblog4cplus-1.2.so.5&path=%2F%2Flib64 HTTP/1.1" 200 2252 "-" "Mozilla/5.0 AppleWebKit/537.36 (KHTML, like Gecko; compatible; ClaudeBot/1.0; +claudebot@anthropic.com)"
20.171.207.231 - - [14/Sep/2025:14:36:38 +0200] "GET /sitemap.xml?path=//proc/27176/net/rpc/auth.unix.ip HTTP/1.1" 200 2649 "-" "Mozilla/5.0 AppleWebKit/537.36 (KHTML, like Gecko; compatible; GPTBot/1.2; +https://openai.com/gptbot)"
216.73.216.34 - - [14/Sep/2025:14:36:38 +0200] "GET /2025/09/12/best-spielsaal-lucky-days-freie-spins-9-gamesys-casino-spin-palace-kein-einzahlungsbonus-chinese-dragon-online-slot-casinos-watrbar?fileloc=%2F%2Flib64%2Fruby%2Fmathn%2Frational.so&path=%2F%2Flib64%2Fruby%2Fmathn HTTP/1.1" 200 2265 "-" "Mozilla/5.0 AppleWebKit/537.36 (KHTML, like Gecko; compatible; ClaudeBot/1.0; +claudebot@anthropic.com)"
20.171.207.231 - - [14/Sep/2025:14:36:41 +0200] "GET /sitemap.xml?path=//proc/23742/net/rpc/auth.unix.ip HTTP/1.1" 200 2651 "-" "Mozilla/5.0 AppleWebKit/537.36 (KHTML, like Gecko; compatible; GPTBot/1.2; +https://openai.com/gptbot)"
216.73.216.34 - - [14/Sep/2025:14:36:41 +0200] "GET /2025/09/12/review-dos-melhores-cassinos-online-esfogiteado-brasil-acimade-2025/feed?fileloc=%2F%2Fusr%2Flib64%2Fplymouth%2Fdetails.so&path=%2F%2Fusr%2Flib64%2Fplymouth HTTP/1.1" 200 2266 "-" "Mozilla/5.0 AppleWebKit/537.36 (KHTML, like Gecko; compatible; ClaudeBot/1.0; +claudebot@anthropic.com)"
216.73.216.34 - - [14/Sep/2025:14:36:44 +0200] "GET /2025/09/12/publication-away-from-ra-slots-casino-marco-polo-top-ten-book-of-ra-position-internet-sites-in-the-2025/feed?path=%2F%2Fusr%2Fshare%2Fterminfo%2F8 HTTP/1.1" 200 2575 "-" "Mozilla/5.0 AppleWebKit/537.36 (KHTML, like Gecko; compatible; ClaudeBot/1.0; +claudebot@anthropic.com)"
20.171.207.231 - - [14/Sep/2025:14:36:44 +0200] "GET /sitemap.xml?fileloc=//proc/23529/net/rpc/auth.unix.ip/content&path=//proc/23529/net/rpc/auth.unix.ip HTTP/1.1" 200 2286 "-" "Mozilla/5.0 AppleWebKit/537.36 (KHTML, like Gecko; compatible; GPTBot/1.2; +https://openai.com/gptbot)"
216.73.216.34 - - [14/Sep/2025:14:36:47 +0200] "GET /2025/09/12/latest-play-sweet-life-real-money-no-deposit-incentives-british-2025-best-ranked-now-offers?fileloc=%2F%2Flib64%2FlibGLdispatch.so.0.0.0&path=%2F%2Flib64 HTTP/1.1" 200 2253 "-" "Mozilla/5.0 AppleWebKit/537.36 (KHTML, like Gecko; compatible; ClaudeBot/1.0; +claudebot@anthropic.com)"
20.171.207.231 - - [14/Sep/2025:14:36:47 +0200] "GET /sitemap.xml?fileloc=//proc/13189/net/rpc/auth.unix.ip/content&path=//proc/13189/net/rpc/auth.unix.ip HTTP/1.1" 200 2285 "-" "Mozilla/5.0 AppleWebKit/537.36 (KHTML, like Gecko; compatible; GPTBot/1.2; +https://openai.com/gptbot)"
216.73.216.34 - - [14/Sep/2025:14:36:50 +0200] "GET /2025/09/12/the-newest-no-deposit-bonus-codes-to-have-uk-casinos-in-the-2025/feed?path=%2F%2Fetc HTTP/1.1" 200 12060 "-" "Mozilla/5.0 AppleWebKit/537.36 (KHTML, like Gecko; compatible; ClaudeBot/1.0; +claudebot@anthropic.com)"
20.171.207.231 - - [14/Sep/2025:14:36:50 +0200] "GET /sitemap.xml?fileloc=//proc/23462/net/rpc/auth.unix.ip/content&path=//proc/23462/net/rpc/auth.unix.ip HTTP/1.1" 200 2286 "-" "Mozilla/5.0 AppleWebKit/537.36 (KHTML, like Gecko; compatible; GPTBot/1.2; +https://openai.com/gptbot)"
216.73.216.34 - - [14/Sep/2025:14:36:53 +0200] "GET /2025/09/12/the-newest-no-deposit-bonus-codes-to-have-uk-casinos-in-the-2025/feed?fileloc=%2F%2Fvar%2Fdb%2FMakefile&path=%2F%2Fvar%2Fdb HTTP/1.1" 200 3677 "-" "Mozilla/5.0 AppleWebKit/537.36 (KHTML, like Gecko; compatible; ClaudeBot/1.0; +claudebot@anthropic.com)"
20.171.207.231 - - [14/Sep/2025:14:36:53 +0200] "GET /sitemap.xml?fileloc=//proc/13189/net/rpc/auth.unix.ip/channel&path=//proc/13189/net/rpc/auth.unix.ip HTTP/1.1" 200 2286 "-" "Mozilla/5.0 AppleWebKit/537.36 (KHTML, like Gecko; compatible; GPTBot/1.2; +https://openai.com/gptbot)"
52.167.144.167 - - [14/Sep/2025:14:36:56 +0200] "GET /category/betwinner-african-com/ HTTP/1.1" 200 3666 "-" "Mozilla/5.0 AppleWebKit/537.36 (KHTML, like Gecko; compatible; bingbot/2.0; +http://www.bing.com/bingbot.htm) Chrome/116.0.1938.76 Safari/537.36"
216.73.216.34 - - [14/Sep/2025:14:36:56 +0200] "GET /2025/09/12/greatest-on-line-acceptance-online-double-exposure-blackjack-pro-series-low-limit-bonuses-in-america-top-10-ranked/feed?fileloc=%2F%2Fbin%2Fcentrino-decode&path=%2F%2Fbin HTTP/1.1" 200 2247 "-" "Mozilla/5.0 AppleWebKit/537.36 (KHTML, like Gecko; compatible; ClaudeBot/1.0; +claudebot@anthropic.com)"
20.171.207.231 - - [14/Sep/2025:14:36:57 +0200] "GET /sitemap.xml?fileloc=//proc/23742/net/rpc/auth.unix.ip/content&path=//proc/23742/net/rpc/auth.unix.ip HTTP/1.1" 200 2286 "-" "Mozilla/5.0 AppleWebKit/537.36 (KHTML, like Gecko; compatible; GPTBot/1.2; +https://openai.com/gptbot)"
216.73.216.34 - - [14/Sep/2025:14:36:59 +0200] "GET /2025/09/12/latest-play-sweet-life-real-money-no-deposit-incentives-british-2025-best-ranked-now-offers?fileloc=%2F%2Flib64%2Flibsensors.so.4.4.0&path=%2F%2Flib64 HTTP/1.1" 200 2250 "-" "Mozilla/5.0 AppleWebKit/537.36 (KHTML, like Gecko; compatible; ClaudeBot/1.0; +claudebot@anthropic.com)"
20.171.207.231 - - [14/Sep/2025:14:37:00 +0200] "GET /sitemap.xml?fileloc=//proc/23742/net/rpc/auth.unix.ip/channel&path=//proc/23742/net/rpc/auth.unix.ip HTTP/1.1" 200 2286 "-" "Mozilla/5.0 AppleWebKit/537.36 (KHTML, like Gecko; compatible; GPTBot/1.2; +https://openai.com/gptbot)"
216.73.216.34 - - [14/Sep/2025:14:37:02 +0200] "GET /2025/09/12/casino-inget-konto-kasino-mobil-tillsammans-swish-2024?fileloc=%2F%2Flib64%2FlibGLdispatch.so.0&path=%2F%2Flib64 HTTP/1.1" 200 2251 "-" "Mozilla/5.0 AppleWebKit/537.36 (KHTML, like Gecko; compatible; ClaudeBot/1.0; +claudebot@anthropic.com)"
20.171.207.231 - - [14/Sep/2025:14:37:03 +0200] "GET /sitemap.xml?fileloc=//proc/23529/net/rpc/auth.unix.ip/channel&path=//proc/23529/net/rpc/auth.unix.ip HTTP/1.1" 200 2286 "-" "Mozilla/5.0 AppleWebKit/537.36 (KHTML, like Gecko; compatible; GPTBot/1.2; +https://openai.com/gptbot)"
216.73.216.34 - - [14/Sep/2025:14:37:05 +0200] "GET /2025/09/12/greatest-on-line-acceptance-online-double-exposure-blackjack-pro-series-low-limit-bonuses-in-america-top-10-ranked/feed?fileloc=%2F%2Fbin%2Fdb_dump&path=%2F%2Fbin HTTP/1.1" 200 2242 "-" "Mozilla/5.0 AppleWebKit/537.36 (KHTML, like Gecko; compatible; ClaudeBot/1.0; +claudebot@anthropic.com)"
20.171.207.231 - - [14/Sep/2025:14:37:06 +0200] "GET /sitemap.xml?fileloc=//proc/27176/net/rpc/auth.unix.ip/content&path=//proc/27176/net/rpc/auth.unix.ip HTTP/1.1" 200 2286 "-" "Mozilla/5.0 AppleWebKit/537.36 (KHTML, like Gecko; compatible; GPTBot/1.2; +https://openai.com/gptbot)"
216.73.216.34 - - [14/Sep/2025:14:37:08 +0200] "GET /2025/09/12/jogue-online-os-online-majority-rules-speed-blackjack-live-melhores-demanda/feed?fileloc=%2F%2Fproc%2F309%2Fnet%2Fsnmp&path=%2F%2Fproc%2F309%2Fnet HTTP/1.1" 200 2850 "-" "Mozilla/5.0 AppleWebKit/537.36 (KHTML, like Gecko; compatible; ClaudeBot/1.0; +claudebot@anthropic.com)"
20.171.207.231 - - [14/Sep/2025:14:37:09 +0200] "GET /sitemap.xml?fileloc=//proc/23462/net/rpc/auth.unix.ip/channel&path=//proc/23462/net/rpc/auth.unix.ip HTTP/1.1" 200 2286 "-" "Mozilla/5.0 AppleWebKit/537.36 (KHTML, like Gecko; compatible; GPTBot/1.2; +https://openai.com/gptbot)"
216.73.216.34 - - [14/Sep/2025:14:37:11 +0200] "GET /2025/09/12/greatest-on-line-acceptance-online-double-exposure-blackjack-pro-series-low-limit-bonuses-in-america-top-10-ranked/feed?fileloc=%2F%2Fbin%2Fsetterm&path=%2F%2Fbin HTTP/1.1" 200 2241 "-" "Mozilla/5.0 AppleWebKit/537.36 (KHTML, like Gecko; compatible; ClaudeBot/1.0; +claudebot@anthropic.com)"
20.171.207.231 - - [14/Sep/2025:14:37:12 +0200] "GET /sitemap.xml?fileloc=//proc/27176/net/rpc/auth.unix.ip/channel&path=//proc/27176/net/rpc/auth.unix.ip HTTP/1.1" 200 2286 "-" "Mozilla/5.0 AppleWebKit/537.36 (KHTML, like Gecko; compatible; GPTBot/1.2; +https://openai.com/gptbot)"
216.73.216.34 - - [14/Sep/2025:14:37:14 +0200] "GET /2025/09/12/best-online-casino-internet-sites-you-a-real-income-gambling-classico-1-deposit-enterprises-2025?fileloc=%2F%2Flib64%2Flibirs.so.160.0.5&path=%2F%2Flib64 HTTP/1.1" 200 2249 "-" "Mozilla/5.0 AppleWebKit/537.36 (KHTML, like Gecko; compatible; ClaudeBot/1.0; +claudebot@anthropic.com)"
20.171.207.231 - - [14/Sep/2025:14:37:15 +0200] "GET /sitemap.xml?fileloc=//proc/23742/net/rpc/auth.unix.ip/flush&path=//proc/23742/net/rpc/auth.unix.ip HTTP/1.1" 200 2287 "-" "Mozilla/5.0 AppleWebKit/537.36 (KHTML, like Gecko; compatible; GPTBot/1.2; +https://openai.com/gptbot)"
3.93.211.16 - - [14/Sep/2025:14:37:16 +0200] "GET /2020/10/?path=//proc HTTP/1.1" 200 307503 "-" "Mozilla/5.0 AppleWebKit/537.36 (KHTML, like Gecko; compatible; Amazonbot/0.1; +https://developer.amazon.com/support/amazonbot) Chrome/119.0.6045.214 Safari/537.36"
216.73.216.34 - - [14/Sep/2025:14:37:17 +0200] "GET /2025/09/12/best-online-casino-internet-sites-you-a-real-income-gambling-classico-1-deposit-enterprises-2025?fileloc=%2F%2Flib64%2Flibgfapi.so.0&path=%2F%2Flib64 HTTP/1.1" 200 2246 "-" "Mozilla/5.0 AppleWebKit/537.36 (KHTML, like Gecko; compatible; ClaudeBot/1.0; +claudebot@anthropic.com)"
20.171.207.231 - - [14/Sep/2025:14:37:19 +0200] "GET /sitemap.xml?fileloc=//proc/13189/net/rpc/auth.unix.ip/flush&path=//proc/13189/net/rpc/auth.unix.ip HTTP/1.1" 200 2286 "-" "Mozilla/5.0 AppleWebKit/537.36 (KHTML, like Gecko; compatible; GPTBot/1.2; +https://openai.com/gptbot)"
216.73.216.34 - - [14/Sep/2025:14:37:20 +0200] "GET /2025/09/12/greatest-on-line-acceptance-online-double-exposure-blackjack-pro-series-low-limit-bonuses-in-america-top-10-ranked/feed?fileloc=%2F%2Fbin%2Feulb-disable-zones-for-lb&path=%2F%2Fbin HTTP/1.1" 200 2366 "-" "Mozilla/5.0 AppleWebKit/537.36 (KHTML, like Gecko; compatible; ClaudeBot/1.0; +claudebot@anthropic.com)"
20.171.207.231 - - [14/Sep/2025:14:37:22 +0200] "GET /sitemap.xml?fileloc=//proc/27176/net/rpc/auth.unix.ip/flush&path=//proc/27176/net/rpc/auth.unix.ip HTTP/1.1" 200 2287 "-" "Mozilla/5.0 AppleWebKit/537.36 (KHTML, like Gecko; compatible; GPTBot/1.2; +https://openai.com/gptbot)"
216.73.216.34 - - [14/Sep/2025:14:37:23 +0200] "GET /2025/09/12/greatest-on-line-acceptance-online-double-exposure-blackjack-pro-series-low-limit-bonuses-in-america-top-10-ranked/feed?fileloc=%2F%2Fbin%2Fdb_archive&path=%2F%2Fbin HTTP/1.1" 200 2242 "-" "Mozilla/5.0 AppleWebKit/537.36 (KHTML, like Gecko; compatible; ClaudeBot/1.0; +claudebot@anthropic.com)"
20.171.207.231 - - [14/Sep/2025:14:37:25 +0200] "GET /sitemap.xml?fileloc=//proc/23529/net/rpc/auth.unix.ip/flush&path=//proc/23529/net/rpc/auth.unix.ip HTTP/1.1" 200 2287 "-" "Mozilla/5.0 AppleWebKit/537.36 (KHTML, like Gecko; compatible; GPTBot/1.2; +https://openai.com/gptbot)"
216.73.216.34 - - [14/Sep/2025:14:37:26 +0200] "GET /2025/09/12/casino-inget-konto-kasino-mobil-tillsammans-swish-2024?fileloc=%2F%2Flib64%2FlibXcursor.so.1&path=%2F%2Flib64 HTTP/1.1" 200 2247 "-" "Mozilla/5.0 AppleWebKit/537.36 (KHTML, like Gecko; compatible; ClaudeBot/1.0; +claudebot@anthropic.com)"
100.25.120.246 - - [14/Sep/2025:14:37:28 +0200] "GET /2025/09/11/sunnyplayer-2015-uber-innerster-planet-zum-diese-seite-besten-geben-book-of-ra-manipulieren-had-been-ist-davon-zu-transportieren/?path=//boot HTTP/1.1" 200 69738 "-" "Mozilla/5.0 AppleWebKit/537.36 (KHTML, like Gecko; compatible; Amazonbot/0.1; +https://developer.amazon.com/support/amazonbot) Chrome/119.0.6045.214 Safari/537.36"
20.171.207.231 - - [14/Sep/2025:14:37:28 +0200] "GET /sitemap.xml?fileloc=//proc/23462/net/rpc/auth.unix.ip/flush&path=//proc/23462/net/rpc/auth.unix.ip HTTP/1.1" 200 2287 "-" "Mozilla/5.0 AppleWebKit/537.36 (KHTML, like Gecko; compatible; GPTBot/1.2; +https://openai.com/gptbot)"
216.73.216.34 - - [14/Sep/2025:14:37:29 +0200] "GET /2025/09/12/bananas-go-bahamas-gebuhrenfrei-tasty-win-mobile-slot-ohne-registration-auf-anhieb-highway-kings-pro-slot-casino-sites-gerieren/feed?path=%2Fhome%2Fsareqgroup%2Fecommerce.com%2Fwp-includes HTTP/1.1" 200 8683 "-" "Mozilla/5.0 AppleWebKit/537.36 (KHTML, like Gecko; compatible; ClaudeBot/1.0; +claudebot@anthropic.com)"
20.171.207.231 - - [14/Sep/2025:14:37:31 +0200] "GET /sitemap.xml?path=//proc/13158/net/rpc/auth.unix.ip HTTP/1.1" 200 2650 "-" "Mozilla/5.0 AppleWebKit/537.36 (KHTML, like Gecko; compatible; GPTBot/1.2; +https://openai.com/gptbot)"
216.73.216.34 - - [14/Sep/2025:14:37:32 +0200] "GET /2025/09/12/finest-20-casinos-on-the-internet-inside-the-usa-greatest-gambling-enterprise-web-sites-to-possess-2025?path=%2F%2Fsys%2Fclass%2Fppdev HTTP/1.1" 200 2311 "-" "Mozilla/5.0 AppleWebKit/537.36 (KHTML, like Gecko; compatible; ClaudeBot/1.0; +claudebot@anthropic.com)"
20.171.207.231 - - [14/Sep/2025:14:37:34 +0200] "GET /sitemap.xml?path=//proc/27170/net/rpc/auth.unix.ip HTTP/1.1" 200 2649 "-" "Mozilla/5.0 AppleWebKit/537.36 (KHTML, like Gecko; compatible; GPTBot/1.2; +https://openai.com/gptbot)"
216.73.216.34 - - [14/Sep/2025:14:37:37 +0200] "GET /2025/09/12/100-casino-oceanbets-100-free-spins-percent-free-casino-games-online-slots-kingdom-town-internet-casino/feed?fileloc=%2F%2Fusr%2Fsbin%2Fbtrfs-convert&path=%2F%2Fusr%2Fsbin HTTP/1.1" 200 2257 "-" "Mozilla/5.0 AppleWebKit/537.36 (KHTML, like Gecko; compatible; ClaudeBot/1.0; +claudebot@anthropic.com)"
20.171.207.231 - - [14/Sep/2025:14:37:37 +0200] "GET /sitemap.xml?path=//proc/13162/net/rpc/auth.unix.ip HTTP/1.1" 200 2650 "-" "Mozilla/5.0 AppleWebKit/537.36 (KHTML, like Gecko; compatible; GPTBot/1.2; +https://openai.com/gptbot)"
23.23.99.55 - - [14/Sep/2025:14:37:38 +0200] "GET /2025/09/11/neue-erreichbar-casinos-aktuelle-register-fur-jedes-monat-des-herbstbeginns-2025/?path=//bin HTTP/1.1" 200 2283537 "-" "Mozilla/5.0 AppleWebKit/537.36 (KHTML, like Gecko; compatible; Amazonbot/0.1; +https://developer.amazon.com/support/amazonbot) Chrome/119.0.6045.214 Safari/537.36"
216.73.216.34 - - [14/Sep/2025:14:37:40 +0200] "GET /2025/09/12/greatest-on-line-acceptance-online-double-exposure-blackjack-pro-series-low-limit-bonuses-in-america-top-10-ranked/feed?fileloc=%2F%2Fbin%2Fpk12util&path=%2F%2Fbin HTTP/1.1" 200 2243 "-" "Mozilla/5.0 AppleWebKit/537.36 (KHTML, like Gecko; compatible; ClaudeBot/1.0; +claudebot@anthropic.com)"
20.171.207.231 - - [14/Sep/2025:14:37:41 +0200] "GET /sitemap.xml?path=//proc/27167/net/rpc/auth.unix.ip HTTP/1.1" 200 2649 "-" "Mozilla/5.0 AppleWebKit/537.36 (KHTML, like Gecko; compatible; GPTBot/1.2; +https://openai.com/gptbot)"
216.73.216.34 - - [14/Sep/2025:14:37:43 +0200] "GET /2025/09/12/greatest-on-line-acceptance-online-double-exposure-blackjack-pro-series-low-limit-bonuses-in-america-top-10-ranked/feed?fileloc=%2F%2Fbin%2Fpodchecker&path=%2F%2Fbin HTTP/1.1" 200 3901 "-" "Mozilla/5.0 AppleWebKit/537.36 (KHTML, like Gecko; compatible; ClaudeBot/1.0; +claudebot@anthropic.com)"
20.171.207.231 - - [14/Sep/2025:14:37:44 +0200] "GET /sitemap.xml?path=//proc/11380/net/rpc/auth.unix.ip HTTP/1.1" 200 2650 "-" "Mozilla/5.0 AppleWebKit/537.36 (KHTML, like Gecko; compatible; GPTBot/1.2; +https://openai.com/gptbot)"
216.73.216.34 - - [14/Sep/2025:14:37:46 +0200] "GET /2025/09/12/finest-united-states-online-casinos-2025-internet-casino-cuckoo-casino-game-a-real-income?fileloc=%2F%2Flib%2Fsystemd%2Fsystem%2Fsystemd-readahead-collect.service&path=%2F%2Flib%2Fsystemd%2Fsystem HTTP/1.1" 200 2687 "-" "Mozilla/5.0 AppleWebKit/537.36 (KHTML, like Gecko; compatible; ClaudeBot/1.0; +claudebot@anthropic.com)"
20.171.207.231 - - [14/Sep/2025:14:37:47 +0200] "GET /sitemap.xml?path=//proc/28708/net/rpc/auth.unix.ip HTTP/1.1" 200 2341 "-" "Mozilla/5.0 AppleWebKit/537.36 (KHTML, like Gecko; compatible; GPTBot/1.2; +https://openai.com/gptbot)"
216.73.216.34 - - [14/Sep/2025:14:37:49 +0200] "GET /2025/09/12/greatest-on-line-acceptance-online-double-exposure-blackjack-pro-series-low-limit-bonuses-in-america-top-10-ranked/feed?fileloc=%2F%2Fbin%2Fdnsdomainname&path=%2F%2Fbin HTTP/1.1" 200 2244 "-" "Mozilla/5.0 AppleWebKit/537.36 (KHTML, like Gecko; compatible; ClaudeBot/1.0; +claudebot@anthropic.com)"
20.171.207.231 - - [14/Sep/2025:14:37:50 +0200] "GET /sitemap.xml?fileloc=//proc/13158/net/rpc/auth.unix.ip/content&path=//proc/13158/net/rpc/auth.unix.ip HTTP/1.1" 200 2285 "-" "Mozilla/5.0 AppleWebKit/537.36 (KHTML, like Gecko; compatible; GPTBot/1.2; +https://openai.com/gptbot)"
216.73.216.34 - - [14/Sep/2025:14:37:52 +0200] "GET /2025/09/12/greatest-on-line-acceptance-online-double-exposure-blackjack-pro-series-low-limit-bonuses-in-america-top-10-ranked/feed?fileloc=%2F%2Fbin%2Feuare-accountgetsummary&path=%2F%2Fbin HTTP/1.1" 200 2338 "-" "Mozilla/5.0 AppleWebKit/537.36 (KHTML, like Gecko; compatible; ClaudeBot/1.0; +claudebot@anthropic.com)"
52.21.62.139 - - [14/Sep/2025:14:37:52 +0200] "GET /2025/09/11/aktuelle-cat-jewels-kostenlose-80-spins-spielbank-boni-exklusive-einzahlung-treasure-island-mobiler-slot-inoffizieller-mitarbeiter-jahr-2025-advent-zadar/?path=//bin HTTP/1.1" 200 2283537 "-" "Mozilla/5.0 AppleWebKit/537.36 (KHTML, like Gecko; compatible; Amazonbot/0.1; +https://developer.amazon.com/support/amazonbot) Chrome/119.0.6045.214 Safari/537.36"
20.171.207.231 - - [14/Sep/2025:14:37:53 +0200] "GET /sitemap.xml?fileloc=//proc/13162/net/rpc/auth.unix.ip/content&path=//proc/13162/net/rpc/auth.unix.ip HTTP/1.1" 200 2285 "-" "Mozilla/5.0 AppleWebKit/537.36 (KHTML, like Gecko; compatible; GPTBot/1.2; +https://openai.com/gptbot)"
216.73.216.34 - - [14/Sep/2025:14:37:55 +0200] "GET /2025/09/12/100-casino-oceanbets-100-free-spins-percent-free-casino-games-online-slots-kingdom-town-internet-casino/feed?fileloc=%2F%2Fusr%2Fsbin%2Fapachectl&path=%2F%2Fusr%2Fsbin HTTP/1.1" 200 4144 "-" "Mozilla/5.0 AppleWebKit/537.36 (KHTML, like Gecko; compatible; ClaudeBot/1.0; +claudebot@anthropic.com)"
17.241.75.159 - - [14/Sep/2025:14:37:55 +0200] "GET /robots.txt HTTP/1.1" 200 1233 "-" "Mozilla/5.0 (Macintosh; Intel Mac OS X 10_15_7) AppleWebKit/605.1.15 (KHTML, like Gecko) Version/17.4 Safari/605.1.15 (Applebot/0.1; +http://www.apple.com/go/applebot)"
17.241.75.159 - - [14/Sep/2025:14:37:56 +0200] "GET /2020/08/17/pros-cons-of-bonds-investing/ HTTP/1.1" 200 64828 "-" "Mozilla/5.0 (Macintosh; Intel Mac OS X 10_15_7) AppleWebKit/605.1.15 (KHTML, like Gecko) Version/17.4 Safari/605.1.15 (Applebot/0.1; +http://www.apple.com/go/applebot)"
20.171.207.231 - - [14/Sep/2025:14:37:56 +0200] "GET /sitemap.xml?fileloc=//proc/27167/net/rpc/auth.unix.ip/content&path=//proc/27167/net/rpc/auth.unix.ip HTTP/1.1" 200 2286 "-" "Mozilla/5.0 AppleWebKit/537.36 (KHTML, like Gecko; compatible; GPTBot/1.2; +https://openai.com/gptbot)"
216.73.216.34 - - [14/Sep/2025:14:37:58 +0200] "GET /2025/09/12/finest-united-states-online-casinos-2025-internet-casino-cuckoo-casino-game-a-real-income?fileloc=%2F%2Flib%2Fsystemd%2Fsystem%2Fsystemd-timedated.service&path=%2F%2Flib%2Fsystemd%2Fsystem HTTP/1.1" 200 2599 "-" "Mozilla/5.0 AppleWebKit/537.36 (KHTML, like Gecko; compatible; ClaudeBot/1.0; +claudebot@anthropic.com)"
20.171.207.231 - - [14/Sep/2025:14:38:00 +0200] "GET /sitemap.xml?fileloc=//proc/11380/net/rpc/auth.unix.ip/content&path=//proc/11380/net/rpc/auth.unix.ip HTTP/1.1" 200 2285 "-" "Mozilla/5.0 AppleWebKit/537.36 (KHTML, like Gecko; compatible; GPTBot/1.2; +https://openai.com/gptbot)"
216.73.216.34 - - [14/Sep/2025:14:38:01 +0200] "GET /2025/09/12/jogue-online-os-online-majority-rules-speed-blackjack-live-melhores-demanda/feed?fileloc=%2F%2Fproc%2F57%2Fnuma_maps&path=%2F%2Fproc%2F57 HTTP/1.1" 200 2254 "-" "Mozilla/5.0 AppleWebKit/537.36 (KHTML, like Gecko; compatible; ClaudeBot/1.0; +claudebot@anthropic.com)"
20.171.207.231 - - [14/Sep/2025:14:38:03 +0200] "GET /sitemap.xml?fileloc=//proc/27167/net/rpc/auth.unix.ip/channel&path=//proc/27167/net/rpc/auth.unix.ip HTTP/1.1" 200 2286 "-" "Mozilla/5.0 AppleWebKit/537.36 (KHTML, like Gecko; compatible; GPTBot/1.2; +https://openai.com/gptbot)"
216.73.216.34 - - [14/Sep/2025:14:38:04 +0200] "GET /2025/09/12/disco-funk-on-the-web-online-casino-cherry-50-free-spins-casino-slot-games-enjoy-100-percent-free-that-have-habanero?path=%2F%2Fetc%2Fpython HTTP/1.1" 200 2569 "-" "Mozilla/5.0 AppleWebKit/537.36 (KHTML, like Gecko; compatible; ClaudeBot/1.0; +claudebot@anthropic.com)"
20.171.207.231 - - [14/Sep/2025:14:38:06 +0200] "GET /sitemap.xml?fileloc=//proc/13162/net/rpc/auth.unix.ip/channel&path=//proc/13162/net/rpc/auth.unix.ip HTTP/1.1" 200 2286 "-" "Mozilla/5.0 AppleWebKit/537.36 (KHTML, like Gecko; compatible; GPTBot/1.2; +https://openai.com/gptbot)"
216.73.216.34 - - [14/Sep/2025:14:38:07 +0200] "GET /2025/09/12/finest-united-states-online-casinos-2025-internet-casino-cuckoo-casino-game-a-real-income?fileloc=%2F%2Flib%2Fsystemd%2Fsystem%2Fmulti-user.target&path=%2F%2Flib%2Fsystemd%2Fsystem HTTP/1.1" 200 2506 "-" "Mozilla/5.0 AppleWebKit/537.36 (KHTML, like Gecko; compatible; ClaudeBot/1.0; +claudebot@anthropic.com)"
20.171.207.231 - - [14/Sep/2025:14:38:09 +0200] "GET /sitemap.xml?fileloc=//proc/27170/net/rpc/auth.unix.ip/content&path=//proc/27170/net/rpc/auth.unix.ip HTTP/1.1" 200 2286 "-" "Mozilla/5.0 AppleWebKit/537.36 (KHTML, like Gecko; compatible; GPTBot/1.2; +https://openai.com/gptbot)"
216.73.216.34 - - [14/Sep/2025:14:38:10 +0200] "GET /2025/09/12/100-casino-oceanbets-100-free-spins-percent-free-casino-games-online-slots-kingdom-town-internet-casino/feed?fileloc=%2F%2Fusr%2Fsbin%2Fip6tables-save&path=%2F%2Fusr%2Fsbin HTTP/1.1" 200 2259 "-" "Mozilla/5.0 AppleWebKit/537.36 (KHTML, like Gecko; compatible; ClaudeBot/1.0; +claudebot@anthropic.com)"
20.171.207.231 - - [14/Sep/2025:14:38:12 +0200] "GET /sitemap.xml?fileloc=//proc/13158/net/rpc/auth.unix.ip/channel&path=//proc/13158/net/rpc/auth.unix.ip HTTP/1.1" 200 2286 "-" "Mozilla/5.0 AppleWebKit/537.36 (KHTML, like Gecko; compatible; GPTBot/1.2; +https://openai.com/gptbot)"
216.73.216.34 - - [14/Sep/2025:14:38:13 +0200] "GET /2025/09/12/finest-united-states-online-casinos-2025-internet-casino-cuckoo-casino-game-a-real-income?fileloc=%2F%2Flib64%2Fruby%2Fdigest.so&path=%2F%2Flib64%2Fruby HTTP/1.1" 200 2257 "-" "Mozilla/5.0 AppleWebKit/537.36 (KHTML, like Gecko; compatible; ClaudeBot/1.0; +claudebot@anthropic.com)"
20.171.207.231 - - [14/Sep/2025:14:38:16 +0200] "GET /sitemap.xml?fileloc=//proc/11380/net/rpc/auth.unix.ip/channel&path=//proc/11380/net/rpc/auth.unix.ip HTTP/1.1" 200 2286 "-" "Mozilla/5.0 AppleWebKit/537.36 (KHTML, like Gecko; compatible; GPTBot/1.2; +https://openai.com/gptbot)"
216.73.216.34 - - [14/Sep/2025:14:38:16 +0200] "GET /2025/09/12/finest-united-states-online-casinos-2025-internet-casino-cuckoo-casino-game-a-real-income?path=%2F%2Fproc%2F12422%2Fnet%2Frpc%2Fauth.unix.gid HTTP/1.1" 200 2652 "-" "Mozilla/5.0 AppleWebKit/537.36 (KHTML, like Gecko; compatible; ClaudeBot/1.0; +claudebot@anthropic.com)"
184.73.239.35 - - [14/Sep/2025:14:38:18 +0200] "GET /category/plinko_pl/?path=//run HTTP/1.1" 200 148398 "-" "Mozilla/5.0 AppleWebKit/537.36 (KHTML, like Gecko; compatible; Amazonbot/0.1; +https://developer.amazon.com/support/amazonbot) Chrome/119.0.6045.214 Safari/537.36"
216.73.216.34 - - [14/Sep/2025:14:38:19 +0200] "GET /2025/09/12/100-casino-oceanbets-100-free-spins-percent-free-casino-games-online-slots-kingdom-town-internet-casino/feed?fileloc=%2F%2Fusr%2Fsbin%2Fexim_checkaccess&path=%2F%2Fusr%2Fsbin HTTP/1.1" 200 4638 "-" "Mozilla/5.0 AppleWebKit/537.36 (KHTML, like Gecko; compatible; ClaudeBot/1.0; +claudebot@anthropic.com)"
20.171.207.231 - - [14/Sep/2025:14:38:19 +0200] "GET /sitemap.xml?fileloc=//proc/27170/net/rpc/auth.unix.ip/channel&path=//proc/27170/net/rpc/auth.unix.ip HTTP/1.1" 200 2286 "-" "Mozilla/5.0 AppleWebKit/537.36 (KHTML, like Gecko; compatible; GPTBot/1.2; +https://openai.com/gptbot)"
34.224.132.215 - - [14/Sep/2025:14:38:21 +0200] "GET /category/22bet/?path=//root HTTP/1.1" 200 12660 "-" "Mozilla/5.0 AppleWebKit/537.36 (KHTML, like Gecko; compatible; Amazonbot/0.1; +https://developer.amazon.com/support/amazonbot) Chrome/119.0.6045.214 Safari/537.36"
216.73.216.34 - - [14/Sep/2025:14:38:22 +0200] "GET /2025/09/12/disco-funk-on-the-web-online-casino-cherry-50-free-spins-casino-slot-games-enjoy-100-percent-free-that-have-habanero?fileloc=%2F%2Flib64%2Flibssh2.so.1.0.1&path=%2F%2Flib64 HTTP/1.1" 200 2248 "-" "Mozilla/5.0 AppleWebKit/537.36 (KHTML, like Gecko; compatible; ClaudeBot/1.0; +claudebot@anthropic.com)"
20.171.207.231 - - [14/Sep/2025:14:38:22 +0200] "GET /sitemap.xml?fileloc=//proc/27170/net/rpc/auth.unix.ip/flush&path=//proc/27170/net/rpc/auth.unix.ip HTTP/1.1" 200 2287 "-" "Mozilla/5.0 AppleWebKit/537.36 (KHTML, like Gecko; compatible; GPTBot/1.2; +https://openai.com/gptbot)"
216.73.216.34 - - [14/Sep/2025:14:38:25 +0200] "GET /2025/09/12/disco-funk-on-the-web-online-casino-cherry-50-free-spins-casino-slot-games-enjoy-100-percent-free-that-have-habanero?fileloc=%2F%2Flib64%2Flibcgroup.so.1.0.41&path=%2F%2Flib64 HTTP/1.1" 200 2250 "-" "Mozilla/5.0 AppleWebKit/537.36 (KHTML, like Gecko; compatible; ClaudeBot/1.0; +claudebot@anthropic.com)"
20.171.207.231 - - [14/Sep/2025:14:38:25 +0200] "GET /sitemap.xml?fileloc=//proc/11380/net/rpc/auth.unix.ip/flush&path=//proc/11380/net/rpc/auth.unix.ip HTTP/1.1" 200 2286 "-" "Mozilla/5.0 AppleWebKit/537.36 (KHTML, like Gecko; compatible; GPTBot/1.2; +https://openai.com/gptbot)"
216.73.216.34 - - [14/Sep/2025:14:38:28 +0200] "GET /2025/09/12/disco-funk-on-the-web-online-casino-cherry-50-free-spins-casino-slot-games-enjoy-100-percent-free-that-have-habanero?fileloc=%2F%2Flib64%2Flibxcb-xinput.so.0.1.0&path=%2F%2Flib64 HTTP/1.1" 200 2251 "-" "Mozilla/5.0 AppleWebKit/537.36 (KHTML, like Gecko; compatible; ClaudeBot/1.0; +claudebot@anthropic.com)"
20.171.207.231 - - [14/Sep/2025:14:38:28 +0200] "GET /sitemap.xml?fileloc=//proc/27167/net/rpc/auth.unix.ip/flush&path=//proc/27167/net/rpc/auth.unix.ip HTTP/1.1" 200 2287 "-" "Mozilla/5.0 AppleWebKit/537.36 (KHTML, like Gecko; compatible; GPTBot/1.2; +https://openai.com/gptbot)"
216.73.216.34 - - [14/Sep/2025:14:38:31 +0200] "GET /2025/09/12/twin-spin-netent-slot-slot-tornado-farm-escape-review?fileloc=%2F%2Fproc%2F4%2Fnet%2Ftcp6&path=%2F%2Fproc%2F4%2Fnet HTTP/1.1" 200 2660 "-" "Mozilla/5.0 AppleWebKit/537.36 (KHTML, like Gecko; compatible; ClaudeBot/1.0; +claudebot@anthropic.com)"
20.171.207.231 - - [14/Sep/2025:14:38:31 +0200] "GET /sitemap.xml?fileloc=//proc/13158/net/rpc/auth.unix.ip/flush&path=//proc/13158/net/rpc/auth.unix.ip HTTP/1.1" 200 2286 "-" "Mozilla/5.0 AppleWebKit/537.36 (KHTML, like Gecko; compatible; GPTBot/1.2; +https://openai.com/gptbot)"
216.73.216.34 - - [14/Sep/2025:14:38:34 +0200] "GET /2025/09/12/disco-funk-on-the-web-online-casino-cherry-50-free-spins-casino-slot-games-enjoy-100-percent-free-that-have-habanero?fileloc=%2F%2Flib64%2Flibglusterfs.so.0.0.1&path=%2F%2Flib64 HTTP/1.1" 200 2252 "-" "Mozilla/5.0 AppleWebKit/537.36 (KHTML, like Gecko; compatible; ClaudeBot/1.0; +claudebot@anthropic.com)"
20.171.207.231 - - [14/Sep/2025:14:38:35 +0200] "GET /sitemapindex.xml?path=//proc/15610/attr HTTP/1.1" 200 2313 "-" "Mozilla/5.0 AppleWebKit/537.36 (KHTML, like Gecko; compatible; GPTBot/1.2; +https://openai.com/gptbot)"
216.73.216.34 - - [14/Sep/2025:14:38:37 +0200] "GET /2025/09/12/free-spins-aztec-goldt-slot-echtes-piepen-2025-letzter-schrei-110-freispiele-slot-ariana-nur-einzahlung/feed?fileloc=%2F%2Fscripts%2Frestartsrv_dovecot&path=%2F%2Fscripts HTTP/1.1" 200 2254 "-" "Mozilla/5.0 AppleWebKit/537.36 (KHTML, like Gecko; compatible; ClaudeBot/1.0; +claudebot@anthropic.com)"
20.171.207.231 - - [14/Sep/2025:14:38:38 +0200] "GET /sitemap.xml?fileloc=//proc/13162/net/rpc/auth.unix.ip/flush&path=//proc/13162/net/rpc/auth.unix.ip HTTP/1.1" 200 2286 "-" "Mozilla/5.0 AppleWebKit/537.36 (KHTML, like Gecko; compatible; GPTBot/1.2; +https://openai.com/gptbot)"
52.3.156.186 - - [14/Sep/2025:14:38:38 +0200] "GET /category/bcstavka-onlin/?path=//var HTTP/1.1" 200 48848 "-" "Mozilla/5.0 AppleWebKit/537.36 (KHTML, like Gecko; compatible; Amazonbot/0.1; +https://developer.amazon.com/support/amazonbot) Chrome/119.0.6045.214 Safari/537.36"
