85.208.96.197 - - [14/Sep/2025:15:16:30 +0200] "GET /category/wazamba/ HTTP/1.1" 200 64828 "-" "Mozilla/5.0 (compatible; SemrushBot/7~bl; +http://www.semrush.com/bot.html)"
216.73.216.34 - - [14/Sep/2025:15:16:31 +0200] "GET /2025/09/12/tipobet-casino-giri-tipobet-gncel-giri-2025-315?fileloc=%2Fhome%2Fsareqgroup%2Fecommerce.com%2Fwp-includes%2Fwidgets.php&path=%2Fhome%2Fsareqgroup%2Fecommerce.com%2Fwp-includes HTTP/1.1" 200 15333 "-" "Mozilla/5.0 AppleWebKit/537.36 (KHTML, like Gecko; compatible; ClaudeBot/1.0; +claudebot@anthropic.com)"
20.171.207.231 - - [14/Sep/2025:15:16:32 +0200] "GET /sitemap-hot-4235854.xml?path=//lib/modprobe.d HTTP/1.1" 200 2645 "-" "Mozilla/5.0 AppleWebKit/537.36 (KHTML, like Gecko; compatible; GPTBot/1.2; +https://openai.com/gptbot)"
207.46.13.102 - - [14/Sep/2025:15:16:32 +0200] "GET /2025/05/12/bonus-za-pierwszy-depozyt-w-betonred-casino/ HTTP/1.1" 200 3666 "-" "Mozilla/5.0 AppleWebKit/537.36 (KHTML, like Gecko; compatible; bingbot/2.0; +http://www.bing.com/bingbot.htm) Chrome/116.0.1938.76 Safari/537.36"
216.73.216.34 - - [14/Sep/2025:15:16:34 +0200] "GET /2025/09/12/amon-casino-2025-jusqu-400-100-tours-gratuits-822?fileloc=%2Fhome%2Fsareqgroup%2Fecommerce.com%2Fwp-includes%2Fclass-wp-http-ixr-client.php&path=%2Fhome%2Fsareqgroup%2Fecommerce.com%2Fwp-includes HTTP/1.1" 200 3562 "-" "Mozilla/5.0 AppleWebKit/537.36 (KHTML, like Gecko; compatible; ClaudeBot/1.0; +claudebot@anthropic.com)"
20.171.207.231 - - [14/Sep/2025:15:16:35 +0200] "GET /sitemap-hot-4229854.xml?path=//lib/oracle HTTP/1.1" 200 2540 "-" "Mozilla/5.0 AppleWebKit/537.36 (KHTML, like Gecko; compatible; GPTBot/1.2; +https://openai.com/gptbot)"
216.73.216.34 - - [14/Sep/2025:15:16:37 +0200] "GET /2025/09/12/b7-casino-nl-bonus-450-en-250-gratis-spins-619-2?fileloc=%2Fhome%2Fsareqgroup%2Fecommerce.com%2Fwp-includes%2FSimplePie%2FItem.php&path=%2Fhome%2Fsareqgroup%2Fecommerce.com%2Fwp-includes%2FSimplePie HTTP/1.1" 200 13787 "-" "Mozilla/5.0 AppleWebKit/537.36 (KHTML, like Gecko; compatible; ClaudeBot/1.0; +claudebot@anthropic.com)"
20.171.207.231 - - [14/Sep/2025:15:16:38 +0200] "GET /sitemap-hot-4235854.xml?path=//lib/rtkaio HTTP/1.1" 200 2660 "-" "Mozilla/5.0 AppleWebKit/537.36 (KHTML, like Gecko; compatible; GPTBot/1.2; +https://openai.com/gptbot)"
216.73.216.34 - - [14/Sep/2025:15:16:40 +0200] "GET /2025/09/12/b7-casino-nl-bonus-450-en-250-gratis-spins-619-2?fileloc=%2Fhome%2Fsareqgroup%2Fecommerce.com%2Fwp-includes%2Fclass-wp-error.php&path=%2Fhome%2Fsareqgroup%2Fecommerce.com%2Fwp-includes HTTP/1.1" 200 4032 "-" "Mozilla/5.0 AppleWebKit/537.36 (KHTML, like Gecko; compatible; ClaudeBot/1.0; +claudebot@anthropic.com)"
20.171.207.231 - - [14/Sep/2025:15:16:41 +0200] "GET /sitemap-hot-4233854.xml?path=//lib/kernel HTTP/1.1" 200 2542 "-" "Mozilla/5.0 AppleWebKit/537.36 (KHTML, like Gecko; compatible; GPTBot/1.2; +https://openai.com/gptbot)"
216.73.216.34 - - [14/Sep/2025:15:16:43 +0200] "GET /2025/09/12/playing-pub-30-davinci-diamonds-play-added-bonus-spins-to-have-cad1-to-the-publication-from-oz/feed?fileloc=%2Fhome%2Fsareqgroup%2Fecommerce.com%2Fwp-config-sample.php&path=%2Fhome%2Fsareqgroup%2Fecommerce.com HTTP/1.1" 200 3387 "-" "Mozilla/5.0 AppleWebKit/537.36 (KHTML, like Gecko; compatible; ClaudeBot/1.0; +claudebot@anthropic.com)"
20.171.207.231 - - [14/Sep/2025:15:16:45 +0200] "GET /sitemap-hot-4235854.xml?fileloc=//lib/tmpfiles.d/tmp.conf&path=//lib/tmpfiles.d HTTP/1.1" 200 2551 "-" "Mozilla/5.0 AppleWebKit/537.36 (KHTML, like Gecko; compatible; GPTBot/1.2; +https://openai.com/gptbot)"
216.73.216.34 - - [14/Sep/2025:15:16:46 +0200] "GET /2025/09/12/gamble-big-bad-wolf-hack-150-free-spins-diamond-kittens-bitcoin-slot-for-free/feed?fileloc=%2Fhome%2Fsareqgroup%2Fecommerce.com%2Fwp-includes%2Ffeed-rdf.php&path=%2Fhome%2Fsareqgroup%2Fecommerce.com%2Fwp-includes HTTP/1.1" 200 3251 "-" "Mozilla/5.0 AppleWebKit/537.36 (KHTML, like Gecko; compatible; ClaudeBot/1.0; +claudebot@anthropic.com)"
20.171.207.231 - - [14/Sep/2025:15:16:48 +0200] "GET /sitemap-hot-4233854.xml?path=//lib/rtkaio HTTP/1.1" 200 2660 "-" "Mozilla/5.0 AppleWebKit/537.36 (KHTML, like Gecko; compatible; GPTBot/1.2; +https://openai.com/gptbot)"
23.22.59.87 - - [14/Sep/2025:15:16:48 +0200] "GET /2025/09/11/jupiter-angeschlossen-geldspielautomat-wms-slot-spiele-fur-quick-hit-slot-spiele-nusse/?path=//home HTTP/1.1" 200 12660 "-" "Mozilla/5.0 AppleWebKit/537.36 (KHTML, like Gecko; compatible; Amazonbot/0.1; +https://developer.amazon.com/support/amazonbot) Chrome/119.0.6045.214 Safari/537.36"
216.73.216.34 - - [14/Sep/2025:15:16:49 +0200] "GET /2025/09/12/casino-inget-konto-kasino-mobil-tillsammans-swish-2024?fileloc=%2Fhome%2Fsareqgroup%2Fecommerce.com%2Fwp-includes%2Fclass-wp-session-tokens.php&path=%2Fhome%2Fsareqgroup%2Fecommerce.com%2Fwp-includes HTTP/1.1" 200 4094 "-" "Mozilla/5.0 AppleWebKit/537.36 (KHTML, like Gecko; compatible; ClaudeBot/1.0; +claudebot@anthropic.com)"
57.141.0.67 - - [14/Sep/2025:15:16:50 +0200] "GET /wp-json/oembed/1.0/embed?url=http%3A%2F%2Fecommerce.sareqgroup.com%2F2025%2F09%2F02%2Fholdem-indicator-calculadora-de-poker-en-camino%2F HTTP/1.1" 200 64828 "-" "meta-externalagent/1.1 (+https://developers.facebook.com/docs/sharing/webmasters/crawler)"
20.171.207.231 - - [14/Sep/2025:15:16:51 +0200] "GET /sitemap-hot-4221854.xml?path=//lib/modprobe.d HTTP/1.1" 200 2645 "-" "Mozilla/5.0 AppleWebKit/537.36 (KHTML, like Gecko; compatible; GPTBot/1.2; +https://openai.com/gptbot)"
216.73.216.34 - - [14/Sep/2025:15:16:52 +0200] "GET /2025/09/12/divine-goals-position-casino-007-slots-100-free-spins-january-2019-quickspin?fileloc=%2Fhome%2Fsareqgroup%2Fecommerce.com%2Fwp-includes%2Fclass-wp-feed-cache.php&path=%2Fhome%2Fsareqgroup%2Fecommerce.com%2Fwp-includes HTTP/1.1" 200 2721 "-" "Mozilla/5.0 AppleWebKit/537.36 (KHTML, like Gecko; compatible; ClaudeBot/1.0; +claudebot@anthropic.com)"
20.171.207.231 - - [14/Sep/2025:15:16:54 +0200] "GET /sitemap-hot-4233854.xml?path=//lib/firmware/yam HTTP/1.1" 200 2599 "-" "Mozilla/5.0 AppleWebKit/537.36 (KHTML, like Gecko; compatible; GPTBot/1.2; +https://openai.com/gptbot)"
216.73.216.34 - - [14/Sep/2025:15:16:55 +0200] "GET /category/kosi-restaurant-de1?fileloc=%2Fhome%2Fsareqgroup%2Fecommerce.com%2Fwp-content%2Fuploads%2F2024%2F08%2F.htaccess&path=%2Fhome%2Fsareqgroup%2Fecommerce.com%2Fwp-content%2Fuploads%2F2024%2F08 HTTP/1.1" 200 2395 "-" "Mozilla/5.0 AppleWebKit/537.36 (KHTML, like Gecko; compatible; ClaudeBot/1.0; +claudebot@anthropic.com)"
20.171.207.231 - - [14/Sep/2025:15:16:57 +0200] "GET /sitemap-hot-4221854.xml?path=//lib/firmware/amd HTTP/1.1" 200 2587 "-" "Mozilla/5.0 AppleWebKit/537.36 (KHTML, like Gecko; compatible; GPTBot/1.2; +https://openai.com/gptbot)"
3.213.85.234 - - [14/Sep/2025:15:16:57 +0200] "GET /2023/05/10/net-working-capital-formula-example-calculation/?path=//etc HTTP/1.1" 200 535525 "-" "Mozilla/5.0 AppleWebKit/537.36 (KHTML, like Gecko; compatible; Amazonbot/0.1; +https://developer.amazon.com/support/amazonbot) Chrome/119.0.6045.214 Safari/537.36"
216.73.216.34 - - [14/Sep/2025:15:16:58 +0200] "GET /2025/09/12/gamble-big-bad-wolf-hack-150-free-spins-diamond-kittens-bitcoin-slot-for-free/feed?fileloc=%2Fhome%2Fsareqgroup%2Fecommerce.com%2Fwp-includes%2Flink-template.php&path=%2Fhome%2Fsareqgroup%2Fecommerce.com%2Fwp-includes HTTP/1.1" 200 26382 "-" "Mozilla/5.0 AppleWebKit/537.36 (KHTML, like Gecko; compatible; ClaudeBot/1.0; +claudebot@anthropic.com)"
20.171.207.231 - - [14/Sep/2025:15:17:00 +0200] "GET /sitemap-hot-4233854.xml?path=//lib/kernel/install.d HTTP/1.1" 200 2688 "-" "Mozilla/5.0 AppleWebKit/537.36 (KHTML, like Gecko; compatible; GPTBot/1.2; +https://openai.com/gptbot)"
216.73.216.34 - - [14/Sep/2025:15:17:01 +0200] "GET /2025/09/12/enjoy-play-double-exposure-blackjack-pro-series-low-limit-for-real-money-online-book-from-dead-a-thousand-bonus-2-hundred-added-bonus-revolves/feed?fileloc=%2Fhome%2Fsareqgroup%2Fecommerce.com%2Fwp-admin%2Fupgrade-functions.php&path=%2Fhome%2Fsareqgroup%2Fecommerce.com%2Fwp-admin HTTP/1.1" 200 2447 "-" "Mozilla/5.0 AppleWebKit/537.36 (KHTML, like Gecko; compatible; ClaudeBot/1.0; +claudebot@anthropic.com)"
20.171.207.231 - - [14/Sep/2025:15:17:04 +0200] "GET /sitemap-hot-4229854.xml?path=//lib/modprobe.d HTTP/1.1" 200 2645 "-" "Mozilla/5.0 AppleWebKit/537.36 (KHTML, like Gecko; compatible; GPTBot/1.2; +https://openai.com/gptbot)"
216.73.216.34 - - [14/Sep/2025:15:17:04 +0200] "GET /2025/09/12/amon-casino-bonus-sans-depot-400-2589?fileloc=%2Fhome%2Fsareqgroup%2Fecommerce.com%2Fwp-includes%2Fwidgets%2Fcrypto.txt&path=%2Fhome%2Fsareqgroup%2Fecommerce.com%2Fwp-includes%2Fwidgets HTTP/1.1" 200 83936 "-" "Mozilla/5.0 AppleWebKit/537.36 (KHTML, like Gecko; compatible; ClaudeBot/1.0; +claudebot@anthropic.com)"
54.157.84.74 - - [14/Sep/2025:15:17:04 +0200] "GET /2025/08/07/top-free-spins-no-first-deposit-bonuses-for-2025-win-real-money/?path=//sys HTTP/1.1" 200 26846 "-" "Mozilla/5.0 AppleWebKit/537.36 (KHTML, like Gecko; compatible; Amazonbot/0.1; +https://developer.amazon.com/support/amazonbot) Chrome/119.0.6045.214 Safari/537.36"
216.73.216.34 - - [14/Sep/2025:15:17:07 +0200] "GET /2025/09/12/amon-casino-2025-jusqu-400-100-tours-gratuits-822?fileloc=%2Fhome%2Fsareqgroup%2Fecommerce.com%2Fwp-includes%2Fclass-wp-http-cookie.php&path=%2Fhome%2Fsareqgroup%2Fecommerce.com%2Fwp-includes HTTP/1.1" 200 4620 "-" "Mozilla/5.0 AppleWebKit/537.36 (KHTML, like Gecko; compatible; ClaudeBot/1.0; +claudebot@anthropic.com)"
20.171.207.231 - - [14/Sep/2025:15:17:07 +0200] "GET /sitemap-hot-4221854.xml?path=//lib/firmware/yam HTTP/1.1" 200 2599 "-" "Mozilla/5.0 AppleWebKit/537.36 (KHTML, like Gecko; compatible; GPTBot/1.2; +https://openai.com/gptbot)"
57.141.0.72 - - [14/Sep/2025:15:17:09 +0200] "GET /2025/08/28/ein-aufregendes-spielerlebnis-wartet-sichere-dir/feed/ HTTP/1.1" 200 64828 "-" "meta-externalagent/1.1 (+https://developers.facebook.com/docs/sharing/webmasters/crawler)"
3.212.205.90 - - [14/Sep/2025:15:17:09 +0200] "GET /2021/04/06/bookkeeping-services-in-new-york-for-small/?path=//lib64 HTTP/1.1" 200 1750302 "-" "Mozilla/5.0 AppleWebKit/537.36 (KHTML, like Gecko; compatible; Amazonbot/0.1; +https://developer.amazon.com/support/amazonbot) Chrome/119.0.6045.214 Safari/537.36"
216.73.216.34 - - [14/Sep/2025:15:17:10 +0200] "GET /2025/09/12/the-fresh-dogfather-position-100-percent-free-slot-copy-cats-local-casino-money-august-2025?fileloc=%2Fhome%2Fsareqgroup%2Fecommerce.com%2Fwp-content%2Fplugins%2Fhello.php&path=%2Fhome%2Fsareqgroup%2Fecommerce.com%2Fwp-content%2Fplugins HTTP/1.1" 200 26924 "-" "Mozilla/5.0 AppleWebKit/537.36 (KHTML, like Gecko; compatible; ClaudeBot/1.0; +claudebot@anthropic.com)"
20.171.207.231 - - [14/Sep/2025:15:17:10 +0200] "GET /sitemap-hot-4229854.xml?path=//lib/rtkaio HTTP/1.1" 200 2660 "-" "Mozilla/5.0 AppleWebKit/537.36 (KHTML, like Gecko; compatible; GPTBot/1.2; +https://openai.com/gptbot)"
216.73.216.34 - - [14/Sep/2025:15:17:13 +0200] "GET /2025/09/12/b7-casino-nl-bonus-450-en-250-gratis-spins-619-2?fileloc=%2Fhome%2Fsareqgroup%2Fecommerce.com%2Fwp-includes%2Fclass-json.php&path=%2Fhome%2Fsareqgroup%2Fecommerce.com%2Fwp-includes HTTP/1.1" 200 10482 "-" "Mozilla/5.0 AppleWebKit/537.36 (KHTML, like Gecko; compatible; ClaudeBot/1.0; +claudebot@anthropic.com)"
3.213.213.161 - - [14/Sep/2025:15:17:13 +0200] "GET /2025/05/03/core-objectives-of-mobile-app-testing-for-your/?path=//sys HTTP/1.1" 200 26846 "-" "Mozilla/5.0 AppleWebKit/537.36 (KHTML, like Gecko; compatible; Amazonbot/0.1; +https://developer.amazon.com/support/amazonbot) Chrome/119.0.6045.214 Safari/537.36"
20.171.207.231 - - [14/Sep/2025:15:17:13 +0200] "GET /sitemap-hot-4233854.xml?path=//lib/modprobe.d HTTP/1.1" 200 2645 "-" "Mozilla/5.0 AppleWebKit/537.36 (KHTML, like Gecko; compatible; GPTBot/1.2; +https://openai.com/gptbot)"
216.73.216.34 - - [14/Sep/2025:15:17:16 +0200] "GET /2025/09/12/the-fresh-dogfather-position-100-percent-free-slot-copy-cats-local-casino-money-august-2025?fileloc=%2Fhome%2Fsareqgroup%2Fecommerce.com%2Fwp-includes%2Ffunctions.wp-scripts.php&path=%2Fhome%2Fsareqgroup%2Fecommerce.com%2Fwp-includes HTTP/1.1" 200 5836 "-" "Mozilla/5.0 AppleWebKit/537.36 (KHTML, like Gecko; compatible; ClaudeBot/1.0; +claudebot@anthropic.com)"
20.171.207.231 - - [14/Sep/2025:15:17:16 +0200] "GET /sitemap-hot-4221854.xml?path=//run/screen HTTP/1.1" 200 2304 "-" "Mozilla/5.0 AppleWebKit/537.36 (KHTML, like Gecko; compatible; GPTBot/1.2; +https://openai.com/gptbot)"
216.73.216.34 - - [14/Sep/2025:15:17:19 +0200] "GET /2025/09/12/playing-pub-30-davinci-diamonds-play-added-bonus-spins-to-have-cad1-to-the-publication-from-oz/feed?path=%2Fhome%2Fsareqgroup%2Fecommerce.com%2Fwp-includes%2FRequests%2Fsrc HTTP/1.1" 200 2604 "-" "Mozilla/5.0 AppleWebKit/537.36 (KHTML, like Gecko; compatible; ClaudeBot/1.0; +claudebot@anthropic.com)"
85.208.96.208 - - [14/Sep/2025:15:17:19 +0200] "GET /2025/07/08/analiz-gjembling-platformy-oficialnyj-internet-9/ HTTP/1.1" 200 64828 "-" "Mozilla/5.0 (compatible; SemrushBot/7~bl; +http://www.semrush.com/bot.html)"
20.171.207.231 - - [14/Sep/2025:15:17:19 +0200] "GET /sitemap-hot-4233854.xml?path=//lib/firmware/imx HTTP/1.1" 200 2553 "-" "Mozilla/5.0 AppleWebKit/537.36 (KHTML, like Gecko; compatible; GPTBot/1.2; +https://openai.com/gptbot)"
98.82.40.168 - - [14/Sep/2025:15:17:20 +0200] "GET /2025/09/11/neverojatnye-90-igrokov-nahodjat-udachu-i/?path=//sys HTTP/1.1" 200 26846 "-" "Mozilla/5.0 AppleWebKit/537.36 (KHTML, like Gecko; compatible; Amazonbot/0.1; +https://developer.amazon.com/support/amazonbot) Chrome/119.0.6045.214 Safari/537.36"
20.171.207.231 - - [14/Sep/2025:15:17:23 +0200] "GET /sitemap-hot-4221854.xml?path=//lib/kernel HTTP/1.1" 200 2542 "-" "Mozilla/5.0 AppleWebKit/537.36 (KHTML, like Gecko; compatible; GPTBot/1.2; +https://openai.com/gptbot)"
216.73.216.34 - - [14/Sep/2025:15:17:24 +0200] "GET /sitemap-hot-4251854.xml HTTP/1.1" 200 3666 "-" "Mozilla/5.0 AppleWebKit/537.36 (KHTML, like Gecko; compatible; ClaudeBot/1.0; +claudebot@anthropic.com)"
20.171.207.231 - - [14/Sep/2025:15:17:26 +0200] "GET /sitemap-hot-4233854.xml?path=//lib/firmware/ess HTTP/1.1" 200 2624 "-" "Mozilla/5.0 AppleWebKit/537.36 (KHTML, like Gecko; compatible; GPTBot/1.2; +https://openai.com/gptbot)"
216.73.216.34 - - [14/Sep/2025:15:17:27 +0200] "GET /sitemap-hot-4221854.xml HTTP/1.1" 200 3666 "-" "Mozilla/5.0 AppleWebKit/537.36 (KHTML, like Gecko; compatible; ClaudeBot/1.0; +claudebot@anthropic.com)"
20.171.207.231 - - [14/Sep/2025:15:17:29 +0200] "GET /sitemap-hot-4221854.xml?path=//lib/firmware/ess HTTP/1.1" 200 2624 "-" "Mozilla/5.0 AppleWebKit/537.36 (KHTML, like Gecko; compatible; GPTBot/1.2; +https://openai.com/gptbot)"
216.73.216.34 - - [14/Sep/2025:15:17:30 +0200] "GET /sitemap-hot-4241854.xml HTTP/1.1" 200 3666 "-" "Mozilla/5.0 AppleWebKit/537.36 (KHTML, like Gecko; compatible; ClaudeBot/1.0; +claudebot@anthropic.com)"
34.202.88.37 - - [14/Sep/2025:15:17:32 +0200] "GET /2025/08/07/top-free-spins-no-first-deposit-bonuses-for-2025-win-real-money/?path=//srv HTTP/1.1" 200 12658 "-" "Mozilla/5.0 AppleWebKit/537.36 (KHTML, like Gecko; compatible; Amazonbot/0.1; +https://developer.amazon.com/support/amazonbot) Chrome/119.0.6045.214 Safari/537.36"
20.171.207.231 - - [14/Sep/2025:15:17:32 +0200] "GET /sitemap-hot-4221854.xml?path=//lib/firmware/rsi HTTP/1.1" 200 2729 "-" "Mozilla/5.0 AppleWebKit/537.36 (KHTML, like Gecko; compatible; GPTBot/1.2; +https://openai.com/gptbot)"
216.73.216.34 - - [14/Sep/2025:15:17:33 +0200] "GET /sitemap-hot-4231854.xml HTTP/1.1" 200 3666 "-" "Mozilla/5.0 AppleWebKit/537.36 (KHTML, like Gecko; compatible; ClaudeBot/1.0; +claudebot@anthropic.com)"
20.171.207.231 - - [14/Sep/2025:15:17:35 +0200] "GET /sitemap-hot-4229854.xml?path=//lib/firmware HTTP/1.1" 200 11699 "-" "Mozilla/5.0 AppleWebKit/537.36 (KHTML, like Gecko; compatible; GPTBot/1.2; +https://openai.com/gptbot)"
216.73.216.34 - - [14/Sep/2025:15:17:36 +0200] "GET /sitemap-hot-4239854.xml HTTP/1.1" 200 3666 "-" "Mozilla/5.0 AppleWebKit/537.36 (KHTML, like Gecko; compatible; ClaudeBot/1.0; +claudebot@anthropic.com)"
3.212.205.90 - - [14/Sep/2025:15:17:37 +0200] "GET /2025/09/11/book-of-ra-verbunden-uber-echtgeld-break-da-bank-1-kaution-and-kostenlos-spielen/?path=//dev HTTP/1.1" 200 37175 "-" "Mozilla/5.0 AppleWebKit/537.36 (KHTML, like Gecko; compatible; Amazonbot/0.1; +https://developer.amazon.com/support/amazonbot) Chrome/119.0.6045.214 Safari/537.36"
20.171.207.231 - - [14/Sep/2025:15:17:38 +0200] "GET /sitemap-hot-4235854.xml?path=//lib/firmware/ea HTTP/1.1" 200 3259 "-" "Mozilla/5.0 AppleWebKit/537.36 (KHTML, like Gecko; compatible; GPTBot/1.2; +https://openai.com/gptbot)"
216.73.216.34 - - [14/Sep/2025:15:17:39 +0200] "GET /sitemap-hot-4229854.xml HTTP/1.1" 200 3666 "-" "Mozilla/5.0 AppleWebKit/537.36 (KHTML, like Gecko; compatible; ClaudeBot/1.0; +claudebot@anthropic.com)"
20.171.207.231 - - [14/Sep/2025:15:17:41 +0200] "GET /sitemap-hot-4221854.xml?path=//lib/kernel/install.d HTTP/1.1" 200 2688 "-" "Mozilla/5.0 AppleWebKit/537.36 (KHTML, like Gecko; compatible; GPTBot/1.2; +https://openai.com/gptbot)"
216.73.216.34 - - [14/Sep/2025:15:17:42 +0200] "GET /sitemap-hot-4249854.xml HTTP/1.1" 200 3666 "-" "Mozilla/5.0 AppleWebKit/537.36 (KHTML, like Gecko; compatible; ClaudeBot/1.0; +claudebot@anthropic.com)"
20.171.207.231 - - [14/Sep/2025:15:17:44 +0200] "GET /sitemap-hot-4229854.xml?path=//run/setrans HTTP/1.1" 200 2305 "-" "Mozilla/5.0 AppleWebKit/537.36 (KHTML, like Gecko; compatible; GPTBot/1.2; +https://openai.com/gptbot)"
216.73.216.34 - - [14/Sep/2025:15:17:45 +0200] "GET /sitemap-hot-4223854.xml HTTP/1.1" 200 3666 "-" "Mozilla/5.0 AppleWebKit/537.36 (KHTML, like Gecko; compatible; ClaudeBot/1.0; +claudebot@anthropic.com)"
20.171.207.231 - - [14/Sep/2025:15:17:48 +0200] "GET /sitemap-hot-4221854.xml?path=//lib/oracle HTTP/1.1" 200 2540 "-" "Mozilla/5.0 AppleWebKit/537.36 (KHTML, like Gecko; compatible; GPTBot/1.2; +https://openai.com/gptbot)"
216.73.216.34 - - [14/Sep/2025:15:17:48 +0200] "GET /sitemap-hot-4245854.xml HTTP/1.1" 200 3666 "-" "Mozilla/5.0 AppleWebKit/537.36 (KHTML, like Gecko; compatible; ClaudeBot/1.0; +claudebot@anthropic.com)"
57.141.0.17 - - [14/Sep/2025:15:17:49 +0200] "GET /?p=9388 HTTP/1.1" 200 64828 "-" "meta-externalagent/1.1 (+https://developers.facebook.com/docs/sharing/webmasters/crawler)"
20.171.207.231 - - [14/Sep/2025:15:17:51 +0200] "GET /sitemap-hot-4229854.xml?fileloc=//lib/firmware/ath3k-1.fw&path=//lib/firmware HTTP/1.1" 200 2259 "-" "Mozilla/5.0 AppleWebKit/537.36 (KHTML, like Gecko; compatible; GPTBot/1.2; +https://openai.com/gptbot)"
216.73.216.34 - - [14/Sep/2025:15:17:51 +0200] "GET /sitemap-hot-4235854.xml HTTP/1.1" 200 3666 "-" "Mozilla/5.0 AppleWebKit/537.36 (KHTML, like Gecko; compatible; ClaudeBot/1.0; +claudebot@anthropic.com)"
18.210.58.238 - - [14/Sep/2025:15:17:53 +0200] "GET /category/pin-up-login-443/?path=//sbin HTTP/1.1" 200 702114 "-" "Mozilla/5.0 AppleWebKit/537.36 (KHTML, like Gecko; compatible; Amazonbot/0.1; +https://developer.amazon.com/support/amazonbot) Chrome/119.0.6045.214 Safari/537.36"
216.73.216.34 - - [14/Sep/2025:15:17:54 +0200] "GET /sitemap-hot-4227854.xml HTTP/1.1" 200 3666 "-" "Mozilla/5.0 AppleWebKit/537.36 (KHTML, like Gecko; compatible; ClaudeBot/1.0; +claudebot@anthropic.com)"
20.171.207.231 - - [14/Sep/2025:15:17:54 +0200] "GET /sitemap-hot-4229854.xml?fileloc=//lib/firmware/iwlwifi-8265-34.ucode&path=//lib/firmware HTTP/1.1" 200 2267 "-" "Mozilla/5.0 AppleWebKit/537.36 (KHTML, like Gecko; compatible; GPTBot/1.2; +https://openai.com/gptbot)"
216.73.216.34 - - [14/Sep/2025:15:17:57 +0200] "GET /sitemap-hot-4237854.xml HTTP/1.1" 200 3666 "-" "Mozilla/5.0 AppleWebKit/537.36 (KHTML, like Gecko; compatible; ClaudeBot/1.0; +claudebot@anthropic.com)"
20.171.207.231 - - [14/Sep/2025:15:17:58 +0200] "GET /sitemap-hot-4233854.xml?path=//lib/firmware/sun HTTP/1.1" 200 2573 "-" "Mozilla/5.0 AppleWebKit/537.36 (KHTML, like Gecko; compatible; GPTBot/1.2; +https://openai.com/gptbot)"
216.73.216.34 - - [14/Sep/2025:15:18:00 +0200] "GET /sitemap-hot-4243854.xml HTTP/1.1" 200 3666 "-" "Mozilla/5.0 AppleWebKit/537.36 (KHTML, like Gecko; compatible; ClaudeBot/1.0; +claudebot@anthropic.com)"
20.171.207.231 - - [14/Sep/2025:15:18:01 +0200] "GET /sitemap-hot-4229854.xml?fileloc=//lib/firmware/aica_firmware.bin&path=//lib/firmware HTTP/1.1" 200 2263 "-" "Mozilla/5.0 AppleWebKit/537.36 (KHTML, like Gecko; compatible; GPTBot/1.2; +https://openai.com/gptbot)"
216.73.216.34 - - [14/Sep/2025:15:18:03 +0200] "GET /sitemap-hot-4247854.xml HTTP/1.1" 200 3666 "-" "Mozilla/5.0 AppleWebKit/537.36 (KHTML, like Gecko; compatible; ClaudeBot/1.0; +claudebot@anthropic.com)"
20.171.207.231 - - [14/Sep/2025:15:18:04 +0200] "GET /sitemap-hot-4229854.xml?path=//lib/firmware/intel HTTP/1.1" 200 4315 "-" "Mozilla/5.0 AppleWebKit/537.36 (KHTML, like Gecko; compatible; GPTBot/1.2; +https://openai.com/gptbot)"
34.205.170.13 - - [14/Sep/2025:15:18:04 +0200] "GET /2025/09/11/victorious-eye-of-horus-legal-slot-freispiele-netent-slot-50-kostenlose-spins-nach-pharaos-riches-original-keine-einzahlung-review-lagos-nawa/?path=//scripts HTTP/1.1" 200 680071 "-" "Mozilla/5.0 AppleWebKit/537.36 (KHTML, like Gecko; compatible; Amazonbot/0.1; +https://developer.amazon.com/support/amazonbot) Chrome/119.0.6045.214 Safari/537.36"
216.73.216.34 - - [14/Sep/2025:15:18:06 +0200] "GET /sitemap-hot-4233854.xml HTTP/1.1" 200 3666 "-" "Mozilla/5.0 AppleWebKit/537.36 (KHTML, like Gecko; compatible; ClaudeBot/1.0; +claudebot@anthropic.com)"
20.171.207.231 - - [14/Sep/2025:15:18:07 +0200] "GET /sitemap-hot-4229854.xml?path=//lib/firmware/atusb HTTP/1.1" 200 2630 "-" "Mozilla/5.0 AppleWebKit/537.36 (KHTML, like Gecko; compatible; GPTBot/1.2; +https://openai.com/gptbot)"
216.73.216.34 - - [14/Sep/2025:15:18:09 +0200] "GET /sitemap-hot-4225854.xml HTTP/1.1" 200 3666 "-" "Mozilla/5.0 AppleWebKit/537.36 (KHTML, like Gecko; compatible; ClaudeBot/1.0; +claudebot@anthropic.com)"
20.171.207.231 - - [14/Sep/2025:15:18:10 +0200] "GET /sitemap-hot-4229854.xml?path=//lib/firmware/atmel HTTP/1.1" 200 2674 "-" "Mozilla/5.0 AppleWebKit/537.36 (KHTML, like Gecko; compatible; GPTBot/1.2; +https://openai.com/gptbot)"
216.73.216.34 - - [14/Sep/2025:15:18:12 +0200] "GET /sitemap.xml HTTP/1.1" 200 3666 "-" "Mozilla/5.0 AppleWebKit/537.36 (KHTML, like Gecko; compatible; ClaudeBot/1.0; +claudebot@anthropic.com)"
66.249.74.3 - - [14/Sep/2025:15:18:13 +0200] "GET /2025/01/20/%D0%BF%D0%B8%D0%BD-%D0%B0%D0%BF-%D0%BA%D0%B7-%D0%BE%D0%B1%D0%B7%D0%BE%D1%80-%D0%B8%D0%B3%D1%80%D0%BE%D0%B2%D0%BE%D0%B9-%D0%BF%D0%BB%D0%BE%D1%89%D0%B0%D0%B4%D0%BA%D0%B8-%D0%B8-%D0%BE%D1%81%D0%BE%D0%B1/?path=//proc/23 HTTP/1.1" 200 3669 "-" "Mozilla/5.0 (Linux; Android 6.0.1; Nexus 5X Build/MMB29P) AppleWebKit/537.36 (KHTML, like Gecko) Chrome/140.0.7339.127 Mobile Safari/537.36 (compatible; GoogleOther)"
20.171.207.231 - - [14/Sep/2025:15:18:13 +0200] "GET /sitemap-hot-4229854.xml?path=//lib/firmware/advansys HTTP/1.1" 200 2670 "-" "Mozilla/5.0 AppleWebKit/537.36 (KHTML, like Gecko; compatible; GPTBot/1.2; +https://openai.com/gptbot)"
57.141.0.4 - - [14/Sep/2025:15:18:14 +0200] "GET /2025/09/12/bugsn-bees-spielautomat-umsetzbar-bugsn-klassische-world-football-stars-slot-fur-echtes-geld-spielautomaten-verbunden-bees-gemein-slot-2021/ HTTP/1.1" 200 64828 "-" "meta-externalagent/1.1 (+https://developers.facebook.com/docs/sharing/webmasters/crawler)"
216.73.216.34 - - [14/Sep/2025:15:18:15 +0200] "GET /2025/09/12/kap-ultimat-mastercard-casino-ino-sverige-2025?fileloc=%2F%2Fetc%2Fplymouth%2Fplymouthd.conf&path=%2F%2Fetc%2Fplymouth HTTP/1.1" 200 2307 "-" "Mozilla/5.0 AppleWebKit/537.36 (KHTML, like Gecko; compatible; ClaudeBot/1.0; +claudebot@anthropic.com)"
185.191.171.8 - - [14/Sep/2025:15:18:15 +0200] "GET /2025/08/12/page-220/ HTTP/1.1" 200 64828 "-" "Mozilla/5.0 (compatible; SemrushBot/7~bl; +http://www.semrush.com/bot.html)"
66.249.74.3 - - [14/Sep/2025:15:18:16 +0200] "GET /2025/01/20/%D0%BF%D0%B8%D0%BD-%D0%B0%D0%BF-%D0%BA%D0%B7-%D0%BE%D0%B1%D0%B7%D0%BE%D1%80-%D0%B8%D0%B3%D1%80%D0%BE%D0%B2%D0%BE%D0%B9-%D0%BF%D0%BB%D0%BE%D1%89%D0%B0%D0%B4%D0%BA%D0%B8-%D0%B8-%D0%BE%D1%81%D0%BE%D0%B1/?fileloc=//etc/profile.d/cpanel-user-commands.sh&path=//etc/profile.d HTTP/1.1" 200 2487 "-" "Mozilla/5.0 (Linux; Android 6.0.1; Nexus 5X Build/MMB29P) AppleWebKit/537.36 (KHTML, like Gecko) Chrome/140.0.7339.127 Mobile Safari/537.36 (compatible; GoogleOther)"
20.171.207.231 - - [14/Sep/2025:15:18:16 +0200] "GET /sitemap-hot-4229854.xml?path=//lib/firmware/tigon HTTP/1.1" 200 2663 "-" "Mozilla/5.0 AppleWebKit/537.36 (KHTML, like Gecko; compatible; GPTBot/1.2; +https://openai.com/gptbot)"
216.73.216.34 - - [14/Sep/2025:15:18:18 +0200] "GET /2025/09/12/slotigo-de-worldmatch-slot-spiele-die-besten-verbunden-slots-and-spielautomaten-gebuhrenfrei?path=%2F%2Flib64%2Fplymouth HTTP/1.1" 200 2656 "-" "Mozilla/5.0 AppleWebKit/537.36 (KHTML, like Gecko; compatible; ClaudeBot/1.0; +claudebot@anthropic.com)"
185.191.171.1 - - [14/Sep/2025:15:18:19 +0200] "GET /2025/08/09/casibom-giri-adresi-casibom-casino-gncel-giri-83/ HTTP/1.1" 200 64828 "-" "Mozilla/5.0 (compatible; SemrushBot/7~bl; +http://www.semrush.com/bot.html)"
20.171.207.231 - - [14/Sep/2025:15:18:20 +0200] "GET /sitemap-hot-4229854.xml?path=//lib/firmware/pcxhr HTTP/1.1" 200 3116 "-" "Mozilla/5.0 AppleWebKit/537.36 (KHTML, like Gecko; compatible; GPTBot/1.2; +https://openai.com/gptbot)"
216.73.216.34 - - [14/Sep/2025:15:18:21 +0200] "GET /2025/09/12/100-casino-oceanbets-100-free-spins-percent-free-casino-games-online-slots-kingdom-town-internet-casino/feed?fileloc=%2F%2Fetc%2Fspammeripblocks&path=%2F%2Fetc HTTP/1.1" 200 2247 "-" "Mozilla/5.0 AppleWebKit/537.36 (KHTML, like Gecko; compatible; ClaudeBot/1.0; +claudebot@anthropic.com)"
20.171.207.231 - - [14/Sep/2025:15:18:23 +0200] "GET /sitemap-hot-4229854.xml?path=//lib/firmware/meson HTTP/1.1" 200 2553 "-" "Mozilla/5.0 AppleWebKit/537.36 (KHTML, like Gecko; compatible; GPTBot/1.2; +https://openai.com/gptbot)"
216.73.216.34 - - [14/Sep/2025:15:18:24 +0200] "GET /2025/09/12/slotigo-de-worldmatch-slot-spiele-die-besten-verbunden-slots-and-spielautomaten-gebuhrenfrei?fileloc=%2F%2Fetc%2Fcpupdate.conf.backup&path=%2F%2Fetc HTTP/1.1" 200 2319 "-" "Mozilla/5.0 AppleWebKit/537.36 (KHTML, like Gecko; compatible; ClaudeBot/1.0; +claudebot@anthropic.com)"
20.171.207.231 - - [14/Sep/2025:15:18:26 +0200] "GET /sitemap-hot-4229854.xml?path=//lib/firmware/vicam HTTP/1.1" 200 2572 "-" "Mozilla/5.0 AppleWebKit/537.36 (KHTML, like Gecko; compatible; GPTBot/1.2; +https://openai.com/gptbot)"
216.73.216.34 - - [14/Sep/2025:15:18:27 +0200] "GET /2025/09/12/slotigo-de-worldmatch-slot-spiele-die-besten-verbunden-slots-and-spielautomaten-gebuhrenfrei?fileloc=%2F%2Fetc%2Fmachine-id&path=%2F%2Fetc HTTP/1.1" 200 2266 "-" "Mozilla/5.0 AppleWebKit/537.36 (KHTML, like Gecko; compatible; ClaudeBot/1.0; +claudebot@anthropic.com)"
20.171.207.231 - - [14/Sep/2025:15:18:29 +0200] "GET /sitemap-hot-4229854.xml?path=//lib/firmware/moxa HTTP/1.1" 200 2797 "-" "Mozilla/5.0 AppleWebKit/537.36 (KHTML, like Gecko; compatible; GPTBot/1.2; +https://openai.com/gptbot)"
216.73.216.34 - - [14/Sep/2025:15:18:30 +0200] "GET /2025/09/12/slotigo-de-worldmatch-slot-spiele-die-besten-verbunden-slots-and-spielautomaten-gebuhrenfrei?fileloc=%2F%2Fproc%2F4%2Fautogroup&path=%2F%2Fproc%2F4 HTTP/1.1" 200 2250 "-" "Mozilla/5.0 AppleWebKit/537.36 (KHTML, like Gecko; compatible; ClaudeBot/1.0; +claudebot@anthropic.com)"
23.21.148.226 - - [14/Sep/2025:15:18:30 +0200] "GET /2025/08/24/1xbet-turkiye-spor-bahisleri-1xbet-canli-bahis-site/?path=//run HTTP/1.1" 200 149840 "-" "Mozilla/5.0 AppleWebKit/537.36 (KHTML, like Gecko; compatible; Amazonbot/0.1; +https://developer.amazon.com/support/amazonbot) Chrome/119.0.6045.214 Safari/537.36"
20.171.207.231 - - [14/Sep/2025:15:18:32 +0200] "GET /sitemap-hot-4229854.xml?path=//lib/firmware/rtl_bt HTTP/1.1" 200 3026 "-" "Mozilla/5.0 AppleWebKit/537.36 (KHTML, like Gecko; compatible; GPTBot/1.2; +https://openai.com/gptbot)"
216.73.216.34 - - [14/Sep/2025:15:18:33 +0200] "GET /2025/09/12/slotigo-de-worldmatch-slot-spiele-die-besten-verbunden-slots-and-spielautomaten-gebuhrenfrei?path=%2F%2Fproc%2F16309%2Fattr HTTP/1.1" 200 2705 "-" "Mozilla/5.0 AppleWebKit/537.36 (KHTML, like Gecko; compatible; ClaudeBot/1.0; +claudebot@anthropic.com)"
57.141.0.52 - - [14/Sep/2025:15:18:34 +0200] "GET /2025/09/11/casinos-qua-freispielen-ohne-einzahlung-inoffizieller-mitarbeiter-september-2025/ HTTP/1.1" 200 64828 "-" "meta-externalagent/1.1 (+https://developers.facebook.com/docs/sharing/webmasters/crawler)"
20.171.207.231 - - [14/Sep/2025:15:18:35 +0200] "GET /sitemap-hot-4229854.xml?fileloc=//lib/firmware/intel/ibt-hw-37.7.bseq&path=//lib/firmware/intel HTTP/1.1" 200 2275 "-" "Mozilla/5.0 AppleWebKit/537.36 (KHTML, like Gecko; compatible; GPTBot/1.2; +https://openai.com/gptbot)"
85.208.96.203 - - [14/Sep/2025:15:18:36 +0200] "GET /robots.txt HTTP/1.1" 200 1233 "-" "Mozilla/5.0 (compatible; SemrushBot/7~bl; +http://www.semrush.com/bot.html)"
216.73.216.34 - - [14/Sep/2025:15:18:36 +0200] "GET /2025/09/12/slotigo-de-worldmatch-slot-spiele-die-besten-verbunden-slots-and-spielautomaten-gebuhrenfrei?path=%2F%2Fproc%2F59%2Fattr HTTP/1.1" 200 2707 "-" "Mozilla/5.0 AppleWebKit/537.36 (KHTML, like Gecko; compatible; ClaudeBot/1.0; +claudebot@anthropic.com)"
85.208.96.210 - - [14/Sep/2025:15:18:37 +0200] "GET /2025/07/27/anabolizantes-comprar-online-24/ HTTP/1.1" 200 64828 "-" "Mozilla/5.0 (compatible; SemrushBot/7~bl; +http://www.semrush.com/bot.html)"
20.171.207.231 - - [14/Sep/2025:15:18:38 +0200] "GET /sitemap-hot-4229854.xml?path=//lib/firmware/mrvl HTTP/1.1" 200 3032 "-" "Mozilla/5.0 AppleWebKit/537.36 (KHTML, like Gecko; compatible; GPTBot/1.2; +https://openai.com/gptbot)"
216.73.216.34 - - [14/Sep/2025:15:18:39 +0200] "GET /2025/09/12/slotigo-de-worldmatch-slot-spiele-die-besten-verbunden-slots-and-spielautomaten-gebuhrenfrei?path=%2F%2Fproc%2F27165%2Ffdinfo HTTP/1.1" 200 2313 "-" "Mozilla/5.0 AppleWebKit/537.36 (KHTML, like Gecko; compatible; ClaudeBot/1.0; +claudebot@anthropic.com)"
20.171.207.231 - - [14/Sep/2025:15:18:42 +0200] "GET /sitemap-hot-4229854.xml?path=//lib/firmware/isci HTTP/1.1" 200 2572 "-" "Mozilla/5.0 AppleWebKit/537.36 (KHTML, like Gecko; compatible; GPTBot/1.2; +https://openai.com/gptbot)"
216.73.216.34 - - [14/Sep/2025:15:18:42 +0200] "GET /2025/09/12/slotigo-de-worldmatch-slot-spiele-die-besten-verbunden-slots-and-spielautomaten-gebuhrenfrei?fileloc=%2F%2Fproc%2F47%2Fmountinfo&path=%2F%2Fproc%2F47 HTTP/1.1" 200 3091 "-" "Mozilla/5.0 AppleWebKit/537.36 (KHTML, like Gecko; compatible; ClaudeBot/1.0; +claudebot@anthropic.com)"
20.171.207.231 - - [14/Sep/2025:15:18:45 +0200] "GET /sitemap-hot-4229854.xml?fileloc=//lib/firmware/moxa/moxa-1150.fw&path=//lib/firmware/moxa HTTP/1.1" 200 2268 "-" "Mozilla/5.0 AppleWebKit/537.36 (KHTML, like Gecko; compatible; GPTBot/1.2; +https://openai.com/gptbot)"
216.73.216.34 - - [14/Sep/2025:15:18:45 +0200] "GET /2025/09/12/slotigo-de-worldmatch-slot-spiele-die-besten-verbunden-slots-and-spielautomaten-gebuhrenfrei?path=%2F%2Fproc%2F28692%2Fattr HTTP/1.1" 200 2704 "-" "Mozilla/5.0 AppleWebKit/537.36 (KHTML, like Gecko; compatible; ClaudeBot/1.0; +claudebot@anthropic.com)"
216.73.216.34 - - [14/Sep/2025:15:18:48 +0200] "GET /2025/09/12/slotigo-de-worldmatch-slot-spiele-die-besten-verbunden-slots-and-spielautomaten-gebuhrenfrei?path=%2F%2Fproc%2F26%2Fnet HTTP/1.1" 200 3794 "-" "Mozilla/5.0 AppleWebKit/537.36 (KHTML, like Gecko; compatible; ClaudeBot/1.0; +claudebot@anthropic.com)"
20.171.207.231 - - [14/Sep/2025:15:18:48 +0200] "GET /sitemap-hot-4229854.xml?path=//lib/firmware/korg HTTP/1.1" 200 2574 "-" "Mozilla/5.0 AppleWebKit/537.36 (KHTML, like Gecko; compatible; GPTBot/1.2; +https://openai.com/gptbot)"
216.73.216.34 - - [14/Sep/2025:15:18:51 +0200] "GET /2025/09/12/slotigo-de-worldmatch-slot-spiele-die-besten-verbunden-slots-and-spielautomaten-gebuhrenfrei?fileloc=%2F%2Fproc%2F22%2Fstatm&path=%2F%2Fproc%2F22 HTTP/1.1" 200 2255 "-" "Mozilla/5.0 AppleWebKit/537.36 (KHTML, like Gecko; compatible; ClaudeBot/1.0; +claudebot@anthropic.com)"
20.171.207.231 - - [14/Sep/2025:15:18:51 +0200] "GET /sitemap-hot-4229854.xml?path=//lib/firmware/ositech HTTP/1.1" 200 2582 "-" "Mozilla/5.0 AppleWebKit/537.36 (KHTML, like Gecko; compatible; GPTBot/1.2; +https://openai.com/gptbot)"
54.92.171.106 - - [14/Sep/2025:15:18:52 +0200] "GET /2025/09/11/innovative-gameplay-takes-center-stage-when-you/?path=//srv HTTP/1.1" 200 12658 "-" "Mozilla/5.0 AppleWebKit/537.36 (KHTML, like Gecko; compatible; Amazonbot/0.1; +https://developer.amazon.com/support/amazonbot) Chrome/119.0.6045.214 Safari/537.36"
216.73.216.34 - - [14/Sep/2025:15:18:54 +0200] "GET /2025/09/12/slotigo-de-worldmatch-slot-spiele-die-besten-verbunden-slots-and-spielautomaten-gebuhrenfrei?fileloc=%2F%2Fproc%2F34%2Foom_adj&path=%2F%2Fproc%2F34 HTTP/1.1" 200 2256 "-" "Mozilla/5.0 AppleWebKit/537.36 (KHTML, like Gecko; compatible; ClaudeBot/1.0; +claudebot@anthropic.com)"
20.171.207.231 - - [14/Sep/2025:15:18:55 +0200] "GET /sitemap-hot-4229854.xml?path=//lib/firmware/qcom HTTP/1.1" 200 2994 "-" "Mozilla/5.0 AppleWebKit/537.36 (KHTML, like Gecko; compatible; GPTBot/1.2; +https://openai.com/gptbot)"
216.73.216.34 - - [14/Sep/2025:15:18:57 +0200] "GET /2025/09/12/slotigo-de-worldmatch-slot-spiele-die-besten-verbunden-slots-and-spielautomaten-gebuhrenfrei?fileloc=%2F%2Fbin%2Fpyzord&path=%2F%2Fbin HTTP/1.1" 200 2337 "-" "Mozilla/5.0 AppleWebKit/537.36 (KHTML, like Gecko; compatible; ClaudeBot/1.0; +claudebot@anthropic.com)"
20.171.207.231 - - [14/Sep/2025:15:18:58 +0200] "GET /sitemap-hot-4229854.xml?path=//lib/firmware/liquidio HTTP/1.1" 200 2674 "-" "Mozilla/5.0 AppleWebKit/537.36 (KHTML, like Gecko; compatible; GPTBot/1.2; +https://openai.com/gptbot)"
216.73.216.34 - - [14/Sep/2025:15:19:00 +0200] "GET /2025/09/12/100-casino-oceanbets-100-free-spins-percent-free-casino-games-online-slots-kingdom-town-internet-casino/feed?fileloc=%2F%2Fetc%2Fdomainips&path=%2F%2Fetc HTTP/1.1" 200 2249 "-" "Mozilla/5.0 AppleWebKit/537.36 (KHTML, like Gecko; compatible; ClaudeBot/1.0; +claudebot@anthropic.com)"
20.171.207.231 - - [14/Sep/2025:15:19:01 +0200] "GET /sitemap-hot-4229854.xml?path=//lib/firmware/kaweth HTTP/1.1" 200 2665 "-" "Mozilla/5.0 AppleWebKit/537.36 (KHTML, like Gecko; compatible; GPTBot/1.2; +https://openai.com/gptbot)"
216.73.216.34 - - [14/Sep/2025:15:19:03 +0200] "GET /2025/09/12/slotigo-de-worldmatch-slot-spiele-die-besten-verbunden-slots-and-spielautomaten-gebuhrenfrei?path=%2F%2Fproc%2F27164%2Ffdinfo HTTP/1.1" 200 2313 "-" "Mozilla/5.0 AppleWebKit/537.36 (KHTML, like Gecko; compatible; ClaudeBot/1.0; +claudebot@anthropic.com)"
20.171.207.231 - - [14/Sep/2025:15:19:04 +0200] "GET /sitemap-hot-4229854.xml?path=//lib/firmware/tehuti HTTP/1.1" 200 2571 "-" "Mozilla/5.0 AppleWebKit/537.36 (KHTML, like Gecko; compatible; GPTBot/1.2; +https://openai.com/gptbot)"
3.218.103.254 - - [14/Sep/2025:15:19:04 +0200] "GET /2025/02/25/conexoes-virtuais-a-encontros-reais-os-5-melhores-apps-de-relacionamento/?path=//lib64 HTTP/1.1" 200 1750302 "-" "Mozilla/5.0 AppleWebKit/537.36 (KHTML, like Gecko; compatible; Amazonbot/0.1; +https://developer.amazon.com/support/amazonbot) Chrome/119.0.6045.214 Safari/537.36"
216.73.216.34 - - [14/Sep/2025:15:19:06 +0200] "GET /2025/09/12/slotigo-de-worldmatch-slot-spiele-die-besten-verbunden-slots-and-spielautomaten-gebuhrenfrei?fileloc=%2F%2Fproc%2F34%2Fstatm&path=%2F%2Fproc%2F34 HTTP/1.1" 200 2255 "-" "Mozilla/5.0 AppleWebKit/537.36 (KHTML, like Gecko; compatible; ClaudeBot/1.0; +claudebot@anthropic.com)"
57.141.0.36 - - [14/Sep/2025:15:19:06 +0200] "GET /wp-json/oembed/1.0/embed?url=http%3A%2F%2Fecommerce.sareqgroup.com%2F2025%2F08%2F29%2Fgamble-21000-examine-this-site-100-percent-free-gambling-games-demonstration-gambling-establishment-for-fun%2F HTTP/1.1" 200 64828 "-" "meta-externalagent/1.1 (+https://developers.facebook.com/docs/sharing/webmasters/crawler)"
20.171.207.231 - - [14/Sep/2025:15:19:07 +0200] "GET /sitemap-hot-4229854.xml?path=//lib/firmware/mixart HTTP/1.1" 200 2637 "-" "Mozilla/5.0 AppleWebKit/537.36 (KHTML, like Gecko; compatible; GPTBot/1.2; +https://openai.com/gptbot)"
216.73.216.34 - - [14/Sep/2025:15:19:09 +0200] "GET /2025/09/12/slotigo-de-worldmatch-slot-spiele-die-besten-verbunden-slots-and-spielautomaten-gebuhrenfrei?fileloc=%2F%2Fbin%2Fgeoiplookup6&path=%2F%2Fbin HTTP/1.1" 200 2246 "-" "Mozilla/5.0 AppleWebKit/537.36 (KHTML, like Gecko; compatible; ClaudeBot/1.0; +claudebot@anthropic.com)"
20.171.207.231 - - [14/Sep/2025:15:19:10 +0200] "GET /sitemap-hot-4229854.xml?path=//lib/firmware/asihpi HTTP/1.1" 200 2758 "-" "Mozilla/5.0 AppleWebKit/537.36 (KHTML, like Gecko; compatible; GPTBot/1.2; +https://openai.com/gptbot)"
18.213.240.226 - - [14/Sep/2025:15:19:12 +0200] "GET /2025/05/16/understanding-the-crypto-trading-volume-signal-an/?path=//lib HTTP/1.1" 200 234328 "-" "Mozilla/5.0 AppleWebKit/537.36 (KHTML, like Gecko; compatible; Amazonbot/0.1; +https://developer.amazon.com/support/amazonbot) Chrome/119.0.6045.214 Safari/537.36"
216.73.216.34 - - [14/Sep/2025:15:19:12 +0200] "GET /2025/09/12/slotigo-de-worldmatch-slot-spiele-die-besten-verbunden-slots-and-spielautomaten-gebuhrenfrei?fileloc=%2F%2Fbin%2Finnochecksum&path=%2F%2Fbin HTTP/1.1" 200 2246 "-" "Mozilla/5.0 AppleWebKit/537.36 (KHTML, like Gecko; compatible; ClaudeBot/1.0; +claudebot@anthropic.com)"
20.171.207.231 - - [14/Sep/2025:15:19:13 +0200] "GET /sitemap-hot-4229854.xml?path=//lib/firmware/yamaha HTTP/1.1" 200 2668 "-" "Mozilla/5.0 AppleWebKit/537.36 (KHTML, like Gecko; compatible; GPTBot/1.2; +https://openai.com/gptbot)"
216.73.216.34 - - [14/Sep/2025:15:19:15 +0200] "GET /2025/09/12/slotigo-de-worldmatch-slot-spiele-die-besten-verbunden-slots-and-spielautomaten-gebuhrenfrei?fileloc=%2F%2Fbin%2Fgsnd&path=%2F%2Fbin HTTP/1.1" 200 2406 "-" "Mozilla/5.0 AppleWebKit/537.36 (KHTML, like Gecko; compatible; ClaudeBot/1.0; +claudebot@anthropic.com)"
20.171.207.231 - - [14/Sep/2025:15:19:16 +0200] "GET /sitemap-hot-4229854.xml?path=//lib/firmware/matrox HTTP/1.1" 200 2609 "-" "Mozilla/5.0 AppleWebKit/537.36 (KHTML, like Gecko; compatible; GPTBot/1.2; +https://openai.com/gptbot)"
216.73.216.34 - - [14/Sep/2025:15:19:18 +0200] "GET /2025/09/12/slotigo-de-worldmatch-slot-spiele-die-besten-verbunden-slots-and-spielautomaten-gebuhrenfrei?fileloc=%2F%2Fproc%2Fmounts&path=%2F%2Fproc HTTP/1.1" 200 2840 "-" "Mozilla/5.0 AppleWebKit/537.36 (KHTML, like Gecko; compatible; ClaudeBot/1.0; +claudebot@anthropic.com)"
57.141.0.51 - - [14/Sep/2025:15:19:19 +0200] "GET /2025/09/08/a-knowledgeable-metropolitan-areas-7-sultans-safe-online-casino-to-view-chitty-chitty-fuck-bang-1968/feed/ HTTP/1.1" 200 64828 "-" "meta-externalagent/1.1 (+https://developers.facebook.com/docs/sharing/webmasters/crawler)"
20.171.207.231 - - [14/Sep/2025:15:19:19 +0200] "GET /sitemap-hot-4229854.xml?path=//lib/firmware/rtl_nic HTTP/1.1" 200 3067 "-" "Mozilla/5.0 AppleWebKit/537.36 (KHTML, like Gecko; compatible; GPTBot/1.2; +https://openai.com/gptbot)"
3.224.205.25 - - [14/Sep/2025:15:19:20 +0200] "GET /2025/08/10/%CE%BA%CE%B1%CE%B6%CE%AF%CE%BD%CE%BF-wazamba-slots-%CE%B5%CE%B3%CF%87%CE%B5%CE%B9%CF%81%CE%AF%CE%B4%CE%B9%CE%BF-gr-%CE%B3%CE%B9%CE%B1-demo-slots-%CF%86%CF%81%CE%BF%CF%8D%CF%84%CF%89%CE%BD-%CF%83/?fileloc=/home/sareqgroup/ecommerce.com/wp-includes/feed-rdf.php&path=/home/sareqgroup/ecommerce.com/wp-includes HTTP/1.1" 200 15686 "-" "Mozilla/5.0 AppleWebKit/537.36 (KHTML, like Gecko; compatible; Amazonbot/0.1; +https://developer.amazon.com/support/amazonbot) Chrome/119.0.6045.214 Safari/537.36"
216.73.216.34 - - [14/Sep/2025:15:19:21 +0200] "GET /2025/09/12/slotigo-de-worldmatch-slot-spiele-die-besten-verbunden-slots-and-spielautomaten-gebuhrenfrei?fileloc=%2F%2Fbin%2Fgdtopng&path=%2F%2Fbin HTTP/1.1" 200 2241 "-" "Mozilla/5.0 AppleWebKit/537.36 (KHTML, like Gecko; compatible; ClaudeBot/1.0; +claudebot@anthropic.com)"
20.171.207.231 - - [14/Sep/2025:15:19:22 +0200] "GET /sitemap-hot-4229854.xml?path=//lib/firmware/acenic HTTP/1.1" 200 2598 "-" "Mozilla/5.0 AppleWebKit/537.36 (KHTML, like Gecko; compatible; GPTBot/1.2; +https://openai.com/gptbot)"
3.229.2.217 - - [14/Sep/2025:15:19:24 +0200] "GET /2025/08/10/%CE%BA%CE%B1%CE%B6%CE%AF%CE%BD%CE%BF-wazamba-slots-%CE%B5%CE%B3%CF%87%CE%B5%CE%B9%CF%81%CE%AF%CE%B4%CE%B9%CE%BF-gr-%CE%B3%CE%B9%CE%B1-demo-slots-%CF%86%CF%81%CE%BF%CF%8D%CF%84%CF%89%CE%BD-%CF%83/?fileloc=/home/sareqgroup/ecommerce.com/wp-includes/locale.php&path=/home/sareqgroup/ecommerce.com/wp-includes HTTP/1.1" 200 12636 "-" "Mozilla/5.0 AppleWebKit/537.36 (KHTML, like Gecko; compatible; Amazonbot/0.1; +https://developer.amazon.com/support/amazonbot) Chrome/119.0.6045.214 Safari/537.36"
216.73.216.34 - - [14/Sep/2025:15:19:24 +0200] "GET /2025/09/12/100-casino-oceanbets-100-free-spins-percent-free-casino-games-online-slots-kingdom-town-internet-casino/feed?fileloc=%2F%2Fetc%2Fnamed.conf.zonedir.cache&path=%2F%2Fetc HTTP/1.1" 200 2253 "-" "Mozilla/5.0 AppleWebKit/537.36 (KHTML, like Gecko; compatible; ClaudeBot/1.0; +claudebot@anthropic.com)"
20.171.207.231 - - [14/Sep/2025:15:19:25 +0200] "GET /sitemap-hot-4229854.xml?path=//lib/firmware/brcm HTTP/1.1" 200 4056 "-" "Mozilla/5.0 AppleWebKit/537.36 (KHTML, like Gecko; compatible; GPTBot/1.2; +https://openai.com/gptbot)"
216.73.216.34 - - [14/Sep/2025:15:19:27 +0200] "GET /2025/09/12/slotigo-de-worldmatch-slot-spiele-die-besten-verbunden-slots-and-spielautomaten-gebuhrenfrei?path=%2F%2Fproc%2F27166%2Fnet HTTP/1.1" 200 3794 "-" "Mozilla/5.0 AppleWebKit/537.36 (KHTML, like Gecko; compatible; ClaudeBot/1.0; +claudebot@anthropic.com)"
35.168.238.50 - - [14/Sep/2025:15:19:28 +0200] "GET /2025/08/10/%CE%BA%CE%B1%CE%B6%CE%AF%CE%BD%CE%BF-wazamba-slots-%CE%B5%CE%B3%CF%87%CE%B5%CE%B9%CF%81%CE%AF%CE%B4%CE%B9%CE%BF-gr-%CE%B3%CE%B9%CE%B1-demo-slots-%CF%86%CF%81%CE%BF%CF%8D%CF%84%CF%89%CE%BD-%CF%83/?fileloc=/home/sareqgroup/ecommerce.com/wp-includes/shortcodes.php&path=/home/sareqgroup/ecommerce.com/wp-includes HTTP/1.1" 200 35283 "-" "Mozilla/5.0 AppleWebKit/537.36 (KHTML, like Gecko; compatible; Amazonbot/0.1; +https://developer.amazon.com/support/amazonbot) Chrome/119.0.6045.214 Safari/537.36"
20.171.207.231 - - [14/Sep/2025:15:19:28 +0200] "GET /sitemap-hot-4229854.xml?path=//lib/firmware/radeon HTTP/1.1" 200 7029 "-" "Mozilla/5.0 AppleWebKit/537.36 (KHTML, like Gecko; compatible; GPTBot/1.2; +https://openai.com/gptbot)"
216.73.216.34 - - [14/Sep/2025:15:19:30 +0200] "GET /2025/09/12/slotigo-de-worldmatch-slot-spiele-die-besten-verbunden-slots-and-spielautomaten-gebuhrenfrei?fileloc=%2F%2Fproc%2F32%2Fio&path=%2F%2Fproc%2F32 HTTP/1.1" 200 2248 "-" "Mozilla/5.0 AppleWebKit/537.36 (KHTML, like Gecko; compatible; ClaudeBot/1.0; +claudebot@anthropic.com)"
57.141.0.13 - - [14/Sep/2025:15:19:30 +0200] "GET /2025/09/11/madame-possibility-local-casino-opinion-and-you-can-100-percent-free-paddypower-casino-login-potato-chips-extra/ HTTP/1.1" 200 64828 "-" "meta-externalagent/1.1 (+https://developers.facebook.com/docs/sharing/webmasters/crawler)"
20.171.207.231 - - [14/Sep/2025:15:19:32 +0200] "GET /sitemap-hot-4229854.xml?path=//lib/firmware/cavium HTTP/1.1" 200 2607 "-" "Mozilla/5.0 AppleWebKit/537.36 (KHTML, like Gecko; compatible; GPTBot/1.2; +https://openai.com/gptbot)"
52.44.174.136 - - [14/Sep/2025:15:19:32 +0200] "GET /2025/08/10/%CE%BA%CE%B1%CE%B6%CE%AF%CE%BD%CE%BF-wazamba-slots-%CE%B5%CE%B3%CF%87%CE%B5%CE%B9%CF%81%CE%AF%CE%B4%CE%B9%CE%BF-gr-%CE%B3%CE%B9%CE%B1-demo-slots-%CF%86%CF%81%CE%BF%CF%8D%CF%84%CF%89%CE%BD-%CF%83/?fileloc=/home/sareqgroup/ecommerce.com/wp-includes/theme.php&path=/home/sareqgroup/ecommerce.com/wp-includes HTTP/1.1" 200 139888 "-" "Mozilla/5.0 AppleWebKit/537.36 (KHTML, like Gecko; compatible; Amazonbot/0.1; +https://developer.amazon.com/support/amazonbot) Chrome/119.0.6045.214 Safari/537.36"
216.73.216.34 - - [14/Sep/2025:15:19:33 +0200] "GET /2025/09/12/slotigo-de-worldmatch-slot-spiele-die-besten-verbunden-slots-and-spielautomaten-gebuhrenfrei?fileloc=%2F%2Fproc%2F21%2Fstatus&path=%2F%2Fproc%2F21 HTTP/1.1" 200 2538 "-" "Mozilla/5.0 AppleWebKit/537.36 (KHTML, like Gecko; compatible; ClaudeBot/1.0; +claudebot@anthropic.com)"
20.171.207.231 - - [14/Sep/2025:15:19:35 +0200] "GET /sitemap-hot-4229854.xml?path=//lib/firmware/nvidia HTTP/1.1" 200 2896 "-" "Mozilla/5.0 AppleWebKit/537.36 (KHTML, like Gecko; compatible; GPTBot/1.2; +https://openai.com/gptbot)"
98.82.40.168 - - [14/Sep/2025:15:19:36 +0200] "GET /2025/08/10/%CE%BA%CE%B1%CE%B6%CE%AF%CE%BD%CE%BF-wazamba-slots-%CE%B5%CE%B3%CF%87%CE%B5%CE%B9%CF%81%CE%AF%CE%B4%CE%B9%CE%BF-gr-%CE%B3%CE%B9%CE%B1-demo-slots-%CF%86%CF%81%CE%BF%CF%8D%CF%84%CF%89%CE%BD-%CF%83/?fileloc=/home/sareqgroup/ecommerce.com/wp-includes/class-wp-oembed-controller.php&path=/home/sareqgroup/ecommerce.com/wp-includes HTTP/1.1" 200 19455 "-" "Mozilla/5.0 AppleWebKit/537.36 (KHTML, like Gecko; compatible; Amazonbot/0.1; +https://developer.amazon.com/support/amazonbot) Chrome/119.0.6045.214 Safari/537.36"
216.73.216.34 - - [14/Sep/2025:15:19:36 +0200] "GET /2025/09/12/slotigo-de-worldmatch-slot-spiele-die-besten-verbunden-slots-and-spielautomaten-gebuhrenfrei?fileloc=%2F%2Fbin%2Ful&path=%2F%2Fbin HTTP/1.1" 200 2239 "-" "Mozilla/5.0 AppleWebKit/537.36 (KHTML, like Gecko; compatible; ClaudeBot/1.0; +claudebot@anthropic.com)"
154.213.204.189 - - [14/Sep/2025:15:19:38 +0200] "GET /2025/09/02/les-secrets-des-probabilites-au-casinoclic-comment-jouer-avec-intelligence/ HTTP/1.1" 200 3666 "http://ecommerce.sareqgroup.com/" "Mozilla/5.0 (Windows NT 10.0; WOW64; x64) AppleWebKit/537.36 (KHTML, like Gecko) Chrome/114.0.0.0 Safari/537.36 OPR/89.0.4447.51"
20.171.207.231 - - [14/Sep/2025:15:19:38 +0200] "GET /sitemap-hot-4229854.xml?path=//lib/firmware/amdgpu HTTP/1.1" 200 8071 "-" "Mozilla/5.0 AppleWebKit/537.36 (KHTML, like Gecko; compatible; GPTBot/1.2; +https://openai.com/gptbot)"
216.73.216.34 - - [14/Sep/2025:15:19:39 +0200] "GET /2025/09/12/slotigo-de-worldmatch-slot-spiele-die-besten-verbunden-slots-and-spielautomaten-gebuhrenfrei?fileloc=%2F%2Fproc%2F634%2Fmaps&path=%2F%2Fproc%2F634 HTTP/1.1" 200 2252 "-" "Mozilla/5.0 AppleWebKit/537.36 (KHTML, like Gecko; compatible; ClaudeBot/1.0; +claudebot@anthropic.com)"
100.29.107.38 - - [14/Sep/2025:15:19:40 +0200] "GET /2025/08/10/%CE%BA%CE%B1%CE%B6%CE%AF%CE%BD%CE%BF-wazamba-slots-%CE%B5%CE%B3%CF%87%CE%B5%CE%B9%CF%81%CE%AF%CE%B4%CE%B9%CE%BF-gr-%CE%B3%CE%B9%CE%B1-demo-slots-%CF%86%CF%81%CE%BF%CF%8D%CF%84%CF%89%CE%BD-%CF%83/?fileloc=/home/sareqgroup/ecommerce.com/wp-includes/class-wp-comment-query.php&path=/home/sareqgroup/ecommerce.com/wp-includes HTTP/1.1" 200 59169 "-" "Mozilla/5.0 AppleWebKit/537.36 (KHTML, like Gecko; compatible; Amazonbot/0.1; +https://developer.amazon.com/support/amazonbot) Chrome/119.0.6045.214 Safari/537.36"
20.171.207.231 - - [14/Sep/2025:15:19:41 +0200] "GET /sitemap-hot-4229854.xml?path=//lib/firmware/dabusb HTTP/1.1" 200 2619 "-" "Mozilla/5.0 AppleWebKit/537.36 (KHTML, like Gecko; compatible; GPTBot/1.2; +https://openai.com/gptbot)"
216.73.216.34 - - [14/Sep/2025:15:19:42 +0200] "GET /2025/09/12/slotigo-de-worldmatch-slot-spiele-die-besten-verbunden-slots-and-spielautomaten-gebuhrenfrei?fileloc=%2F%2Fetc%2Fnocgiusers&path=%2F%2Fetc HTTP/1.1" 200 2244 "-" "Mozilla/5.0 AppleWebKit/537.36 (KHTML, like Gecko; compatible; ClaudeBot/1.0; +claudebot@anthropic.com)"
20.171.207.231 - - [14/Sep/2025:15:19:44 +0200] "GET /sitemap-hot-4229854.xml?path=//lib/firmware/intel/ice HTTP/1.1" 200 2564 "-" "Mozilla/5.0 AppleWebKit/537.36 (KHTML, like Gecko; compatible; GPTBot/1.2; +https://openai.com/gptbot)"
216.73.216.34 - - [14/Sep/2025:15:19:45 +0200] "GET /2025/09/12/slotigo-de-worldmatch-slot-spiele-die-besten-verbunden-slots-and-spielautomaten-gebuhrenfrei?fileloc=%2F%2Fproc%2F553%2Fmountinfo&path=%2F%2Fproc%2F553 HTTP/1.1" 200 3093 "-" "Mozilla/5.0 AppleWebKit/537.36 (KHTML, like Gecko; compatible; ClaudeBot/1.0; +claudebot@anthropic.com)"
20.171.207.231 - - [14/Sep/2025:15:19:48 +0200] "GET /sitemap-hot-4229854.xml?path=//lib/firmware/mwlwifi HTTP/1.1" 200 2612 "-" "Mozilla/5.0 AppleWebKit/537.36 (KHTML, like Gecko; compatible; GPTBot/1.2; +https://openai.com/gptbot)"
216.73.216.34 - - [14/Sep/2025:15:19:48 +0200] "GET /2025/09/12/slotigo-de-worldmatch-slot-spiele-die-besten-verbunden-slots-and-spielautomaten-gebuhrenfrei?fileloc=%2F%2Fbin%2Fci&path=%2F%2Fbin HTTP/1.1" 200 2693 "-" "Mozilla/5.0 AppleWebKit/537.36 (KHTML, like Gecko; compatible; ClaudeBot/1.0; +claudebot@anthropic.com)"
20.171.207.231 - - [14/Sep/2025:15:19:51 +0200] "GET /sitemap-hot-4229854.xml?path=//lib/firmware/nvidia/tu10x HTTP/1.1" 200 2566 "-" "Mozilla/5.0 AppleWebKit/537.36 (KHTML, like Gecko; compatible; GPTBot/1.2; +https://openai.com/gptbot)"
216.73.216.34 - - [14/Sep/2025:15:19:51 +0200] "GET /2025/09/12/slotigo-de-worldmatch-slot-spiele-die-besten-verbunden-slots-and-spielautomaten-gebuhrenfrei?path=%2F%2Fproc%2F1376%2Fnet HTTP/1.1" 200 3792 "-" "Mozilla/5.0 AppleWebKit/537.36 (KHTML, like Gecko; compatible; ClaudeBot/1.0; +claudebot@anthropic.com)"
34.236.135.14 - - [14/Sep/2025:15:19:52 +0200] "GET /2025/09/12/spielbank-maklercourtage-exklusive-einzahlung-2025-die-besten-no-frankierung-boni/?path=//var HTTP/1.1" 200 48848 "-" "Mozilla/5.0 AppleWebKit/537.36 (KHTML, like Gecko; compatible; Amazonbot/0.1; +https://developer.amazon.com/support/amazonbot) Chrome/119.0.6045.214 Safari/537.36"
20.171.207.231 - - [14/Sep/2025:15:19:54 +0200] "GET /sitemap-hot-4229854.xml?fileloc=//lib/firmware/amdgpu/navi14_mec_wks.bin&path=//lib/firmware/amdgpu HTTP/1.1" 200 2278 "-" "Mozilla/5.0 AppleWebKit/537.36 (KHTML, like Gecko; compatible; GPTBot/1.2; +https://openai.com/gptbot)"
