216.73.216.34 - - [14/Sep/2025:15:38:55 +0200] "GET /2025/09/12/kap-ultimat-mastercard-casino-ino-sverige-2025?fileloc=%2F%2Fsys%2Fkernel%2Fslab%2Fksm_mm_slot%2Fstore_user&path=%2F%2Fsys%2Fkernel%2Fslab%2Fksm_mm_slot HTTP/1.1" 200 2284 "-" "Mozilla/5.0 AppleWebKit/537.36 (KHTML, like Gecko; compatible; ClaudeBot/1.0; +claudebot@anthropic.com)"
20.171.207.231 - - [14/Sep/2025:15:38:57 +0200] "GET /sitemap-hot-4235854.xml?path=//run/systemd/journal HTTP/1.1" 200 2670 "-" "Mozilla/5.0 AppleWebKit/537.36 (KHTML, like Gecko; compatible; GPTBot/1.2; +https://openai.com/gptbot)"
216.73.216.34 - - [14/Sep/2025:15:38:58 +0200] "GET /2025/09/12/que-aparelhar-roleta-online-como-melhores-cassinos-abicar-brasil/feed?path=%2F%2Fvar%2Frun HTTP/1.1" 200 4986 "-" "Mozilla/5.0 AppleWebKit/537.36 (KHTML, like Gecko; compatible; ClaudeBot/1.0; +claudebot@anthropic.com)"
20.171.207.231 - - [14/Sep/2025:15:39:00 +0200] "GET /sitemap-hot-4235854.xml?path=//run/udev/links/\\x2finput\\x2fby-path\\x2fplatform-pcspkr-event-spkr HTTP/1.1" 200 2362 "-" "Mozilla/5.0 AppleWebKit/537.36 (KHTML, like Gecko; compatible; GPTBot/1.2; +https://openai.com/gptbot)"
216.73.216.34 - - [14/Sep/2025:15:39:01 +0200] "GET /2025/09/12/the-fresh-dogfather-position-100-percent-free-slot-copy-cats-local-casino-money-august-2025?fileloc=%2F%2Fsys%2Fmodule%2Fmodule%2Fuevent&path=%2F%2Fsys%2Fmodule%2Fmodule HTTP/1.1" 200 2256 "-" "Mozilla/5.0 AppleWebKit/537.36 (KHTML, like Gecko; compatible; ClaudeBot/1.0; +claudebot@anthropic.com)"
20.171.207.231 - - [14/Sep/2025:15:39:03 +0200] "GET /sitemap-hot-4235854.xml?path=//run/faillock HTTP/1.1" 200 2304 "-" "Mozilla/5.0 AppleWebKit/537.36 (KHTML, like Gecko; compatible; GPTBot/1.2; +https://openai.com/gptbot)"
216.73.216.34 - - [14/Sep/2025:15:39:04 +0200] "GET /2025/09/12/finest-20-casinos-on-the-internet-inside-the-usa-greatest-gambling-enterprise-web-sites-to-possess-2025?fileloc=%2F%2Fbin%2Funlz4&path=%2F%2Fbin HTTP/1.1" 200 2242 "-" "Mozilla/5.0 AppleWebKit/537.36 (KHTML, like Gecko; compatible; ClaudeBot/1.0; +claudebot@anthropic.com)"
20.171.207.231 - - [14/Sep/2025:15:39:06 +0200] "GET /sitemap-hot-4233854.xml?path=//run/lock/subsys HTTP/1.1" 200 2597 "-" "Mozilla/5.0 AppleWebKit/537.36 (KHTML, like Gecko; compatible; GPTBot/1.2; +https://openai.com/gptbot)"
216.73.216.34 - - [14/Sep/2025:15:39:07 +0200] "GET /2025/09/12/hot-gems-jogue-online-afinar-pokerstars-casino/feed?fileloc=%2F%2Flib64%2Flibrsvg-2.so.2&path=%2F%2Flib64 HTTP/1.1" 200 2248 "-" "Mozilla/5.0 AppleWebKit/537.36 (KHTML, like Gecko; compatible; ClaudeBot/1.0; +claudebot@anthropic.com)"
20.171.207.231 - - [14/Sep/2025:15:39:09 +0200] "GET /sitemap-hot-4233854.xml?path=//run/rpcbind HTTP/1.1" 200 2305 "-" "Mozilla/5.0 AppleWebKit/537.36 (KHTML, like Gecko; compatible; GPTBot/1.2; +https://openai.com/gptbot)"
216.73.216.34 - - [14/Sep/2025:15:39:10 +0200] "GET /2025/09/12/hot-fire-fruits-slot-canhoteiro-review-2024-play-for-free/feed?fileloc=%2F%2Flib64%2FlibXau.so&path=%2F%2Flib64 HTTP/1.1" 200 2245 "-" "Mozilla/5.0 AppleWebKit/537.36 (KHTML, like Gecko; compatible; ClaudeBot/1.0; +claudebot@anthropic.com)"
20.171.207.231 - - [14/Sep/2025:15:39:13 +0200] "GET /sitemap-hot-4235854.xml?path=//run/rpcbind HTTP/1.1" 200 2305 "-" "Mozilla/5.0 AppleWebKit/537.36 (KHTML, like Gecko; compatible; GPTBot/1.2; +https://openai.com/gptbot)"
216.73.216.34 - - [14/Sep/2025:15:39:14 +0200] "GET /2025/09/12/twin-spin-netent-slot-slot-tornado-farm-escape-review?fileloc=%2F%2Fproc%2F23742%2Fio&path=%2F%2Fproc%2F23742 HTTP/1.1" 200 2252 "-" "Mozilla/5.0 AppleWebKit/537.36 (KHTML, like Gecko; compatible; ClaudeBot/1.0; +claudebot@anthropic.com)"
20.171.207.231 - - [14/Sep/2025:15:39:16 +0200] "GET /sitemap-hot-4233854.xml?path=//run/udev/links HTTP/1.1" 200 3351 "-" "Mozilla/5.0 AppleWebKit/537.36 (KHTML, like Gecko; compatible; GPTBot/1.2; +https://openai.com/gptbot)"
216.73.216.34 - - [14/Sep/2025:15:39:17 +0200] "GET /2025/09/12/best-online-casino-internet-sites-you-a-real-income-gambling-classico-1-deposit-enterprises-2025?path=%2F%2Fproc%2F553%2Ffdinfo HTTP/1.1" 200 2311 "-" "Mozilla/5.0 AppleWebKit/537.36 (KHTML, like Gecko; compatible; ClaudeBot/1.0; +claudebot@anthropic.com)"
34.194.165.45 - - [14/Sep/2025:15:39:17 +0200] "GET /2025/09/12/kazino-onlajn-naslazhdajtes-bezopasnoj-i-chestnoj-23/?path=/home HTTP/1.1" 200 12659 "-" "Mozilla/5.0 AppleWebKit/537.36 (KHTML, like Gecko; compatible; Amazonbot/0.1; +https://developer.amazon.com/support/amazonbot) Chrome/119.0.6045.214 Safari/537.36"
20.171.207.231 - - [14/Sep/2025:15:39:19 +0200] "GET /sitemap-hot-4233854.xml?path=//run/systemd/journal HTTP/1.1" 200 2670 "-" "Mozilla/5.0 AppleWebKit/537.36 (KHTML, like Gecko; compatible; GPTBot/1.2; +https://openai.com/gptbot)"
216.73.216.34 - - [14/Sep/2025:15:39:20 +0200] "GET /2025/09/12/best-real-cash-web-based-casinos-in-america-play-and-you-will-earn-a-real-income/feed?fileloc=%2F%2Frun%2Fatd.pid&path=%2F%2Frun HTTP/1.1" 200 2247 "-" "Mozilla/5.0 AppleWebKit/537.36 (KHTML, like Gecko; compatible; ClaudeBot/1.0; +claudebot@anthropic.com)"
52.7.33.248 - - [14/Sep/2025:15:39:20 +0200] "GET /2025/05/19/exploring-the-future-of-trading-simulator-crypto/?path=//home HTTP/1.1" 200 12660 "-" "Mozilla/5.0 AppleWebKit/537.36 (KHTML, like Gecko; compatible; Amazonbot/0.1; +https://developer.amazon.com/support/amazonbot) Chrome/119.0.6045.214 Safari/537.36"
20.171.207.231 - - [14/Sep/2025:15:39:22 +0200] "GET /sitemap-hot-4235854.xml?path=//run/udev/links//x2finput/x2fby-path/x2fplatform-pcspkr-event-spkr HTTP/1.1" 200 2362 "-" "Mozilla/5.0 AppleWebKit/537.36 (KHTML, like Gecko; compatible; GPTBot/1.2; +https://openai.com/gptbot)"
216.73.216.34 - - [14/Sep/2025:15:39:23 +0200] "GET /2025/09/12/best-online-casino-internet-sites-you-a-real-income-gambling-classico-1-deposit-enterprises-2025?fileloc=%2F%2Fsbin%2Fchgpasswd&path=%2F%2Fsbin HTTP/1.1" 200 2245 "-" "Mozilla/5.0 AppleWebKit/537.36 (KHTML, like Gecko; compatible; ClaudeBot/1.0; +claudebot@anthropic.com)"
20.171.207.231 - - [14/Sep/2025:15:39:25 +0200] "GET /sitemap-hot-4233854.xml?path=//run/libcare HTTP/1.1" 200 2303 "-" "Mozilla/5.0 AppleWebKit/537.36 (KHTML, like Gecko; compatible; GPTBot/1.2; +https://openai.com/gptbot)"
216.73.216.34 - - [14/Sep/2025:15:39:26 +0200] "GET /2025/09/12/hot-gems-jogue-online-afinar-pokerstars-casino/feed?fileloc=%2F%2Fproc%2F599%2Fattr%2Ffscreate&path=%2F%2Fproc%2F599%2Fattr HTTP/1.1" 200 2262 "-" "Mozilla/5.0 AppleWebKit/537.36 (KHTML, like Gecko; compatible; ClaudeBot/1.0; +claudebot@anthropic.com)"
20.171.207.231 - - [14/Sep/2025:15:39:28 +0200] "GET /sitemap-hot-4233854.xml?path=//run/tmpfiles.d HTTP/1.1" 200 2566 "-" "Mozilla/5.0 AppleWebKit/537.36 (KHTML, like Gecko; compatible; GPTBot/1.2; +https://openai.com/gptbot)"
216.73.216.34 - - [14/Sep/2025:15:39:29 +0200] "GET /2025/09/12/latest-play-sweet-life-real-money-no-deposit-incentives-british-2025-best-ranked-now-offers?fileloc=%2F%2Flib64%2Flibnss_nisplus.so&path=%2F%2Flib64 HTTP/1.1" 200 2251 "-" "Mozilla/5.0 AppleWebKit/537.36 (KHTML, like Gecko; compatible; ClaudeBot/1.0; +claudebot@anthropic.com)"
20.171.207.231 - - [14/Sep/2025:15:39:31 +0200] "GET /sitemap-hot-4235854.xml?path=//run/cloud-init HTTP/1.1" 200 2309 "-" "Mozilla/5.0 AppleWebKit/537.36 (KHTML, like Gecko; compatible; GPTBot/1.2; +https://openai.com/gptbot)"
216.73.216.34 - - [14/Sep/2025:15:39:33 +0200] "GET /2025/09/12/super-deuces-wild-the-brand-new-adventure-from-casino-slot-sugar-parade-rtp-a-refreshed-classic/feed?path=%2F%2Fproc%2F34 HTTP/1.1" 200 3669 "-" "Mozilla/5.0 AppleWebKit/537.36 (KHTML, like Gecko; compatible; ClaudeBot/1.0; +claudebot@anthropic.com)"
20.171.207.231 - - [14/Sep/2025:15:39:35 +0200] "GET /sitemap-hot-4233854.xml?path=//run/udev/links/\\x2fdisk\\x2fby-uuid\\x2fecd7337e-7b39-48ef-96cd-96123111cf65 HTTP/1.1" 200 2376 "-" "Mozilla/5.0 AppleWebKit/537.36 (KHTML, like Gecko; compatible; GPTBot/1.2; +https://openai.com/gptbot)"
216.73.216.34 - - [14/Sep/2025:15:39:36 +0200] "GET /2025/09/12/finest-20-casinos-on-the-internet-inside-the-usa-greatest-gambling-enterprise-web-sites-to-possess-2025?fileloc=%2F%2Fbin%2Fc89&path=%2F%2Fbin HTTP/1.1" 200 2239 "-" "Mozilla/5.0 AppleWebKit/537.36 (KHTML, like Gecko; compatible; ClaudeBot/1.0; +claudebot@anthropic.com)"
20.171.207.231 - - [14/Sep/2025:15:39:38 +0200] "GET /sitemap-hot-4233854.xml?path=//run/udev/links/\\x2finput\\x2fby-id\\x2fusb-QEMU_QEMU_USB_Tablet_42-event-mouse HTTP/1.1" 200 2374 "-" "Mozilla/5.0 AppleWebKit/537.36 (KHTML, like Gecko; compatible; GPTBot/1.2; +https://openai.com/gptbot)"
216.73.216.34 - - [14/Sep/2025:15:39:39 +0200] "GET /2025/09/12/divine-goals-position-casino-007-slots-100-free-spins-january-2019-quickspin?path=%2F%2Fetc%2Fdefault HTTP/1.1" 200 2625 "-" "Mozilla/5.0 AppleWebKit/537.36 (KHTML, like Gecko; compatible; ClaudeBot/1.0; +claudebot@anthropic.com)"
20.171.207.231 - - [14/Sep/2025:15:39:41 +0200] "GET /sitemap-hot-4233854.xml?path=//run/udev/links/\\x2finput\\x2fby-id\\x2fusb-QEMU_QEMU_USB_Tablet_42-mouse HTTP/1.1" 200 2371 "-" "Mozilla/5.0 AppleWebKit/537.36 (KHTML, like Gecko; compatible; GPTBot/1.2; +https://openai.com/gptbot)"
216.73.216.34 - - [14/Sep/2025:15:39:42 +0200] "GET /2025/09/12/jogue-online-os-online-majority-rules-speed-blackjack-live-melhores-demanda/feed?fileloc=%2F%2Fproc%2F27168%2Fmountinfo&path=%2F%2Fproc%2F27168 HTTP/1.1" 200 3094 "-" "Mozilla/5.0 AppleWebKit/537.36 (KHTML, like Gecko; compatible; ClaudeBot/1.0; +claudebot@anthropic.com)"
20.171.207.231 - - [14/Sep/2025:15:39:44 +0200] "GET /sitemap-hot-4233854.xml?path=//run/udev/links/\\x2fdisk\\x2fby-id\\x2fscsi-0QEMU_QEMU_HARDDISK_e4a0b527-fb93-432d-8 HTTP/1.1" 200 2384 "-" "Mozilla/5.0 AppleWebKit/537.36 (KHTML, like Gecko; compatible; GPTBot/1.2; +https://openai.com/gptbot)"
216.73.216.34 - - [14/Sep/2025:15:39:45 +0200] "GET /2025/09/12/best-online-casino-internet-sites-you-a-real-income-gambling-classico-1-deposit-enterprises-2025?fileloc=%2F%2Fsbin%2Fdnssec-revoke&path=%2F%2Fsbin HTTP/1.1" 200 2248 "-" "Mozilla/5.0 AppleWebKit/537.36 (KHTML, like Gecko; compatible; ClaudeBot/1.0; +claudebot@anthropic.com)"
20.171.207.231 - - [14/Sep/2025:15:39:47 +0200] "GET /sitemap-hot-4233854.xml?path=//run/udev/links/\\x2fdisk\\x2fby-id\\x2fata-QEMU_DVD-ROM_QM00001 HTTP/1.1" 200 2368 "-" "Mozilla/5.0 AppleWebKit/537.36 (KHTML, like Gecko; compatible; GPTBot/1.2; +https://openai.com/gptbot)"
216.73.216.34 - - [14/Sep/2025:15:39:48 +0200] "GET /2025/09/12/twin-spin-netent-slot-slot-tornado-farm-escape-review?fileloc=%2F%2Fproc%2Ffilesystems&path=%2F%2Fproc HTTP/1.1" 200 2371 "-" "Mozilla/5.0 AppleWebKit/537.36 (KHTML, like Gecko; compatible; ClaudeBot/1.0; +claudebot@anthropic.com)"
20.171.207.231 - - [14/Sep/2025:15:39:50 +0200] "GET /sitemap-hot-4233854.xml?path=//run/udev/links/\\x2fdisk\\x2fby-id\\x2fscsi-0QEMU_QEMU_HARDDISK_bf375556-2221-44f6-b-part1 HTTP/1.1" 200 2388 "-" "Mozilla/5.0 AppleWebKit/537.36 (KHTML, like Gecko; compatible; GPTBot/1.2; +https://openai.com/gptbot)"
216.73.216.34 - - [14/Sep/2025:15:39:51 +0200] "GET /2025/09/12/hot-fire-fruits-slot-canhoteiro-review-2024-play-for-free/feed?fileloc=%2F%2Fsbin%2Fauditctl&path=%2F%2Fsbin HTTP/1.1" 200 2243 "-" "Mozilla/5.0 AppleWebKit/537.36 (KHTML, like Gecko; compatible; ClaudeBot/1.0; +claudebot@anthropic.com)"
98.82.63.147 - - [14/Sep/2025:15:39:52 +0200] "GET /2025/09/11/safest-casinos-on-the-internet-for-usa-professionals-curated-by-the-professionals-only-an-educated/?path=//scripts HTTP/1.1" 200 680071 "-" "Mozilla/5.0 AppleWebKit/537.36 (KHTML, like Gecko; compatible; Amazonbot/0.1; +https://developer.amazon.com/support/amazonbot) Chrome/119.0.6045.214 Safari/537.36"
20.171.207.231 - - [14/Sep/2025:15:39:53 +0200] "GET /sitemap-hot-4233854.xml?path=//run/udev/links/\\x2fdisk\\x2fby-uuid\\x2f19c660d1-ca5f-4726-8b70-6cb43fa57856 HTTP/1.1" 200 2376 "-" "Mozilla/5.0 AppleWebKit/537.36 (KHTML, like Gecko; compatible; GPTBot/1.2; +https://openai.com/gptbot)"
216.73.216.34 - - [14/Sep/2025:15:39:54 +0200] "GET /2025/09/12/twin-spin-netent-slot-slot-tornado-farm-escape-review?fileloc=%2F%2Fbin%2Ffgconsole&path=%2F%2Fbin HTTP/1.1" 200 2242 "-" "Mozilla/5.0 AppleWebKit/537.36 (KHTML, like Gecko; compatible; ClaudeBot/1.0; +claudebot@anthropic.com)"
20.171.207.231 - - [14/Sep/2025:15:39:56 +0200] "GET /sitemap-hot-4233854.xml?path=//run/udev/links//x2finput/x2fby-id/x2fusb-QEMU_QEMU_USB_Tablet_42-mouse HTTP/1.1" 200 2371 "-" "Mozilla/5.0 AppleWebKit/537.36 (KHTML, like Gecko; compatible; GPTBot/1.2; +https://openai.com/gptbot)"
216.73.216.34 - - [14/Sep/2025:15:39:57 +0200] "GET /2025/09/12/super-deuces-wild-the-brand-new-adventure-from-casino-slot-sugar-parade-rtp-a-refreshed-classic/feed?path=%2F%2Fproc%2F9%2Fnet HTTP/1.1" 200 3790 "-" "Mozilla/5.0 AppleWebKit/537.36 (KHTML, like Gecko; compatible; ClaudeBot/1.0; +claudebot@anthropic.com)"
216.73.216.34 - - [14/Sep/2025:15:40:00 +0200] "GET /2025/09/12/super-deuces-wild-the-brand-new-adventure-from-casino-slot-sugar-parade-rtp-a-refreshed-classic/feed?fileloc=%2F%2Fproc%2F55%2Fclear_refs&path=%2F%2Fproc%2F55 HTTP/1.1" 200 2253 "-" "Mozilla/5.0 AppleWebKit/537.36 (KHTML, like Gecko; compatible; ClaudeBot/1.0; +claudebot@anthropic.com)"
23.23.104.107 - - [14/Sep/2025:15:40:00 +0200] "GET /2025/08/10/%CE%BA%CE%B1%CE%B6%CE%AF%CE%BD%CE%BF-wazamba-slots-%CE%B5%CE%B3%CF%87%CE%B5%CE%B9%CF%81%CE%AF%CE%B4%CE%B9%CE%BF-gr-%CE%B3%CE%B9%CE%B1-demo-slots-%CF%86%CF%81%CE%BF%CF%8D%CF%84%CF%89%CE%BD-%CF%83/?fileloc=/home/sareqgroup/ecommerce.com/wp-includes/category.php&path=/home/sareqgroup/ecommerce.com/wp-includes HTTP/1.1" 200 25382 "-" "Mozilla/5.0 AppleWebKit/537.36 (KHTML, like Gecko; compatible; Amazonbot/0.1; +https://developer.amazon.com/support/amazonbot) Chrome/119.0.6045.214 Safari/537.36"
20.171.207.231 - - [14/Sep/2025:15:40:00 +0200] "GET /sitemap-hot-4233854.xml?path=//run/udev/links//x2fdisk/x2fby-id HTTP/1.1" 200 2340 "-" "Mozilla/5.0 AppleWebKit/537.36 (KHTML, like Gecko; compatible; GPTBot/1.2; +https://openai.com/gptbot)"
216.73.216.34 - - [14/Sep/2025:15:40:03 +0200] "GET /category/kosi-restaurant-de1?fileloc=%2F%2Fproc%2F252%2Fcpuset&path=%2F%2Fproc%2F252 HTTP/1.1" 200 2255 "-" "Mozilla/5.0 AppleWebKit/537.36 (KHTML, like Gecko; compatible; ClaudeBot/1.0; +claudebot@anthropic.com)"
20.171.207.231 - - [14/Sep/2025:15:40:03 +0200] "GET /sitemap-hot-4233854.xml?path=//run/udev/links//x2finput/x2fby-id HTTP/1.1" 200 2339 "-" "Mozilla/5.0 AppleWebKit/537.36 (KHTML, like Gecko; compatible; GPTBot/1.2; +https://openai.com/gptbot)"
100.28.49.152 - - [14/Sep/2025:15:40:05 +0200] "GET /2025/08/10/%CE%BA%CE%B1%CE%B6%CE%AF%CE%BD%CE%BF-wazamba-slots-%CE%B5%CE%B3%CF%87%CE%B5%CE%B9%CF%81%CE%AF%CE%B4%CE%B9%CE%BF-gr-%CE%B3%CE%B9%CE%B1-demo-slots-%CF%86%CF%81%CE%BF%CF%8D%CF%84%CF%89%CE%BD-%CF%83/?fileloc=/home/sareqgroup/ecommerce.com/wp-admin/admin-header.php&path=/home/sareqgroup/ecommerce.com/wp-admin HTTP/1.1" 200 21470 "-" "Mozilla/5.0 AppleWebKit/537.36 (KHTML, like Gecko; compatible; Amazonbot/0.1; +https://developer.amazon.com/support/amazonbot) Chrome/119.0.6045.214 Safari/537.36"
216.73.216.34 - - [14/Sep/2025:15:40:06 +0200] "GET /2025/09/12/gamble-dj-nuts-gambling-establishment-game-free-spins-on-stinkin-rich-savibet-online-slots-local-casino-real-money-demonstration?fileloc=%2F%2Fboot%2Finitramfs-3.10.0-1160.119.1.el7.tuxcare.els19.x86_64.img&path=%2F%2Fboot HTTP/1.1" 200 2252 "-" "Mozilla/5.0 AppleWebKit/537.36 (KHTML, like Gecko; compatible; ClaudeBot/1.0; +claudebot@anthropic.com)"
20.171.207.231 - - [14/Sep/2025:15:40:06 +0200] "GET /sitemap-hot-4233854.xml?path=//run/udev/links//x2finput/x2fby-id/x2fusb-QEMU_QEMU_USB_Tablet_42-event-mouse HTTP/1.1" 200 2374 "-" "Mozilla/5.0 AppleWebKit/537.36 (KHTML, like Gecko; compatible; GPTBot/1.2; +https://openai.com/gptbot)"
52.6.5.24 - - [14/Sep/2025:15:40:08 +0200] "GET /2025/08/10/%CE%BA%CE%B1%CE%B6%CE%AF%CE%BD%CE%BF-wazamba-slots-%CE%B5%CE%B3%CF%87%CE%B5%CE%B9%CF%81%CE%AF%CE%B4%CE%B9%CE%BF-gr-%CE%B3%CE%B9%CE%B1-demo-slots-%CF%86%CF%81%CE%BF%CF%8D%CF%84%CF%89%CE%BD-%CF%83/?path=/home/sareqgroup/public_html HTTP/1.1" 200 21183 "-" "Mozilla/5.0 AppleWebKit/537.36 (KHTML, like Gecko; compatible; Amazonbot/0.1; +https://developer.amazon.com/support/amazonbot) Chrome/119.0.6045.214 Safari/537.36"
216.73.216.34 - - [14/Sep/2025:15:40:09 +0200] "GET /2025/09/12/super-deuces-wild-the-brand-new-adventure-from-casino-slot-sugar-parade-rtp-a-refreshed-classic/feed?path=%2F%2Fetc%2Fsysconfig HTTP/1.1" 200 4005 "-" "Mozilla/5.0 AppleWebKit/537.36 (KHTML, like Gecko; compatible; ClaudeBot/1.0; +claudebot@anthropic.com)"
20.171.207.231 - - [14/Sep/2025:15:40:09 +0200] "GET /sitemap-hot-4233854.xml?path=//run/udev/links//x2fdisk/x2fby-id/x2fata-QEMU_DVD-ROM_QM00001 HTTP/1.1" 200 2368 "-" "Mozilla/5.0 AppleWebKit/537.36 (KHTML, like Gecko; compatible; GPTBot/1.2; +https://openai.com/gptbot)"
216.73.216.34 - - [14/Sep/2025:15:40:12 +0200] "GET /2025/09/12/ten-best-online-casinos-australian-continent-the-real-deal-currency-gaming-inside-2025/feed?fileloc=%2F%2Fproc%2F12422%2Ftask%2F12422%2Fcomm&path=%2F%2Fproc%2F12422%2Ftask%2F12422 HTTP/1.1" 200 2275 "-" "Mozilla/5.0 AppleWebKit/537.36 (KHTML, like Gecko; compatible; ClaudeBot/1.0; +claudebot@anthropic.com)"
20.171.207.231 - - [14/Sep/2025:15:40:12 +0200] "GET /sitemap-hot-4233854.xml?path=//run/udev/links//x2fdisk/x2fby-id/x2fscsi-0QEMU_QEMU_HARDDISK_bf375556-2221-44f6-b-part1 HTTP/1.1" 200 2388 "-" "Mozilla/5.0 AppleWebKit/537.36 (KHTML, like Gecko; compatible; GPTBot/1.2; +https://openai.com/gptbot)"
216.73.216.34 - - [14/Sep/2025:15:40:15 +0200] "GET /2025/09/12/superbet-wild-trucks-grans-gratuita-sem-deposito-cassino-teste-an-acontecimento-ganhe-50-rodadas-acessivel/feed?fileloc=%2F%2Fboot%2Fconfig-3.10.0-1160.119.1.el7.tuxcare.els22.x86_64&path=%2F%2Fboot HTTP/1.1" 200 39005 "-" "Mozilla/5.0 AppleWebKit/537.36 (KHTML, like Gecko; compatible; ClaudeBot/1.0; +claudebot@anthropic.com)"
20.171.207.231 - - [14/Sep/2025:15:40:15 +0200] "GET /sitemap-hot-4233854.xml?path=//run/udev/links/\\x2finput\\x2fby-path\\x2fplatform-i8042-serio-1-event-mouse HTTP/1.1" 200 2366 "-" "Mozilla/5.0 AppleWebKit/537.36 (KHTML, like Gecko; compatible; GPTBot/1.2; +https://openai.com/gptbot)"
216.73.216.34 - - [14/Sep/2025:15:40:18 +0200] "GET /2025/09/12/bananas-go-bahamas-gebuhrenfrei-tasty-win-mobile-slot-ohne-registration-auf-anhieb-highway-kings-pro-slot-casino-sites-gerieren/feed?fileloc=%2F%2Flib64%2Flibmariadb.a&path=%2F%2Flib64 HTTP/1.1" 200 2244 "-" "Mozilla/5.0 AppleWebKit/537.36 (KHTML, like Gecko; compatible; ClaudeBot/1.0; +claudebot@anthropic.com)"
20.171.207.231 - - [14/Sep/2025:15:40:18 +0200] "GET /sitemap-hot-4233854.xml?path=//run/udev/links/\\x2finput\\x2fby-path\\x2fplatform-i8042-serio-0-event-kbd HTTP/1.1" 200 2369 "-" "Mozilla/5.0 AppleWebKit/537.36 (KHTML, like Gecko; compatible; GPTBot/1.2; +https://openai.com/gptbot)"
216.73.216.34 - - [14/Sep/2025:15:40:21 +0200] "GET /2025/09/12/finest-20-casinos-on-the-internet-inside-the-usa-greatest-gambling-enterprise-web-sites-to-possess-2025?fileloc=%2F%2Fbin%2Fdmesg&path=%2F%2Fbin HTTP/1.1" 200 2241 "-" "Mozilla/5.0 AppleWebKit/537.36 (KHTML, like Gecko; compatible; ClaudeBot/1.0; +claudebot@anthropic.com)"
20.171.207.231 - - [14/Sep/2025:15:40:21 +0200] "GET /sitemap-hot-4233854.xml?path=//run/udev/links/\\x2fdisk\\x2fby-id\\x2fscsi-0QEMU_QEMU_HARDDISK_bf375556-2221-44f6-b HTTP/1.1" 200 2385 "-" "Mozilla/5.0 AppleWebKit/537.36 (KHTML, like Gecko; compatible; GPTBot/1.2; +https://openai.com/gptbot)"
216.73.216.34 - - [14/Sep/2025:15:40:24 +0200] "GET /2025/09/12/latest-play-sweet-life-real-money-no-deposit-incentives-british-2025-best-ranked-now-offers?fileloc=%2F%2Flib64%2Flibext2fs.so&path=%2F%2Flib64 HTTP/1.1" 200 2247 "-" "Mozilla/5.0 AppleWebKit/537.36 (KHTML, like Gecko; compatible; ClaudeBot/1.0; +claudebot@anthropic.com)"
20.171.207.231 - - [14/Sep/2025:15:40:25 +0200] "GET /sitemap-hot-4233854.xml?path=//run/udev/links//x2fdisk/x2fby-id/x2fscsi-0QEMU_QEMU_HARDDISK_e4a0b527-fb93-432d-8 HTTP/1.1" 200 2384 "-" "Mozilla/5.0 AppleWebKit/537.36 (KHTML, like Gecko; compatible; GPTBot/1.2; +https://openai.com/gptbot)"
216.73.216.34 - - [14/Sep/2025:15:40:27 +0200] "GET /category/kosi-restaurant-de1?fileloc=%2F%2Fproc%2F27170%2Fsessionid&path=%2F%2Fproc%2F27170 HTTP/1.1" 200 2264 "-" "Mozilla/5.0 AppleWebKit/537.36 (KHTML, like Gecko; compatible; ClaudeBot/1.0; +claudebot@anthropic.com)"
20.171.207.231 - - [14/Sep/2025:15:40:28 +0200] "GET /sitemap-hot-4233854.xml?path=//run/udev/links/\\x2finput\\x2fby-path\\x2fplatform-pcspkr-event-spkr HTTP/1.1" 200 2362 "-" "Mozilla/5.0 AppleWebKit/537.36 (KHTML, like Gecko; compatible; GPTBot/1.2; +https://openai.com/gptbot)"
216.73.216.34 - - [14/Sep/2025:15:40:30 +0200] "GET /2025/09/12/ultimat-casino-tillagg-inte-med-insattning-inom-sverige-2025-163-erbjudanden?path=%2F%2Fetc%2Ftmpfiles.d HTTP/1.1" 200 2306 "-" "Mozilla/5.0 AppleWebKit/537.36 (KHTML, like Gecko; compatible; ClaudeBot/1.0; +claudebot@anthropic.com)"
20.171.207.231 - - [14/Sep/2025:15:40:31 +0200] "GET /sitemap-hot-4233854.xml?path=//run/udev/links/\\x2fdisk\\x2fby-id\\x2fscsi-0QEMU_QEMU_HARDDISK_e4a0b527-fb93-432d-8-part1 HTTP/1.1" 200 2388 "-" "Mozilla/5.0 AppleWebKit/537.36 (KHTML, like Gecko; compatible; GPTBot/1.2; +https://openai.com/gptbot)"
216.73.216.34 - - [14/Sep/2025:15:40:33 +0200] "GET /2025/09/12/b7-casino-nl-bonus-450-en-250-gratis-spins-619-2?fileloc=%2F%2Fsbin%2Fvmcore-dmesg&path=%2F%2Fsbin HTTP/1.1" 200 2248 "-" "Mozilla/5.0 AppleWebKit/537.36 (KHTML, like Gecko; compatible; ClaudeBot/1.0; +claudebot@anthropic.com)"
20.171.207.231 - - [14/Sep/2025:15:40:34 +0200] "GET /sitemap-hot-4233854.xml?path=//run/udev/links//x2finput/x2fby-path/x2fplatform-i8042-serio-1-event-mouse HTTP/1.1" 200 2366 "-" "Mozilla/5.0 AppleWebKit/537.36 (KHTML, like Gecko; compatible; GPTBot/1.2; +https://openai.com/gptbot)"
216.73.216.34 - - [14/Sep/2025:15:40:36 +0200] "GET /2025/09/12/super-deuces-wild-the-brand-new-adventure-from-casino-slot-sugar-parade-rtp-a-refreshed-classic/feed?fileloc=%2F%2Fproc%2F13158%2Fpatch_state&path=%2F%2Fproc%2F13158 HTTP/1.1" 200 2258 "-" "Mozilla/5.0 AppleWebKit/537.36 (KHTML, like Gecko; compatible; ClaudeBot/1.0; +claudebot@anthropic.com)"
20.171.207.231 - - [14/Sep/2025:15:40:37 +0200] "GET /sitemap-hot-4233854.xml?path=//run/udev/links//x2finput/x2fby-path/x2fplatform-i8042-serio-0-event-kbd HTTP/1.1" 200 2369 "-" "Mozilla/5.0 AppleWebKit/537.36 (KHTML, like Gecko; compatible; GPTBot/1.2; +https://openai.com/gptbot)"
216.73.216.34 - - [14/Sep/2025:15:40:39 +0200] "GET /2025/09/12/twin-spin-netent-slot-slot-tornado-farm-escape-review?fileloc=%2F%2Fbin%2Ftabs&path=%2F%2Fbin HTTP/1.1" 200 2240 "-" "Mozilla/5.0 AppleWebKit/537.36 (KHTML, like Gecko; compatible; ClaudeBot/1.0; +claudebot@anthropic.com)"
20.171.207.231 - - [14/Sep/2025:15:40:40 +0200] "GET /sitemap-hot-4233854.xml?path=//run/udev/links//x2finput/x2fby-path/x2fplatform-pcspkr-event-spkr HTTP/1.1" 200 2362 "-" "Mozilla/5.0 AppleWebKit/537.36 (KHTML, like Gecko; compatible; GPTBot/1.2; +https://openai.com/gptbot)"
216.73.216.34 - - [14/Sep/2025:15:40:42 +0200] "GET /2025/09/12/twin-spin-netent-slot-slot-tornado-farm-escape-review?fileloc=%2F%2Fproc%2F27176%2Fnuma_maps&path=%2F%2Fproc%2F27176 HTTP/1.1" 200 2256 "-" "Mozilla/5.0 AppleWebKit/537.36 (KHTML, like Gecko; compatible; ClaudeBot/1.0; +claudebot@anthropic.com)"
20.171.207.231 - - [14/Sep/2025:15:40:43 +0200] "GET /sitemap-hot-4235854.xml?path=//run/log/journal HTTP/1.1" 200 2573 "-" "Mozilla/5.0 AppleWebKit/537.36 (KHTML, like Gecko; compatible; GPTBot/1.2; +https://openai.com/gptbot)"
216.73.216.34 - - [14/Sep/2025:15:40:45 +0200] "GET /2025/09/12/divine-goals-position-casino-007-slots-100-free-spins-january-2019-quickspin?path=%2F%2Fproc%2F303%2Fattr HTTP/1.1" 200 2709 "-" "Mozilla/5.0 AppleWebKit/537.36 (KHTML, like Gecko; compatible; ClaudeBot/1.0; +claudebot@anthropic.com)"
52.2.4.213 - - [14/Sep/2025:15:40:46 +0200] "GET /2025/05/01/explore-trading-primexbt-app-maximize-your-trading/?path=//srv HTTP/1.1" 200 12658 "-" "Mozilla/5.0 AppleWebKit/537.36 (KHTML, like Gecko; compatible; Amazonbot/0.1; +https://developer.amazon.com/support/amazonbot) Chrome/119.0.6045.214 Safari/537.36"
20.171.207.231 - - [14/Sep/2025:15:40:47 +0200] "GET /sitemap-hot-4233854.xml?path=//run/udev/links//x2fdisk/x2fby-id/x2fscsi-0QEMU_QEMU_HARDDISK_e4a0b527-fb93-432d-8-part1 HTTP/1.1" 200 2388 "-" "Mozilla/5.0 AppleWebKit/537.36 (KHTML, like Gecko; compatible; GPTBot/1.2; +https://openai.com/gptbot)"
216.73.216.34 - - [14/Sep/2025:15:40:48 +0200] "GET /2025/09/12/b7-casino-nl-bonus-450-en-250-gratis-spins-1069?fileloc=%2F%2Frun%2Fcphulkd_processor.pid&path=%2F%2Frun HTTP/1.1" 200 2258 "-" "Mozilla/5.0 AppleWebKit/537.36 (KHTML, like Gecko; compatible; ClaudeBot/1.0; +claudebot@anthropic.com)"
3.219.81.66 - - [14/Sep/2025:15:40:49 +0200] "GET /2025/02/25/conexoes-virtuais-a-encontros-reais-os-5-melhores-apps-de-relacionamento/?path=//media HTTP/1.1" 200 12662 "-" "Mozilla/5.0 AppleWebKit/537.36 (KHTML, like Gecko; compatible; Amazonbot/0.1; +https://developer.amazon.com/support/amazonbot) Chrome/119.0.6045.214 Safari/537.36"
20.171.207.231 - - [14/Sep/2025:15:40:50 +0200] "GET /sitemap-hot-4235854.xml?path=//run/console HTTP/1.1" 200 2304 "-" "Mozilla/5.0 AppleWebKit/537.36 (KHTML, like Gecko; compatible; GPTBot/1.2; +https://openai.com/gptbot)"
216.73.216.34 - - [14/Sep/2025:15:40:51 +0200] "GET /2025/09/12/jogue-online-os-online-majority-rules-speed-blackjack-live-melhores-demanda/feed?fileloc=%2F%2Fproc%2F30%2Fmaps&path=%2F%2Fproc%2F30 HTTP/1.1" 200 2249 "-" "Mozilla/5.0 AppleWebKit/537.36 (KHTML, like Gecko; compatible; ClaudeBot/1.0; +claudebot@anthropic.com)"
20.171.207.231 - - [14/Sep/2025:15:40:53 +0200] "GET /sitemap-hot-4233854.xml?path=//run/log/journal HTTP/1.1" 200 2573 "-" "Mozilla/5.0 AppleWebKit/537.36 (KHTML, like Gecko; compatible; GPTBot/1.2; +https://openai.com/gptbot)"
216.73.216.34 - - [14/Sep/2025:15:40:54 +0200] "GET /2025/09/12/twin-spin-netent-slot-slot-tornado-farm-escape-review?fileloc=%2F%2Frun%2Fsyslogd.pid&path=%2F%2Frun HTTP/1.1" 200 2248 "-" "Mozilla/5.0 AppleWebKit/537.36 (KHTML, like Gecko; compatible; ClaudeBot/1.0; +claudebot@anthropic.com)"
20.171.207.231 - - [14/Sep/2025:15:40:56 +0200] "GET /sitemap-hot-4233854.xml?path=//run/udev/links//x2fdisk/x2fby-id/x2fscsi-0QEMU_QEMU_HARDDISK_bf375556-2221-44f6-b HTTP/1.1" 200 2385 "-" "Mozilla/5.0 AppleWebKit/537.36 (KHTML, like Gecko; compatible; GPTBot/1.2; +https://openai.com/gptbot)"
52.0.41.164 - - [14/Sep/2025:15:40:56 +0200] "GET /2025/05/03/core-objectives-of-mobile-app-testing-for-your/?path=//scripts HTTP/1.1" 200 680071 "-" "Mozilla/5.0 AppleWebKit/537.36 (KHTML, like Gecko; compatible; Amazonbot/0.1; +https://developer.amazon.com/support/amazonbot) Chrome/119.0.6045.214 Safari/537.36"
216.73.216.34 - - [14/Sep/2025:15:40:57 +0200] "GET /category/kosi-restaurant-de1?fileloc=%2F%2Fproc%2F1260%2Fmaps&path=%2F%2Fproc%2F1260 HTTP/1.1" 200 2251 "-" "Mozilla/5.0 AppleWebKit/537.36 (KHTML, like Gecko; compatible; ClaudeBot/1.0; +claudebot@anthropic.com)"
20.171.207.231 - - [14/Sep/2025:15:40:59 +0200] "GET /sitemap-hot-4235854.xml?path=//run/libcare HTTP/1.1" 200 2303 "-" "Mozilla/5.0 AppleWebKit/537.36 (KHTML, like Gecko; compatible; GPTBot/1.2; +https://openai.com/gptbot)"
216.73.216.34 - - [14/Sep/2025:15:41:00 +0200] "GET /2025/09/12/b7-casino-nl-bonus-450-en-250-gratis-spins-619-2?fileloc=%2F%2Fopt%2Fai-bolit%2Fmds-procu2.db&path=%2F%2Fopt%2Fai-bolit HTTP/1.1" 200 2261 "-" "Mozilla/5.0 AppleWebKit/537.36 (KHTML, like Gecko; compatible; ClaudeBot/1.0; +claudebot@anthropic.com)"
20.171.207.231 - - [14/Sep/2025:15:41:02 +0200] "GET /sitemap-hot-4235854.xml?path=//run/lock/lmlib HTTP/1.1" 200 2313 "-" "Mozilla/5.0 AppleWebKit/537.36 (KHTML, like Gecko; compatible; GPTBot/1.2; +https://openai.com/gptbot)"
146.174.161.110 - - [14/Sep/2025:15:41:02 +0200] "GET /2025/09/11/freispiele-blos-einzahlung-2025-no-anzahlung-free-spins-fortschrittlich/ HTTP/1.1" 200 64828 "-" "Mozilla/5.0 (X11; U; Linux i686; en-US) AppleWebKit/534.16 (KHTML, like Gecko) Ubuntu/10.10 Chromium/10.0.648.0 Chrome/10.0.648.0 Safari/534.16"
216.73.216.34 - - [14/Sep/2025:15:41:03 +0200] "GET /2025/09/12/1win-zerkalo-sajta-bukmekerskoj-kontory-1vin-4060?fileloc=%2F%2Fscripts%2Frebuildhttpdconf&path=%2F%2Fscripts HTTP/1.1" 200 3330 "-" "Mozilla/5.0 AppleWebKit/537.36 (KHTML, like Gecko; compatible; ClaudeBot/1.0; +claudebot@anthropic.com)"
54.91.122.193 - - [14/Sep/2025:15:41:04 +0200] "GET /2025/08/10/%CE%BA%CE%B1%CE%B6%CE%AF%CE%BD%CE%BF-wazamba-slots-%CE%B5%CE%B3%CF%87%CE%B5%CE%B9%CF%81%CE%AF%CE%B4%CE%B9%CE%BF-gr-%CE%B3%CE%B9%CE%B1-demo-slots-%CF%86%CF%81%CE%BF%CF%8D%CF%84%CF%89%CE%BD-%CF%83/?path=/home/sareqgroup/ssl HTTP/1.1" 200 21020 "-" "Mozilla/5.0 AppleWebKit/537.36 (KHTML, like Gecko; compatible; Amazonbot/0.1; +https://developer.amazon.com/support/amazonbot) Chrome/119.0.6045.214 Safari/537.36"
20.171.207.231 - - [14/Sep/2025:15:41:05 +0200] "GET /sitemap-hot-4233854.xml?path=//run/lock/lmlib HTTP/1.1" 200 2313 "-" "Mozilla/5.0 AppleWebKit/537.36 (KHTML, like Gecko; compatible; GPTBot/1.2; +https://openai.com/gptbot)"
216.73.216.34 - - [14/Sep/2025:15:41:06 +0200] "GET /2025/09/12/super-deuces-wild-the-brand-new-adventure-from-casino-slot-sugar-parade-rtp-a-refreshed-classic/feed?path=%2F%2Fproc%2F29027 HTTP/1.1" 200 2303 "-" "Mozilla/5.0 AppleWebKit/537.36 (KHTML, like Gecko; compatible; ClaudeBot/1.0; +claudebot@anthropic.com)"
18.208.11.93 - - [14/Sep/2025:15:41:08 +0200] "GET /2025/08/10/%CE%BA%CE%B1%CE%B6%CE%AF%CE%BD%CE%BF-wazamba-slots-%CE%B5%CE%B3%CF%87%CE%B5%CE%B9%CF%81%CE%AF%CE%B4%CE%B9%CE%BF-gr-%CE%B3%CE%B9%CE%B1-demo-slots-%CF%86%CF%81%CE%BF%CF%8D%CF%84%CF%89%CE%BD-%CF%83/?path=/home/sareqgroup/ecommerce.com/wp-includes/customize HTTP/1.1" 200 77648 "-" "Mozilla/5.0 AppleWebKit/537.36 (KHTML, like Gecko; compatible; Amazonbot/0.1; +https://developer.amazon.com/support/amazonbot) Chrome/119.0.6045.214 Safari/537.36"
20.171.207.231 - - [14/Sep/2025:15:41:09 +0200] "GET /sitemap-hot-4233854.xml?path=//run/console HTTP/1.1" 200 2304 "-" "Mozilla/5.0 AppleWebKit/537.36 (KHTML, like Gecko; compatible; GPTBot/1.2; +https://openai.com/gptbot)"
216.73.216.34 - - [14/Sep/2025:15:41:09 +0200] "GET /2025/09/12/casino-inget-konto-kasino-mobil-tillsammans-swish-2024?fileloc=%2F%2Flib64%2Flibxcb-glx.so&path=%2F%2Flib64 HTTP/1.1" 200 2246 "-" "Mozilla/5.0 AppleWebKit/537.36 (KHTML, like Gecko; compatible; ClaudeBot/1.0; +claudebot@anthropic.com)"
216.73.216.34 - - [14/Sep/2025:15:41:12 +0200] "GET /2025/09/12/finest-20-casinos-on-the-internet-inside-the-usa-greatest-gambling-enterprise-web-sites-to-possess-2025?fileloc=%2F%2Fbin%2Feuca-describe-vpn-gateways&path=%2F%2Fbin HTTP/1.1" 200 2341 "-" "Mozilla/5.0 AppleWebKit/537.36 (KHTML, like Gecko; compatible; ClaudeBot/1.0; +claudebot@anthropic.com)"
20.171.207.231 - - [14/Sep/2025:15:41:12 +0200] "GET /sitemap-hot-4233854.xml?path=//run/cloud-init HTTP/1.1" 200 2309 "-" "Mozilla/5.0 AppleWebKit/537.36 (KHTML, like Gecko; compatible; GPTBot/1.2; +https://openai.com/gptbot)"
216.73.216.34 - - [14/Sep/2025:15:41:15 +0200] "GET /2025/09/12/que-aparelhar-roleta-online-como-melhores-cassinos-abicar-brasil/feed?fileloc=%2F%2Fvar%2Flog%2Fexim_rejectlog-20250817.gz&path=%2F%2Fvar%2Flog HTTP/1.1" 200 2268 "-" "Mozilla/5.0 AppleWebKit/537.36 (KHTML, like Gecko; compatible; ClaudeBot/1.0; +claudebot@anthropic.com)"
20.171.207.231 - - [14/Sep/2025:15:41:15 +0200] "GET /sitemap-hot-4233854.xml?path=//run/systemd/netif/links HTTP/1.1" 200 2325 "-" "Mozilla/5.0 AppleWebKit/537.36 (KHTML, like Gecko; compatible; GPTBot/1.2; +https://openai.com/gptbot)"
216.73.216.34 - - [14/Sep/2025:15:41:18 +0200] "GET /2025/09/12/super-deuces-wild-the-brand-new-adventure-from-casino-slot-sugar-parade-rtp-a-refreshed-classic/feed?path=%2F%2Fproc%2F8 HTTP/1.1" 200 3665 "-" "Mozilla/5.0 AppleWebKit/537.36 (KHTML, like Gecko; compatible; ClaudeBot/1.0; +claudebot@anthropic.com)"
20.171.207.231 - - [14/Sep/2025:15:41:18 +0200] "GET /sitemap-hot-4235854.xml?path=//run/systemd/netif/links HTTP/1.1" 200 2325 "-" "Mozilla/5.0 AppleWebKit/537.36 (KHTML, like Gecko; compatible; GPTBot/1.2; +https://openai.com/gptbot)"
216.73.216.34 - - [14/Sep/2025:15:41:21 +0200] "GET /2025/09/12/divine-goals-position-casino-007-slots-100-free-spins-january-2019-quickspin?path=%2F%2Fproc%2F25048%2Fns HTTP/1.1" 200 2314 "-" "Mozilla/5.0 AppleWebKit/537.36 (KHTML, like Gecko; compatible; ClaudeBot/1.0; +claudebot@anthropic.com)"
98.82.107.102 - - [14/Sep/2025:15:41:21 +0200] "GET /category/plinko_pl/?path=//opt HTTP/1.1" 200 32198 "-" "Mozilla/5.0 AppleWebKit/537.36 (KHTML, like Gecko; compatible; Amazonbot/0.1; +https://developer.amazon.com/support/amazonbot) Chrome/119.0.6045.214 Safari/537.36"
20.171.207.231 - - [14/Sep/2025:15:41:21 +0200] "GET /sitemap-hot-4235854.xml?path=//run/tmpfiles.d HTTP/1.1" 200 2566 "-" "Mozilla/5.0 AppleWebKit/537.36 (KHTML, like Gecko; compatible; GPTBot/1.2; +https://openai.com/gptbot)"
216.73.216.34 - - [14/Sep/2025:15:41:24 +0200] "GET /2025/09/12/super-deuces-wild-the-brand-new-adventure-from-casino-slot-sugar-parade-rtp-a-refreshed-classic/feed?path=%2F%2Fproc%2F33 HTTP/1.1" 200 3670 "-" "Mozilla/5.0 AppleWebKit/537.36 (KHTML, like Gecko; compatible; ClaudeBot/1.0; +claudebot@anthropic.com)"
52.3.26.180 - - [14/Sep/2025:15:41:24 +0200] "GET /category/ai-news/page/2/?path=//dev HTTP/1.1" 200 37175 "-" "Mozilla/5.0 AppleWebKit/537.36 (KHTML, like Gecko; compatible; Amazonbot/0.1; +https://developer.amazon.com/support/amazonbot) Chrome/119.0.6045.214 Safari/537.36"
20.171.207.231 - - [14/Sep/2025:15:41:24 +0200] "GET /sitemap-hot-4233854.xml?path=//run/ppp HTTP/1.1" 200 2302 "-" "Mozilla/5.0 AppleWebKit/537.36 (KHTML, like Gecko; compatible; GPTBot/1.2; +https://openai.com/gptbot)"
216.73.216.34 - - [14/Sep/2025:15:41:27 +0200] "GET /2025/09/12/finest-20-casinos-on-the-internet-inside-the-usa-greatest-gambling-enterprise-web-sites-to-possess-2025?fileloc=%2F%2Fbin%2Fdd&path=%2F%2Fbin HTTP/1.1" 200 2239 "-" "Mozilla/5.0 AppleWebKit/537.36 (KHTML, like Gecko; compatible; ClaudeBot/1.0; +claudebot@anthropic.com)"
20.171.207.231 - - [14/Sep/2025:15:41:27 +0200] "GET /sitemap-hot-4235854.xml?path=//run/ppp HTTP/1.1" 200 2302 "-" "Mozilla/5.0 AppleWebKit/537.36 (KHTML, like Gecko; compatible; GPTBot/1.2; +https://openai.com/gptbot)"
216.73.216.34 - - [14/Sep/2025:15:41:30 +0200] "GET /2025/09/12/the-fresh-dogfather-position-100-percent-free-slot-copy-cats-local-casino-money-august-2025?path=%2F%2Fsys%2Fmodule%2Fnf_log_ipv4 HTTP/1.1" 200 2866 "-" "Mozilla/5.0 AppleWebKit/537.36 (KHTML, like Gecko; compatible; ClaudeBot/1.0; +claudebot@anthropic.com)"
20.171.207.231 - - [14/Sep/2025:15:41:31 +0200] "GET /sitemap-hot-4235854.xml?path=//usr HTTP/1.1" 200 2919 "-" "Mozilla/5.0 AppleWebKit/537.36 (KHTML, like Gecko; compatible; GPTBot/1.2; +https://openai.com/gptbot)"
216.73.216.34 - - [14/Sep/2025:15:41:33 +0200] "GET /2025/09/12/b7-casino-nl-bonus-450-en-250-gratis-spins-619-2?fileloc=%2F%2Fsbin%2Fauditctl&path=%2F%2Fsbin HTTP/1.1" 200 2243 "-" "Mozilla/5.0 AppleWebKit/537.36 (KHTML, like Gecko; compatible; ClaudeBot/1.0; +claudebot@anthropic.com)"
20.171.207.231 - - [14/Sep/2025:15:41:34 +0200] "GET /sitemap-hot-4229854.xml?path=//srv HTTP/1.1" 200 2292 "-" "Mozilla/5.0 AppleWebKit/537.36 (KHTML, like Gecko; compatible; GPTBot/1.2; +https://openai.com/gptbot)"
216.73.216.34 - - [14/Sep/2025:15:41:36 +0200] "GET /2025/09/12/b7-casino-nl-bonus-450-en-250-gratis-spins-619-2?fileloc=%2F%2Fsbin%2Flnstat&path=%2F%2Fsbin HTTP/1.1" 200 2242 "-" "Mozilla/5.0 AppleWebKit/537.36 (KHTML, like Gecko; compatible; ClaudeBot/1.0; +claudebot@anthropic.com)"
20.171.207.231 - - [14/Sep/2025:15:41:37 +0200] "GET /sitemap-hot-4241854.xml?path=//var HTTP/1.1" 200 3238 "-" "Mozilla/5.0 AppleWebKit/537.36 (KHTML, like Gecko; compatible; GPTBot/1.2; +https://openai.com/gptbot)"
216.73.216.34 - - [14/Sep/2025:15:41:39 +0200] "GET /2025/09/12/latest-play-sweet-life-real-money-no-deposit-incentives-british-2025-best-ranked-now-offers?fileloc=%2F%2Fscripts%2Fxferpoint&path=%2F%2Fscripts HTTP/1.1" 200 3405 "-" "Mozilla/5.0 AppleWebKit/537.36 (KHTML, like Gecko; compatible; ClaudeBot/1.0; +claudebot@anthropic.com)"
20.171.207.231 - - [14/Sep/2025:15:41:40 +0200] "GET /sitemap-hot-4241854.xml?path=//bin HTTP/1.1" 200 42235 "-" "Mozilla/5.0 AppleWebKit/537.36 (KHTML, like Gecko; compatible; GPTBot/1.2; +https://openai.com/gptbot)"
216.73.216.34 - - [14/Sep/2025:15:41:42 +0200] "GET /2025/09/12/super-deuces-wild-the-brand-new-adventure-from-casino-slot-sugar-parade-rtp-a-refreshed-classic/feed?fileloc=%2F%2Fbin%2Feuare-usergetinfo&path=%2F%2Fbin HTTP/1.1" 200 2335 "-" "Mozilla/5.0 AppleWebKit/537.36 (KHTML, like Gecko; compatible; ClaudeBot/1.0; +claudebot@anthropic.com)"
20.171.207.231 - - [14/Sep/2025:15:41:43 +0200] "GET /sitemap-hot-4221854.xml?path=//srv HTTP/1.1" 200 2292 "-" "Mozilla/5.0 AppleWebKit/537.36 (KHTML, like Gecko; compatible; GPTBot/1.2; +https://openai.com/gptbot)"
216.73.216.34 - - [14/Sep/2025:15:41:45 +0200] "GET /2025/09/12/divine-goals-position-casino-007-slots-100-free-spins-january-2019-quickspin?path=%2F%2Fetc%2Fhttpd HTTP/1.1" 200 2790 "-" "Mozilla/5.0 AppleWebKit/537.36 (KHTML, like Gecko; compatible; ClaudeBot/1.0; +claudebot@anthropic.com)"
20.171.207.231 - - [14/Sep/2025:15:41:46 +0200] "GET /sitemap-hot-4235854.xml?path=//bin HTTP/1.1" 200 42235 "-" "Mozilla/5.0 AppleWebKit/537.36 (KHTML, like Gecko; compatible; GPTBot/1.2; +https://openai.com/gptbot)"
216.73.216.34 - - [14/Sep/2025:15:41:48 +0200] "GET /2025/09/12/hot-fire-fruits-slot-canhoteiro-review-2024-play-for-free/feed?fileloc=%2F%2Fsbin%2Fxfs_io&path=%2F%2Fsbin HTTP/1.1" 200 2243 "-" "Mozilla/5.0 AppleWebKit/537.36 (KHTML, like Gecko; compatible; ClaudeBot/1.0; +claudebot@anthropic.com)"
20.171.207.231 - - [14/Sep/2025:15:41:49 +0200] "GET /sitemap-hot-4235854.xml?path=//usr/sbin HTTP/1.1" 200 15603 "-" "Mozilla/5.0 AppleWebKit/537.36 (KHTML, like Gecko; compatible; GPTBot/1.2; +https://openai.com/gptbot)"
216.73.216.34 - - [14/Sep/2025:15:41:51 +0200] "GET /2025/09/12/jogue-online-os-online-majority-rules-speed-blackjack-live-melhores-demanda/feed?fileloc=%2F%2Fproc%2F27162%2Fgid_map&path=%2F%2Fproc%2F27162 HTTP/1.1" 200 2271 "-" "Mozilla/5.0 AppleWebKit/537.36 (KHTML, like Gecko; compatible; ClaudeBot/1.0; +claudebot@anthropic.com)"
20.171.207.231 - - [14/Sep/2025:15:41:52 +0200] "GET /sitemap-hot-4241854.xml?path=//var/www HTTP/1.1" 200 2571 "-" "Mozilla/5.0 AppleWebKit/537.36 (KHTML, like Gecko; compatible; GPTBot/1.2; +https://openai.com/gptbot)"
216.73.216.34 - - [14/Sep/2025:15:41:54 +0200] "GET /2025/09/12/b7-casino-nl-bonus-450-en-250-gratis-spins-619-2?fileloc=%2F%2Flib64%2Flibrt.so&path=%2F%2Flib64 HTTP/1.1" 200 2243 "-" "Mozilla/5.0 AppleWebKit/537.36 (KHTML, like Gecko; compatible; ClaudeBot/1.0; +claudebot@anthropic.com)"
20.171.207.231 - - [14/Sep/2025:15:41:56 +0200] "GET /sitemap-hot-4241854.xml?path=//var/gopher HTTP/1.1" 200 2305 "-" "Mozilla/5.0 AppleWebKit/537.36 (KHTML, like Gecko; compatible; GPTBot/1.2; +https://openai.com/gptbot)"
216.73.216.34 - - [14/Sep/2025:15:41:57 +0200] "GET /2025/09/12/bananas-go-bahamas-gebuhrenfrei-tasty-win-mobile-slot-ohne-registration-auf-anhieb-highway-kings-pro-slot-casino-sites-gerieren/feed?fileloc=%2F%2Flib64%2Fxtables%2Flibipt_icmp.so&path=%2F%2Flib64%2Fxtables HTTP/1.1" 200 2259 "-" "Mozilla/5.0 AppleWebKit/537.36 (KHTML, like Gecko; compatible; ClaudeBot/1.0; +claudebot@anthropic.com)"
44.221.37.41 - - [14/Sep/2025:15:41:57 +0200] "GET /2025/09/11/better-real-pragmatic-site-cash-web-based-casinos-in-the-usa-play-and-you-will-winnings-real-cash/?path=//var HTTP/1.1" 200 48848 "-" "Mozilla/5.0 AppleWebKit/537.36 (KHTML, like Gecko; compatible; Amazonbot/0.1; +https://developer.amazon.com/support/amazonbot) Chrome/119.0.6045.214 Safari/537.36"
20.171.207.231 - - [14/Sep/2025:15:41:59 +0200] "GET /sitemap-hot-4241854.xml?fileloc=//bin/mysql_config&path=//bin HTTP/1.1" 200 4170 "-" "Mozilla/5.0 AppleWebKit/537.36 (KHTML, like Gecko; compatible; GPTBot/1.2; +https://openai.com/gptbot)"
216.73.216.34 - - [14/Sep/2025:15:42:00 +0200] "GET /2025/09/12/twin-spin-netent-slot-slot-tornado-farm-escape-review?fileloc=%2F%2Fproc%2F554%2Foom_score&path=%2F%2Fproc%2F554 HTTP/1.1" 200 2258 "-" "Mozilla/5.0 AppleWebKit/537.36 (KHTML, like Gecko; compatible; ClaudeBot/1.0; +claudebot@anthropic.com)"
20.171.207.231 - - [14/Sep/2025:15:42:02 +0200] "GET /sitemap-hot-4241854.xml?fileloc=//bin/pstree.x11&path=//bin HTTP/1.1" 200 2245 "-" "Mozilla/5.0 AppleWebKit/537.36 (KHTML, like Gecko; compatible; GPTBot/1.2; +https://openai.com/gptbot)"
216.73.216.34 - - [14/Sep/2025:15:42:03 +0200] "GET /2025/09/12/finest-20-casinos-on-the-internet-inside-the-usa-greatest-gambling-enterprise-web-sites-to-possess-2025?fileloc=%2F%2Fbin%2Ftoe&path=%2F%2Fbin HTTP/1.1" 200 2239 "-" "Mozilla/5.0 AppleWebKit/537.36 (KHTML, like Gecko; compatible; ClaudeBot/1.0; +claudebot@anthropic.com)"
20.171.207.231 - - [14/Sep/2025:15:42:05 +0200] "GET /sitemap-hot-4235854.xml?fileloc=//bin/wall&path=//bin HTTP/1.1" 200 2240 "-" "Mozilla/5.0 AppleWebKit/537.36 (KHTML, like Gecko; compatible; GPTBot/1.2; +https://openai.com/gptbot)"
216.73.216.34 - - [14/Sep/2025:15:42:06 +0200] "GET /2025/09/12/super-deuces-wild-the-brand-new-adventure-from-casino-slot-sugar-parade-rtp-a-refreshed-classic/feed?fileloc=%2F%2Fbin%2Frepo-graph&path=%2F%2Fbin HTTP/1.1" 200 3929 "-" "Mozilla/5.0 AppleWebKit/537.36 (KHTML, like Gecko; compatible; ClaudeBot/1.0; +claudebot@anthropic.com)"
20.171.207.231 - - [14/Sep/2025:15:42:08 +0200] "GET /sitemap-hot-4235854.xml?fileloc=//bin/kill&path=//bin HTTP/1.1" 200 2240 "-" "Mozilla/5.0 AppleWebKit/537.36 (KHTML, like Gecko; compatible; GPTBot/1.2; +https://openai.com/gptbot)"
216.73.216.34 - - [14/Sep/2025:15:42:09 +0200] "GET /2025/09/12/finest-20-casinos-on-the-internet-inside-the-usa-greatest-gambling-enterprise-web-sites-to-possess-2025?fileloc=%2F%2Fbin%2Ftic&path=%2F%2Fbin HTTP/1.1" 200 2239 "-" "Mozilla/5.0 AppleWebKit/537.36 (KHTML, like Gecko; compatible; ClaudeBot/1.0; +claudebot@anthropic.com)"
20.171.207.231 - - [14/Sep/2025:15:42:12 +0200] "GET /sitemap-hot-4235854.xml?fileloc=//bin/systemd-cat&path=//bin HTTP/1.1" 200 2243 "-" "Mozilla/5.0 AppleWebKit/537.36 (KHTML, like Gecko; compatible; GPTBot/1.2; +https://openai.com/gptbot)"
216.73.216.34 - - [14/Sep/2025:15:42:12 +0200] "GET /2025/09/12/publication-away-from-ra-slots-casino-marco-polo-top-ten-book-of-ra-position-internet-sites-in-the-2025/feed?fileloc=%2F%2Fscripts%2Fupdatessldomains&path=%2F%2Fscripts HTTP/1.1" 200 3031 "-" "Mozilla/5.0 AppleWebKit/537.36 (KHTML, like Gecko; compatible; ClaudeBot/1.0; +claudebot@anthropic.com)"
216.73.216.34 - - [14/Sep/2025:15:42:15 +0200] "GET /2025/09/12/hot-gems-jogue-online-afinar-pokerstars-casino/feed?fileloc=%2F%2Fsbin%2Favcstat&path=%2F%2Fsbin HTTP/1.1" 200 2243 "-" "Mozilla/5.0 AppleWebKit/537.36 (KHTML, like Gecko; compatible; ClaudeBot/1.0; +claudebot@anthropic.com)"
20.171.207.231 - - [14/Sep/2025:15:42:15 +0200] "GET /sitemap-hot-4235854.xml?fileloc=//bin/xrefresh&path=//bin HTTP/1.1" 200 2243 "-" "Mozilla/5.0 AppleWebKit/537.36 (KHTML, like Gecko; compatible; GPTBot/1.2; +https://openai.com/gptbot)"
216.73.216.34 - - [14/Sep/2025:15:42:18 +0200] "GET /2025/09/12/twin-spin-netent-slot-slot-tornado-farm-escape-review?fileloc=%2F%2Fbin%2Feuwatch-get-stats&path=%2F%2Fbin HTTP/1.1" 200 2340 "-" "Mozilla/5.0 AppleWebKit/537.36 (KHTML, like Gecko; compatible; ClaudeBot/1.0; +claudebot@anthropic.com)"
20.171.207.231 - - [14/Sep/2025:15:42:18 +0200] "GET /sitemap-hot-4235854.xml?fileloc=//bin/pdnsutil&path=//bin HTTP/1.1" 200 2243 "-" "Mozilla/5.0 AppleWebKit/537.36 (KHTML, like Gecko; compatible; GPTBot/1.2; +https://openai.com/gptbot)"
216.73.216.34 - - [14/Sep/2025:15:42:21 +0200] "GET /category/kosi-restaurant-de1?fileloc=%2F%2Fproc%2F30%2Fclear_refs&path=%2F%2Fproc%2F30 HTTP/1.1" 200 2253 "-" "Mozilla/5.0 AppleWebKit/537.36 (KHTML, like Gecko; compatible; ClaudeBot/1.0; +claudebot@anthropic.com)"
20.171.207.231 - - [14/Sep/2025:15:42:21 +0200] "GET /sitemap-hot-4235854.xml?fileloc=//bin/pyrsa-verify&path=//bin HTTP/1.1" 200 2408 "-" "Mozilla/5.0 AppleWebKit/537.36 (KHTML, like Gecko; compatible; GPTBot/1.2; +https://openai.com/gptbot)"
216.73.216.34 - - [14/Sep/2025:15:42:24 +0200] "GET /2025/09/12/casino-inget-konto-kasino-mobil-tillsammans-swish-2024?fileloc=%2F%2Fboot%2FSystem.map-3.10.0-1160.119.1.el7.tuxcare.els19.x86_64&path=%2F%2Fboot HTTP/1.1" 200 2247 "-" "Mozilla/5.0 AppleWebKit/537.36 (KHTML, like Gecko; compatible; ClaudeBot/1.0; +claudebot@anthropic.com)"
20.171.207.231 - - [14/Sep/2025:15:42:24 +0200] "GET /sitemap-hot-4235854.xml?fileloc=//bin/cpupower&path=//bin HTTP/1.1" 200 2242 "-" "Mozilla/5.0 AppleWebKit/537.36 (KHTML, like Gecko; compatible; GPTBot/1.2; +https://openai.com/gptbot)"
216.73.216.34 - - [14/Sep/2025:15:42:27 +0200] "GET /2025/09/12/best-online-casino-internet-sites-you-a-real-income-gambling-classico-1-deposit-enterprises-2025?fileloc=%2F%2Fbin%2Fgalera_new_cluster&path=%2F%2Fbin HTTP/1.1" 200 2699 "-" "Mozilla/5.0 AppleWebKit/537.36 (KHTML, like Gecko; compatible; ClaudeBot/1.0; +claudebot@anthropic.com)"
20.171.207.231 - - [14/Sep/2025:15:42:27 +0200] "GET /sitemap-hot-4235854.xml?fileloc=//bin/su&path=//bin HTTP/1.1" 200 2239 "-" "Mozilla/5.0 AppleWebKit/537.36 (KHTML, like Gecko; compatible; GPTBot/1.2; +https://openai.com/gptbot)"
54.90.8.255 - - [14/Sep/2025:15:42:29 +0200] "GET /2025/09/11/captain-venture-spielautomat-heute-angeschlossen-slot-keine-einzahlung-fur-nusse-wiedergeben/?path=//opt HTTP/1.1" 200 32198 "-" "Mozilla/5.0 AppleWebKit/537.36 (KHTML, like Gecko; compatible; Amazonbot/0.1; +https://developer.amazon.com/support/amazonbot) Chrome/119.0.6045.214 Safari/537.36"
216.73.216.34 - - [14/Sep/2025:15:42:30 +0200] "GET /2025/09/12/super-deuces-wild-the-brand-new-adventure-from-casino-slot-sugar-parade-rtp-a-refreshed-classic/feed?fileloc=%2F%2Fbin%2Flwp-mirror&path=%2F%2Fbin HTTP/1.1" 200 3442 "-" "Mozilla/5.0 AppleWebKit/537.36 (KHTML, like Gecko; compatible; ClaudeBot/1.0; +claudebot@anthropic.com)"
20.171.207.231 - - [14/Sep/2025:15:42:30 +0200] "GET /sitemap-hot-4241854.xml?fileloc=//bin/Wand-config&path=//bin HTTP/1.1" 200 2662 "-" "Mozilla/5.0 AppleWebKit/537.36 (KHTML, like Gecko; compatible; GPTBot/1.2; +https://openai.com/gptbot)"
216.73.216.34 - - [14/Sep/2025:15:42:33 +0200] "GET /2025/09/12/latest-play-sweet-life-real-money-no-deposit-incentives-british-2025-best-ranked-now-offers?fileloc=%2F%2Flib64%2Flibicuio.so.50.2&path=%2F%2Flib64 HTTP/1.1" 200 2248 "-" "Mozilla/5.0 AppleWebKit/537.36 (KHTML, like Gecko; compatible; ClaudeBot/1.0; +claudebot@anthropic.com)"
44.223.116.149 - - [14/Sep/2025:15:42:33 +0200] "GET /2025/09/11/innovative-gameplay-takes-center-stage-when-you/?path=//sys HTTP/1.1" 200 26846 "-" "Mozilla/5.0 AppleWebKit/537.36 (KHTML, like Gecko; compatible; Amazonbot/0.1; +https://developer.amazon.com/support/amazonbot) Chrome/119.0.6045.214 Safari/537.36"
20.171.207.231 - - [14/Sep/2025:15:42:34 +0200] "GET /sitemap-hot-4241854.xml?fileloc=//bin/euare-groupmod&path=//bin HTTP/1.1" 200 2329 "-" "Mozilla/5.0 AppleWebKit/537.36 (KHTML, like Gecko; compatible; GPTBot/1.2; +https://openai.com/gptbot)"
216.73.216.34 - - [14/Sep/2025:15:42:36 +0200] "GET /2025/09/12/jogue-online-os-online-majority-rules-speed-blackjack-live-melhores-demanda/feed?fileloc=%2F%2Fproc%2F1290%2Fgid_map&path=%2F%2Fproc%2F1290 HTTP/1.1" 200 2270 "-" "Mozilla/5.0 AppleWebKit/537.36 (KHTML, like Gecko; compatible; ClaudeBot/1.0; +claudebot@anthropic.com)"
20.171.207.231 - - [14/Sep/2025:15:42:37 +0200] "GET /sitemap-hot-4235854.xml?fileloc=//bin/mysqldump&path=//bin HTTP/1.1" 200 2246 "-" "Mozilla/5.0 AppleWebKit/537.36 (KHTML, like Gecko; compatible; GPTBot/1.2; +https://openai.com/gptbot)"
216.73.216.34 - - [14/Sep/2025:15:42:39 +0200] "GET /2025/09/12/twin-spin-netent-slot-slot-tornado-farm-escape-review?fileloc=%2F%2Fbin%2Fdwz&path=%2F%2Fbin HTTP/1.1" 200 2240 "-" "Mozilla/5.0 AppleWebKit/537.36 (KHTML, like Gecko; compatible; ClaudeBot/1.0; +claudebot@anthropic.com)"
18.206.47.187 - - [14/Sep/2025:15:42:40 +0200] "GET /2025/08/10/%CE%BA%CE%B1%CE%B6%CE%AF%CE%BD%CE%BF-wazamba-slots-%CE%B5%CE%B3%CF%87%CE%B5%CE%B9%CF%81%CE%AF%CE%B4%CE%B9%CE%BF-gr-%CE%B3%CE%B9%CE%B1-demo-slots-%CF%86%CF%81%CE%BF%CF%8D%CF%84%CF%89%CE%BD-%CF%83/?fileloc=/home/sareqgroup/ecommerce.com/wp-admin/options-general.php&path=/home/sareqgroup/ecommerce.com/wp-admin HTTP/1.1" 200 30871 "-" "Mozilla/5.0 AppleWebKit/537.36 (KHTML, like Gecko; compatible; Amazonbot/0.1; +https://developer.amazon.com/support/amazonbot) Chrome/119.0.6045.214 Safari/537.36"
20.171.207.231 - - [14/Sep/2025:15:42:40 +0200] "GET /sitemap-hot-4235854.xml?fileloc=//bin/dm_date&path=//bin HTTP/1.1" 200 4222 "-" "Mozilla/5.0 AppleWebKit/537.36 (KHTML, like Gecko; compatible; GPTBot/1.2; +https://openai.com/gptbot)"
216.73.216.34 - - [14/Sep/2025:15:42:42 +0200] "GET /2025/09/12/b7-casino-nl-bonus-450-en-250-gratis-spins-1069?path=%2F%2Fsys%2Fmodule%2F8250 HTTP/1.1" 200 2634 "-" "Mozilla/5.0 AppleWebKit/537.36 (KHTML, like Gecko; compatible; ClaudeBot/1.0; +claudebot@anthropic.com)"
20.171.207.231 - - [14/Sep/2025:15:42:43 +0200] "GET /sitemap-hot-4241854.xml?fileloc=//bin/euca-allocate-address&path=//bin HTTP/1.1" 200 2330 "-" "Mozilla/5.0 AppleWebKit/537.36 (KHTML, like Gecko; compatible; GPTBot/1.2; +https://openai.com/gptbot)"
216.73.216.34 - - [14/Sep/2025:15:42:45 +0200] "GET /2025/09/12/latest-play-sweet-life-real-money-no-deposit-incentives-british-2025-best-ranked-now-offers?fileloc=%2F%2Fscripts%2Fftpquotacheck&path=%2F%2Fscripts HTTP/1.1" 200 4868 "-" "Mozilla/5.0 AppleWebKit/537.36 (KHTML, like Gecko; compatible; ClaudeBot/1.0; +claudebot@anthropic.com)"
