216.73.216.34 - - [14/Sep/2025:15:05:28 +0200] "GET /2025/09/12/best-online-casino-internet-sites-you-a-real-income-gambling-classico-1-deposit-enterprises-2025?path=%2F%2Fproc%2Fnet%2Fdev_snmp6 HTTP/1.1" 200 2594 "-" "Mozilla/5.0 AppleWebKit/537.36 (KHTML, like Gecko; compatible; ClaudeBot/1.0; +claudebot@anthropic.com)"
20.171.207.231 - - [14/Sep/2025:15:05:31 +0200] "GET /sitemap-hot-4235854.xml?path=//lib/audit HTTP/1.1" 200 2566 "-" "Mozilla/5.0 AppleWebKit/537.36 (KHTML, like Gecko; compatible; GPTBot/1.2; +https://openai.com/gptbot)"
157.55.39.13 - - [14/Sep/2025:15:05:31 +0200] "GET /2025/08/06/a-realm-of-excitement-awaits-where-the-thrill-of/ HTTP/1.1" 200 3666 "-" "Mozilla/5.0 AppleWebKit/537.36 (KHTML, like Gecko; compatible; bingbot/2.0; +http://www.bing.com/bingbot.htm) Chrome/116.0.1938.76 Safari/537.36"
216.73.216.34 - - [14/Sep/2025:15:05:31 +0200] "GET /2025/09/12/twin-spin-netent-slot-slot-tornado-farm-escape-review?fileloc=%2F%2Fproc%2F57%2Fnet%2Fsockstat6&path=%2F%2Fproc%2F57%2Fnet HTTP/1.1" 200 2307 "-" "Mozilla/5.0 AppleWebKit/537.36 (KHTML, like Gecko; compatible; ClaudeBot/1.0; +claudebot@anthropic.com)"
20.171.207.231 - - [14/Sep/2025:15:05:34 +0200] "GET /sitemap-hot-4221854.xml?path=//lib/audit HTTP/1.1" 200 2566 "-" "Mozilla/5.0 AppleWebKit/537.36 (KHTML, like Gecko; compatible; GPTBot/1.2; +https://openai.com/gptbot)"
216.73.216.34 - - [14/Sep/2025:15:05:34 +0200] "GET /2025/09/12/super-deuces-wild-the-brand-new-adventure-from-casino-slot-sugar-parade-rtp-a-refreshed-classic/feed?path=%2F%2Fetc%2Frc.d%2Finit.d HTTP/1.1" 200 2767 "-" "Mozilla/5.0 AppleWebKit/537.36 (KHTML, like Gecko; compatible; ClaudeBot/1.0; +claudebot@anthropic.com)"
20.171.207.231 - - [14/Sep/2025:15:05:37 +0200] "GET /sitemap-hot-4221854.xml?path=//lib/games HTTP/1.1" 200 2301 "-" "Mozilla/5.0 AppleWebKit/537.36 (KHTML, like Gecko; compatible; GPTBot/1.2; +https://openai.com/gptbot)"
216.73.216.34 - - [14/Sep/2025:15:05:37 +0200] "GET /2025/09/12/super-deuces-wild-the-brand-new-adventure-from-casino-slot-sugar-parade-rtp-a-refreshed-classic/feed?fileloc=%2F%2Fproc%2F252%2Fnet%2Fdev_mcast&path=%2F%2Fproc%2F252%2Fnet HTTP/1.1" 200 2303 "-" "Mozilla/5.0 AppleWebKit/537.36 (KHTML, like Gecko; compatible; ClaudeBot/1.0; +claudebot@anthropic.com)"
54.84.169.196 - - [14/Sep/2025:15:05:40 +0200] "GET /category/slots/?path=//opt HTTP/1.1" 200 32198 "-" "Mozilla/5.0 AppleWebKit/537.36 (KHTML, like Gecko; compatible; Amazonbot/0.1; +https://developer.amazon.com/support/amazonbot) Chrome/119.0.6045.214 Safari/537.36"
20.171.207.231 - - [14/Sep/2025:15:05:40 +0200] "GET /sitemap-hot-4229854.xml?path=//lib/audit HTTP/1.1" 200 2566 "-" "Mozilla/5.0 AppleWebKit/537.36 (KHTML, like Gecko; compatible; GPTBot/1.2; +https://openai.com/gptbot)"
216.73.216.34 - - [14/Sep/2025:15:05:40 +0200] "GET /2025/09/12/demi-gods-ii-position-opinion-2025-try-out-this-games-from-the-spinomenal-free-of-5625-paylines-on-slot-machines-charge?fileloc=%2F%2Fsbin%2Fsnmpd&path=%2F%2Fsbin HTTP/1.1" 200 2242 "-" "Mozilla/5.0 AppleWebKit/537.36 (KHTML, like Gecko; compatible; ClaudeBot/1.0; +claudebot@anthropic.com)"
216.73.216.34 - - [14/Sep/2025:15:05:43 +0200] "GET /2025/09/12/demi-gods-ii-position-opinion-2025-try-out-this-games-from-the-spinomenal-free-of-5625-paylines-on-slot-machines-charge?fileloc=%2F%2Fsbin%2Fldattach&path=%2F%2Fsbin HTTP/1.1" 200 2241 "-" "Mozilla/5.0 AppleWebKit/537.36 (KHTML, like Gecko; compatible; ClaudeBot/1.0; +claudebot@anthropic.com)"
20.171.207.231 - - [14/Sep/2025:15:05:43 +0200] "GET /sitemap-hot-4233854.xml?path=//lib/games HTTP/1.1" 200 2301 "-" "Mozilla/5.0 AppleWebKit/537.36 (KHTML, like Gecko; compatible; GPTBot/1.2; +https://openai.com/gptbot)"
52.167.144.177 - - [14/Sep/2025:15:05:44 +0200] "GET /2025/02/09/myfreecams-review-meet-the-most-properly-liked-girls-of-the-web-by-jennifer-williams/ HTTP/1.1" 200 3666 "-" "Mozilla/5.0 AppleWebKit/537.36 (KHTML, like Gecko; compatible; bingbot/2.0; +http://www.bing.com/bingbot.htm) Chrome/116.0.1938.76 Safari/537.36"
216.73.216.34 - - [14/Sep/2025:15:05:46 +0200] "GET /2025/09/12/demi-gods-ii-position-opinion-2025-try-out-this-games-from-the-spinomenal-free-of-5625-paylines-on-slot-machines-charge?fileloc=%2F%2Fsbin%2Fcracklib-unpacker&path=%2F%2Fsbin HTTP/1.1" 200 2251 "-" "Mozilla/5.0 AppleWebKit/537.36 (KHTML, like Gecko; compatible; ClaudeBot/1.0; +claudebot@anthropic.com)"
20.171.207.231 - - [14/Sep/2025:15:05:47 +0200] "GET /sitemap-hot-4229854.xml?path=//lib/games HTTP/1.1" 200 2301 "-" "Mozilla/5.0 AppleWebKit/537.36 (KHTML, like Gecko; compatible; GPTBot/1.2; +https://openai.com/gptbot)"
52.23.112.144 - - [14/Sep/2025:15:05:49 +0200] "GET /category/mr-bet-casino-de/?path=/home HTTP/1.1" 200 12659 "-" "Mozilla/5.0 AppleWebKit/537.36 (KHTML, like Gecko; compatible; Amazonbot/0.1; +https://developer.amazon.com/support/amazonbot) Chrome/119.0.6045.214 Safari/537.36"
216.73.216.34 - - [14/Sep/2025:15:05:49 +0200] "GET /2025/09/12/demi-gods-ii-position-opinion-2025-try-out-this-games-from-the-spinomenal-free-of-5625-paylines-on-slot-machines-charge?fileloc=%2F%2Fsbin%2Fmkfs.ext4&path=%2F%2Fsbin HTTP/1.1" 200 2245 "-" "Mozilla/5.0 AppleWebKit/537.36 (KHTML, like Gecko; compatible; ClaudeBot/1.0; +claudebot@anthropic.com)"
20.171.207.231 - - [14/Sep/2025:15:05:50 +0200] "GET /sitemap-hot-4233854.xml?path=//lib/fontconfig HTTP/1.1" 200 2542 "-" "Mozilla/5.0 AppleWebKit/537.36 (KHTML, like Gecko; compatible; GPTBot/1.2; +https://openai.com/gptbot)"
216.73.216.34 - - [14/Sep/2025:15:05:52 +0200] "GET /2025/09/12/hot-fire-fruits-slot-canhoteiro-review-2024-play-for-free/feed?fileloc=%2F%2Flib64%2Faspell-0.60%2Fcp1258.cmap&path=%2F%2Flib64%2Faspell-0.60 HTTP/1.1" 200 7947 "-" "Mozilla/5.0 AppleWebKit/537.36 (KHTML, like Gecko; compatible; ClaudeBot/1.0; +claudebot@anthropic.com)"
20.171.207.231 - - [14/Sep/2025:15:05:53 +0200] "GET /sitemap-hot-4233854.xml?path=//lib/firewalld HTTP/1.1" 200 2654 "-" "Mozilla/5.0 AppleWebKit/537.36 (KHTML, like Gecko; compatible; GPTBot/1.2; +https://openai.com/gptbot)"
216.73.216.34 - - [14/Sep/2025:15:05:55 +0200] "GET /2025/09/12/100-casino-oceanbets-100-free-spins-percent-free-casino-games-online-slots-kingdom-town-internet-casino/feed?path=%2Fhome%2Fsareqgroup%2Fmail%2F.compta%40sareqgroup_com%2F.Junk HTTP/1.1" 200 2745 "-" "Mozilla/5.0 AppleWebKit/537.36 (KHTML, like Gecko; compatible; ClaudeBot/1.0; +claudebot@anthropic.com)"
20.171.207.231 - - [14/Sep/2025:15:05:56 +0200] "GET /sitemap-hot-4221854.xml?path=//lib/firewalld HTTP/1.1" 200 2654 "-" "Mozilla/5.0 AppleWebKit/537.36 (KHTML, like Gecko; compatible; GPTBot/1.2; +https://openai.com/gptbot)"
216.73.216.34 - - [14/Sep/2025:15:05:58 +0200] "GET /2025/09/12/super-deuces-wild-the-brand-new-adventure-from-casino-slot-sugar-parade-rtp-a-refreshed-classic/feed?path=%2F%2Fproc%2Fnet%2Fstat HTTP/1.1" 200 2650 "-" "Mozilla/5.0 AppleWebKit/537.36 (KHTML, like Gecko; compatible; ClaudeBot/1.0; +claudebot@anthropic.com)"
20.171.207.231 - - [14/Sep/2025:15:05:59 +0200] "GET /sitemap-hot-4221854.xml?path=//lib/fontconfig HTTP/1.1" 200 2542 "-" "Mozilla/5.0 AppleWebKit/537.36 (KHTML, like Gecko; compatible; GPTBot/1.2; +https://openai.com/gptbot)"
216.73.216.34 - - [14/Sep/2025:15:06:01 +0200] "GET /2025/09/12/finest-20-casinos-on-the-internet-inside-the-usa-greatest-gambling-enterprise-web-sites-to-possess-2025?fileloc=%2F%2Fbin%2Flibwmf-fontmap&path=%2F%2Fbin HTTP/1.1" 200 4548 "-" "Mozilla/5.0 AppleWebKit/537.36 (KHTML, like Gecko; compatible; ClaudeBot/1.0; +claudebot@anthropic.com)"
20.171.207.231 - - [14/Sep/2025:15:06:02 +0200] "GET /sitemap-hot-4235854.xml?path=//lib/fontconfig HTTP/1.1" 200 2542 "-" "Mozilla/5.0 AppleWebKit/537.36 (KHTML, like Gecko; compatible; GPTBot/1.2; +https://openai.com/gptbot)"
216.73.216.34 - - [14/Sep/2025:15:06:04 +0200] "GET /2025/09/12/super-deuces-wild-the-brand-new-adventure-from-casino-slot-sugar-parade-rtp-a-refreshed-classic/feed?fileloc=%2F%2Fproc%2F599%2Fnet%2Frt_acct&path=%2F%2Fproc%2F599%2Fnet HTTP/1.1" 200 2276 "-" "Mozilla/5.0 AppleWebKit/537.36 (KHTML, like Gecko; compatible; ClaudeBot/1.0; +claudebot@anthropic.com)"
20.171.207.231 - - [14/Sep/2025:15:06:05 +0200] "GET /sitemap-hot-4233854.xml?path=//lib/firewalld/zones HTTP/1.1" 200 2807 "-" "Mozilla/5.0 AppleWebKit/537.36 (KHTML, like Gecko; compatible; GPTBot/1.2; +https://openai.com/gptbot)"
216.73.216.34 - - [14/Sep/2025:15:06:07 +0200] "GET /2025/09/12/willkommen-in-slotsmagic-50-free-spins-abzuglich-einzahlung-fur-gold-fish-slot-jedes-baywatch-freie-spins-neukunden/feed?path=%2Fhome%2Fsareqgroup%2Fmail%2F.cheikh_sene%40sareqgroup_com HTTP/1.1" 200 3123 "-" "Mozilla/5.0 AppleWebKit/537.36 (KHTML, like Gecko; compatible; ClaudeBot/1.0; +claudebot@anthropic.com)"
20.171.207.231 - - [14/Sep/2025:15:06:09 +0200] "GET /sitemap-hot-4233854.xml?path=//lib/firewalld/helpers HTTP/1.1" 200 2914 "-" "Mozilla/5.0 AppleWebKit/537.36 (KHTML, like Gecko; compatible; GPTBot/1.2; +https://openai.com/gptbot)"
216.73.216.34 - - [14/Sep/2025:15:06:10 +0200] "GET /2025/09/12/twin-spin-netent-slot-slot-tornado-farm-escape-review?path=%2F%2Fetc%2Fsysconfig%2Fcbq HTTP/1.1" 200 2615 "-" "Mozilla/5.0 AppleWebKit/537.36 (KHTML, like Gecko; compatible; ClaudeBot/1.0; +claudebot@anthropic.com)"
20.171.207.231 - - [14/Sep/2025:15:06:12 +0200] "GET /sitemap-hot-4221854.xml?path=//lib/firewalld/zones HTTP/1.1" 200 2807 "-" "Mozilla/5.0 AppleWebKit/537.36 (KHTML, like Gecko; compatible; GPTBot/1.2; +https://openai.com/gptbot)"
216.73.216.34 - - [14/Sep/2025:15:06:13 +0200] "GET /2025/09/12/kap-ultimat-mastercard-casino-ino-sverige-2025?path=%2F%2Fsys%2Fkernel%2Fslab%2Fdma-kmalloc-4096 HTTP/1.1" 200 3356 "-" "Mozilla/5.0 AppleWebKit/537.36 (KHTML, like Gecko; compatible; ClaudeBot/1.0; +claudebot@anthropic.com)"
20.171.207.231 - - [14/Sep/2025:15:06:15 +0200] "GET /sitemap-hot-4235854.xml?path=//lib/firewalld HTTP/1.1" 200 2654 "-" "Mozilla/5.0 AppleWebKit/537.36 (KHTML, like Gecko; compatible; GPTBot/1.2; +https://openai.com/gptbot)"
216.73.216.34 - - [14/Sep/2025:15:06:16 +0200] "GET /2025/09/12/the-fresh-dogfather-position-100-percent-free-slot-copy-cats-local-casino-money-august-2025?fileloc=%2F%2Fsys%2Fdevices%2Ftracepoint%2Fperf_event_mux_interval_ms&path=%2F%2Fsys%2Fdevices%2Ftracepoint HTTP/1.1" 200 2285 "-" "Mozilla/5.0 AppleWebKit/537.36 (KHTML, like Gecko; compatible; ClaudeBot/1.0; +claudebot@anthropic.com)"
20.171.207.231 - - [14/Sep/2025:15:06:18 +0200] "GET /sitemap-hot-4221854.xml?path=//lib/firewalld/ipsets HTTP/1.1" 200 2574 "-" "Mozilla/5.0 AppleWebKit/537.36 (KHTML, like Gecko; compatible; GPTBot/1.2; +https://openai.com/gptbot)"
216.73.216.34 - - [14/Sep/2025:15:06:19 +0200] "GET /2025/09/12/kap-ultimat-mastercard-casino-ino-sverige-2025?path=%2F%2Fsys%2Fmodule%2Fmbcache%2Fsections HTTP/1.1" 200 3027 "-" "Mozilla/5.0 AppleWebKit/537.36 (KHTML, like Gecko; compatible; ClaudeBot/1.0; +claudebot@anthropic.com)"
20.171.207.231 - - [14/Sep/2025:15:06:21 +0200] "GET /sitemap-hot-4233854.xml?path=//lib/firewalld/ipsets HTTP/1.1" 200 2574 "-" "Mozilla/5.0 AppleWebKit/537.36 (KHTML, like Gecko; compatible; GPTBot/1.2; +https://openai.com/gptbot)"
216.73.216.34 - - [14/Sep/2025:15:06:22 +0200] "GET /2025/09/12/disco-funk-on-the-web-online-casino-cherry-50-free-spins-casino-slot-games-enjoy-100-percent-free-that-have-habanero?fileloc=%2F%2Fscripts%2Flitespeed-check&path=%2F%2Fscripts HTTP/1.1" 200 3619 "-" "Mozilla/5.0 AppleWebKit/537.36 (KHTML, like Gecko; compatible; ClaudeBot/1.0; +claudebot@anthropic.com)"
85.208.96.209 - - [14/Sep/2025:15:06:23 +0200] "GET /2025/08/08/1win-app-i-download-in-addition-to-bet-on-your-own-favourite-games/ HTTP/1.1" 200 64828 "-" "Mozilla/5.0 (compatible; SemrushBot/7~bl; +http://www.semrush.com/bot.html)"
20.171.207.231 - - [14/Sep/2025:15:06:25 +0200] "GET /sitemap-hot-4229854.xml?path=//lib/firewalld HTTP/1.1" 200 2654 "-" "Mozilla/5.0 AppleWebKit/537.36 (KHTML, like Gecko; compatible; GPTBot/1.2; +https://openai.com/gptbot)"
216.73.216.34 - - [14/Sep/2025:15:06:25 +0200] "GET /2025/09/12/amon-casino-2025-jusqu-400-100-tours-gratuits-822?path=%2F%2Flib%2Fsystemd HTTP/1.1" 200 4318 "-" "Mozilla/5.0 AppleWebKit/537.36 (KHTML, like Gecko; compatible; ClaudeBot/1.0; +claudebot@anthropic.com)"
20.171.207.231 - - [14/Sep/2025:15:06:28 +0200] "GET /sitemap-hot-4235854.xml?path=//lib/firewalld/zones HTTP/1.1" 200 2807 "-" "Mozilla/5.0 AppleWebKit/537.36 (KHTML, like Gecko; compatible; GPTBot/1.2; +https://openai.com/gptbot)"
216.73.216.34 - - [14/Sep/2025:15:06:28 +0200] "GET /2025/09/12/finest-20-casinos-on-the-internet-inside-the-usa-greatest-gambling-enterprise-web-sites-to-possess-2025?fileloc=%2F%2Fbin%2Fgrub2-menulst2cfg&path=%2F%2Fbin HTTP/1.1" 200 2250 "-" "Mozilla/5.0 AppleWebKit/537.36 (KHTML, like Gecko; compatible; ClaudeBot/1.0; +claudebot@anthropic.com)"
20.171.207.231 - - [14/Sep/2025:15:06:31 +0200] "GET /sitemap-hot-4235854.xml?path=//lib/firewalld/helpers HTTP/1.1" 200 2914 "-" "Mozilla/5.0 AppleWebKit/537.36 (KHTML, like Gecko; compatible; GPTBot/1.2; +https://openai.com/gptbot)"
216.73.216.34 - - [14/Sep/2025:15:06:31 +0200] "GET /2025/09/12/amon-casino-2025-jusqu-400-100-tours-gratuits-822?fileloc=%2F%2Flib%2Flibpcre.so.1&path=%2F%2Flib HTTP/1.1" 200 2245 "-" "Mozilla/5.0 AppleWebKit/537.36 (KHTML, like Gecko; compatible; ClaudeBot/1.0; +claudebot@anthropic.com)"
3.224.205.25 - - [14/Sep/2025:15:06:34 +0200] "GET /2020/09/22/free-nonprofit-accounting-software-wave-financial/?fileloc=//2&path=/ HTTP/1.1" 200 12202 "-" "Mozilla/5.0 AppleWebKit/537.36 (KHTML, like Gecko; compatible; Amazonbot/0.1; +https://developer.amazon.com/support/amazonbot) Chrome/119.0.6045.214 Safari/537.36"
20.171.207.231 - - [14/Sep/2025:15:06:34 +0200] "GET /sitemap-hot-4235854.xml?path=//lib/firewalld/ipsets HTTP/1.1" 200 2574 "-" "Mozilla/5.0 AppleWebKit/537.36 (KHTML, like Gecko; compatible; GPTBot/1.2; +https://openai.com/gptbot)"
216.73.216.34 - - [14/Sep/2025:15:06:34 +0200] "GET /2025/09/12/cyrus-the-herpes-virus-gokkast-speel-gratis-from-voor-echt-geld-seasons-rtp-slot-yggdrasil/feed?fileloc=%2F%2Flib%2Flibelf-0.176.so&path=%2F%2Flib HTTP/1.1" 200 2247 "-" "Mozilla/5.0 AppleWebKit/537.36 (KHTML, like Gecko; compatible; ClaudeBot/1.0; +claudebot@anthropic.com)"
20.171.207.231 - - [14/Sep/2025:15:06:37 +0200] "GET /sitemap-hot-4229854.xml?path=//lib/fontconfig HTTP/1.1" 200 2542 "-" "Mozilla/5.0 AppleWebKit/537.36 (KHTML, like Gecko; compatible; GPTBot/1.2; +https://openai.com/gptbot)"
216.73.216.34 - - [14/Sep/2025:15:06:37 +0200] "GET /2025/09/12/review-dos-melhores-cassinos-online-esfogiteado-brasil-acimade-2025/feed?fileloc=%2F%2Flib64%2Faudit%2Fsotruss-lib.so&path=%2F%2Flib64%2Faudit HTTP/1.1" 200 2259 "-" "Mozilla/5.0 AppleWebKit/537.36 (KHTML, like Gecko; compatible; ClaudeBot/1.0; +claudebot@anthropic.com)"
20.171.207.231 - - [14/Sep/2025:15:06:40 +0200] "GET /sitemap-hot-4221854.xml?path=//lib/firewalld/helpers HTTP/1.1" 200 2914 "-" "Mozilla/5.0 AppleWebKit/537.36 (KHTML, like Gecko; compatible; GPTBot/1.2; +https://openai.com/gptbot)"
216.73.216.34 - - [14/Sep/2025:15:06:40 +0200] "GET /2025/09/12/the-fresh-dogfather-position-100-percent-free-slot-copy-cats-local-casino-money-august-2025?path=%2F%2Fsys%2Fmodule%2Fintel_idle%2Fparameters HTTP/1.1" 200 2580 "-" "Mozilla/5.0 AppleWebKit/537.36 (KHTML, like Gecko; compatible; ClaudeBot/1.0; +claudebot@anthropic.com)"
20.171.207.231 - - [14/Sep/2025:15:06:43 +0200] "GET /sitemap-hot-4229854.xml?path=//lib/firewalld/helpers HTTP/1.1" 200 2914 "-" "Mozilla/5.0 AppleWebKit/537.36 (KHTML, like Gecko; compatible; GPTBot/1.2; +https://openai.com/gptbot)"
216.73.216.34 - - [14/Sep/2025:15:06:43 +0200] "GET /2025/09/12/rodadas-acessivel-sem-deposito-melhores-cassinos-acercade-2025/feed?path=%2F%2Fsys%2Fpower HTTP/1.1" 200 2856 "-" "Mozilla/5.0 AppleWebKit/537.36 (KHTML, like Gecko; compatible; ClaudeBot/1.0; +claudebot@anthropic.com)"
20.171.207.231 - - [14/Sep/2025:15:06:46 +0200] "GET /sitemap-hot-4229854.xml?path=//lib/firewalld/ipsets HTTP/1.1" 200 2574 "-" "Mozilla/5.0 AppleWebKit/537.36 (KHTML, like Gecko; compatible; GPTBot/1.2; +https://openai.com/gptbot)"
216.73.216.34 - - [14/Sep/2025:15:06:46 +0200] "GET /2025/09/12/b7-casino-nl-bonus-450-en-250-gratis-spins-1069?path=%2F%2Fsys%2Fmodule%2Flibata HTTP/1.1" 200 2898 "-" "Mozilla/5.0 AppleWebKit/537.36 (KHTML, like Gecko; compatible; ClaudeBot/1.0; +claudebot@anthropic.com)"
216.73.216.34 - - [14/Sep/2025:15:06:49 +0200] "GET /2025/09/12/best-spielsaal-lucky-days-freie-spins-9-gamesys-casino-spin-palace-kein-einzahlungsbonus-chinese-dragon-online-slot-casinos-watrbar?fileloc=%2Fhome%2Fsareqgroup%2Ftmp%2Fawstats%2Fawstats042023.sareqgroup.com.txt&path=%2Fhome%2Fsareqgroup%2Ftmp%2Fawstats HTTP/1.1" 200 4720 "-" "Mozilla/5.0 AppleWebKit/537.36 (KHTML, like Gecko; compatible; ClaudeBot/1.0; +claudebot@anthropic.com)"
20.171.207.231 - - [14/Sep/2025:15:06:49 +0200] "GET /sitemap-hot-4229854.xml?path=//lib/firewalld/zones HTTP/1.1" 200 2807 "-" "Mozilla/5.0 AppleWebKit/537.36 (KHTML, like Gecko; compatible; GPTBot/1.2; +https://openai.com/gptbot)"
216.73.216.34 - - [14/Sep/2025:15:06:52 +0200] "GET /2025/09/12/amon-casino-bonus-sans-depot-400-2589?fileloc=%2F%2Fsbin%2Fgenl-ctrl-list&path=%2F%2Fsbin HTTP/1.1" 200 2249 "-" "Mozilla/5.0 AppleWebKit/537.36 (KHTML, like Gecko; compatible; ClaudeBot/1.0; +claudebot@anthropic.com)"
20.171.207.231 - - [14/Sep/2025:15:06:53 +0200] "GET /sitemap-hot-4229854.xml?path=//lib/modules HTTP/1.1" 200 2645 "-" "Mozilla/5.0 AppleWebKit/537.36 (KHTML, like Gecko; compatible; GPTBot/1.2; +https://openai.com/gptbot)"
216.73.216.34 - - [14/Sep/2025:15:06:55 +0200] "GET /2025/09/12/demi-gods-ii-position-opinion-2025-try-out-this-games-from-the-spinomenal-free-of-5625-paylines-on-slot-machines-charge?fileloc=%2F%2Fsbin%2Fdnssec-signzone&path=%2F%2Fsbin HTTP/1.1" 200 2249 "-" "Mozilla/5.0 AppleWebKit/537.36 (KHTML, like Gecko; compatible; ClaudeBot/1.0; +claudebot@anthropic.com)"
20.171.207.231 - - [14/Sep/2025:15:06:56 +0200] "GET /sitemap-hot-4221854.xml?path=//run/sepermit HTTP/1.1" 200 2306 "-" "Mozilla/5.0 AppleWebKit/537.36 (KHTML, like Gecko; compatible; GPTBot/1.2; +https://openai.com/gptbot)"
216.73.216.34 - - [14/Sep/2025:15:06:58 +0200] "GET /2025/09/12/twin-spin-netent-slot-slot-tornado-farm-escape-review?fileloc=%2F%2Fproc%2F57%2Fnet%2Fpacket&path=%2F%2Fproc%2F57%2Fnet HTTP/1.1" 200 2327 "-" "Mozilla/5.0 AppleWebKit/537.36 (KHTML, like Gecko; compatible; ClaudeBot/1.0; +claudebot@anthropic.com)"
20.171.207.231 - - [14/Sep/2025:15:06:59 +0200] "GET /sitemap-hot-4229854.xml?path=//run/screen HTTP/1.1" 200 2304 "-" "Mozilla/5.0 AppleWebKit/537.36 (KHTML, like Gecko; compatible; GPTBot/1.2; +https://openai.com/gptbot)"
216.73.216.34 - - [14/Sep/2025:15:07:01 +0200] "GET /2025/09/12/best-online-casino-internet-sites-you-a-real-income-gambling-classico-1-deposit-enterprises-2025?fileloc=%2F%2Flib64%2Fsecurity%2Fpam_wheel.so&path=%2F%2Flib64%2Fsecurity HTTP/1.1" 200 2258 "-" "Mozilla/5.0 AppleWebKit/537.36 (KHTML, like Gecko; compatible; ClaudeBot/1.0; +claudebot@anthropic.com)"
20.171.207.231 - - [14/Sep/2025:15:07:02 +0200] "GET /sitemap-hot-4235854.xml?path=//lib/kernel HTTP/1.1" 200 2542 "-" "Mozilla/5.0 AppleWebKit/537.36 (KHTML, like Gecko; compatible; GPTBot/1.2; +https://openai.com/gptbot)"
216.73.216.34 - - [14/Sep/2025:15:07:04 +0200] "GET /2025/09/12/kap-ultimat-mastercard-casino-ino-sverige-2025?path=%2F%2Fsys%2Fkernel%2Fslab%2Fxfs_da_state HTTP/1.1" 200 3354 "-" "Mozilla/5.0 AppleWebKit/537.36 (KHTML, like Gecko; compatible; ClaudeBot/1.0; +claudebot@anthropic.com)"
20.171.207.231 - - [14/Sep/2025:15:07:05 +0200] "GET /sitemap-hot-4221854.xml?path=//run/plymouth HTTP/1.1" 200 2305 "-" "Mozilla/5.0 AppleWebKit/537.36 (KHTML, like Gecko; compatible; GPTBot/1.2; +https://openai.com/gptbot)"
216.73.216.34 - - [14/Sep/2025:15:07:07 +0200] "GET /2025/09/12/finest-20-casinos-on-the-internet-inside-the-usa-greatest-gambling-enterprise-web-sites-to-possess-2025?fileloc=%2F%2Fbin%2Fbashbug&path=%2F%2Fbin HTTP/1.1" 200 5252 "-" "Mozilla/5.0 AppleWebKit/537.36 (KHTML, like Gecko; compatible; ClaudeBot/1.0; +claudebot@anthropic.com)"
20.171.207.231 - - [14/Sep/2025:15:07:08 +0200] "GET /sitemap-hot-4229854.xml?path=//run/plymouth HTTP/1.1" 200 2305 "-" "Mozilla/5.0 AppleWebKit/537.36 (KHTML, like Gecko; compatible; GPTBot/1.2; +https://openai.com/gptbot)"
18.209.137.234 - - [14/Sep/2025:15:07:09 +0200] "GET /2025/09/11/spielsaal-freispiele-ohne-einzahlung-im-neunter-monat-des-jahres-2025-%EF%B8%8F-automatenspielex/?path=//opt HTTP/1.1" 200 32198 "-" "Mozilla/5.0 AppleWebKit/537.36 (KHTML, like Gecko; compatible; Amazonbot/0.1; +https://developer.amazon.com/support/amazonbot) Chrome/119.0.6045.214 Safari/537.36"
216.73.216.34 - - [14/Sep/2025:15:07:10 +0200] "GET /2025/09/12/kap-ultimat-mastercard-casino-ino-sverige-2025?path=%2F%2Fsys%2Fkernel%2Fslab%2Fflow_cache HTTP/1.1" 200 3349 "-" "Mozilla/5.0 AppleWebKit/537.36 (KHTML, like Gecko; compatible; ClaudeBot/1.0; +claudebot@anthropic.com)"
20.171.207.231 - - [14/Sep/2025:15:07:11 +0200] "GET /sitemap-hot-4229854.xml?path=//lib/kernel HTTP/1.1" 200 2542 "-" "Mozilla/5.0 AppleWebKit/537.36 (KHTML, like Gecko; compatible; GPTBot/1.2; +https://openai.com/gptbot)"
216.73.216.34 - - [14/Sep/2025:15:07:13 +0200] "GET /2025/09/12/demi-gods-ii-position-opinion-2025-try-out-this-games-from-the-spinomenal-free-of-5625-paylines-on-slot-machines-charge?fileloc=%2F%2Fsbin%2Fexiqgrep&path=%2F%2Fsbin HTTP/1.1" 200 4826 "-" "Mozilla/5.0 AppleWebKit/537.36 (KHTML, like Gecko; compatible; ClaudeBot/1.0; +claudebot@anthropic.com)"
20.171.207.231 - - [14/Sep/2025:15:07:15 +0200] "GET /sitemap-hot-4221854.xml?path=//lib/firmware HTTP/1.1" 200 11699 "-" "Mozilla/5.0 AppleWebKit/537.36 (KHTML, like Gecko; compatible; GPTBot/1.2; +https://openai.com/gptbot)"
216.73.216.34 - - [14/Sep/2025:15:07:16 +0200] "GET /2025/09/12/finest-united-states-online-casinos-2025-internet-casino-cuckoo-casino-game-a-real-income?fileloc=%2F%2Flib%2Fsystemd%2Fsystemd-vconsole-setup&path=%2F%2Flib%2Fsystemd HTTP/1.1" 200 2260 "-" "Mozilla/5.0 AppleWebKit/537.36 (KHTML, like Gecko; compatible; ClaudeBot/1.0; +claudebot@anthropic.com)"
20.171.207.231 - - [14/Sep/2025:15:07:18 +0200] "GET /sitemap-hot-4221854.xml?path=//lib/tmpfiles.d HTTP/1.1" 200 3344 "-" "Mozilla/5.0 AppleWebKit/537.36 (KHTML, like Gecko; compatible; GPTBot/1.2; +https://openai.com/gptbot)"
216.73.216.34 - - [14/Sep/2025:15:07:19 +0200] "GET /2025/09/12/cyrus-the-herpes-virus-gokkast-speel-gratis-from-voor-echt-geld-seasons-rtp-slot-yggdrasil/feed?path=%2F%2Flib%2Faudit HTTP/1.1" 200 2566 "-" "Mozilla/5.0 AppleWebKit/537.36 (KHTML, like Gecko; compatible; ClaudeBot/1.0; +claudebot@anthropic.com)"
20.171.207.231 - - [14/Sep/2025:15:07:21 +0200] "GET /sitemap-hot-4235854.xml?path=//lib/kernel/install.d HTTP/1.1" 200 2688 "-" "Mozilla/5.0 AppleWebKit/537.36 (KHTML, like Gecko; compatible; GPTBot/1.2; +https://openai.com/gptbot)"
35.169.102.85 - - [14/Sep/2025:15:07:22 +0200] "GET /category/mini-reviews/?path=//var HTTP/1.1" 200 48848 "-" "Mozilla/5.0 AppleWebKit/537.36 (KHTML, like Gecko; compatible; Amazonbot/0.1; +https://developer.amazon.com/support/amazonbot) Chrome/119.0.6045.214 Safari/537.36"
216.73.216.34 - - [14/Sep/2025:15:07:22 +0200] "GET /2025/09/12/review-dos-melhores-cassinos-online-esfogiteado-brasil-acimade-2025/feed?fileloc=%2F%2Flib64%2Fpkgconfig%2Fxcb-render.pc&path=%2F%2Flib64%2Fpkgconfig HTTP/1.1" 200 2369 "-" "Mozilla/5.0 AppleWebKit/537.36 (KHTML, like Gecko; compatible; ClaudeBot/1.0; +claudebot@anthropic.com)"
20.171.207.231 - - [14/Sep/2025:15:07:24 +0200] "GET /sitemap-hot-4221854.xml?path=//run/setrans HTTP/1.1" 200 2305 "-" "Mozilla/5.0 AppleWebKit/537.36 (KHTML, like Gecko; compatible; GPTBot/1.2; +https://openai.com/gptbot)"
54.221.203.24 - - [14/Sep/2025:15:07:24 +0200] "GET /category/porn/?path=//etc HTTP/1.1" 200 535525 "-" "Mozilla/5.0 AppleWebKit/537.36 (KHTML, like Gecko; compatible; Amazonbot/0.1; +https://developer.amazon.com/support/amazonbot) Chrome/119.0.6045.214 Safari/537.36"
216.73.216.34 - - [14/Sep/2025:15:07:25 +0200] "GET /2025/09/12/the-fresh-dogfather-position-100-percent-free-slot-copy-cats-local-casino-money-august-2025?fileloc=%2F%2Fsys%2Fmodule%2Fxt_set%2Finitsize&path=%2F%2Fsys%2Fmodule%2Fxt_set HTTP/1.1" 200 2267 "-" "Mozilla/5.0 AppleWebKit/537.36 (KHTML, like Gecko; compatible; ClaudeBot/1.0; +claudebot@anthropic.com)"
20.171.207.231 - - [14/Sep/2025:15:07:27 +0200] "GET /sitemap-hot-4233854.xml?path=//lib/modules HTTP/1.1" 200 2645 "-" "Mozilla/5.0 AppleWebKit/537.36 (KHTML, like Gecko; compatible; GPTBot/1.2; +https://openai.com/gptbot)"
44.220.2.97 - - [14/Sep/2025:15:07:28 +0200] "GET /2025/09/10/1xbet-kazinosunun-mobil-versiyas-il-hr-yerd-ylncni-58/?path=//opt HTTP/1.1" 200 32198 "-" "Mozilla/5.0 AppleWebKit/537.36 (KHTML, like Gecko; compatible; Amazonbot/0.1; +https://developer.amazon.com/support/amazonbot) Chrome/119.0.6045.214 Safari/537.36"
216.73.216.34 - - [14/Sep/2025:15:07:28 +0200] "GET /2025/09/12/finest-20-casinos-on-the-internet-inside-the-usa-greatest-gambling-enterprise-web-sites-to-possess-2025?fileloc=%2F%2Fbin%2Fpyrsa-encrypt-bigfile-2&path=%2F%2Fbin HTTP/1.1" 200 2418 "-" "Mozilla/5.0 AppleWebKit/537.36 (KHTML, like Gecko; compatible; ClaudeBot/1.0; +claudebot@anthropic.com)"
20.171.207.231 - - [14/Sep/2025:15:07:30 +0200] "GET /sitemap-hot-4229854.xml?path=//lib/kernel/install.d HTTP/1.1" 200 2688 "-" "Mozilla/5.0 AppleWebKit/537.36 (KHTML, like Gecko; compatible; GPTBot/1.2; +https://openai.com/gptbot)"
216.73.216.34 - - [14/Sep/2025:15:07:31 +0200] "GET /2025/09/12/b7-casino-nl-bonus-450-en-250-gratis-spins-619-2?path=%2F%2Flib%2Ffirmware%2F3.10.0-1160.53.1.el7.x86_64 HTTP/1.1" 200 2567 "-" "Mozilla/5.0 AppleWebKit/537.36 (KHTML, like Gecko; compatible; ClaudeBot/1.0; +claudebot@anthropic.com)"
20.171.207.231 - - [14/Sep/2025:15:07:33 +0200] "GET /sitemap-hot-4221854.xml?fileloc=//lib/firmware/rt2860.bin&path=//lib/firmware HTTP/1.1" 200 2260 "-" "Mozilla/5.0 AppleWebKit/537.36 (KHTML, like Gecko; compatible; GPTBot/1.2; +https://openai.com/gptbot)"
216.73.216.34 - - [14/Sep/2025:15:07:34 +0200] "GET /2025/09/12/best-real-cash-web-based-casinos-in-america-play-and-you-will-earn-a-real-income/feed?fileloc=%2F%2Frun%2Frestartsrv_cpanalyticsd&path=%2F%2Frun HTTP/1.1" 200 2252 "-" "Mozilla/5.0 AppleWebKit/537.36 (KHTML, like Gecko; compatible; ClaudeBot/1.0; +claudebot@anthropic.com)"
20.171.207.231 - - [14/Sep/2025:15:07:37 +0200] "GET /sitemap-hot-4235854.xml?fileloc=//lib/kernel/install.d/50-depmod.install&path=//lib/kernel/install.d HTTP/1.1" 200 2401 "-" "Mozilla/5.0 AppleWebKit/537.36 (KHTML, like Gecko; compatible; GPTBot/1.2; +https://openai.com/gptbot)"
216.73.216.34 - - [14/Sep/2025:15:07:37 +0200] "GET /2025/09/12/demi-gods-ii-position-opinion-2025-try-out-this-games-from-the-spinomenal-free-of-5625-paylines-on-slot-machines-charge?fileloc=%2F%2Fsbin%2Ffsck.minix&path=%2F%2Fsbin HTTP/1.1" 200 2246 "-" "Mozilla/5.0 AppleWebKit/537.36 (KHTML, like Gecko; compatible; ClaudeBot/1.0; +claudebot@anthropic.com)"
3.225.45.252 - - [14/Sep/2025:15:07:40 +0200] "GET /2025/08/10/%CE%BA%CE%B1%CE%B6%CE%AF%CE%BD%CE%BF-wazamba-slots-%CE%B5%CE%B3%CF%87%CE%B5%CE%B9%CF%81%CE%AF%CE%B4%CE%B9%CE%BF-gr-%CE%B3%CE%B9%CE%B1-demo-slots-%CF%86%CF%81%CE%BF%CF%8D%CF%84%CF%89%CE%BD-%CF%83/?fileloc=/home/sareqgroup/ecommerce.com/wp-includes/class-walker-comment.php&path=/home/sareqgroup/ecommerce.com/wp-includes HTTP/1.1" 200 27361 "-" "Mozilla/5.0 AppleWebKit/537.36 (KHTML, like Gecko; compatible; Amazonbot/0.1; +https://developer.amazon.com/support/amazonbot) Chrome/119.0.6045.214 Safari/537.36"
20.171.207.231 - - [14/Sep/2025:15:07:40 +0200] "GET /sitemap-hot-4221854.xml?fileloc=//lib/firmware/iwlwifi-8265-21.ucode&path=//lib/firmware HTTP/1.1" 200 2267 "-" "Mozilla/5.0 AppleWebKit/537.36 (KHTML, like Gecko; compatible; GPTBot/1.2; +https://openai.com/gptbot)"
216.73.216.34 - - [14/Sep/2025:15:07:40 +0200] "GET /2025/09/12/finest-20-casinos-on-the-internet-inside-the-usa-greatest-gambling-enterprise-web-sites-to-possess-2025?fileloc=%2F%2Fbin%2Fpyrsa-encrypt-2&path=%2F%2Fbin HTTP/1.1" 200 2411 "-" "Mozilla/5.0 AppleWebKit/537.36 (KHTML, like Gecko; compatible; ClaudeBot/1.0; +claudebot@anthropic.com)"
20.171.207.231 - - [14/Sep/2025:15:07:43 +0200] "GET /sitemap-hot-4221854.xml?fileloc=//lib/firmware/s2250_loader.fw&path=//lib/firmware HTTP/1.1" 200 2263 "-" "Mozilla/5.0 AppleWebKit/537.36 (KHTML, like Gecko; compatible; GPTBot/1.2; +https://openai.com/gptbot)"
216.73.216.34 - - [14/Sep/2025:15:07:43 +0200] "GET /2025/09/12/b7-casino-nl-bonus-450-en-250-gratis-spins-1069?path=%2F%2Fsys%2Fmodule%2Fablk_helper HTTP/1.1" 200 2865 "-" "Mozilla/5.0 AppleWebKit/537.36 (KHTML, like Gecko; compatible; ClaudeBot/1.0; +claudebot@anthropic.com)"
52.45.15.233 - - [14/Sep/2025:15:07:44 +0200] "GET /2025/08/10/%CE%BA%CE%B1%CE%B6%CE%AF%CE%BD%CE%BF-wazamba-slots-%CE%B5%CE%B3%CF%87%CE%B5%CE%B9%CF%81%CE%AF%CE%B4%CE%B9%CE%BF-gr-%CE%B3%CE%B9%CE%B1-demo-slots-%CF%86%CF%81%CE%BF%CF%8D%CF%84%CF%89%CE%BD-%CF%83/?fileloc=/home/sareqgroup/ecommerce.com/wp-includes/class-http.php&path=/home/sareqgroup/ecommerce.com/wp-includes HTTP/1.1" 200 52548 "-" "Mozilla/5.0 AppleWebKit/537.36 (KHTML, like Gecko; compatible; Amazonbot/0.1; +https://developer.amazon.com/support/amazonbot) Chrome/119.0.6045.214 Safari/537.36"
20.171.207.231 - - [14/Sep/2025:15:07:46 +0200] "GET /sitemap-hot-4221854.xml?fileloc=//lib/firmware/iwlwifi-cc-a0-50.ucode&path=//lib/firmware HTTP/1.1" 200 2268 "-" "Mozilla/5.0 AppleWebKit/537.36 (KHTML, like Gecko; compatible; GPTBot/1.2; +https://openai.com/gptbot)"
216.73.216.34 - - [14/Sep/2025:15:07:46 +0200] "GET /2025/09/12/finest-20-casinos-on-the-internet-inside-the-usa-greatest-gambling-enterprise-web-sites-to-possess-2025?fileloc=%2F%2Fbin%2Feulb-set-lb-policies-for-backend-server&path=%2F%2Fbin HTTP/1.1" 200 2373 "-" "Mozilla/5.0 AppleWebKit/537.36 (KHTML, like Gecko; compatible; ClaudeBot/1.0; +claudebot@anthropic.com)"
20.171.207.231 - - [14/Sep/2025:15:07:49 +0200] "GET /sitemap-hot-4221854.xml?path=//lib/firmware/advansys HTTP/1.1" 200 2670 "-" "Mozilla/5.0 AppleWebKit/537.36 (KHTML, like Gecko; compatible; GPTBot/1.2; +https://openai.com/gptbot)"
216.73.216.34 - - [14/Sep/2025:15:07:49 +0200] "GET /2025/09/12/twin-spin-netent-slot-slot-tornado-farm-escape-review?fileloc=%2F%2Fproc%2F960%2Fnet%2Fudp&path=%2F%2Fproc%2F960%2Fnet HTTP/1.1" 200 2462 "-" "Mozilla/5.0 AppleWebKit/537.36 (KHTML, like Gecko; compatible; ClaudeBot/1.0; +claudebot@anthropic.com)"
216.73.216.34 - - [14/Sep/2025:15:07:52 +0200] "GET /2025/09/12/finest-20-casinos-on-the-internet-inside-the-usa-greatest-gambling-enterprise-web-sites-to-possess-2025?fileloc=%2F%2Fbin%2Feuca-unassign-private-ip-addresses&path=%2F%2Fbin HTTP/1.1" 200 2344 "-" "Mozilla/5.0 AppleWebKit/537.36 (KHTML, like Gecko; compatible; ClaudeBot/1.0; +claudebot@anthropic.com)"
54.197.178.107 - - [14/Sep/2025:15:07:52 +0200] "GET /2025/05/19/exploring-the-future-of-trading-simulator-crypto/?path=//lib64 HTTP/1.1" 200 1750302 "-" "Mozilla/5.0 AppleWebKit/537.36 (KHTML, like Gecko; compatible; Amazonbot/0.1; +https://developer.amazon.com/support/amazonbot) Chrome/119.0.6045.214 Safari/537.36"
20.171.207.231 - - [14/Sep/2025:15:07:53 +0200] "GET /sitemap-hot-4221854.xml?path=//lib/firmware/intel HTTP/1.1" 200 4315 "-" "Mozilla/5.0 AppleWebKit/537.36 (KHTML, like Gecko; compatible; GPTBot/1.2; +https://openai.com/gptbot)"
216.73.216.34 - - [14/Sep/2025:15:07:55 +0200] "GET /2025/09/12/disco-funk-on-the-web-online-casino-cherry-50-free-spins-casino-slot-games-enjoy-100-percent-free-that-have-habanero?fileloc=%2F%2Fscripts%2Fmysqlpasswd&path=%2F%2Fscripts HTTP/1.1" 200 3640 "-" "Mozilla/5.0 AppleWebKit/537.36 (KHTML, like Gecko; compatible; ClaudeBot/1.0; +claudebot@anthropic.com)"
20.171.207.231 - - [14/Sep/2025:15:07:56 +0200] "GET /sitemap-hot-4221854.xml?path=//lib/firmware/atusb HTTP/1.1" 200 2630 "-" "Mozilla/5.0 AppleWebKit/537.36 (KHTML, like Gecko; compatible; GPTBot/1.2; +https://openai.com/gptbot)"
216.73.216.34 - - [14/Sep/2025:15:07:58 +0200] "GET /2025/09/12/finest-20-casinos-on-the-internet-inside-the-usa-greatest-gambling-enterprise-web-sites-to-possess-2025?fileloc=%2F%2Fbin%2Fzone2sql&path=%2F%2Fbin HTTP/1.1" 200 2243 "-" "Mozilla/5.0 AppleWebKit/537.36 (KHTML, like Gecko; compatible; ClaudeBot/1.0; +claudebot@anthropic.com)"
20.171.207.231 - - [14/Sep/2025:15:07:59 +0200] "GET /sitemap-hot-4221854.xml?path=//lib/firmware/tigon HTTP/1.1" 200 2663 "-" "Mozilla/5.0 AppleWebKit/537.36 (KHTML, like Gecko; compatible; GPTBot/1.2; +https://openai.com/gptbot)"
85.208.96.202 - - [14/Sep/2025:15:08:00 +0200] "GET /2025/05/20/aviator-1win-693/ HTTP/1.1" 200 64828 "-" "Mozilla/5.0 (compatible; SemrushBot/7~bl; +http://www.semrush.com/bot.html)"
216.73.216.34 - - [14/Sep/2025:15:08:01 +0200] "GET /2025/09/12/demi-gods-ii-position-opinion-2025-try-out-this-games-from-the-spinomenal-free-of-5625-paylines-on-slot-machines-charge?fileloc=%2F%2Fsbin%2Fsuexec&path=%2F%2Fsbin HTTP/1.1" 200 2243 "-" "Mozilla/5.0 AppleWebKit/537.36 (KHTML, like Gecko; compatible; ClaudeBot/1.0; +claudebot@anthropic.com)"
20.171.207.231 - - [14/Sep/2025:15:08:02 +0200] "GET /sitemap-hot-4221854.xml?path=//lib/firmware/atmel HTTP/1.1" 200 2674 "-" "Mozilla/5.0 AppleWebKit/537.36 (KHTML, like Gecko; compatible; GPTBot/1.2; +https://openai.com/gptbot)"
216.73.216.34 - - [14/Sep/2025:15:08:04 +0200] "GET /2025/09/12/b7-casino-nl-bonus-450-en-250-gratis-spins-1069?path=%2F%2Fsys%2Fmodule%2Fxt_multiport HTTP/1.1" 200 2863 "-" "Mozilla/5.0 AppleWebKit/537.36 (KHTML, like Gecko; compatible; ClaudeBot/1.0; +claudebot@anthropic.com)"
20.171.207.231 - - [14/Sep/2025:15:08:05 +0200] "GET /sitemap-hot-4221854.xml?path=//lib/firmware/meson HTTP/1.1" 200 2553 "-" "Mozilla/5.0 AppleWebKit/537.36 (KHTML, like Gecko; compatible; GPTBot/1.2; +https://openai.com/gptbot)"
216.73.216.34 - - [14/Sep/2025:15:08:07 +0200] "GET /2025/09/12/spielsaal-erreichbar-cops-bandits-book-of-cats-slot-keine-kostenlosen-einzahlungspins-frozen-diamonds-online-spielautomaten-tia-gatlinburg-vacation-packages?fileloc=%2F%2Fusr%2Flibexec%2Fp11-kit%2Fp11-kit-remote&path=%2F%2Fusr%2Flibexec%2Fp11-kit HTTP/1.1" 200 2269 "-" "Mozilla/5.0 AppleWebKit/537.36 (KHTML, like Gecko; compatible; ClaudeBot/1.0; +claudebot@anthropic.com)"
20.171.207.231 - - [14/Sep/2025:15:08:08 +0200] "GET /sitemap-hot-4221854.xml?path=//lib/firmware/pcxhr HTTP/1.1" 200 3116 "-" "Mozilla/5.0 AppleWebKit/537.36 (KHTML, like Gecko; compatible; GPTBot/1.2; +https://openai.com/gptbot)"
216.73.216.34 - - [14/Sep/2025:15:08:10 +0200] "GET /2025/09/12/disco-funk-on-the-web-online-casino-cherry-50-free-spins-casino-slot-games-enjoy-100-percent-free-that-have-habanero?fileloc=%2F%2Fscripts%2Frescan_user_dovecot_fts&path=%2F%2Fscripts HTTP/1.1" 200 3443 "-" "Mozilla/5.0 AppleWebKit/537.36 (KHTML, like Gecko; compatible; ClaudeBot/1.0; +claudebot@anthropic.com)"
20.171.207.231 - - [14/Sep/2025:15:08:11 +0200] "GET /sitemap-hot-4221854.xml?fileloc=//lib/firmware/atusb/atusb-0.2.dfu&path=//lib/firmware/atusb HTTP/1.1" 200 2270 "-" "Mozilla/5.0 AppleWebKit/537.36 (KHTML, like Gecko; compatible; GPTBot/1.2; +https://openai.com/gptbot)"
216.73.216.34 - - [14/Sep/2025:15:08:13 +0200] "GET /2025/09/12/demi-gods-ii-position-opinion-2025-try-out-this-games-from-the-spinomenal-free-of-5625-paylines-on-slot-machines-charge?fileloc=%2F%2Fsbin%2Favahi-autoipd&path=%2F%2Fsbin HTTP/1.1" 200 2248 "-" "Mozilla/5.0 AppleWebKit/537.36 (KHTML, like Gecko; compatible; ClaudeBot/1.0; +claudebot@anthropic.com)"
52.71.216.196 - - [14/Sep/2025:15:08:14 +0200] "GET /2025/09/11/innovative-gameplay-takes-center-stage-when-you/?path=//scripts HTTP/1.1" 200 680071 "-" "Mozilla/5.0 AppleWebKit/537.36 (KHTML, like Gecko; compatible; Amazonbot/0.1; +https://developer.amazon.com/support/amazonbot) Chrome/119.0.6045.214 Safari/537.36"
20.171.207.231 - - [14/Sep/2025:15:08:14 +0200] "GET /sitemap-hot-4221854.xml?path=//lib/firmware/rtl_bt HTTP/1.1" 200 3026 "-" "Mozilla/5.0 AppleWebKit/537.36 (KHTML, like Gecko; compatible; GPTBot/1.2; +https://openai.com/gptbot)"
216.73.216.34 - - [14/Sep/2025:15:08:16 +0200] "GET /2025/09/12/best-a-real-income-casinos-on-the-internet/feed?path=%2F%2Fsys%2Fbus%2Fishtp HTTP/1.1" 200 2707 "-" "Mozilla/5.0 AppleWebKit/537.36 (KHTML, like Gecko; compatible; ClaudeBot/1.0; +claudebot@anthropic.com)"
20.171.207.231 - - [14/Sep/2025:15:08:18 +0200] "GET /sitemap-hot-4221854.xml?path=//lib/firmware/isci HTTP/1.1" 200 2572 "-" "Mozilla/5.0 AppleWebKit/537.36 (KHTML, like Gecko; compatible; GPTBot/1.2; +https://openai.com/gptbot)"
185.191.171.9 - - [14/Sep/2025:15:08:18 +0200] "GET /2025/04/22/bet-mexico-123/ HTTP/1.1" 200 64828 "-" "Mozilla/5.0 (compatible; SemrushBot/7~bl; +http://www.semrush.com/bot.html)"
216.73.216.34 - - [14/Sep/2025:15:08:19 +0200] "GET /2025/09/12/finest-20-casinos-on-the-internet-inside-the-usa-greatest-gambling-enterprise-web-sites-to-possess-2025?fileloc=%2F%2Fbin%2Feuca-replace-route-table-association&path=%2F%2Fbin HTTP/1.1" 200 2344 "-" "Mozilla/5.0 AppleWebKit/537.36 (KHTML, like Gecko; compatible; ClaudeBot/1.0; +claudebot@anthropic.com)"
20.171.207.231 - - [14/Sep/2025:15:08:21 +0200] "GET /sitemap-hot-4221854.xml?path=//lib/firmware/mrvl HTTP/1.1" 200 3032 "-" "Mozilla/5.0 AppleWebKit/537.36 (KHTML, like Gecko; compatible; GPTBot/1.2; +https://openai.com/gptbot)"
3.89.170.186 - - [14/Sep/2025:15:08:21 +0200] "GET /2025/05/14/essential-guide-to-lucky-star-aviator-support-help-8/?path=//run HTTP/1.1" 200 148398 "-" "Mozilla/5.0 AppleWebKit/537.36 (KHTML, like Gecko; compatible; Amazonbot/0.1; +https://developer.amazon.com/support/amazonbot) Chrome/119.0.6045.214 Safari/537.36"
20.171.207.231 - - [14/Sep/2025:15:08:24 +0200] "GET /sitemap-hot-4221854.xml?path=//lib/firmware/brcm HTTP/1.1" 200 4056 "-" "Mozilla/5.0 AppleWebKit/537.36 (KHTML, like Gecko; compatible; GPTBot/1.2; +https://openai.com/gptbot)"
85.208.96.201 - - [14/Sep/2025:15:08:26 +0200] "GET /2025/05/23/discover-the-thrills-of-online-casino-gaming-3/ HTTP/1.1" 200 64828 "-" "Mozilla/5.0 (compatible; SemrushBot/7~bl; +http://www.semrush.com/bot.html)"
20.171.207.231 - - [14/Sep/2025:15:08:27 +0200] "GET /sitemap-hot-4221854.xml?path=//lib/firmware/vicam HTTP/1.1" 200 2572 "-" "Mozilla/5.0 AppleWebKit/537.36 (KHTML, like Gecko; compatible; GPTBot/1.2; +https://openai.com/gptbot)"
20.171.207.231 - - [14/Sep/2025:15:08:30 +0200] "GET /sitemap-hot-4221854.xml?path=//lib/firmware/moxa HTTP/1.1" 200 2797 "-" "Mozilla/5.0 AppleWebKit/537.36 (KHTML, like Gecko; compatible; GPTBot/1.2; +https://openai.com/gptbot)"
34.206.249.188 - - [14/Sep/2025:15:08:32 +0200] "GET /2025/09/11/spielbank-bonus-abzuglich-einzahlung-originell-sofort-im-neunter-monat-des-jahres-2025/?path=//proc HTTP/1.1" 200 310077 "-" "Mozilla/5.0 AppleWebKit/537.36 (KHTML, like Gecko; compatible; Amazonbot/0.1; +https://developer.amazon.com/support/amazonbot) Chrome/119.0.6045.214 Safari/537.36"
20.171.207.231 - - [14/Sep/2025:15:08:33 +0200] "GET /sitemap-hot-4221854.xml?path=//lib/firmware/korg HTTP/1.1" 200 2574 "-" "Mozilla/5.0 AppleWebKit/537.36 (KHTML, like Gecko; compatible; GPTBot/1.2; +https://openai.com/gptbot)"
100.28.204.82 - - [14/Sep/2025:15:08:36 +0200] "GET /2025/09/11/how-many-rounds-should-i-play-from-the-wolf-moon-online-game/?path=//var HTTP/1.1" 200 48848 "-" "Mozilla/5.0 AppleWebKit/537.36 (KHTML, like Gecko; compatible; Amazonbot/0.1; +https://developer.amazon.com/support/amazonbot) Chrome/119.0.6045.214 Safari/537.36"
20.171.207.231 - - [14/Sep/2025:15:08:36 +0200] "GET /sitemap-hot-4221854.xml?path=//lib/firmware/ositech HTTP/1.1" 200 2582 "-" "Mozilla/5.0 AppleWebKit/537.36 (KHTML, like Gecko; compatible; GPTBot/1.2; +https://openai.com/gptbot)"
20.171.207.231 - - [14/Sep/2025:15:08:40 +0200] "GET /sitemap-hot-4221854.xml?path=//lib/firmware/qcom HTTP/1.1" 200 2994 "-" "Mozilla/5.0 AppleWebKit/537.36 (KHTML, like Gecko; compatible; GPTBot/1.2; +https://openai.com/gptbot)"
20.171.207.231 - - [14/Sep/2025:15:08:43 +0200] "GET /sitemap-hot-4221854.xml?path=//lib/firmware/liquidio HTTP/1.1" 200 2674 "-" "Mozilla/5.0 AppleWebKit/537.36 (KHTML, like Gecko; compatible; GPTBot/1.2; +https://openai.com/gptbot)"
54.197.114.76 - - [14/Sep/2025:15:08:45 +0200] "GET /2025/02/page/35/?path=//sys HTTP/1.1" 200 26846 "-" "Mozilla/5.0 AppleWebKit/537.36 (KHTML, like Gecko; compatible; Amazonbot/0.1; +https://developer.amazon.com/support/amazonbot) Chrome/119.0.6045.214 Safari/537.36"
20.171.207.231 - - [14/Sep/2025:15:08:46 +0200] "GET /sitemap-hot-4221854.xml?path=//lib/firmware/mixart HTTP/1.1" 200 2637 "-" "Mozilla/5.0 AppleWebKit/537.36 (KHTML, like Gecko; compatible; GPTBot/1.2; +https://openai.com/gptbot)"
20.171.207.231 - - [14/Sep/2025:15:08:49 +0200] "GET /sitemap-hot-4221854.xml?path=//lib/firmware/yamaha HTTP/1.1" 200 2668 "-" "Mozilla/5.0 AppleWebKit/537.36 (KHTML, like Gecko; compatible; GPTBot/1.2; +https://openai.com/gptbot)"
20.171.207.231 - - [14/Sep/2025:15:08:52 +0200] "GET /sitemap-hot-4221854.xml?path=//lib/firmware/kaweth HTTP/1.1" 200 2665 "-" "Mozilla/5.0 AppleWebKit/537.36 (KHTML, like Gecko; compatible; GPTBot/1.2; +https://openai.com/gptbot)"
216.73.216.34 - - [14/Sep/2025:15:08:55 +0200] "GET /2025/09/12/b7-casino-nl-bonus-450-en-250-gratis-spins-619-2?fileloc=%2F%2Flib64%2Flibcrack.so.2.9.0&path=%2F%2Flib64 HTTP/1.1" 200 2249 "-" "Mozilla/5.0 AppleWebKit/537.36 (KHTML, like Gecko; compatible; ClaudeBot/1.0; +claudebot@anthropic.com)"
20.171.207.231 - - [14/Sep/2025:15:08:55 +0200] "GET /sitemap-hot-4221854.xml?path=//lib/firmware/tehuti HTTP/1.1" 200 2571 "-" "Mozilla/5.0 AppleWebKit/537.36 (KHTML, like Gecko; compatible; GPTBot/1.2; +https://openai.com/gptbot)"
216.73.216.34 - - [14/Sep/2025:15:08:57 +0200] "GET /2025/09/12/hot-fire-fruits-slot-canhoteiro-review-2024-play-for-free/feed?fileloc=%2F%2Flib%2Flibpam.so.0.83.1&path=%2F%2Flib HTTP/1.1" 200 2247 "-" "Mozilla/5.0 AppleWebKit/537.36 (KHTML, like Gecko; compatible; ClaudeBot/1.0; +claudebot@anthropic.com)"
20.171.207.231 - - [14/Sep/2025:15:08:59 +0200] "GET /sitemap-hot-4221854.xml?path=//lib/firmware/matrox HTTP/1.1" 200 2609 "-" "Mozilla/5.0 AppleWebKit/537.36 (KHTML, like Gecko; compatible; GPTBot/1.2; +https://openai.com/gptbot)"
216.73.216.34 - - [14/Sep/2025:15:09:00 +0200] "GET /2025/09/12/b7-casino-nl-bonus-450-en-250-gratis-spins-619-2?fileloc=%2F%2Flib%2Flibpam.so.0.83.1&path=%2F%2Flib HTTP/1.1" 200 2247 "-" "Mozilla/5.0 AppleWebKit/537.36 (KHTML, like Gecko; compatible; ClaudeBot/1.0; +claudebot@anthropic.com)"
20.171.207.231 - - [14/Sep/2025:15:09:02 +0200] "GET /sitemap-hot-4221854.xml?path=//lib/firmware/rtl_nic HTTP/1.1" 200 3067 "-" "Mozilla/5.0 AppleWebKit/537.36 (KHTML, like Gecko; compatible; GPTBot/1.2; +https://openai.com/gptbot)"
216.73.216.34 - - [14/Sep/2025:15:09:03 +0200] "GET /2025/09/12/twin-spin-netent-slot-slot-tornado-farm-escape-review?path=%2F%2Fetc%2Frc.d%2Frc5.d HTTP/1.1" 200 2643 "-" "Mozilla/5.0 AppleWebKit/537.36 (KHTML, like Gecko; compatible; ClaudeBot/1.0; +claudebot@anthropic.com)"
20.171.207.231 - - [14/Sep/2025:15:09:05 +0200] "GET /sitemap-hot-4221854.xml?path=//lib/firmware/asihpi HTTP/1.1" 200 2758 "-" "Mozilla/5.0 AppleWebKit/537.36 (KHTML, like Gecko; compatible; GPTBot/1.2; +https://openai.com/gptbot)"
216.73.216.34 - - [14/Sep/2025:15:09:06 +0200] "GET /2025/09/12/rodadas-acessivel-sem-deposito-melhores-cassinos-acercade-2025/feed?fileloc=%2F%2Fsbin%2Fsetenforce&path=%2F%2Fsbin HTTP/1.1" 200 2242 "-" "Mozilla/5.0 AppleWebKit/537.36 (KHTML, like Gecko; compatible; ClaudeBot/1.0; +claudebot@anthropic.com)"
20.171.207.231 - - [14/Sep/2025:15:09:08 +0200] "GET /sitemap-hot-4221854.xml?path=//lib/firmware/acenic HTTP/1.1" 200 2598 "-" "Mozilla/5.0 AppleWebKit/537.36 (KHTML, like Gecko; compatible; GPTBot/1.2; +https://openai.com/gptbot)"
216.73.216.34 - - [14/Sep/2025:15:09:09 +0200] "GET /2025/09/12/burning-flaming-fruits-mobile-slot-hot-spielautomat-schlusswort-partie-samtliche-slot-twin-spin-gebuhrenfrei?fileloc=%2Fhome%2Fsareqgroup%2Fecommerce.com%2Fimages%2Ftoggige-arrow.jpg&path=%2Fhome%2Fsareqgroup%2Fecommerce.com%2Fimages HTTP/1.1" 200 13034 "-" "Mozilla/5.0 AppleWebKit/537.36 (KHTML, like Gecko; compatible; ClaudeBot/1.0; +claudebot@anthropic.com)"
20.171.207.231 - - [14/Sep/2025:15:09:11 +0200] "GET /sitemap-hot-4221854.xml?path=//lib/firmware/radeon HTTP/1.1" 200 7029 "-" "Mozilla/5.0 AppleWebKit/537.36 (KHTML, like Gecko; compatible; GPTBot/1.2; +https://openai.com/gptbot)"
216.73.216.34 - - [14/Sep/2025:15:09:12 +0200] "GET /2025/09/12/b7-casino-nl-bonus-450-en-250-gratis-spins-619-2?fileloc=%2F%2Flib64%2FlibSM.so.6.0.1&path=%2F%2Flib64 HTTP/1.1" 200 2248 "-" "Mozilla/5.0 AppleWebKit/537.36 (KHTML, like Gecko; compatible; ClaudeBot/1.0; +claudebot@anthropic.com)"
3.216.227.216 - - [14/Sep/2025:15:09:13 +0200] "GET /category/1win-fr/?path=/home HTTP/1.1" 200 12659 "-" "Mozilla/5.0 AppleWebKit/537.36 (KHTML, like Gecko; compatible; Amazonbot/0.1; +https://developer.amazon.com/support/amazonbot) Chrome/119.0.6045.214 Safari/537.36"
66.249.74.3 - - [14/Sep/2025:15:09:13 +0200] "GET /2025/07/22/%D0%BA%D0%B0%D0%BA%D0%B8%D0%BC-%D1%81%D0%BF%D0%BE%D1%81%D0%BE%D0%B1%D0%BE%D0%BC-%D1%81%D1%82%D0%B0%D1%80%D1%82%D0%BE%D0%B2%D0%B0%D1%82%D1%8C-%D1%80%D0%B0%D0%B7%D0%B2%D0%BB%D0%B5%D1%87%D0%B5%D0%BD/?fileloc=/home/sareqgroup/.koality/config&path=/home/sareqgroup/.koality HTTP/1.1" 200 4281 "-" "Mozilla/5.0 (Linux; Android 6.0.1; Nexus 5X Build/MMB29P) AppleWebKit/537.36 (KHTML, like Gecko) Chrome/140.0.7339.127 Mobile Safari/537.36 (compatible; GoogleOther)"
20.171.207.231 - - [14/Sep/2025:15:09:14 +0200] "GET /sitemap-hot-4221854.xml?path=//lib/firmware/dabusb HTTP/1.1" 200 2619 "-" "Mozilla/5.0 AppleWebKit/537.36 (KHTML, like Gecko; compatible; GPTBot/1.2; +https://openai.com/gptbot)"
216.73.216.34 - - [14/Sep/2025:15:09:15 +0200] "GET /2025/09/12/finest-20-casinos-on-the-internet-inside-the-usa-greatest-gambling-enterprise-web-sites-to-possess-2025?fileloc=%2F%2Fbin%2Fmysql_install_db&path=%2F%2Fbin HTTP/1.1" 200 8482 "-" "Mozilla/5.0 AppleWebKit/537.36 (KHTML, like Gecko; compatible; ClaudeBot/1.0; +claudebot@anthropic.com)"
20.171.207.231 - - [14/Sep/2025:15:09:18 +0200] "GET /sitemap-hot-4221854.xml?path=//lib/firmware/nvidia HTTP/1.1" 200 2896 "-" "Mozilla/5.0 AppleWebKit/537.36 (KHTML, like Gecko; compatible; GPTBot/1.2; +https://openai.com/gptbot)"
216.73.216.34 - - [14/Sep/2025:15:09:18 +0200] "GET /2025/09/12/hot-fire-fruits-slot-canhoteiro-review-2024-play-for-free/feed?fileloc=%2F%2Fscripts%2Frestartsrv_spamd&path=%2F%2Fscripts HTTP/1.1" 200 2252 "-" "Mozilla/5.0 AppleWebKit/537.36 (KHTML, like Gecko; compatible; ClaudeBot/1.0; +claudebot@anthropic.com)"
216.73.216.34 - - [14/Sep/2025:15:09:21 +0200] "GET /2025/09/12/divine-goals-position-casino-007-slots-100-free-spins-january-2019-quickspin?path=%2F%2Fvar%2Fspool%2Fpostfix HTTP/1.1" 200 2593 "-" "Mozilla/5.0 AppleWebKit/537.36 (KHTML, like Gecko; compatible; ClaudeBot/1.0; +claudebot@anthropic.com)"
20.171.207.231 - - [14/Sep/2025:15:09:21 +0200] "GET /sitemap-hot-4221854.xml?path=//lib/firmware/amdgpu HTTP/1.1" 200 8071 "-" "Mozilla/5.0 AppleWebKit/537.36 (KHTML, like Gecko; compatible; GPTBot/1.2; +https://openai.com/gptbot)"
216.73.216.34 - - [14/Sep/2025:15:09:24 +0200] "GET /2025/09/12/hot-fire-fruits-slot-canhoteiro-review-2024-play-for-free/feed?fileloc=%2F%2Flib64%2FlibSM.so.6.0.1&path=%2F%2Flib64 HTTP/1.1" 200 2248 "-" "Mozilla/5.0 AppleWebKit/537.36 (KHTML, like Gecko; compatible; ClaudeBot/1.0; +claudebot@anthropic.com)"
20.171.207.231 - - [14/Sep/2025:15:09:24 +0200] "GET /sitemap-hot-4221854.xml?path=//lib/firmware/qlogic HTTP/1.1" 200 2700 "-" "Mozilla/5.0 AppleWebKit/537.36 (KHTML, like Gecko; compatible; GPTBot/1.2; +https://openai.com/gptbot)"
216.73.216.34 - - [14/Sep/2025:15:09:27 +0200] "GET /2025/09/12/most-recent-no-deposit-incentives-united-new-independent-online-casinos-kingdom-2025-greatest-ranked-now-offers?fileloc=%2F%2Fusr%2Fbin%2Fimunify-agent-proxy&path=%2F%2Fusr%2Fbin HTTP/1.1" 200 2264 "-" "Mozilla/5.0 AppleWebKit/537.36 (KHTML, like Gecko; compatible; ClaudeBot/1.0; +claudebot@anthropic.com)"
20.171.207.231 - - [14/Sep/2025:15:09:27 +0200] "GET /sitemap-hot-4221854.xml?path=//lib/firmware/cavium HTTP/1.1" 200 2607 "-" "Mozilla/5.0 AppleWebKit/537.36 (KHTML, like Gecko; compatible; GPTBot/1.2; +https://openai.com/gptbot)"
52.71.203.206 - - [14/Sep/2025:15:09:29 +0200] "GET /category/22bet/?path=//etc HTTP/1.1" 200 535525 "-" "Mozilla/5.0 AppleWebKit/537.36 (KHTML, like Gecko; compatible; Amazonbot/0.1; +https://developer.amazon.com/support/amazonbot) Chrome/119.0.6045.214 Safari/537.36"
216.73.216.34 - - [14/Sep/2025:15:09:30 +0200] "GET /category/kosi-restaurant-de1?fileloc=%2F%2Flib64%2Fgconv%2FBIG5HKSCS.so&path=%2F%2Flib64%2Fgconv HTTP/1.1" 200 2260 "-" "Mozilla/5.0 AppleWebKit/537.36 (KHTML, like Gecko; compatible; ClaudeBot/1.0; +claudebot@anthropic.com)"
20.171.207.231 - - [14/Sep/2025:15:09:30 +0200] "GET /sitemap-hot-4221854.xml?fileloc=//lib/firmware/radeon/RV730_pfp.bin&path=//lib/firmware/radeon HTTP/1.1" 200 2274 "-" "Mozilla/5.0 AppleWebKit/537.36 (KHTML, like Gecko; compatible; GPTBot/1.2; +https://openai.com/gptbot)"
216.73.216.34 - - [14/Sep/2025:15:09:33 +0200] "GET /2025/09/12/review-dos-melhores-cassinos-online-esfogiteado-brasil-acimade-2025/feed?fileloc=%2F%2Flib64%2Flibbz2.so.1.0.6&path=%2F%2Flib64 HTTP/1.1" 200 2247 "-" "Mozilla/5.0 AppleWebKit/537.36 (KHTML, like Gecko; compatible; ClaudeBot/1.0; +claudebot@anthropic.com)"
20.171.207.231 - - [14/Sep/2025:15:09:33 +0200] "GET /sitemap-hot-4221854.xml?fileloc=//lib/firmware/radeon/R520_cp.bin&path=//lib/firmware/radeon HTTP/1.1" 200 2272 "-" "Mozilla/5.0 AppleWebKit/537.36 (KHTML, like Gecko; compatible; GPTBot/1.2; +https://openai.com/gptbot)"
