20.171.207.231 - - [14/Sep/2025:14:09:06 +0200] "GET /sitemap-hot-4227854.xml?fileloc=//sys/devices/virtual/net/lo/flags&path=//sys/devices/virtual/net/lo HTTP/1.1" 200 2280 "-" "Mozilla/5.0 AppleWebKit/537.36 (KHTML, like Gecko; compatible; GPTBot/1.2; +https://openai.com/gptbot)"
216.73.216.34 - - [14/Sep/2025:14:09:08 +0200] "GET /2025/09/12/most-recent-no-deposit-incentives-united-new-independent-online-casinos-kingdom-2025-greatest-ranked-now-offers?fileloc=%2F%2Fproc%2F262%2Fmountinfo&path=%2F%2Fproc%2F262 HTTP/1.1" 200 3093 "-" "Mozilla/5.0 AppleWebKit/537.36 (KHTML, like Gecko; compatible; ClaudeBot/1.0; +claudebot@anthropic.com)"
20.171.207.231 - - [14/Sep/2025:14:09:09 +0200] "GET /sitemap-hot-4237854.xml?fileloc=//sys/devices/virtual/net/lo/speed&path=//sys/devices/virtual/net/lo HTTP/1.1" 200 2276 "-" "Mozilla/5.0 AppleWebKit/537.36 (KHTML, like Gecko; compatible; GPTBot/1.2; +https://openai.com/gptbot)"
98.82.66.172 - - [14/Sep/2025:14:09:09 +0200] "GET /2025/05/26/eth-gas-fee-calculator-351/?path=//lib HTTP/1.1" 200 234328 "-" "Mozilla/5.0 AppleWebKit/537.36 (KHTML, like Gecko; compatible; Amazonbot/0.1; +https://developer.amazon.com/support/amazonbot) Chrome/119.0.6045.214 Safari/537.36"
216.73.216.34 - - [14/Sep/2025:14:09:11 +0200] "GET /2025/09/12/bananas-go-bahamas-gebuhrenfrei-tasty-win-mobile-slot-ohne-registration-auf-anhieb-highway-kings-pro-slot-casino-sites-gerieren/feed?fileloc=%2F%2Fbin%2Feuare-accountdel&path=%2F%2Fbin HTTP/1.1" 200 2329 "-" "Mozilla/5.0 AppleWebKit/537.36 (KHTML, like Gecko; compatible; ClaudeBot/1.0; +claudebot@anthropic.com)"
20.171.207.231 - - [14/Sep/2025:14:09:12 +0200] "GET /sitemap-hot-4223854.xml?fileloc=//sys/devices/virtual/net/lo/uevent&path=//sys/devices/virtual/net/lo HTTP/1.1" 200 2302 "-" "Mozilla/5.0 AppleWebKit/537.36 (KHTML, like Gecko; compatible; GPTBot/1.2; +https://openai.com/gptbot)"
52.3.155.146 - - [14/Sep/2025:14:09:13 +0200] "GET /2025/09/11/best-5-cellular-gambling-enterprises-2025-better-real-cash-betting-software/?path=//var HTTP/1.1" 200 48848 "-" "Mozilla/5.0 AppleWebKit/537.36 (KHTML, like Gecko; compatible; Amazonbot/0.1; +https://developer.amazon.com/support/amazonbot) Chrome/119.0.6045.214 Safari/537.36"
216.73.216.34 - - [14/Sep/2025:14:09:14 +0200] "GET /2025/09/12/100-casino-oceanbets-100-free-spins-percent-free-casino-games-online-slots-kingdom-town-internet-casino/feed?fileloc=%2F%2Fbin%2Feuare-oidcproviderlist&path=%2F%2Fbin HTTP/1.1" 200 2346 "-" "Mozilla/5.0 AppleWebKit/537.36 (KHTML, like Gecko; compatible; ClaudeBot/1.0; +claudebot@anthropic.com)"
20.171.207.231 - - [14/Sep/2025:14:09:16 +0200] "GET /sitemap-hot-4223854.xml?fileloc=//sys/devices/virtual/net/lo/carrier&path=//sys/devices/virtual/net/lo HTTP/1.1" 200 2279 "-" "Mozilla/5.0 AppleWebKit/537.36 (KHTML, like Gecko; compatible; GPTBot/1.2; +https://openai.com/gptbot)"
207.46.13.78 - - [14/Sep/2025:14:09:16 +0200] "GET /2025/05/03/core-objectives-of-mobile-app-testing-for-your/ HTTP/1.1" 200 3666 "-" "Mozilla/5.0 AppleWebKit/537.36 (KHTML, like Gecko; compatible; bingbot/2.0; +http://www.bing.com/bingbot.htm) Chrome/116.0.1938.76 Safari/537.36"
35.153.86.200 - - [14/Sep/2025:14:09:16 +0200] "GET /2025/01/24/10-greatest-chat-rooms-to-speak-with-people-in-2024/?path=//srv HTTP/1.1" 200 12658 "-" "Mozilla/5.0 AppleWebKit/537.36 (KHTML, like Gecko; compatible; Amazonbot/0.1; +https://developer.amazon.com/support/amazonbot) Chrome/119.0.6045.214 Safari/537.36"
216.73.216.34 - - [14/Sep/2025:14:09:17 +0200] "GET /2025/09/12/spielsaal-erreichbar-cops-bandits-book-of-cats-slot-keine-kostenlosen-einzahlungspins-frozen-diamonds-online-spielautomaten-tia-gatlinburg-vacation-packages?fileloc=%2F%2Fproc%2F57%2Fmounts&path=%2F%2Fproc%2F57 HTTP/1.1" 200 2838 "-" "Mozilla/5.0 AppleWebKit/537.36 (KHTML, like Gecko; compatible; ClaudeBot/1.0; +claudebot@anthropic.com)"
20.171.207.231 - - [14/Sep/2025:14:09:19 +0200] "GET /sitemap-hot-4239854.xml?fileloc=//sys/devices/virtual/net/lo/dormant&path=//sys/devices/virtual/net/lo HTTP/1.1" 200 2280 "-" "Mozilla/5.0 AppleWebKit/537.36 (KHTML, like Gecko; compatible; GPTBot/1.2; +https://openai.com/gptbot)"
18.214.238.178 - - [14/Sep/2025:14:09:20 +0200] "GET /2020/09/22/free-nonprofit-accounting-software-wave-financial/?fileloc=//quota.group&path=/ HTTP/1.1" 200 12212 "-" "Mozilla/5.0 AppleWebKit/537.36 (KHTML, like Gecko; compatible; Amazonbot/0.1; +https://developer.amazon.com/support/amazonbot) Chrome/119.0.6045.214 Safari/537.36"
216.73.216.34 - - [14/Sep/2025:14:09:20 +0200] "GET /2025/09/12/best-spielsaal-lucky-days-freie-spins-9-gamesys-casino-spin-palace-kein-einzahlungsbonus-chinese-dragon-online-slot-casinos-watrbar?fileloc=%2F%2Fproc%2F14%2Fautogroup&path=%2F%2Fproc%2F14 HTTP/1.1" 200 2252 "-" "Mozilla/5.0 AppleWebKit/537.36 (KHTML, like Gecko; compatible; ClaudeBot/1.0; +claudebot@anthropic.com)"
20.171.207.231 - - [14/Sep/2025:14:09:22 +0200] "GET /sitemap-hot-4237854.xml?fileloc=//sys/devices/virtual/net/lo/uevent&path=//sys/devices/virtual/net/lo HTTP/1.1" 200 2302 "-" "Mozilla/5.0 AppleWebKit/537.36 (KHTML, like Gecko; compatible; GPTBot/1.2; +https://openai.com/gptbot)"
216.73.216.34 - - [14/Sep/2025:14:09:23 +0200] "GET /2025/09/12/1win-zerkalo-sajta-bukmekerskoj-kontory-1vin-4060?fileloc=%2F%2Fproc%2F27167%2Fsmaps&path=%2F%2Fproc%2F27167 HTTP/1.1" 200 2254 "-" "Mozilla/5.0 AppleWebKit/537.36 (KHTML, like Gecko; compatible; ClaudeBot/1.0; +claudebot@anthropic.com)"
20.171.207.231 - - [14/Sep/2025:14:09:25 +0200] "GET /sitemap-hot-4237854.xml?fileloc=//sys/devices/virtual/net/lo/ifindex&path=//sys/devices/virtual/net/lo HTTP/1.1" 200 2280 "-" "Mozilla/5.0 AppleWebKit/537.36 (KHTML, like Gecko; compatible; GPTBot/1.2; +https://openai.com/gptbot)"
216.73.216.34 - - [14/Sep/2025:14:09:26 +0200] "GET /2025/09/12/slotigo-de-worldmatch-slot-spiele-die-besten-verbunden-slots-and-spielautomaten-gebuhrenfrei?fileloc=%2F%2Fproc%2F27493%2Fnet%2Figmp6&path=%2F%2Fproc%2F27493%2Fnet HTTP/1.1" 200 2319 "-" "Mozilla/5.0 AppleWebKit/537.36 (KHTML, like Gecko; compatible; ClaudeBot/1.0; +claudebot@anthropic.com)"
20.171.207.231 - - [14/Sep/2025:14:09:28 +0200] "GET /sitemap-hot-4227854.xml?fileloc=//sys/devices/virtual/net/lo/mtu&path=//sys/devices/virtual/net/lo HTTP/1.1" 200 2280 "-" "Mozilla/5.0 AppleWebKit/537.36 (KHTML, like Gecko; compatible; GPTBot/1.2; +https://openai.com/gptbot)"
216.73.216.34 - - [14/Sep/2025:14:09:29 +0200] "GET /2025/09/12/slotigo-de-worldmatch-slot-spiele-die-besten-verbunden-slots-and-spielautomaten-gebuhrenfrei?path=%2F%2Fproc%2F1264%2Fnet%2Fstat HTTP/1.1" 200 2660 "-" "Mozilla/5.0 AppleWebKit/537.36 (KHTML, like Gecko; compatible; ClaudeBot/1.0; +claudebot@anthropic.com)"
20.171.207.231 - - [14/Sep/2025:14:09:31 +0200] "GET /sitemap-hot-4223854.xml?fileloc=//sys/devices/virtual/net/lo/flags&path=//sys/devices/virtual/net/lo HTTP/1.1" 200 2280 "-" "Mozilla/5.0 AppleWebKit/537.36 (KHTML, like Gecko; compatible; GPTBot/1.2; +https://openai.com/gptbot)"
216.73.216.34 - - [14/Sep/2025:14:09:32 +0200] "GET /2025/09/12/spielsaal-erreichbar-cops-bandits-book-of-cats-slot-keine-kostenlosen-einzahlungspins-frozen-diamonds-online-spielautomaten-tia-gatlinburg-vacation-packages?fileloc=%2F%2Fproc%2F18%2Fgid_map&path=%2F%2Fproc%2F18 HTTP/1.1" 200 2268 "-" "Mozilla/5.0 AppleWebKit/537.36 (KHTML, like Gecko; compatible; ClaudeBot/1.0; +claudebot@anthropic.com)"
20.171.207.231 - - [14/Sep/2025:14:09:35 +0200] "GET /sitemap-hot-4237854.xml?fileloc=//sys/devices/virtual/net/lo/ifalias&path=//sys/devices/virtual/net/lo HTTP/1.1" 200 2278 "-" "Mozilla/5.0 AppleWebKit/537.36 (KHTML, like Gecko; compatible; GPTBot/1.2; +https://openai.com/gptbot)"
216.73.216.34 - - [14/Sep/2025:14:09:35 +0200] "GET /2025/09/12/1win-zerkalo-sajta-bukmekerskoj-kontory-1vin-4060?fileloc=%2F%2Fbin%2Fslabinfo&path=%2F%2Fbin HTTP/1.1" 200 2242 "-" "Mozilla/5.0 AppleWebKit/537.36 (KHTML, like Gecko; compatible; ClaudeBot/1.0; +claudebot@anthropic.com)"
20.171.207.231 - - [14/Sep/2025:14:09:38 +0200] "GET /sitemap-hot-4231854.xml?fileloc=//sys/devices/virtual/net/lo/dormant&path=//sys/devices/virtual/net/lo HTTP/1.1" 200 2280 "-" "Mozilla/5.0 AppleWebKit/537.36 (KHTML, like Gecko; compatible; GPTBot/1.2; +https://openai.com/gptbot)"
216.73.216.34 - - [14/Sep/2025:14:09:38 +0200] "GET /2025/09/12/bananas-go-bahamas-gebuhrenfrei-tasty-win-mobile-slot-ohne-registration-auf-anhieb-highway-kings-pro-slot-casino-sites-gerieren/feed?fileloc=%2F%2Fbin%2Fxrandr&path=%2F%2Fbin HTTP/1.1" 200 2242 "-" "Mozilla/5.0 AppleWebKit/537.36 (KHTML, like Gecko; compatible; ClaudeBot/1.0; +claudebot@anthropic.com)"
44.210.204.255 - - [14/Sep/2025:14:09:40 +0200] "GET /2025/09/11/book-of-ra-verbunden-uber-echtgeld-break-da-bank-1-kaution-and-kostenlos-spielen/?path=//root HTTP/1.1" 200 12660 "-" "Mozilla/5.0 AppleWebKit/537.36 (KHTML, like Gecko; compatible; Amazonbot/0.1; +https://developer.amazon.com/support/amazonbot) Chrome/119.0.6045.214 Safari/537.36"
20.171.207.231 - - [14/Sep/2025:14:09:41 +0200] "GET /sitemap-hot-4227854.xml?fileloc=//sys/devices/virtual/net/lo/speed&path=//sys/devices/virtual/net/lo HTTP/1.1" 200 2276 "-" "Mozilla/5.0 AppleWebKit/537.36 (KHTML, like Gecko; compatible; GPTBot/1.2; +https://openai.com/gptbot)"
216.73.216.34 - - [14/Sep/2025:14:09:42 +0200] "GET /2025/09/12/bananas-go-bahamas-gebuhrenfrei-tasty-win-mobile-slot-ohne-registration-auf-anhieb-highway-kings-pro-slot-casino-sites-gerieren/feed?fileloc=%2F%2Fbin%2Fwho&path=%2F%2Fbin HTTP/1.1" 200 2240 "-" "Mozilla/5.0 AppleWebKit/537.36 (KHTML, like Gecko; compatible; ClaudeBot/1.0; +claudebot@anthropic.com)"
20.171.207.231 - - [14/Sep/2025:14:09:44 +0200] "GET /sitemap-hot-4227854.xml?fileloc=//sys/devices/virtual/net/lo/iflink&path=//sys/devices/virtual/net/lo HTTP/1.1" 200 2278 "-" "Mozilla/5.0 AppleWebKit/537.36 (KHTML, like Gecko; compatible; GPTBot/1.2; +https://openai.com/gptbot)"
216.73.216.34 - - [14/Sep/2025:14:09:44 +0200] "GET /2025/09/12/bananas-go-bahamas-gebuhrenfrei-tasty-win-mobile-slot-ohne-registration-auf-anhieb-highway-kings-pro-slot-casino-sites-gerieren/feed?fileloc=%2F%2Fproc%2F15229%2Fwchan&path=%2F%2Fproc%2F15229 HTTP/1.1" 200 2261 "-" "Mozilla/5.0 AppleWebKit/537.36 (KHTML, like Gecko; compatible; ClaudeBot/1.0; +claudebot@anthropic.com)"
3.211.181.86 - - [14/Sep/2025:14:09:45 +0200] "GET /2025/08/10/%CE%BA%CE%B1%CE%B6%CE%AF%CE%BD%CE%BF-wazamba-slots-%CE%B5%CE%B3%CF%87%CE%B5%CE%B9%CF%81%CE%AF%CE%B4%CE%B9%CE%BF-gr-%CE%B3%CE%B9%CE%B1-demo-slots-%CF%86%CF%81%CE%BF%CF%8D%CF%84%CF%89%CE%BD-%CF%83/?fileloc=/home/sareqgroup/ecommerce.com/wp-includes/wp-diff.php&path=/home/sareqgroup/ecommerce.com/wp-includes HTTP/1.1" 200 13122 "-" "Mozilla/5.0 AppleWebKit/537.36 (KHTML, like Gecko; compatible; Amazonbot/0.1; +https://developer.amazon.com/support/amazonbot) Chrome/119.0.6045.214 Safari/537.36"
20.171.207.231 - - [14/Sep/2025:14:09:47 +0200] "GET /sitemap-hot-4237854.xml?fileloc=//sys/devices/virtual/net/lo/duplex&path=//sys/devices/virtual/net/lo HTTP/1.1" 200 2278 "-" "Mozilla/5.0 AppleWebKit/537.36 (KHTML, like Gecko; compatible; GPTBot/1.2; +https://openai.com/gptbot)"
216.73.216.34 - - [14/Sep/2025:14:09:47 +0200] "GET /2025/09/12/finest-united-states-online-casinos-2025-internet-casino-cuckoo-casino-game-a-real-income?fileloc=%2F%2Fproc%2F553%2Fpatch_state&path=%2F%2Fproc%2F553 HTTP/1.1" 200 2257 "-" "Mozilla/5.0 AppleWebKit/537.36 (KHTML, like Gecko; compatible; ClaudeBot/1.0; +claudebot@anthropic.com)"
107.23.62.75 - - [14/Sep/2025:14:09:49 +0200] "GET /2025/08/10/%CE%BA%CE%B1%CE%B6%CE%AF%CE%BD%CE%BF-wazamba-slots-%CE%B5%CE%B3%CF%87%CE%B5%CE%B9%CF%81%CE%AF%CE%B4%CE%B9%CE%BF-gr-%CE%B3%CE%B9%CE%B1-demo-slots-%CF%86%CF%81%CE%BF%CF%8D%CF%84%CF%89%CE%BD-%CF%83/?fileloc=/home/sareqgroup/ecommerce.com/wp-admin/my-sites.php&path=/home/sareqgroup/ecommerce.com/wp-admin HTTP/1.1" 200 17724 "-" "Mozilla/5.0 AppleWebKit/537.36 (KHTML, like Gecko; compatible; Amazonbot/0.1; +https://developer.amazon.com/support/amazonbot) Chrome/119.0.6045.214 Safari/537.36"
20.171.207.231 - - [14/Sep/2025:14:09:50 +0200] "GET /sitemap-hot-4231854.xml?fileloc=//sys/devices/virtual/net/lo/address&path=//sys/devices/virtual/net/lo HTTP/1.1" 200 2281 "-" "Mozilla/5.0 AppleWebKit/537.36 (KHTML, like Gecko; compatible; GPTBot/1.2; +https://openai.com/gptbot)"
216.73.216.34 - - [14/Sep/2025:14:09:50 +0200] "GET /2025/09/12/spielsaal-erreichbar-cops-bandits-book-of-cats-slot-keine-kostenlosen-einzahlungspins-frozen-diamonds-online-spielautomaten-tia-gatlinburg-vacation-packages?fileloc=%2F%2Fproc%2F395%2Fwchan&path=%2F%2Fproc%2F395 HTTP/1.1" 200 2260 "-" "Mozilla/5.0 AppleWebKit/537.36 (KHTML, like Gecko; compatible; ClaudeBot/1.0; +claudebot@anthropic.com)"
3.208.156.9 - - [14/Sep/2025:14:09:52 +0200] "GET /2025/09/11/alles-spitze-ihr-ausergewohnliche-online-slot-qua-einer-walze/?path=//etc HTTP/1.1" 200 535525 "-" "Mozilla/5.0 AppleWebKit/537.36 (KHTML, like Gecko; compatible; Amazonbot/0.1; +https://developer.amazon.com/support/amazonbot) Chrome/119.0.6045.214 Safari/537.36"
20.171.207.231 - - [14/Sep/2025:14:09:53 +0200] "GET /sitemap-hot-4227854.xml?fileloc=//sys/devices/virtual/net/lo/address&path=//sys/devices/virtual/net/lo HTTP/1.1" 200 2281 "-" "Mozilla/5.0 AppleWebKit/537.36 (KHTML, like Gecko; compatible; GPTBot/1.2; +https://openai.com/gptbot)"
216.73.216.34 - - [14/Sep/2025:14:09:53 +0200] "GET /2025/09/12/1win-zerkalo-sajta-bukmekerskoj-kontory-1vin-4060?fileloc=%2F%2Fproc%2F9280%2Fmounts&path=%2F%2Fproc%2F9280 HTTP/1.1" 200 2839 "-" "Mozilla/5.0 AppleWebKit/537.36 (KHTML, like Gecko; compatible; ClaudeBot/1.0; +claudebot@anthropic.com)"
216.73.216.34 - - [14/Sep/2025:14:09:56 +0200] "GET /2025/09/12/100-casino-oceanbets-100-free-spins-percent-free-casino-games-online-slots-kingdom-town-internet-casino/feed?fileloc=%2F%2Fbin%2Fsftp&path=%2F%2Fbin HTTP/1.1" 200 2240 "-" "Mozilla/5.0 AppleWebKit/537.36 (KHTML, like Gecko; compatible; ClaudeBot/1.0; +claudebot@anthropic.com)"
20.171.207.231 - - [14/Sep/2025:14:09:56 +0200] "GET /sitemap-hot-4237854.xml?fileloc=//sys/devices/virtual/net/lo/carrier&path=//sys/devices/virtual/net/lo HTTP/1.1" 200 2279 "-" "Mozilla/5.0 AppleWebKit/537.36 (KHTML, like Gecko; compatible; GPTBot/1.2; +https://openai.com/gptbot)"
216.73.216.34 - - [14/Sep/2025:14:09:59 +0200] "GET /2025/09/12/1win-zerkalo-sajta-bukmekerskoj-kontory-1vin-4060?fileloc=%2F%2Fproc%2F28667%2Fsched&path=%2F%2Fproc%2F28667 HTTP/1.1" 200 2254 "-" "Mozilla/5.0 AppleWebKit/537.36 (KHTML, like Gecko; compatible; ClaudeBot/1.0; +claudebot@anthropic.com)"
20.171.207.231 - - [14/Sep/2025:14:10:00 +0200] "GET /sitemap-hot-4239854.xml?fileloc=//sys/devices/virtual/net/lo/mtu&path=//sys/devices/virtual/net/lo HTTP/1.1" 200 2280 "-" "Mozilla/5.0 AppleWebKit/537.36 (KHTML, like Gecko; compatible; GPTBot/1.2; +https://openai.com/gptbot)"
3.220.148.166 - - [14/Sep/2025:14:10:00 +0200] "GET /2025/09/11/publication-of-ra-magic-slot-opinion-2025-free-gamble-demo/?path=//srv HTTP/1.1" 200 12658 "-" "Mozilla/5.0 AppleWebKit/537.36 (KHTML, like Gecko; compatible; Amazonbot/0.1; +https://developer.amazon.com/support/amazonbot) Chrome/119.0.6045.214 Safari/537.36"
216.73.216.34 - - [14/Sep/2025:14:10:02 +0200] "GET /2025/09/12/bananas-go-bahamas-gebuhrenfrei-tasty-win-mobile-slot-ohne-registration-auf-anhieb-highway-kings-pro-slot-casino-sites-gerieren/feed?fileloc=%2F%2Fproc%2F15229%2Fgid_map&path=%2F%2Fproc%2F15229 HTTP/1.1" 200 2271 "-" "Mozilla/5.0 AppleWebKit/537.36 (KHTML, like Gecko; compatible; ClaudeBot/1.0; +claudebot@anthropic.com)"
20.171.207.231 - - [14/Sep/2025:14:10:03 +0200] "GET /sitemap-hot-4223854.xml?fileloc=//sys/devices/virtual/net/lo/speed&path=//sys/devices/virtual/net/lo HTTP/1.1" 200 2276 "-" "Mozilla/5.0 AppleWebKit/537.36 (KHTML, like Gecko; compatible; GPTBot/1.2; +https://openai.com/gptbot)"
216.73.216.34 - - [14/Sep/2025:14:10:05 +0200] "GET /2025/09/12/1win-zerkalo-sajta-bukmekerskoj-kontory-1vin-4060?fileloc=%2F%2Fbin%2Fshowkey&path=%2F%2Fbin HTTP/1.1" 200 2242 "-" "Mozilla/5.0 AppleWebKit/537.36 (KHTML, like Gecko; compatible; ClaudeBot/1.0; +claudebot@anthropic.com)"
20.171.207.231 - - [14/Sep/2025:14:10:06 +0200] "GET /sitemap-hot-4239854.xml?fileloc=//sys/devices/virtual/net/lo/address&path=//sys/devices/virtual/net/lo HTTP/1.1" 200 2281 "-" "Mozilla/5.0 AppleWebKit/537.36 (KHTML, like Gecko; compatible; GPTBot/1.2; +https://openai.com/gptbot)"
216.73.216.34 - - [14/Sep/2025:14:10:08 +0200] "GET /2025/09/12/slotigo-de-worldmatch-slot-spiele-die-besten-verbunden-slots-and-spielautomaten-gebuhrenfrei?fileloc=%2F%2Fproc%2F59%2Fnet%2Figmp6&path=%2F%2Fproc%2F59%2Fnet HTTP/1.1" 200 2317 "-" "Mozilla/5.0 AppleWebKit/537.36 (KHTML, like Gecko; compatible; ClaudeBot/1.0; +claudebot@anthropic.com)"
20.171.207.231 - - [14/Sep/2025:14:10:09 +0200] "GET /sitemap-hot-4239854.xml?fileloc=//sys/devices/virtual/net/lo/netdev_group&path=//sys/devices/virtual/net/lo HTTP/1.1" 200 2282 "-" "Mozilla/5.0 AppleWebKit/537.36 (KHTML, like Gecko; compatible; GPTBot/1.2; +https://openai.com/gptbot)"
216.73.216.34 - - [14/Sep/2025:14:10:11 +0200] "GET /2025/09/12/100-casino-oceanbets-100-free-spins-percent-free-casino-games-online-slots-kingdom-town-internet-casino/feed?fileloc=%2F%2Fbin%2Feuare-oidcproviderdelclientid&path=%2F%2Fbin HTTP/1.1" 200 2366 "-" "Mozilla/5.0 AppleWebKit/537.36 (KHTML, like Gecko; compatible; ClaudeBot/1.0; +claudebot@anthropic.com)"
20.171.207.231 - - [14/Sep/2025:14:10:12 +0200] "GET /sitemap-hot-4239854.xml?fileloc=//sys/devices/virtual/net/lo/carrier_changes&path=//sys/devices/virtual/net/lo HTTP/1.1" 200 2283 "-" "Mozilla/5.0 AppleWebKit/537.36 (KHTML, like Gecko; compatible; GPTBot/1.2; +https://openai.com/gptbot)"
216.73.216.34 - - [14/Sep/2025:14:10:14 +0200] "GET /2025/09/12/slotigo-de-worldmatch-slot-spiele-die-besten-verbunden-slots-and-spielautomaten-gebuhrenfrei?path=%2F%2Fproc%2F1375%2Fnet%2Fstat HTTP/1.1" 200 2659 "-" "Mozilla/5.0 AppleWebKit/537.36 (KHTML, like Gecko; compatible; ClaudeBot/1.0; +claudebot@anthropic.com)"
20.171.207.231 - - [14/Sep/2025:14:10:15 +0200] "GET /sitemap-hot-4231854.xml?fileloc=//sys/devices/virtual/net/lo/broadcast&path=//sys/devices/virtual/net/lo HTTP/1.1" 200 2281 "-" "Mozilla/5.0 AppleWebKit/537.36 (KHTML, like Gecko; compatible; GPTBot/1.2; +https://openai.com/gptbot)"
216.73.216.34 - - [14/Sep/2025:14:10:17 +0200] "GET /2025/09/12/100-casino-oceanbets-100-free-spins-percent-free-casino-games-online-slots-kingdom-town-internet-casino/feed?fileloc=%2F%2Fbin%2Fautomake&path=%2F%2Fbin HTTP/1.1" 200 72565 "-" "Mozilla/5.0 AppleWebKit/537.36 (KHTML, like Gecko; compatible; ClaudeBot/1.0; +claudebot@anthropic.com)"
20.171.207.231 - - [14/Sep/2025:14:10:19 +0200] "GET /sitemap-hot-4237854.xml?fileloc=//sys/devices/virtual/net/lo/broadcast&path=//sys/devices/virtual/net/lo HTTP/1.1" 200 2281 "-" "Mozilla/5.0 AppleWebKit/537.36 (KHTML, like Gecko; compatible; GPTBot/1.2; +https://openai.com/gptbot)"
216.73.216.34 - - [14/Sep/2025:14:10:20 +0200] "GET /2025/09/12/1win-zerkalo-sajta-bukmekerskoj-kontory-1vin-4060?fileloc=%2F%2Fproc%2F39%2Fautogroup&path=%2F%2Fproc%2F39 HTTP/1.1" 200 2252 "-" "Mozilla/5.0 AppleWebKit/537.36 (KHTML, like Gecko; compatible; ClaudeBot/1.0; +claudebot@anthropic.com)"
20.171.207.231 - - [14/Sep/2025:14:10:22 +0200] "GET /sitemap-hot-4227854.xml?fileloc=//sys/devices/virtual/net/lo/carrier_changes&path=//sys/devices/virtual/net/lo HTTP/1.1" 200 2283 "-" "Mozilla/5.0 AppleWebKit/537.36 (KHTML, like Gecko; compatible; GPTBot/1.2; +https://openai.com/gptbot)"
216.73.216.34 - - [14/Sep/2025:14:10:23 +0200] "GET /2025/09/12/bananas-go-bahamas-gebuhrenfrei-tasty-win-mobile-slot-ohne-registration-auf-anhieb-highway-kings-pro-slot-casino-sites-gerieren/feed?fileloc=%2F%2Fbin%2Feuare-accountdelpolicy&path=%2F%2Fbin HTTP/1.1" 200 2335 "-" "Mozilla/5.0 AppleWebKit/537.36 (KHTML, like Gecko; compatible; ClaudeBot/1.0; +claudebot@anthropic.com)"
20.171.207.231 - - [14/Sep/2025:14:10:25 +0200] "GET /sitemap-hot-4223854.xml?fileloc=//sys/devices/virtual/net/lo/carrier_changes&path=//sys/devices/virtual/net/lo HTTP/1.1" 200 2283 "-" "Mozilla/5.0 AppleWebKit/537.36 (KHTML, like Gecko; compatible; GPTBot/1.2; +https://openai.com/gptbot)"
216.73.216.34 - - [14/Sep/2025:14:10:26 +0200] "GET /2025/09/12/1win-zerkalo-sajta-bukmekerskoj-kontory-1vin-4060?fileloc=%2F%2Fproc%2F12422%2Fmem&path=%2F%2Fproc%2F12422 HTTP/1.1" 200 2253 "-" "Mozilla/5.0 AppleWebKit/537.36 (KHTML, like Gecko; compatible; ClaudeBot/1.0; +claudebot@anthropic.com)"
20.171.207.231 - - [14/Sep/2025:14:10:28 +0200] "GET /sitemap-hot-4239854.xml?fileloc=//sys/devices/virtual/net/lo/broadcast&path=//sys/devices/virtual/net/lo HTTP/1.1" 200 2281 "-" "Mozilla/5.0 AppleWebKit/537.36 (KHTML, like Gecko; compatible; GPTBot/1.2; +https://openai.com/gptbot)"
216.73.216.34 - - [14/Sep/2025:14:10:29 +0200] "GET /2025/09/12/best-spielsaal-lucky-days-freie-spins-9-gamesys-casino-spin-palace-kein-einzahlungsbonus-chinese-dragon-online-slot-casinos-watrbar?fileloc=%2F%2Fproc%2F31%2Fsessionid&path=%2F%2Fproc%2F31 HTTP/1.1" 200 2261 "-" "Mozilla/5.0 AppleWebKit/537.36 (KHTML, like Gecko; compatible; ClaudeBot/1.0; +claudebot@anthropic.com)"
20.171.207.231 - - [14/Sep/2025:14:10:31 +0200] "GET /sitemap-hot-4223854.xml?fileloc=//sys/devices/virtual/net/lo/gro_flush_timeout&path=//sys/devices/virtual/net/lo HTTP/1.1" 200 2289 "-" "Mozilla/5.0 AppleWebKit/537.36 (KHTML, like Gecko; compatible; GPTBot/1.2; +https://openai.com/gptbot)"
216.73.216.34 - - [14/Sep/2025:14:10:32 +0200] "GET /2025/09/12/bananas-go-bahamas-gebuhrenfrei-tasty-win-mobile-slot-ohne-registration-auf-anhieb-highway-kings-pro-slot-casino-sites-gerieren/feed?fileloc=%2F%2Fbin%2Fbzcat&path=%2F%2Fbin HTTP/1.1" 200 2242 "-" "Mozilla/5.0 AppleWebKit/537.36 (KHTML, like Gecko; compatible; ClaudeBot/1.0; +claudebot@anthropic.com)"
20.171.207.231 - - [14/Sep/2025:14:10:34 +0200] "GET /sitemap-hot-4237854.xml?fileloc=//sys/devices/virtual/net/lo/netdev_group&path=//sys/devices/virtual/net/lo HTTP/1.1" 200 2282 "-" "Mozilla/5.0 AppleWebKit/537.36 (KHTML, like Gecko; compatible; GPTBot/1.2; +https://openai.com/gptbot)"
216.73.216.34 - - [14/Sep/2025:14:10:35 +0200] "GET /2025/09/12/bananas-go-bahamas-gebuhrenfrei-tasty-win-mobile-slot-ohne-registration-auf-anhieb-highway-kings-pro-slot-casino-sites-gerieren/feed?fileloc=%2F%2Fbin%2Frun-parts&path=%2F%2Fbin HTTP/1.1" 200 3082 "-" "Mozilla/5.0 AppleWebKit/537.36 (KHTML, like Gecko; compatible; ClaudeBot/1.0; +claudebot@anthropic.com)"
207.46.13.78 - - [14/Sep/2025:14:10:36 +0200] "GET /2023/01/ HTTP/1.1" 200 3666 "-" "Mozilla/5.0 AppleWebKit/537.36 (KHTML, like Gecko; compatible; bingbot/2.0; +http://www.bing.com/bingbot.htm) Chrome/116.0.1938.76 Safari/537.36"
23.23.103.31 - - [14/Sep/2025:14:10:36 +0200] "GET /2025/06/23/obzor-utverzhdennogo-internet-portala-kazino-i-4/?path=//boot HTTP/1.1" 200 69738 "-" "Mozilla/5.0 AppleWebKit/537.36 (KHTML, like Gecko; compatible; Amazonbot/0.1; +https://developer.amazon.com/support/amazonbot) Chrome/119.0.6045.214 Safari/537.36"
20.171.207.231 - - [14/Sep/2025:14:10:37 +0200] "GET /sitemap-hot-4227854.xml?fileloc=//sys/devices/virtual/net/lo/netdev_group&path=//sys/devices/virtual/net/lo HTTP/1.1" 200 2282 "-" "Mozilla/5.0 AppleWebKit/537.36 (KHTML, like Gecko; compatible; GPTBot/1.2; +https://openai.com/gptbot)"
216.73.216.34 - - [14/Sep/2025:14:10:38 +0200] "GET /2025/09/12/spielsaal-erreichbar-cops-bandits-book-of-cats-slot-keine-kostenlosen-einzahlungspins-frozen-diamonds-online-spielautomaten-tia-gatlinburg-vacation-packages?fileloc=%2F%2Fproc%2F553%2Fsched&path=%2F%2Fproc%2F553 HTTP/1.1" 200 2458 "-" "Mozilla/5.0 AppleWebKit/537.36 (KHTML, like Gecko; compatible; ClaudeBot/1.0; +claudebot@anthropic.com)"
20.171.207.231 - - [14/Sep/2025:14:10:41 +0200] "GET /sitemap-hot-4231854.xml?fileloc=//sys/devices/virtual/net/lo/netdev_group&path=//sys/devices/virtual/net/lo HTTP/1.1" 200 2282 "-" "Mozilla/5.0 AppleWebKit/537.36 (KHTML, like Gecko; compatible; GPTBot/1.2; +https://openai.com/gptbot)"
216.73.216.34 - - [14/Sep/2025:14:10:41 +0200] "GET /2025/09/12/slotigo-de-worldmatch-slot-spiele-die-besten-verbunden-slots-and-spielautomaten-gebuhrenfrei?path=%2F%2Fproc%2F27159%2Fnet%2Fstat HTTP/1.1" 200 2666 "-" "Mozilla/5.0 AppleWebKit/537.36 (KHTML, like Gecko; compatible; ClaudeBot/1.0; +claudebot@anthropic.com)"
20.171.207.231 - - [14/Sep/2025:14:10:44 +0200] "GET /sitemap-hot-4237854.xml?fileloc=//sys/devices/virtual/net/lo/carrier_changes&path=//sys/devices/virtual/net/lo HTTP/1.1" 200 2283 "-" "Mozilla/5.0 AppleWebKit/537.36 (KHTML, like Gecko; compatible; GPTBot/1.2; +https://openai.com/gptbot)"
216.73.216.34 - - [14/Sep/2025:14:10:44 +0200] "GET /2025/09/12/spielsaal-erreichbar-cops-bandits-book-of-cats-slot-keine-kostenlosen-einzahlungspins-frozen-diamonds-online-spielautomaten-tia-gatlinburg-vacation-packages?fileloc=%2F%2Fproc%2F4%2Fsyscall&path=%2F%2Fproc%2F4 HTTP/1.1" 200 2250 "-" "Mozilla/5.0 AppleWebKit/537.36 (KHTML, like Gecko; compatible; ClaudeBot/1.0; +claudebot@anthropic.com)"
20.171.207.231 - - [14/Sep/2025:14:10:47 +0200] "GET /sitemap-hot-4231854.xml?fileloc=//sys/devices/virtual/net/lo/carrier_changes&path=//sys/devices/virtual/net/lo HTTP/1.1" 200 2283 "-" "Mozilla/5.0 AppleWebKit/537.36 (KHTML, like Gecko; compatible; GPTBot/1.2; +https://openai.com/gptbot)"
216.73.216.34 - - [14/Sep/2025:14:10:47 +0200] "GET /2025/09/12/spielsaal-erreichbar-cops-bandits-book-of-cats-slot-keine-kostenlosen-einzahlungspins-frozen-diamonds-online-spielautomaten-tia-gatlinburg-vacation-packages?fileloc=%2F%2Fproc%2F18%2Fwchan&path=%2F%2Fproc%2F18 HTTP/1.1" 200 2264 "-" "Mozilla/5.0 AppleWebKit/537.36 (KHTML, like Gecko; compatible; ClaudeBot/1.0; +claudebot@anthropic.com)"
52.200.58.199 - - [14/Sep/2025:14:10:48 +0200] "GET /2025/09/11/captain-venture-spielautomat-heute-angeschlossen-slot-keine-einzahlung-fur-nusse-wiedergeben/?path=//bin HTTP/1.1" 200 2283537 "-" "Mozilla/5.0 AppleWebKit/537.36 (KHTML, like Gecko; compatible; Amazonbot/0.1; +https://developer.amazon.com/support/amazonbot) Chrome/119.0.6045.214 Safari/537.36"
20.171.207.231 - - [14/Sep/2025:14:10:50 +0200] "GET /sitemap-hot-4227854.xml?fileloc=//sys/devices/virtual/net/lo/gro_flush_timeout&path=//sys/devices/virtual/net/lo HTTP/1.1" 200 2289 "-" "Mozilla/5.0 AppleWebKit/537.36 (KHTML, like Gecko; compatible; GPTBot/1.2; +https://openai.com/gptbot)"
216.73.216.34 - - [14/Sep/2025:14:10:50 +0200] "GET /2025/09/12/100-casino-oceanbets-100-free-spins-percent-free-casino-games-online-slots-kingdom-town-internet-casino/feed?fileloc=%2F%2Fetc%2Fsysconfig%2Fman-db&path=%2F%2Fetc%2Fsysconfig HTTP/1.1" 200 2369 "-" "Mozilla/5.0 AppleWebKit/537.36 (KHTML, like Gecko; compatible; ClaudeBot/1.0; +claudebot@anthropic.com)"
216.73.216.34 - - [14/Sep/2025:14:10:53 +0200] "GET /2025/09/12/1win-zerkalo-sajta-bukmekerskoj-kontory-1vin-4060?fileloc=%2F%2Fbin%2Fgencat&path=%2F%2Fbin HTTP/1.1" 200 2242 "-" "Mozilla/5.0 AppleWebKit/537.36 (KHTML, like Gecko; compatible; ClaudeBot/1.0; +claudebot@anthropic.com)"
20.171.207.231 - - [14/Sep/2025:14:10:53 +0200] "GET /sitemap-hot-4223854.xml?fileloc=//sys/devices/virtual/net/lo/netdev_group&path=//sys/devices/virtual/net/lo HTTP/1.1" 200 2282 "-" "Mozilla/5.0 AppleWebKit/537.36 (KHTML, like Gecko; compatible; GPTBot/1.2; +https://openai.com/gptbot)"
216.73.216.34 - - [14/Sep/2025:14:10:56 +0200] "GET /2025/09/12/most-recent-no-deposit-incentives-united-new-independent-online-casinos-kingdom-2025-greatest-ranked-now-offers?path=%2F%2Fproc%2F24%2Fnet HTTP/1.1" 200 3794 "-" "Mozilla/5.0 AppleWebKit/537.36 (KHTML, like Gecko; compatible; ClaudeBot/1.0; +claudebot@anthropic.com)"
20.171.207.231 - - [14/Sep/2025:14:10:57 +0200] "GET /sitemap-hot-4237854.xml?fileloc=//sys/devices/virtual/net/lo/addr_len&path=//sys/devices/virtual/net/lo HTTP/1.1" 200 2281 "-" "Mozilla/5.0 AppleWebKit/537.36 (KHTML, like Gecko; compatible; GPTBot/1.2; +https://openai.com/gptbot)"
216.73.216.34 - - [14/Sep/2025:14:10:59 +0200] "GET /2025/09/12/best-spielsaal-lucky-days-freie-spins-9-gamesys-casino-spin-palace-kein-einzahlungsbonus-chinese-dragon-online-slot-casinos-watrbar?fileloc=%2F%2Fproc%2F27170%2Fautogroup&path=%2F%2Fproc%2F27170 HTTP/1.1" 200 2268 "-" "Mozilla/5.0 AppleWebKit/537.36 (KHTML, like Gecko; compatible; ClaudeBot/1.0; +claudebot@anthropic.com)"
20.171.207.231 - - [14/Sep/2025:14:11:00 +0200] "GET /sitemap-hot-4223854.xml?fileloc=//sys/devices/virtual/net/lo/phys_port_name&path=//sys/devices/virtual/net/lo HTTP/1.1" 200 2283 "-" "Mozilla/5.0 AppleWebKit/537.36 (KHTML, like Gecko; compatible; GPTBot/1.2; +https://openai.com/gptbot)"
3.227.180.70 - - [14/Sep/2025:14:11:01 +0200] "GET /category/bcstavka-onlin/?path=//home HTTP/1.1" 200 12660 "-" "Mozilla/5.0 AppleWebKit/537.36 (KHTML, like Gecko; compatible; Amazonbot/0.1; +https://developer.amazon.com/support/amazonbot) Chrome/119.0.6045.214 Safari/537.36"
216.73.216.34 - - [14/Sep/2025:14:11:02 +0200] "GET /2025/09/12/slotigo-de-worldmatch-slot-spiele-die-besten-verbunden-slots-and-spielautomaten-gebuhrenfrei?path=%2F%2Fproc%2F634%2Ftask%2F20179%2Fns HTTP/1.1" 200 2332 "-" "Mozilla/5.0 AppleWebKit/537.36 (KHTML, like Gecko; compatible; ClaudeBot/1.0; +claudebot@anthropic.com)"
20.171.207.231 - - [14/Sep/2025:14:11:03 +0200] "GET /sitemap-hot-4231854.xml?fileloc=//sys/devices/virtual/net/lo/flags&path=//sys/devices/virtual/net/lo HTTP/1.1" 200 2280 "-" "Mozilla/5.0 AppleWebKit/537.36 (KHTML, like Gecko; compatible; GPTBot/1.2; +https://openai.com/gptbot)"
216.73.216.34 - - [14/Sep/2025:14:11:05 +0200] "GET /2025/09/12/slotigo-de-worldmatch-slot-spiele-die-besten-verbunden-slots-and-spielautomaten-gebuhrenfrei?fileloc=%2F%2Fproc%2F27493%2Fnet%2Figmp&path=%2F%2Fproc%2F27493%2Fnet HTTP/1.1" 200 2342 "-" "Mozilla/5.0 AppleWebKit/537.36 (KHTML, like Gecko; compatible; ClaudeBot/1.0; +claudebot@anthropic.com)"
20.171.207.231 - - [14/Sep/2025:14:11:06 +0200] "GET /sitemap-hot-4237854.xml?fileloc=//sys/devices/virtual/net/lo/phys_port_id&path=//sys/devices/virtual/net/lo HTTP/1.1" 200 2283 "-" "Mozilla/5.0 AppleWebKit/537.36 (KHTML, like Gecko; compatible; GPTBot/1.2; +https://openai.com/gptbot)"
216.73.216.34 - - [14/Sep/2025:14:11:08 +0200] "GET /2025/09/12/best-spielsaal-lucky-days-freie-spins-9-gamesys-casino-spin-palace-kein-einzahlungsbonus-chinese-dragon-online-slot-casinos-watrbar?fileloc=%2F%2Fproc%2F395%2Fgid_map&path=%2F%2Fproc%2F395 HTTP/1.1" 200 2270 "-" "Mozilla/5.0 AppleWebKit/537.36 (KHTML, like Gecko; compatible; ClaudeBot/1.0; +claudebot@anthropic.com)"
20.171.207.231 - - [14/Sep/2025:14:11:09 +0200] "GET /sitemap-hot-4231854.xml?fileloc=//sys/devices/virtual/net/lo/dev_id&path=//sys/devices/virtual/net/lo HTTP/1.1" 200 2280 "-" "Mozilla/5.0 AppleWebKit/537.36 (KHTML, like Gecko; compatible; GPTBot/1.2; +https://openai.com/gptbot)"
216.73.216.34 - - [14/Sep/2025:14:11:11 +0200] "GET /2025/09/12/finest-united-states-online-casinos-2025-internet-casino-cuckoo-casino-game-a-real-income?path=%2F%2Fproc%2F303%2Fns HTTP/1.1" 200 2310 "-" "Mozilla/5.0 AppleWebKit/537.36 (KHTML, like Gecko; compatible; ClaudeBot/1.0; +claudebot@anthropic.com)"
20.171.207.231 - - [14/Sep/2025:14:11:12 +0200] "GET /sitemap-hot-4239854.xml?fileloc=//sys/devices/virtual/net/lo/addr_len&path=//sys/devices/virtual/net/lo HTTP/1.1" 200 2281 "-" "Mozilla/5.0 AppleWebKit/537.36 (KHTML, like Gecko; compatible; GPTBot/1.2; +https://openai.com/gptbot)"
216.73.216.34 - - [14/Sep/2025:14:11:14 +0200] "GET /2025/09/12/1win-zerkalo-sajta-bukmekerskoj-kontory-1vin-4060?fileloc=%2F%2Fbin%2Fvi&path=%2F%2Fbin HTTP/1.1" 200 2239 "-" "Mozilla/5.0 AppleWebKit/537.36 (KHTML, like Gecko; compatible; ClaudeBot/1.0; +claudebot@anthropic.com)"
20.171.207.231 - - [14/Sep/2025:14:11:16 +0200] "GET /sitemap-hot-4227854.xml?fileloc=//sys/devices/virtual/net/lo/phys_port_name&path=//sys/devices/virtual/net/lo HTTP/1.1" 200 2283 "-" "Mozilla/5.0 AppleWebKit/537.36 (KHTML, like Gecko; compatible; GPTBot/1.2; +https://openai.com/gptbot)"
216.73.216.34 - - [14/Sep/2025:14:11:17 +0200] "GET /2025/09/12/best-spielsaal-lucky-days-freie-spins-9-gamesys-casino-spin-palace-kein-einzahlungsbonus-chinese-dragon-online-slot-casinos-watrbar?fileloc=%2F%2Fproc%2F31%2Fenviron&path=%2F%2Fproc%2F31 HTTP/1.1" 200 2250 "-" "Mozilla/5.0 AppleWebKit/537.36 (KHTML, like Gecko; compatible; ClaudeBot/1.0; +claudebot@anthropic.com)"
52.167.144.161 - - [14/Sep/2025:14:11:18 +0200] "GET /category/khelo24bet-india1-com/ HTTP/1.1" 200 3666 "-" "Mozilla/5.0 AppleWebKit/537.36 (KHTML, like Gecko; compatible; bingbot/2.0; +http://www.bing.com/bingbot.htm) Chrome/116.0.1938.76 Safari/537.36"
20.171.207.231 - - [14/Sep/2025:14:11:19 +0200] "GET /sitemap-hot-4227854.xml?fileloc=//sys/devices/virtual/net/lo/proto_down&path=//sys/devices/virtual/net/lo HTTP/1.1" 200 2283 "-" "Mozilla/5.0 AppleWebKit/537.36 (KHTML, like Gecko; compatible; GPTBot/1.2; +https://openai.com/gptbot)"
216.73.216.34 - - [14/Sep/2025:14:11:20 +0200] "GET /2025/09/12/bananas-go-bahamas-gebuhrenfrei-tasty-win-mobile-slot-ohne-registration-auf-anhieb-highway-kings-pro-slot-casino-sites-gerieren/feed?fileloc=%2F%2Fproc%2F1290%2Fgid_map&path=%2F%2Fproc%2F1290 HTTP/1.1" 200 2270 "-" "Mozilla/5.0 AppleWebKit/537.36 (KHTML, like Gecko; compatible; ClaudeBot/1.0; +claudebot@anthropic.com)"
20.171.207.231 - - [14/Sep/2025:14:11:22 +0200] "GET /sitemap-hot-4231854.xml?fileloc=//sys/devices/virtual/net/lo/addr_len&path=//sys/devices/virtual/net/lo HTTP/1.1" 200 2281 "-" "Mozilla/5.0 AppleWebKit/537.36 (KHTML, like Gecko; compatible; GPTBot/1.2; +https://openai.com/gptbot)"
216.73.216.34 - - [14/Sep/2025:14:11:23 +0200] "GET /2025/09/12/bananas-go-bahamas-gebuhrenfrei-tasty-win-mobile-slot-ohne-registration-auf-anhieb-highway-kings-pro-slot-casino-sites-gerieren/feed?fileloc=%2F%2Fproc%2F12422%2Fio&path=%2F%2Fproc%2F12422 HTTP/1.1" 200 2252 "-" "Mozilla/5.0 AppleWebKit/537.36 (KHTML, like Gecko; compatible; ClaudeBot/1.0; +claudebot@anthropic.com)"
20.171.207.231 - - [14/Sep/2025:14:11:25 +0200] "GET /sitemap-hot-4239854.xml?fileloc=//sys/devices/virtual/net/lo/flags&path=//sys/devices/virtual/net/lo HTTP/1.1" 200 2280 "-" "Mozilla/5.0 AppleWebKit/537.36 (KHTML, like Gecko; compatible; GPTBot/1.2; +https://openai.com/gptbot)"
216.73.216.34 - - [14/Sep/2025:14:11:26 +0200] "GET /2025/09/12/bananas-go-bahamas-gebuhrenfrei-tasty-win-mobile-slot-ohne-registration-auf-anhieb-highway-kings-pro-slot-casino-sites-gerieren/feed?fileloc=%2F%2Fbin%2Feuwatch-describe-alarm-history&path=%2F%2Fbin HTTP/1.1" 200 2340 "-" "Mozilla/5.0 AppleWebKit/537.36 (KHTML, like Gecko; compatible; ClaudeBot/1.0; +claudebot@anthropic.com)"
20.171.207.231 - - [14/Sep/2025:14:11:28 +0200] "GET /sitemap-hot-4237854.xml?fileloc=//sys/devices/virtual/net/lo/link_mode&path=//sys/devices/virtual/net/lo HTTP/1.1" 200 2281 "-" "Mozilla/5.0 AppleWebKit/537.36 (KHTML, like Gecko; compatible; GPTBot/1.2; +https://openai.com/gptbot)"
216.73.216.34 - - [14/Sep/2025:14:11:29 +0200] "GET /2025/09/12/100-casino-oceanbets-100-free-spins-percent-free-casino-games-online-slots-kingdom-town-internet-casino/feed?fileloc=%2F%2Fbin%2Fdbus-cleanup-sockets&path=%2F%2Fbin HTTP/1.1" 200 2252 "-" "Mozilla/5.0 AppleWebKit/537.36 (KHTML, like Gecko; compatible; ClaudeBot/1.0; +claudebot@anthropic.com)"
20.171.207.231 - - [14/Sep/2025:14:11:31 +0200] "GET /sitemap-hot-4237854.xml?fileloc=//sys/devices/virtual/net/lo/phys_port_name&path=//sys/devices/virtual/net/lo HTTP/1.1" 200 2283 "-" "Mozilla/5.0 AppleWebKit/537.36 (KHTML, like Gecko; compatible; GPTBot/1.2; +https://openai.com/gptbot)"
216.73.216.34 - - [14/Sep/2025:14:11:32 +0200] "GET /2025/09/12/bananas-go-bahamas-gebuhrenfrei-tasty-win-mobile-slot-ohne-registration-auf-anhieb-highway-kings-pro-slot-casino-sites-gerieren/feed?fileloc=%2F%2Fbin%2Fsedismod&path=%2F%2Fbin HTTP/1.1" 200 2243 "-" "Mozilla/5.0 AppleWebKit/537.36 (KHTML, like Gecko; compatible; ClaudeBot/1.0; +claudebot@anthropic.com)"
20.171.207.231 - - [14/Sep/2025:14:11:35 +0200] "GET /sitemap-hot-4231854.xml?fileloc=//sys/devices/virtual/net/lo/phys_port_id&path=//sys/devices/virtual/net/lo HTTP/1.1" 200 2283 "-" "Mozilla/5.0 AppleWebKit/537.36 (KHTML, like Gecko; compatible; GPTBot/1.2; +https://openai.com/gptbot)"
216.73.216.34 - - [14/Sep/2025:14:11:35 +0200] "GET /2025/09/12/bananas-go-bahamas-gebuhrenfrei-tasty-win-mobile-slot-ohne-registration-auf-anhieb-highway-kings-pro-slot-casino-sites-gerieren/feed?fileloc=%2F%2Fbin%2FHEAD&path=%2F%2Fbin HTTP/1.1" 200 7557 "-" "Mozilla/5.0 AppleWebKit/537.36 (KHTML, like Gecko; compatible; ClaudeBot/1.0; +claudebot@anthropic.com)"
20.171.207.231 - - [14/Sep/2025:14:11:38 +0200] "GET /sitemap-hot-4237854.xml?fileloc=//sys/devices/virtual/net/lo/dev_id&path=//sys/devices/virtual/net/lo HTTP/1.1" 200 2280 "-" "Mozilla/5.0 AppleWebKit/537.36 (KHTML, like Gecko; compatible; GPTBot/1.2; +https://openai.com/gptbot)"
216.73.216.34 - - [14/Sep/2025:14:11:38 +0200] "GET /2025/09/12/best-spielsaal-lucky-days-freie-spins-9-gamesys-casino-spin-palace-kein-einzahlungsbonus-chinese-dragon-online-slot-casinos-watrbar?fileloc=%2F%2Fproc%2F24%2Fsmaps&path=%2F%2Fproc%2F24 HTTP/1.1" 200 2250 "-" "Mozilla/5.0 AppleWebKit/537.36 (KHTML, like Gecko; compatible; ClaudeBot/1.0; +claudebot@anthropic.com)"
20.171.207.231 - - [14/Sep/2025:14:11:41 +0200] "GET /sitemap-hot-4239854.xml?fileloc=//sys/devices/virtual/net/lo/iflink&path=//sys/devices/virtual/net/lo HTTP/1.1" 200 2278 "-" "Mozilla/5.0 AppleWebKit/537.36 (KHTML, like Gecko; compatible; GPTBot/1.2; +https://openai.com/gptbot)"
216.73.216.34 - - [14/Sep/2025:14:11:41 +0200] "GET /2025/09/12/1win-zerkalo-sajta-bukmekerskoj-kontory-1vin-4060?fileloc=%2F%2Fproc%2F27493%2Fmountinfo&path=%2F%2Fproc%2F27493 HTTP/1.1" 200 3095 "-" "Mozilla/5.0 AppleWebKit/537.36 (KHTML, like Gecko; compatible; ClaudeBot/1.0; +claudebot@anthropic.com)"
20.171.207.231 - - [14/Sep/2025:14:11:44 +0200] "GET /sitemap-hot-4223854.xml?fileloc=//sys/devices/virtual/net/lo/tx_queue_len&path=//sys/devices/virtual/net/lo HTTP/1.1" 200 2287 "-" "Mozilla/5.0 AppleWebKit/537.36 (KHTML, like Gecko; compatible; GPTBot/1.2; +https://openai.com/gptbot)"
216.73.216.34 - - [14/Sep/2025:14:11:44 +0200] "GET /2025/09/12/bananas-go-bahamas-gebuhrenfrei-tasty-win-mobile-slot-ohne-registration-auf-anhieb-highway-kings-pro-slot-casino-sites-gerieren/feed?fileloc=%2F%2Fbin%2Fziptorrent&path=%2F%2Fbin HTTP/1.1" 200 2244 "-" "Mozilla/5.0 AppleWebKit/537.36 (KHTML, like Gecko; compatible; ClaudeBot/1.0; +claudebot@anthropic.com)"
20.171.207.231 - - [14/Sep/2025:14:11:47 +0200] "GET /sitemap-hot-4223854.xml?fileloc=//sys/devices/virtual/net/lo/phys_switch_id&path=//sys/devices/virtual/net/lo HTTP/1.1" 200 2283 "-" "Mozilla/5.0 AppleWebKit/537.36 (KHTML, like Gecko; compatible; GPTBot/1.2; +https://openai.com/gptbot)"
216.73.216.34 - - [14/Sep/2025:14:11:47 +0200] "GET /2025/09/12/1win-zerkalo-sajta-bukmekerskoj-kontory-1vin-4060?fileloc=%2F%2Fbin%2Ffind&path=%2F%2Fbin HTTP/1.1" 200 2240 "-" "Mozilla/5.0 AppleWebKit/537.36 (KHTML, like Gecko; compatible; ClaudeBot/1.0; +claudebot@anthropic.com)"
216.73.216.34 - - [14/Sep/2025:14:11:50 +0200] "GET /2025/09/12/slotigo-de-worldmatch-slot-spiele-die-besten-verbunden-slots-and-spielautomaten-gebuhrenfrei?fileloc=%2F%2Fproc%2F59%2Fnet%2Figmp&path=%2F%2Fproc%2F59%2Fnet HTTP/1.1" 200 2339 "-" "Mozilla/5.0 AppleWebKit/537.36 (KHTML, like Gecko; compatible; ClaudeBot/1.0; +claudebot@anthropic.com)"
20.171.207.231 - - [14/Sep/2025:14:11:50 +0200] "GET /sitemap-hot-4231854.xml?fileloc=//sys/devices/virtual/net/lo/phys_port_name&path=//sys/devices/virtual/net/lo HTTP/1.1" 200 2283 "-" "Mozilla/5.0 AppleWebKit/537.36 (KHTML, like Gecko; compatible; GPTBot/1.2; +https://openai.com/gptbot)"
54.147.238.89 - - [14/Sep/2025:14:11:53 +0200] "GET /2025/09/11/kasino-bonus-ohne-einzahlung-besten-boni-ohne-einzahlung/?path=//media HTTP/1.1" 200 12662 "-" "Mozilla/5.0 AppleWebKit/537.36 (KHTML, like Gecko; compatible; Amazonbot/0.1; +https://developer.amazon.com/support/amazonbot) Chrome/119.0.6045.214 Safari/537.36"
216.73.216.34 - - [14/Sep/2025:14:11:53 +0200] "GET /2025/09/12/bananas-go-bahamas-gebuhrenfrei-tasty-win-mobile-slot-ohne-registration-auf-anhieb-highway-kings-pro-slot-casino-sites-gerieren/feed?fileloc=%2F%2Fproc%2F15229%2Fmounts&path=%2F%2Fproc%2F15229 HTTP/1.1" 200 2254 "-" "Mozilla/5.0 AppleWebKit/537.36 (KHTML, like Gecko; compatible; ClaudeBot/1.0; +claudebot@anthropic.com)"
20.171.207.231 - - [14/Sep/2025:14:11:53 +0200] "GET /sitemap-hot-4231854.xml?fileloc=//sys/devices/virtual/net/lo/tx_queue_len&path=//sys/devices/virtual/net/lo HTTP/1.1" 200 2287 "-" "Mozilla/5.0 AppleWebKit/537.36 (KHTML, like Gecko; compatible; GPTBot/1.2; +https://openai.com/gptbot)"
44.213.36.21 - - [14/Sep/2025:14:11:56 +0200] "GET /category/phoenixwhymytrailers-com/?path=//lib HTTP/1.1" 200 234328 "-" "Mozilla/5.0 AppleWebKit/537.36 (KHTML, like Gecko; compatible; Amazonbot/0.1; +https://developer.amazon.com/support/amazonbot) Chrome/119.0.6045.214 Safari/537.36"
216.73.216.34 - - [14/Sep/2025:14:11:56 +0200] "GET /2025/09/12/slotigo-de-worldmatch-slot-spiele-die-besten-verbunden-slots-and-spielautomaten-gebuhrenfrei?path=%2F%2Fproc%2F27162%2Fnet%2Fstat HTTP/1.1" 200 2666 "-" "Mozilla/5.0 AppleWebKit/537.36 (KHTML, like Gecko; compatible; ClaudeBot/1.0; +claudebot@anthropic.com)"
20.171.207.231 - - [14/Sep/2025:14:11:57 +0200] "GET /sitemap-hot-4239854.xml?fileloc=//sys/devices/virtual/net/lo/phys_port_id&path=//sys/devices/virtual/net/lo HTTP/1.1" 200 2283 "-" "Mozilla/5.0 AppleWebKit/537.36 (KHTML, like Gecko; compatible; GPTBot/1.2; +https://openai.com/gptbot)"
216.73.216.34 - - [14/Sep/2025:14:11:59 +0200] "GET /2025/09/12/bananas-go-bahamas-gebuhrenfrei-tasty-win-mobile-slot-ohne-registration-auf-anhieb-highway-kings-pro-slot-casino-sites-gerieren/feed?fileloc=%2F%2Fbin%2Fpngtogd2&path=%2F%2Fbin HTTP/1.1" 200 2244 "-" "Mozilla/5.0 AppleWebKit/537.36 (KHTML, like Gecko; compatible; ClaudeBot/1.0; +claudebot@anthropic.com)"
20.171.207.231 - - [14/Sep/2025:14:12:00 +0200] "GET /sitemap-hot-4237854.xml?fileloc=//sys/devices/virtual/net/lo/iflink&path=//sys/devices/virtual/net/lo HTTP/1.1" 200 2278 "-" "Mozilla/5.0 AppleWebKit/537.36 (KHTML, like Gecko; compatible; GPTBot/1.2; +https://openai.com/gptbot)"
216.73.216.34 - - [14/Sep/2025:14:12:02 +0200] "GET /2025/09/12/bananas-go-bahamas-gebuhrenfrei-tasty-win-mobile-slot-ohne-registration-auf-anhieb-highway-kings-pro-slot-casino-sites-gerieren/feed?fileloc=%2F%2Fbin%2Far&path=%2F%2Fbin HTTP/1.1" 200 2239 "-" "Mozilla/5.0 AppleWebKit/537.36 (KHTML, like Gecko; compatible; ClaudeBot/1.0; +claudebot@anthropic.com)"
20.171.207.231 - - [14/Sep/2025:14:12:03 +0200] "GET /sitemap-hot-4223854.xml?fileloc=//sys/devices/virtual/net/lo/link_mode&path=//sys/devices/virtual/net/lo HTTP/1.1" 200 2281 "-" "Mozilla/5.0 AppleWebKit/537.36 (KHTML, like Gecko; compatible; GPTBot/1.2; +https://openai.com/gptbot)"
216.73.216.34 - - [14/Sep/2025:14:12:05 +0200] "GET /2025/09/12/finest-united-states-online-casinos-2025-internet-casino-cuckoo-casino-game-a-real-income?fileloc=%2F%2Fproc%2Fself%2Fcmdline&path=%2F%2Fproc%2Fself HTTP/1.1" 200 2279 "-" "Mozilla/5.0 AppleWebKit/537.36 (KHTML, like Gecko; compatible; ClaudeBot/1.0; +claudebot@anthropic.com)"
20.171.207.231 - - [14/Sep/2025:14:12:06 +0200] "GET /sitemap-hot-4223854.xml?fileloc=//sys/devices/virtual/net/lo/phys_port_id&path=//sys/devices/virtual/net/lo HTTP/1.1" 200 2283 "-" "Mozilla/5.0 AppleWebKit/537.36 (KHTML, like Gecko; compatible; GPTBot/1.2; +https://openai.com/gptbot)"
216.73.216.34 - - [14/Sep/2025:14:12:08 +0200] "GET /2025/09/12/bananas-go-bahamas-gebuhrenfrei-tasty-win-mobile-slot-ohne-registration-auf-anhieb-highway-kings-pro-slot-casino-sites-gerieren/feed?fileloc=%2F%2Fproc%2F1290%2Fwchan&path=%2F%2Fproc%2F1290 HTTP/1.1" 200 2260 "-" "Mozilla/5.0 AppleWebKit/537.36 (KHTML, like Gecko; compatible; ClaudeBot/1.0; +claudebot@anthropic.com)"
20.171.207.231 - - [14/Sep/2025:14:12:10 +0200] "GET /sitemap-hot-4231854.xml?fileloc=//sys/devices/virtual/net/lo/iflink&path=//sys/devices/virtual/net/lo HTTP/1.1" 200 2278 "-" "Mozilla/5.0 AppleWebKit/537.36 (KHTML, like Gecko; compatible; GPTBot/1.2; +https://openai.com/gptbot)"
216.73.216.34 - - [14/Sep/2025:14:12:11 +0200] "GET /2025/09/12/1win-zerkalo-sajta-bukmekerskoj-kontory-1vin-4060?fileloc=%2F%2Fproc%2F12%2Fautogroup&path=%2F%2Fproc%2F12 HTTP/1.1" 200 2252 "-" "Mozilla/5.0 AppleWebKit/537.36 (KHTML, like Gecko; compatible; ClaudeBot/1.0; +claudebot@anthropic.com)"
20.171.207.231 - - [14/Sep/2025:14:12:13 +0200] "GET /sitemap-hot-4227854.xml?fileloc=//sys/devices/virtual/net/lo/addr_assign_type&path=//sys/devices/virtual/net/lo HTTP/1.1" 200 2287 "-" "Mozilla/5.0 AppleWebKit/537.36 (KHTML, like Gecko; compatible; GPTBot/1.2; +https://openai.com/gptbot)"
216.73.216.34 - - [14/Sep/2025:14:12:14 +0200] "GET /2025/09/12/finest-united-states-online-casinos-2025-internet-casino-cuckoo-casino-game-a-real-income?path=%2F%2Fproc%2F23462%2Ftask%2F23474 HTTP/1.1" 200 3571 "-" "Mozilla/5.0 AppleWebKit/537.36 (KHTML, like Gecko; compatible; ClaudeBot/1.0; +claudebot@anthropic.com)"
20.171.207.231 - - [14/Sep/2025:14:12:16 +0200] "GET /sitemap-hot-4231854.xml?fileloc=//sys/devices/virtual/net/lo/link_mode&path=//sys/devices/virtual/net/lo HTTP/1.1" 200 2281 "-" "Mozilla/5.0 AppleWebKit/537.36 (KHTML, like Gecko; compatible; GPTBot/1.2; +https://openai.com/gptbot)"
216.73.216.34 - - [14/Sep/2025:14:12:17 +0200] "GET /2025/09/12/best-spielsaal-lucky-days-freie-spins-9-gamesys-casino-spin-palace-kein-einzahlungsbonus-chinese-dragon-online-slot-casinos-watrbar?path=%2F%2Fetc%2Fppp%2Fpeers HTTP/1.1" 200 2312 "-" "Mozilla/5.0 AppleWebKit/537.36 (KHTML, like Gecko; compatible; ClaudeBot/1.0; +claudebot@anthropic.com)"
20.171.207.231 - - [14/Sep/2025:14:12:19 +0200] "GET /sitemap-hot-4237854.xml?fileloc=//sys/devices/virtual/net/lo/flags&path=//sys/devices/virtual/net/lo HTTP/1.1" 200 2280 "-" "Mozilla/5.0 AppleWebKit/537.36 (KHTML, like Gecko; compatible; GPTBot/1.2; +https://openai.com/gptbot)"
216.73.216.34 - - [14/Sep/2025:14:12:20 +0200] "GET /2025/09/12/1win-zerkalo-sajta-bukmekerskoj-kontory-1vin-4060?fileloc=%2F%2Fproc%2F28667%2Fmountinfo&path=%2F%2Fproc%2F28667 HTTP/1.1" 200 2256 "-" "Mozilla/5.0 AppleWebKit/537.36 (KHTML, like Gecko; compatible; ClaudeBot/1.0; +claudebot@anthropic.com)"
20.171.207.231 - - [14/Sep/2025:14:12:22 +0200] "GET /sitemap-hot-4239854.xml?fileloc=//sys/devices/virtual/net/lo/dev_id&path=//sys/devices/virtual/net/lo HTTP/1.1" 200 2280 "-" "Mozilla/5.0 AppleWebKit/537.36 (KHTML, like Gecko; compatible; GPTBot/1.2; +https://openai.com/gptbot)"
216.73.216.34 - - [14/Sep/2025:14:12:23 +0200] "GET /2025/09/12/1win-zerkalo-sajta-bukmekerskoj-kontory-1vin-4060?fileloc=%2F%2Fbin%2Fld.gold&path=%2F%2Fbin HTTP/1.1" 200 2241 "-" "Mozilla/5.0 AppleWebKit/537.36 (KHTML, like Gecko; compatible; ClaudeBot/1.0; +claudebot@anthropic.com)"
20.171.207.231 - - [14/Sep/2025:14:12:25 +0200] "GET /sitemap-hot-4223854.xml?fileloc=//sys/devices/virtual/net/lo/proto_down&path=//sys/devices/virtual/net/lo HTTP/1.1" 200 2283 "-" "Mozilla/5.0 AppleWebKit/537.36 (KHTML, like Gecko; compatible; GPTBot/1.2; +https://openai.com/gptbot)"
216.73.216.34 - - [14/Sep/2025:14:12:26 +0200] "GET /2025/09/12/100-casino-oceanbets-100-free-spins-percent-free-casino-games-online-slots-kingdom-town-internet-casino/feed?fileloc=%2F%2Fbin%2Feulb-create-lb&path=%2F%2Fbin HTTP/1.1" 200 2344 "-" "Mozilla/5.0 AppleWebKit/537.36 (KHTML, like Gecko; compatible; ClaudeBot/1.0; +claudebot@anthropic.com)"
20.171.207.231 - - [14/Sep/2025:14:12:29 +0200] "GET /sitemap-hot-4223854.xml?fileloc=//sys/devices/virtual/net/lo/addr_assign_type&path=//sys/devices/virtual/net/lo HTTP/1.1" 200 2287 "-" "Mozilla/5.0 AppleWebKit/537.36 (KHTML, like Gecko; compatible; GPTBot/1.2; +https://openai.com/gptbot)"
216.73.216.34 - - [14/Sep/2025:14:12:29 +0200] "GET /2025/09/12/100-casino-oceanbets-100-free-spins-percent-free-casino-games-online-slots-kingdom-town-internet-casino/feed?fileloc=%2F%2Fbin%2Fgpgsplit&path=%2F%2Fbin HTTP/1.1" 200 2243 "-" "Mozilla/5.0 AppleWebKit/537.36 (KHTML, like Gecko; compatible; ClaudeBot/1.0; +claudebot@anthropic.com)"
20.171.207.231 - - [14/Sep/2025:14:12:32 +0200] "GET /sitemap-hot-4237854.xml?fileloc=//sys/devices/virtual/net/lo/dev_port&path=//sys/devices/virtual/net/lo HTTP/1.1" 200 2280 "-" "Mozilla/5.0 AppleWebKit/537.36 (KHTML, like Gecko; compatible; GPTBot/1.2; +https://openai.com/gptbot)"
216.73.216.34 - - [14/Sep/2025:14:12:32 +0200] "GET /2025/09/12/spielsaal-erreichbar-cops-bandits-book-of-cats-slot-keine-kostenlosen-einzahlungspins-frozen-diamonds-online-spielautomaten-tia-gatlinburg-vacation-packages?fileloc=%2F%2Fproc%2Facpi%2Fwakeup&path=%2F%2Fproc%2Facpi HTTP/1.1" 200 2286 "-" "Mozilla/5.0 AppleWebKit/537.36 (KHTML, like Gecko; compatible; ClaudeBot/1.0; +claudebot@anthropic.com)"
20.171.207.231 - - [14/Sep/2025:14:12:35 +0200] "GET /sitemap-hot-4239854.xml?fileloc=//sys/devices/virtual/net/lo/link_mode&path=//sys/devices/virtual/net/lo HTTP/1.1" 200 2281 "-" "Mozilla/5.0 AppleWebKit/537.36 (KHTML, like Gecko; compatible; GPTBot/1.2; +https://openai.com/gptbot)"
216.73.216.34 - - [14/Sep/2025:14:12:35 +0200] "GET /2025/09/12/1win-zerkalo-sajta-bukmekerskoj-kontory-1vin-4060?fileloc=%2F%2Fproc%2F27167%2Foom_adj&path=%2F%2Fproc%2F27167 HTTP/1.1" 200 2258 "-" "Mozilla/5.0 AppleWebKit/537.36 (KHTML, like Gecko; compatible; ClaudeBot/1.0; +claudebot@anthropic.com)"
3.212.86.97 - - [14/Sep/2025:14:12:37 +0200] "GET /category/slots/?path=//dev HTTP/1.1" 200 37175 "-" "Mozilla/5.0 AppleWebKit/537.36 (KHTML, like Gecko; compatible; Amazonbot/0.1; +https://developer.amazon.com/support/amazonbot) Chrome/119.0.6045.214 Safari/537.36"
