157.55.39.200 - - [14/Sep/2025:14:38:38 +0200] "GET /2025/08/21/slot-machine-sweet-bonanza-zagraj-w-demo-my-partner-and-i-przeczytaj-recenzje/ HTTP/1.1" 200 3666 "-" "Mozilla/5.0 AppleWebKit/537.36 (KHTML, like Gecko; compatible; bingbot/2.0; +http://www.bing.com/bingbot.htm) Chrome/116.0.1938.76 Safari/537.36"
216.73.216.34 - - [14/Sep/2025:14:38:40 +0200] "GET /2025/09/12/greatest-on-line-acceptance-online-double-exposure-blackjack-pro-series-low-limit-bonuses-in-america-top-10-ranked/feed?fileloc=%2F%2Fbin%2Fpchrt&path=%2F%2Fbin HTTP/1.1" 200 3679 "-" "Mozilla/5.0 AppleWebKit/537.36 (KHTML, like Gecko; compatible; ClaudeBot/1.0; +claudebot@anthropic.com)"
20.171.207.231 - - [14/Sep/2025:14:38:41 +0200] "GET /sitemapindex.xml?path=//proc/13215/attr HTTP/1.1" 200 2705 "-" "Mozilla/5.0 AppleWebKit/537.36 (KHTML, like Gecko; compatible; GPTBot/1.2; +https://openai.com/gptbot)"
216.73.216.34 - - [14/Sep/2025:14:38:43 +0200] "GET /2025/09/12/disco-funk-on-the-web-online-casino-cherry-50-free-spins-casino-slot-games-enjoy-100-percent-free-that-have-habanero?fileloc=%2F%2Flib64%2Flibwmf-0.2.so.7.1.0&path=%2F%2Flib64 HTTP/1.1" 200 2251 "-" "Mozilla/5.0 AppleWebKit/537.36 (KHTML, like Gecko; compatible; ClaudeBot/1.0; +claudebot@anthropic.com)"
20.171.207.231 - - [14/Sep/2025:14:38:44 +0200] "GET /sitemapindex.xml?path=//proc/17370/attr HTTP/1.1" 200 2312 "-" "Mozilla/5.0 AppleWebKit/537.36 (KHTML, like Gecko; compatible; GPTBot/1.2; +https://openai.com/gptbot)"
216.73.216.34 - - [14/Sep/2025:14:38:46 +0200] "GET /2025/09/12/spielsaal-erreichbar-cops-bandits-book-of-cats-slot-keine-kostenlosen-einzahlungspins-frozen-diamonds-online-spielautomaten-tia-gatlinburg-vacation-packages?fileloc=%2F%2Fsys%2Fkernel%2Fslab%2Fblkdev_ioc%2Fslabs&path=%2F%2Fsys%2Fkernel%2Fslab%2Fblkdev_ioc HTTP/1.1" 200 2276 "-" "Mozilla/5.0 AppleWebKit/537.36 (KHTML, like Gecko; compatible; ClaudeBot/1.0; +claudebot@anthropic.com)"
20.171.207.231 - - [14/Sep/2025:14:38:48 +0200] "GET /sitemapindex.xml?path=//proc/25049/attr HTTP/1.1" 200 2312 "-" "Mozilla/5.0 AppleWebKit/537.36 (KHTML, like Gecko; compatible; GPTBot/1.2; +https://openai.com/gptbot)"
216.73.216.34 - - [14/Sep/2025:14:38:49 +0200] "GET /2025/09/12/jogue-online-os-online-majority-rules-speed-blackjack-live-melhores-demanda/feed?fileloc=%2F%2Fetc%2Fcron.hourly%2F0anacron&path=%2F%2Fetc%2Fcron.hourly HTTP/1.1" 200 2460 "-" "Mozilla/5.0 AppleWebKit/537.36 (KHTML, like Gecko; compatible; ClaudeBot/1.0; +claudebot@anthropic.com)"
20.171.207.231 - - [14/Sep/2025:14:38:51 +0200] "GET /sitemapindex.xml?path=//proc/15613/attr HTTP/1.1" 200 2313 "-" "Mozilla/5.0 AppleWebKit/537.36 (KHTML, like Gecko; compatible; GPTBot/1.2; +https://openai.com/gptbot)"
216.73.216.34 - - [14/Sep/2025:14:38:52 +0200] "GET /2025/09/12/greatest-on-line-acceptance-online-double-exposure-blackjack-pro-series-low-limit-bonuses-in-america-top-10-ranked/feed?fileloc=%2F%2Fbin%2Fyum-builddep&path=%2F%2Fbin HTTP/1.1" 200 5599 "-" "Mozilla/5.0 AppleWebKit/537.36 (KHTML, like Gecko; compatible; ClaudeBot/1.0; +claudebot@anthropic.com)"
20.171.207.231 - - [14/Sep/2025:14:38:54 +0200] "GET /sitemapindex.xml?path=//proc/11840/attr HTTP/1.1" 200 2703 "-" "Mozilla/5.0 AppleWebKit/537.36 (KHTML, like Gecko; compatible; GPTBot/1.2; +https://openai.com/gptbot)"
216.73.216.34 - - [14/Sep/2025:14:38:55 +0200] "GET /2025/09/12/100-casino-oceanbets-100-free-spins-percent-free-casino-games-online-slots-kingdom-town-internet-casino/feed?fileloc=%2F%2Fusr%2Fsbin%2Fimunify-notifier&path=%2F%2Fusr%2Fsbin HTTP/1.1" 200 2261 "-" "Mozilla/5.0 AppleWebKit/537.36 (KHTML, like Gecko; compatible; ClaudeBot/1.0; +claudebot@anthropic.com)"
20.171.207.231 - - [14/Sep/2025:14:38:57 +0200] "GET /sitemapindex.xml?path=//proc/15614/attr HTTP/1.1" 200 2313 "-" "Mozilla/5.0 AppleWebKit/537.36 (KHTML, like Gecko; compatible; GPTBot/1.2; +https://openai.com/gptbot)"
216.73.216.34 - - [14/Sep/2025:14:38:58 +0200] "GET /2025/09/12/100-casino-oceanbets-100-free-spins-percent-free-casino-games-online-slots-kingdom-town-internet-casino/feed?fileloc=%2F%2Fusr%2Fsbin%2Fdovecot_cpshutdown&path=%2F%2Fusr%2Fsbin HTTP/1.1" 200 3538 "-" "Mozilla/5.0 AppleWebKit/537.36 (KHTML, like Gecko; compatible; ClaudeBot/1.0; +claudebot@anthropic.com)"
20.171.207.231 - - [14/Sep/2025:14:39:00 +0200] "GET /sitemapindex.xml?path=//proc/15612/attr HTTP/1.1" 200 2313 "-" "Mozilla/5.0 AppleWebKit/537.36 (KHTML, like Gecko; compatible; GPTBot/1.2; +https://openai.com/gptbot)"
216.73.216.34 - - [14/Sep/2025:14:39:01 +0200] "GET /2025/09/12/greatest-on-line-acceptance-online-double-exposure-blackjack-pro-series-low-limit-bonuses-in-america-top-10-ranked/feed?fileloc=%2F%2Fbin%2Ftop&path=%2F%2Fbin HTTP/1.1" 200 2240 "-" "Mozilla/5.0 AppleWebKit/537.36 (KHTML, like Gecko; compatible; ClaudeBot/1.0; +claudebot@anthropic.com)"
216.73.216.34 - - [14/Sep/2025:14:39:04 +0200] "GET /2025/09/12/disco-funk-on-the-web-online-casino-cherry-50-free-spins-casino-slot-games-enjoy-100-percent-free-that-have-habanero?fileloc=%2F%2Flib64%2FlibXxf86misc.so.1.1.0&path=%2F%2Flib64 HTTP/1.1" 200 2252 "-" "Mozilla/5.0 AppleWebKit/537.36 (KHTML, like Gecko; compatible; ClaudeBot/1.0; +claudebot@anthropic.com)"
20.171.207.231 - - [14/Sep/2025:14:39:04 +0200] "GET /sitemapindex.xml?path=//proc/15643/attr HTTP/1.1" 200 2313 "-" "Mozilla/5.0 AppleWebKit/537.36 (KHTML, like Gecko; compatible; GPTBot/1.2; +https://openai.com/gptbot)"
216.73.216.34 - - [14/Sep/2025:14:39:07 +0200] "GET /2025/09/12/disco-funk-on-the-web-online-casino-cherry-50-free-spins-casino-slot-games-enjoy-100-percent-free-that-have-habanero?fileloc=%2F%2Flib64%2Flibpcrecpp.so&path=%2F%2Flib64 HTTP/1.1" 200 2249 "-" "Mozilla/5.0 AppleWebKit/537.36 (KHTML, like Gecko; compatible; ClaudeBot/1.0; +claudebot@anthropic.com)"
20.171.207.231 - - [14/Sep/2025:14:39:07 +0200] "GET /sitemapindex.xml?path=//proc/12610/attr HTTP/1.1" 200 2703 "-" "Mozilla/5.0 AppleWebKit/537.36 (KHTML, like Gecko; compatible; GPTBot/1.2; +https://openai.com/gptbot)"
216.73.216.34 - - [14/Sep/2025:14:39:10 +0200] "GET /2025/09/12/finest-united-states-online-casinos-2025-internet-casino-cuckoo-casino-game-a-real-income?fileloc=%2F%2Flib64%2Fapache2%2Fmodules%2Fmod_rewrite.so&path=%2F%2Flib64%2Fapache2%2Fmodules HTTP/1.1" 200 2270 "-" "Mozilla/5.0 AppleWebKit/537.36 (KHTML, like Gecko; compatible; ClaudeBot/1.0; +claudebot@anthropic.com)"
20.171.207.231 - - [14/Sep/2025:14:39:10 +0200] "GET /sitemapindex.xml?path=//proc/13162/attr HTTP/1.1" 200 2705 "-" "Mozilla/5.0 AppleWebKit/537.36 (KHTML, like Gecko; compatible; GPTBot/1.2; +https://openai.com/gptbot)"
216.73.216.34 - - [14/Sep/2025:14:39:13 +0200] "GET /2025/09/12/greatest-on-line-acceptance-online-double-exposure-blackjack-pro-series-low-limit-bonuses-in-america-top-10-ranked/feed?fileloc=%2F%2Fbin%2Feuca-disassociate-address&path=%2F%2Fbin HTTP/1.1" 200 2334 "-" "Mozilla/5.0 AppleWebKit/537.36 (KHTML, like Gecko; compatible; ClaudeBot/1.0; +claudebot@anthropic.com)"
20.171.207.231 - - [14/Sep/2025:14:39:13 +0200] "GET /sitemapindex.xml?path=//proc/15611/task HTTP/1.1" 200 2313 "-" "Mozilla/5.0 AppleWebKit/537.36 (KHTML, like Gecko; compatible; GPTBot/1.2; +https://openai.com/gptbot)"
66.249.74.1 - - [14/Sep/2025:14:39:14 +0200] "GET /2025/02/11/%D1%80%D0%B5%D0%B9%D1%82%D0%B8%D0%BD%D0%B3-%D0%B1%D1%83%D0%BA%D0%BC%D0%B5%D0%BA%D0%B5%D1%80%D0%BE%D0%B2-2024-%D0%BB%D1%83%D1%87%D1%88%D0%B8%D0%B5-%D0%B1%D1%83%D0%BA%D0%BC%D0%B5%D0%BA%D0%B5%D1%80%D1%81/?fileloc=//quota.user&path=/ HTTP/1.1" 200 2231 "-" "Mozilla/5.0 (Linux; Android 6.0.1; Nexus 5X Build/MMB29P) AppleWebKit/537.36 (KHTML, like Gecko) Chrome/140.0.7339.127 Mobile Safari/537.36 (compatible; GoogleOther)"
216.73.216.34 - - [14/Sep/2025:14:39:16 +0200] "GET /2025/09/12/greatest-on-line-acceptance-online-double-exposure-blackjack-pro-series-low-limit-bonuses-in-america-top-10-ranked/feed?fileloc=%2F%2Fbin%2Ftty&path=%2F%2Fbin HTTP/1.1" 200 2240 "-" "Mozilla/5.0 AppleWebKit/537.36 (KHTML, like Gecko; compatible; ClaudeBot/1.0; +claudebot@anthropic.com)"
20.171.207.231 - - [14/Sep/2025:14:39:16 +0200] "GET /sitemapindex.xml?path=//proc/28692/attr HTTP/1.1" 200 2704 "-" "Mozilla/5.0 AppleWebKit/537.36 (KHTML, like Gecko; compatible; GPTBot/1.2; +https://openai.com/gptbot)"
3.222.85.38 - - [14/Sep/2025:14:39:16 +0200] "GET /2025/09/11/spielbank-bonus-abzuglich-einzahlung-originell-sofort-im-neunter-monat-des-jahres-2025/?path=//bin HTTP/1.1" 200 2283537 "-" "Mozilla/5.0 AppleWebKit/537.36 (KHTML, like Gecko; compatible; Amazonbot/0.1; +https://developer.amazon.com/support/amazonbot) Chrome/119.0.6045.214 Safari/537.36"
216.73.216.34 - - [14/Sep/2025:14:39:19 +0200] "GET /2025/09/12/finest-united-states-online-casinos-2025-internet-casino-cuckoo-casino-game-a-real-income?fileloc=%2F%2Flib64%2Fapache2%2Fmodules%2Fmod_status.so&path=%2F%2Flib64%2Fapache2%2Fmodules HTTP/1.1" 200 2270 "-" "Mozilla/5.0 AppleWebKit/537.36 (KHTML, like Gecko; compatible; ClaudeBot/1.0; +claudebot@anthropic.com)"
20.171.207.231 - - [14/Sep/2025:14:39:19 +0200] "GET /sitemapindex.xml?path=//proc/23628/attr HTTP/1.1" 200 2313 "-" "Mozilla/5.0 AppleWebKit/537.36 (KHTML, like Gecko; compatible; GPTBot/1.2; +https://openai.com/gptbot)"
216.73.216.34 - - [14/Sep/2025:14:39:22 +0200] "GET /2025/09/12/twin-spin-netent-slot-slot-tornado-farm-escape-review?fileloc=%2F%2Fetc%2Fapache2%2Fconf.d%2Fhttp2.conf&path=%2F%2Fetc%2Fapache2%2Fconf.d HTTP/1.1" 200 2323 "-" "Mozilla/5.0 AppleWebKit/537.36 (KHTML, like Gecko; compatible; ClaudeBot/1.0; +claudebot@anthropic.com)"
20.171.207.231 - - [14/Sep/2025:14:39:22 +0200] "GET /sitemapindex.xml?path=//proc/12422/task HTTP/1.1" 200 2547 "-" "Mozilla/5.0 AppleWebKit/537.36 (KHTML, like Gecko; compatible; GPTBot/1.2; +https://openai.com/gptbot)"
216.73.216.34 - - [14/Sep/2025:14:39:25 +0200] "GET /2025/09/12/greatest-on-line-acceptance-online-double-exposure-blackjack-pro-series-low-limit-bonuses-in-america-top-10-ranked/feed?fileloc=%2F%2Fbin%2Fxzcmp&path=%2F%2Fbin HTTP/1.1" 200 4623 "-" "Mozilla/5.0 AppleWebKit/537.36 (KHTML, like Gecko; compatible; ClaudeBot/1.0; +claudebot@anthropic.com)"
20.171.207.231 - - [14/Sep/2025:14:39:26 +0200] "GET /sitemapindex.xml?path=//proc/27165/attr HTTP/1.1" 200 2704 "-" "Mozilla/5.0 AppleWebKit/537.36 (KHTML, like Gecko; compatible; GPTBot/1.2; +https://openai.com/gptbot)"
85.208.96.212 - - [14/Sep/2025:14:39:26 +0200] "GET /2025/05/02/virtualnye-gjembling-platformy-s-premijami-11/ HTTP/1.1" 200 64828 "-" "Mozilla/5.0 (compatible; SemrushBot/7~bl; +http://www.semrush.com/bot.html)"
216.73.216.34 - - [14/Sep/2025:14:39:28 +0200] "GET /2025/09/12/greatest-on-line-acceptance-online-double-exposure-blackjack-pro-series-low-limit-bonuses-in-america-top-10-ranked/feed?fileloc=%2F%2Fbin%2Fcat&path=%2F%2Fbin HTTP/1.1" 200 2239 "-" "Mozilla/5.0 AppleWebKit/537.36 (KHTML, like Gecko; compatible; ClaudeBot/1.0; +claudebot@anthropic.com)"
20.171.207.231 - - [14/Sep/2025:14:39:29 +0200] "GET /sitemapindex.xml?path=//proc/27167/attr HTTP/1.1" 200 2704 "-" "Mozilla/5.0 AppleWebKit/537.36 (KHTML, like Gecko; compatible; GPTBot/1.2; +https://openai.com/gptbot)"
216.73.216.34 - - [14/Sep/2025:14:39:31 +0200] "GET /2025/09/12/jogue-online-os-online-majority-rules-speed-blackjack-live-melhores-demanda/feed?fileloc=%2F%2Fetc%2Fyum%2Fvars%2Fcontentdir&path=%2F%2Fetc%2Fyum%2Fvars HTTP/1.1" 200 2269 "-" "Mozilla/5.0 AppleWebKit/537.36 (KHTML, like Gecko; compatible; ClaudeBot/1.0; +claudebot@anthropic.com)"
20.171.207.231 - - [14/Sep/2025:14:39:32 +0200] "GET /sitemapindex.xml?path=//proc/16309/attr HTTP/1.1" 200 2705 "-" "Mozilla/5.0 AppleWebKit/537.36 (KHTML, like Gecko; compatible; GPTBot/1.2; +https://openai.com/gptbot)"
216.73.216.34 - - [14/Sep/2025:14:39:34 +0200] "GET /2025/09/12/disco-funk-on-the-web-online-casino-cherry-50-free-spins-casino-slot-games-enjoy-100-percent-free-that-have-habanero?fileloc=%2F%2Flib64%2Flibodbccr.so.2&path=%2F%2Flib64 HTTP/1.1" 200 2246 "-" "Mozilla/5.0 AppleWebKit/537.36 (KHTML, like Gecko; compatible; ClaudeBot/1.0; +claudebot@anthropic.com)"
20.171.207.231 - - [14/Sep/2025:14:39:35 +0200] "GET /sitemapindex.xml?path=//proc/27163/attr HTTP/1.1" 200 2705 "-" "Mozilla/5.0 AppleWebKit/537.36 (KHTML, like Gecko; compatible; GPTBot/1.2; +https://openai.com/gptbot)"
216.73.216.34 - - [14/Sep/2025:14:39:37 +0200] "GET /2025/09/12/finest-united-states-online-casinos-2025-internet-casino-cuckoo-casino-game-a-real-income?fileloc=%2F%2Fsys%2Fmodule%2Fvirtio_scsi%2Fsections%2F.rodata.str1.1&path=%2F%2Fsys%2Fmodule%2Fvirtio_scsi%2Fsections HTTP/1.1" 200 2288 "-" "Mozilla/5.0 AppleWebKit/537.36 (KHTML, like Gecko; compatible; ClaudeBot/1.0; +claudebot@anthropic.com)"
20.171.207.231 - - [14/Sep/2025:14:39:38 +0200] "GET /sitemapindex.xml?path=//proc/30852/attr HTTP/1.1" 200 2312 "-" "Mozilla/5.0 AppleWebKit/537.36 (KHTML, like Gecko; compatible; GPTBot/1.2; +https://openai.com/gptbot)"
216.73.216.34 - - [14/Sep/2025:14:39:40 +0200] "GET /2025/09/12/finest-united-states-online-casinos-2025-internet-casino-cuckoo-casino-game-a-real-income?fileloc=%2F%2Flib64%2Fruby%2Ffcntl.so&path=%2F%2Flib64%2Fruby HTTP/1.1" 200 2256 "-" "Mozilla/5.0 AppleWebKit/537.36 (KHTML, like Gecko; compatible; ClaudeBot/1.0; +claudebot@anthropic.com)"
20.171.207.231 - - [14/Sep/2025:14:39:41 +0200] "GET /sitemapindex.xml?path=//proc/27492/attr HTTP/1.1" 200 2704 "-" "Mozilla/5.0 AppleWebKit/537.36 (KHTML, like Gecko; compatible; GPTBot/1.2; +https://openai.com/gptbot)"
216.73.216.34 - - [14/Sep/2025:14:39:43 +0200] "GET /2025/09/12/100-casino-oceanbets-100-free-spins-percent-free-casino-games-online-slots-kingdom-town-internet-casino/feed?fileloc=%2F%2Fusr%2Fsbin%2Fnl-class-delete&path=%2F%2Fusr%2Fsbin HTTP/1.1" 200 2257 "-" "Mozilla/5.0 AppleWebKit/537.36 (KHTML, like Gecko; compatible; ClaudeBot/1.0; +claudebot@anthropic.com)"
20.171.207.231 - - [14/Sep/2025:14:39:44 +0200] "GET /sitemapindex.xml?path=//proc/27168/attr HTTP/1.1" 200 2704 "-" "Mozilla/5.0 AppleWebKit/537.36 (KHTML, like Gecko; compatible; GPTBot/1.2; +https://openai.com/gptbot)"
216.73.216.34 - - [14/Sep/2025:14:39:46 +0200] "GET /2025/09/12/the-newest-no-deposit-bonus-codes-to-have-uk-casinos-in-the-2025/feed?fileloc=%2F%2Fproc%2Fkpagecount&path=%2F%2Fproc HTTP/1.1" 200 2245 "-" "Mozilla/5.0 AppleWebKit/537.36 (KHTML, like Gecko; compatible; ClaudeBot/1.0; +claudebot@anthropic.com)"
20.171.207.231 - - [14/Sep/2025:14:39:48 +0200] "GET /sitemapindex.xml?path=//proc/23462/attr HTTP/1.1" 200 2705 "-" "Mozilla/5.0 AppleWebKit/537.36 (KHTML, like Gecko; compatible; GPTBot/1.2; +https://openai.com/gptbot)"
216.73.216.34 - - [14/Sep/2025:14:39:49 +0200] "GET /2025/09/12/finest-united-states-online-casinos-2025-internet-casino-cuckoo-casino-game-a-real-income?fileloc=%2F%2Flib64%2Fruby%2Fopenssl.so&path=%2F%2Flib64%2Fruby HTTP/1.1" 200 2257 "-" "Mozilla/5.0 AppleWebKit/537.36 (KHTML, like Gecko; compatible; ClaudeBot/1.0; +claudebot@anthropic.com)"
20.171.207.231 - - [14/Sep/2025:14:39:51 +0200] "GET /sitemapindex.xml?path=//proc/27166/attr HTTP/1.1" 200 2704 "-" "Mozilla/5.0 AppleWebKit/537.36 (KHTML, like Gecko; compatible; GPTBot/1.2; +https://openai.com/gptbot)"
216.73.216.34 - - [14/Sep/2025:14:39:52 +0200] "GET /2025/09/12/greatest-on-line-acceptance-online-double-exposure-blackjack-pro-series-low-limit-bonuses-in-america-top-10-ranked/feed?fileloc=%2F%2Fbin%2Ffile&path=%2F%2Fbin HTTP/1.1" 200 2238 "-" "Mozilla/5.0 AppleWebKit/537.36 (KHTML, like Gecko; compatible; ClaudeBot/1.0; +claudebot@anthropic.com)"
20.171.207.231 - - [14/Sep/2025:14:39:54 +0200] "GET /sitemapindex.xml?path=//proc/23742/attr HTTP/1.1" 200 2705 "-" "Mozilla/5.0 AppleWebKit/537.36 (KHTML, like Gecko; compatible; GPTBot/1.2; +https://openai.com/gptbot)"
216.73.216.34 - - [14/Sep/2025:14:39:55 +0200] "GET /2025/09/12/ten-best-online-casinos-australian-continent-the-real-deal-currency-gaming-inside-2025/feed?path=%2F%2Fproc%2F1374%2Fnet%2Frpc HTTP/1.1" 200 2594 "-" "Mozilla/5.0 AppleWebKit/537.36 (KHTML, like Gecko; compatible; ClaudeBot/1.0; +claudebot@anthropic.com)"
3.214.176.44 - - [14/Sep/2025:14:39:56 +0200] "GET /2025/09/11/navigating-the-thrilling-landscape-of-online/?path=//lib HTTP/1.1" 200 234328 "-" "Mozilla/5.0 AppleWebKit/537.36 (KHTML, like Gecko; compatible; Amazonbot/0.1; +https://developer.amazon.com/support/amazonbot) Chrome/119.0.6045.214 Safari/537.36"
20.171.207.231 - - [14/Sep/2025:14:39:57 +0200] "GET /sitemapindex.xml?path=//proc/13158/attr HTTP/1.1" 200 2705 "-" "Mozilla/5.0 AppleWebKit/537.36 (KHTML, like Gecko; compatible; GPTBot/1.2; +https://openai.com/gptbot)"
216.73.216.34 - - [14/Sep/2025:14:39:58 +0200] "GET /2025/09/12/twin-spin-netent-slot-slot-tornado-farm-escape-review?path=%2F%2Fvar%2Fnamed HTTP/1.1" 200 3124 "-" "Mozilla/5.0 AppleWebKit/537.36 (KHTML, like Gecko; compatible; ClaudeBot/1.0; +claudebot@anthropic.com)"
20.171.207.231 - - [14/Sep/2025:14:40:00 +0200] "GET /sitemapindex.xml?path=//proc/23529/attr HTTP/1.1" 200 2705 "-" "Mozilla/5.0 AppleWebKit/537.36 (KHTML, like Gecko; compatible; GPTBot/1.2; +https://openai.com/gptbot)"
216.73.216.34 - - [14/Sep/2025:14:40:01 +0200] "GET /2025/09/12/100-casino-oceanbets-100-free-spins-percent-free-casino-games-online-slots-kingdom-town-internet-casino/feed?fileloc=%2F%2Fusr%2Fsbin%2Fnl-cls-list&path=%2F%2Fusr%2Fsbin HTTP/1.1" 200 2258 "-" "Mozilla/5.0 AppleWebKit/537.36 (KHTML, like Gecko; compatible; ClaudeBot/1.0; +claudebot@anthropic.com)"
20.171.207.231 - - [14/Sep/2025:14:40:03 +0200] "GET /sitemapindex.xml?path=//proc/28667/attr HTTP/1.1" 200 2313 "-" "Mozilla/5.0 AppleWebKit/537.36 (KHTML, like Gecko; compatible; GPTBot/1.2; +https://openai.com/gptbot)"
216.73.216.34 - - [14/Sep/2025:14:40:04 +0200] "GET /2025/09/12/disco-funk-on-the-web-online-casino-cherry-50-free-spins-casino-slot-games-enjoy-100-percent-free-that-have-habanero?path=%2F%2Flib64%2Flibproxy HTTP/1.1" 200 2545 "-" "Mozilla/5.0 AppleWebKit/537.36 (KHTML, like Gecko; compatible; ClaudeBot/1.0; +claudebot@anthropic.com)"
20.171.207.231 - - [14/Sep/2025:14:40:06 +0200] "GET /sitemapindex.xml?path=//proc/27170/attr HTTP/1.1" 200 2704 "-" "Mozilla/5.0 AppleWebKit/537.36 (KHTML, like Gecko; compatible; GPTBot/1.2; +https://openai.com/gptbot)"
216.73.216.34 - - [14/Sep/2025:14:40:07 +0200] "GET /2025/09/12/most-recent-no-deposit-incentives-united-new-independent-online-casinos-kingdom-2025-greatest-ranked-now-offers?fileloc=%2Fhome%2Fsareqgroup%2Fecommerce.com%2Fwp-includes%2Fimages%2Fw-logo-blue-white-bg.png&path=%2Fhome%2Fsareqgroup%2Fecommerce.com%2Fwp-includes%2Fimages HTTP/1.1" 200 2297 "-" "Mozilla/5.0 AppleWebKit/537.36 (KHTML, like Gecko; compatible; ClaudeBot/1.0; +claudebot@anthropic.com)"
98.82.107.102 - - [14/Sep/2025:14:40:08 +0200] "GET /2025/04/01/pochemu-platnye-uslugi-s-devushkami-na-chas-s/?path=//etc HTTP/1.1" 200 535525 "-" "Mozilla/5.0 AppleWebKit/537.36 (KHTML, like Gecko; compatible; Amazonbot/0.1; +https://developer.amazon.com/support/amazonbot) Chrome/119.0.6045.214 Safari/537.36"
20.171.207.231 - - [14/Sep/2025:14:40:09 +0200] "GET /sitemapindex.xml?path=//proc/15219/attr HTTP/1.1" 200 2703 "-" "Mozilla/5.0 AppleWebKit/537.36 (KHTML, like Gecko; compatible; GPTBot/1.2; +https://openai.com/gptbot)"
216.73.216.34 - - [14/Sep/2025:14:40:10 +0200] "GET /2025/09/12/greatest-on-line-acceptance-online-double-exposure-blackjack-pro-series-low-limit-bonuses-in-america-top-10-ranked/feed?fileloc=%2F%2Fbin%2Fteamnl&path=%2F%2Fbin HTTP/1.1" 200 2242 "-" "Mozilla/5.0 AppleWebKit/537.36 (KHTML, like Gecko; compatible; ClaudeBot/1.0; +claudebot@anthropic.com)"
20.171.207.231 - - [14/Sep/2025:14:40:12 +0200] "GET /sitemapindex.xml?path=//proc/30379/attr HTTP/1.1" 200 2312 "-" "Mozilla/5.0 AppleWebKit/537.36 (KHTML, like Gecko; compatible; GPTBot/1.2; +https://openai.com/gptbot)"
216.73.216.34 - - [14/Sep/2025:14:40:13 +0200] "GET /2025/09/12/disco-funk-on-the-web-online-casino-cherry-50-free-spins-casino-slot-games-enjoy-100-percent-free-that-have-habanero?fileloc=%2F%2Flib64%2Flibpopt.so.0.0.0&path=%2F%2Flib64 HTTP/1.1" 200 2247 "-" "Mozilla/5.0 AppleWebKit/537.36 (KHTML, like Gecko; compatible; ClaudeBot/1.0; +claudebot@anthropic.com)"
216.73.216.34 - - [14/Sep/2025:14:40:16 +0200] "GET /2025/09/12/greatest-on-line-acceptance-online-double-exposure-blackjack-pro-series-low-limit-bonuses-in-america-top-10-ranked/feed?fileloc=%2F%2Fbin%2Ftac&path=%2F%2Fbin HTTP/1.1" 200 2239 "-" "Mozilla/5.0 AppleWebKit/537.36 (KHTML, like Gecko; compatible; ClaudeBot/1.0; +claudebot@anthropic.com)"
20.171.207.231 - - [14/Sep/2025:14:40:16 +0200] "GET /sitemapindex.xml?path=//proc/28707/attr HTTP/1.1" 200 2313 "-" "Mozilla/5.0 AppleWebKit/537.36 (KHTML, like Gecko; compatible; GPTBot/1.2; +https://openai.com/gptbot)"
216.73.216.34 - - [14/Sep/2025:14:40:19 +0200] "GET /2025/09/12/greatest-on-line-acceptance-online-double-exposure-blackjack-pro-series-low-limit-bonuses-in-america-top-10-ranked/feed?fileloc=%2F%2Fbin%2Fgtar&path=%2F%2Fbin HTTP/1.1" 200 2240 "-" "Mozilla/5.0 AppleWebKit/537.36 (KHTML, like Gecko; compatible; ClaudeBot/1.0; +claudebot@anthropic.com)"
20.171.207.231 - - [14/Sep/2025:14:40:19 +0200] "GET /sitemapindex.xml?path=//proc/15615/task HTTP/1.1" 200 2313 "-" "Mozilla/5.0 AppleWebKit/537.36 (KHTML, like Gecko; compatible; GPTBot/1.2; +https://openai.com/gptbot)"
216.73.216.34 - - [14/Sep/2025:14:40:22 +0200] "GET /2025/09/12/disco-funk-on-the-web-online-casino-cherry-50-free-spins-casino-slot-games-enjoy-100-percent-free-that-have-habanero?fileloc=%2F%2Flib64%2Flibboost_serialization-mt.so.1.53.0&path=%2F%2Flib64 HTTP/1.1" 200 2258 "-" "Mozilla/5.0 AppleWebKit/537.36 (KHTML, like Gecko; compatible; ClaudeBot/1.0; +claudebot@anthropic.com)"
20.171.207.231 - - [14/Sep/2025:14:40:22 +0200] "GET /sitemapindex.xml?path=//proc/27162/attr HTTP/1.1" 200 2704 "-" "Mozilla/5.0 AppleWebKit/537.36 (KHTML, like Gecko; compatible; GPTBot/1.2; +https://openai.com/gptbot)"
3.217.82.254 - - [14/Sep/2025:14:40:24 +0200] "GET /2025/06/30/mother-your-children-are-like-birds-4/?path=//oldhome HTTP/1.1" 200 12666 "-" "Mozilla/5.0 AppleWebKit/537.36 (KHTML, like Gecko; compatible; Amazonbot/0.1; +https://developer.amazon.com/support/amazonbot) Chrome/119.0.6045.214 Safari/537.36"
216.73.216.34 - - [14/Sep/2025:14:40:25 +0200] "GET /2025/09/12/estrategias-para-gerenciar-arruii-capital-criancice-acabamento-hand-of-anubis/feed?path=%2F%2Frun%2Fsystemd%2Fsystem HTTP/1.1" 200 2690 "-" "Mozilla/5.0 AppleWebKit/537.36 (KHTML, like Gecko; compatible; ClaudeBot/1.0; +claudebot@anthropic.com)"
20.171.207.231 - - [14/Sep/2025:14:40:25 +0200] "GET /sitemapindex.xml?path=//proc/27493/attr HTTP/1.1" 200 2705 "-" "Mozilla/5.0 AppleWebKit/537.36 (KHTML, like Gecko; compatible; GPTBot/1.2; +https://openai.com/gptbot)"
216.73.216.34 - - [14/Sep/2025:14:40:28 +0200] "GET /2025/09/12/greatest-on-line-acceptance-online-double-exposure-blackjack-pro-series-low-limit-bonuses-in-america-top-10-ranked/feed?fileloc=%2F%2Fbin%2Fci&path=%2F%2Fbin HTTP/1.1" 200 2693 "-" "Mozilla/5.0 AppleWebKit/537.36 (KHTML, like Gecko; compatible; ClaudeBot/1.0; +claudebot@anthropic.com)"
20.171.207.231 - - [14/Sep/2025:14:40:28 +0200] "GET /sitemapindex.xml?path=//proc/15617/attr HTTP/1.1" 200 2313 "-" "Mozilla/5.0 AppleWebKit/537.36 (KHTML, like Gecko; compatible; GPTBot/1.2; +https://openai.com/gptbot)"
216.73.216.34 - - [14/Sep/2025:14:40:31 +0200] "GET /2025/09/12/greatest-on-line-acceptance-online-double-exposure-blackjack-pro-series-low-limit-bonuses-in-america-top-10-ranked/feed?fileloc=%2F%2Fbin%2Feuwatch-delete-alarms&path=%2F%2Fbin HTTP/1.1" 200 2331 "-" "Mozilla/5.0 AppleWebKit/537.36 (KHTML, like Gecko; compatible; ClaudeBot/1.0; +claudebot@anthropic.com)"
20.171.207.231 - - [14/Sep/2025:14:40:31 +0200] "GET /sitemapindex.xml?path=//proc/28708/attr HTTP/1.1" 200 2312 "-" "Mozilla/5.0 AppleWebKit/537.36 (KHTML, like Gecko; compatible; GPTBot/1.2; +https://openai.com/gptbot)"
216.73.216.34 - - [14/Sep/2025:14:40:34 +0200] "GET /2025/09/12/jogue-online-os-online-majority-rules-speed-blackjack-live-melhores-demanda/feed?fileloc=%2F%2Fproc%2F6%2Fnet%2Fip6_tables_names&path=%2F%2Fproc%2F6%2Fnet HTTP/1.1" 200 2263 "-" "Mozilla/5.0 AppleWebKit/537.36 (KHTML, like Gecko; compatible; ClaudeBot/1.0; +claudebot@anthropic.com)"
20.171.207.231 - - [14/Sep/2025:14:40:35 +0200] "GET /sitemapindex.xml?path=//proc/15608/attr HTTP/1.1" 200 2313 "-" "Mozilla/5.0 AppleWebKit/537.36 (KHTML, like Gecko; compatible; GPTBot/1.2; +https://openai.com/gptbot)"
216.73.216.34 - - [14/Sep/2025:14:40:37 +0200] "GET /2025/09/12/the-newest-no-deposit-bonus-codes-to-have-uk-casinos-in-the-2025/feed?fileloc=%2F%2Fproc%2F14431%2Fsched&path=%2F%2Fproc%2F14431 HTTP/1.1" 200 2499 "-" "Mozilla/5.0 AppleWebKit/537.36 (KHTML, like Gecko; compatible; ClaudeBot/1.0; +claudebot@anthropic.com)"
20.171.207.231 - - [14/Sep/2025:14:40:38 +0200] "GET /sitemapindex.xml?path=//proc/14431/task HTTP/1.1" 200 2546 "-" "Mozilla/5.0 AppleWebKit/537.36 (KHTML, like Gecko; compatible; GPTBot/1.2; +https://openai.com/gptbot)"
216.73.216.34 - - [14/Sep/2025:14:40:40 +0200] "GET /2025/09/12/greatest-on-line-acceptance-online-double-exposure-blackjack-pro-series-low-limit-bonuses-in-america-top-10-ranked/feed?fileloc=%2F%2Fbin%2Fmailx&path=%2F%2Fbin HTTP/1.1" 200 2241 "-" "Mozilla/5.0 AppleWebKit/537.36 (KHTML, like Gecko; compatible; ClaudeBot/1.0; +claudebot@anthropic.com)"
20.171.207.231 - - [14/Sep/2025:14:40:41 +0200] "GET /sitemapindex.xml?path=//proc/13189/attr HTTP/1.1" 200 2705 "-" "Mozilla/5.0 AppleWebKit/537.36 (KHTML, like Gecko; compatible; GPTBot/1.2; +https://openai.com/gptbot)"
216.73.216.34 - - [14/Sep/2025:14:40:43 +0200] "GET /2025/09/12/disco-funk-on-the-web-online-casino-cherry-50-free-spins-casino-slot-games-enjoy-100-percent-free-that-have-habanero?fileloc=%2F%2Flib64%2Flibgfrpc.so.0.0.1&path=%2F%2Flib64 HTTP/1.1" 200 2249 "-" "Mozilla/5.0 AppleWebKit/537.36 (KHTML, like Gecko; compatible; ClaudeBot/1.0; +claudebot@anthropic.com)"
20.171.207.231 - - [14/Sep/2025:14:40:44 +0200] "GET /sitemapindex.xml?path=//proc/25048/attr HTTP/1.1" 200 2312 "-" "Mozilla/5.0 AppleWebKit/537.36 (KHTML, like Gecko; compatible; GPTBot/1.2; +https://openai.com/gptbot)"
52.203.68.145 - - [14/Sep/2025:14:40:44 +0200] "GET /category/verde-casino-poland/?path=//bin HTTP/1.1" 200 2283537 "-" "Mozilla/5.0 AppleWebKit/537.36 (KHTML, like Gecko; compatible; Amazonbot/0.1; +https://developer.amazon.com/support/amazonbot) Chrome/119.0.6045.214 Safari/537.36"
216.73.216.34 - - [14/Sep/2025:14:40:46 +0200] "GET /2025/09/12/finest-united-states-online-casinos-2025-internet-casino-cuckoo-casino-game-a-real-income?fileloc=%2F%2Flib%2Fsystemd%2Fsystem%2Fserial-getty%40.service&path=%2F%2Flib%2Fsystemd%2Fsystem HTTP/1.1" 200 2854 "-" "Mozilla/5.0 AppleWebKit/537.36 (KHTML, like Gecko; compatible; ClaudeBot/1.0; +claudebot@anthropic.com)"
20.171.207.231 - - [14/Sep/2025:14:40:47 +0200] "GET /sitemapindex.xml?path=//proc/14412/task HTTP/1.1" 200 2547 "-" "Mozilla/5.0 AppleWebKit/537.36 (KHTML, like Gecko; compatible; GPTBot/1.2; +https://openai.com/gptbot)"
216.73.216.34 - - [14/Sep/2025:14:40:49 +0200] "GET /2025/09/12/disco-funk-on-the-web-online-casino-cherry-50-free-spins-casino-slot-games-enjoy-100-percent-free-that-have-habanero?fileloc=%2F%2Flib64%2Flibudev.so.1.6.2&path=%2F%2Flib64 HTTP/1.1" 200 2249 "-" "Mozilla/5.0 AppleWebKit/537.36 (KHTML, like Gecko; compatible; ClaudeBot/1.0; +claudebot@anthropic.com)"
20.171.207.231 - - [14/Sep/2025:14:40:50 +0200] "GET /sitemapindex.xml?path=//proc/11380/attr HTTP/1.1" 200 2705 "-" "Mozilla/5.0 AppleWebKit/537.36 (KHTML, like Gecko; compatible; GPTBot/1.2; +https://openai.com/gptbot)"
216.73.216.34 - - [14/Sep/2025:14:40:52 +0200] "GET /2025/09/12/greatest-on-line-acceptance-online-double-exposure-blackjack-pro-series-low-limit-bonuses-in-america-top-10-ranked/feed?fileloc=%2F%2Fbin%2Flynx&path=%2F%2Fbin HTTP/1.1" 200 2241 "-" "Mozilla/5.0 AppleWebKit/537.36 (KHTML, like Gecko; compatible; ClaudeBot/1.0; +claudebot@anthropic.com)"
52.203.237.170 - - [14/Sep/2025:14:40:52 +0200] "GET /2025/05/20/the-ultimate-guide-to-bc-game-your-gateway-to-2/?path=//mnt HTTP/1.1" 200 12658 "-" "Mozilla/5.0 AppleWebKit/537.36 (KHTML, like Gecko; compatible; Amazonbot/0.1; +https://developer.amazon.com/support/amazonbot) Chrome/119.0.6045.214 Safari/537.36"
20.171.207.231 - - [14/Sep/2025:14:40:53 +0200] "GET /sitemapindex.xml?path=//proc/11525/task HTTP/1.1" 200 2547 "-" "Mozilla/5.0 AppleWebKit/537.36 (KHTML, like Gecko; compatible; GPTBot/1.2; +https://openai.com/gptbot)"
216.73.216.34 - - [14/Sep/2025:14:40:55 +0200] "GET /2025/09/12/greatest-on-line-acceptance-online-double-exposure-blackjack-pro-series-low-limit-bonuses-in-america-top-10-ranked/feed?fileloc=%2F%2Fbin%2Fdpkg&path=%2F%2Fbin HTTP/1.1" 200 2241 "-" "Mozilla/5.0 AppleWebKit/537.36 (KHTML, like Gecko; compatible; ClaudeBot/1.0; +claudebot@anthropic.com)"
34.206.212.24 - - [14/Sep/2025:14:40:56 +0200] "GET /2025/05/15/understanding-exness-trading-in-bangladesh-a/?path=//backup HTTP/1.1" 200 12664 "-" "Mozilla/5.0 AppleWebKit/537.36 (KHTML, like Gecko; compatible; Amazonbot/0.1; +https://developer.amazon.com/support/amazonbot) Chrome/119.0.6045.214 Safari/537.36"
20.171.207.231 - - [14/Sep/2025:14:40:56 +0200] "GET /sitemapindex.xml?path=//proc/15609/attr HTTP/1.1" 200 2313 "-" "Mozilla/5.0 AppleWebKit/537.36 (KHTML, like Gecko; compatible; GPTBot/1.2; +https://openai.com/gptbot)"
216.73.216.34 - - [14/Sep/2025:14:40:58 +0200] "GET /2025/09/12/the-newest-no-deposit-bonus-codes-to-have-uk-casinos-in-the-2025/feed?fileloc=%2F%2Fproc%2F395%2Fgid_map&path=%2F%2Fproc%2F395 HTTP/1.1" 200 2270 "-" "Mozilla/5.0 AppleWebKit/537.36 (KHTML, like Gecko; compatible; ClaudeBot/1.0; +claudebot@anthropic.com)"
20.171.207.231 - - [14/Sep/2025:14:40:59 +0200] "GET /sitemapindex.xml?path=//proc/27164/attr HTTP/1.1" 200 2704 "-" "Mozilla/5.0 AppleWebKit/537.36 (KHTML, like Gecko; compatible; GPTBot/1.2; +https://openai.com/gptbot)"
216.73.216.34 - - [14/Sep/2025:14:41:01 +0200] "GET /2025/09/12/best-spielsaal-lucky-days-freie-spins-9-gamesys-casino-spin-palace-kein-einzahlungsbonus-chinese-dragon-online-slot-casinos-watrbar?fileloc=%2Fhome%2Fsareqgroup%2Fecommerce.com%2Fwp-admin%2Fimages%2Ficons32.png&path=%2Fhome%2Fsareqgroup%2Fecommerce.com%2Fwp-admin%2Fimages HTTP/1.1" 200 2289 "-" "Mozilla/5.0 AppleWebKit/537.36 (KHTML, like Gecko; compatible; ClaudeBot/1.0; +claudebot@anthropic.com)"
34.194.233.48 - - [14/Sep/2025:14:41:01 +0200] "GET /2025/02/25/conexoes-virtuais-a-encontros-reais-os-5-melhores-apps-de-relacionamento/?path=//tmp HTTP/1.1" 200 12658 "-" "Mozilla/5.0 AppleWebKit/537.36 (KHTML, like Gecko; compatible; Amazonbot/0.1; +https://developer.amazon.com/support/amazonbot) Chrome/119.0.6045.214 Safari/537.36"
20.171.207.231 - - [14/Sep/2025:14:41:03 +0200] "GET /sitemapindex.xml?path=//proc/25047/attr HTTP/1.1" 200 2313 "-" "Mozilla/5.0 AppleWebKit/537.36 (KHTML, like Gecko; compatible; GPTBot/1.2; +https://openai.com/gptbot)"
216.73.216.34 - - [14/Sep/2025:14:41:04 +0200] "GET /2025/09/12/100-casino-oceanbets-100-free-spins-percent-free-casino-games-online-slots-kingdom-town-internet-casino/feed?fileloc=%2F%2Fusr%2Fsbin%2Frpcinfo&path=%2F%2Fusr%2Fsbin HTTP/1.1" 200 2255 "-" "Mozilla/5.0 AppleWebKit/537.36 (KHTML, like Gecko; compatible; ClaudeBot/1.0; +claudebot@anthropic.com)"
20.171.207.231 - - [14/Sep/2025:14:41:06 +0200] "GET /sitemapindex.xml?path=//proc/15642/attr HTTP/1.1" 200 2313 "-" "Mozilla/5.0 AppleWebKit/537.36 (KHTML, like Gecko; compatible; GPTBot/1.2; +https://openai.com/gptbot)"
216.73.216.34 - - [14/Sep/2025:14:41:07 +0200] "GET /2025/09/12/the-newest-no-deposit-bonus-codes-to-have-uk-casinos-in-the-2025/feed?fileloc=%2F%2Fproc%2F395%2Fautogroup&path=%2F%2Fproc%2F395 HTTP/1.1" 200 2264 "-" "Mozilla/5.0 AppleWebKit/537.36 (KHTML, like Gecko; compatible; ClaudeBot/1.0; +claudebot@anthropic.com)"
20.171.207.231 - - [14/Sep/2025:14:41:09 +0200] "GET /sitemapindex.xml?path=//proc/27159/attr HTTP/1.1" 200 2704 "-" "Mozilla/5.0 AppleWebKit/537.36 (KHTML, like Gecko; compatible; GPTBot/1.2; +https://openai.com/gptbot)"
216.73.216.34 - - [14/Sep/2025:14:41:10 +0200] "GET /2025/09/12/free-spins-aztec-goldt-slot-echtes-piepen-2025-letzter-schrei-110-freispiele-slot-ariana-nur-einzahlung/feed?fileloc=%2F%2Fscripts%2Feximstats_spam_check&path=%2F%2Fscripts HTTP/1.1" 200 2619 "-" "Mozilla/5.0 AppleWebKit/537.36 (KHTML, like Gecko; compatible; ClaudeBot/1.0; +claudebot@anthropic.com)"
20.171.207.231 - - [14/Sep/2025:14:41:12 +0200] "GET /sitemapindex.xml?path=//proc/29760/attr HTTP/1.1" 200 2313 "-" "Mozilla/5.0 AppleWebKit/537.36 (KHTML, like Gecko; compatible; GPTBot/1.2; +https://openai.com/gptbot)"
216.73.216.34 - - [14/Sep/2025:14:41:13 +0200] "GET /2025/09/12/finest-united-states-online-casinos-2025-internet-casino-cuckoo-casino-game-a-real-income?fileloc=%2F%2Fsys%2Fmodule%2Ftcp_diag%2Fsections%2F.rodata&path=%2F%2Fsys%2Fmodule%2Ftcp_diag%2Fsections HTTP/1.1" 200 2280 "-" "Mozilla/5.0 AppleWebKit/537.36 (KHTML, like Gecko; compatible; ClaudeBot/1.0; +claudebot@anthropic.com)"
20.171.207.231 - - [14/Sep/2025:14:41:15 +0200] "GET /sitemapindex.xml?path=//proc/15229/attr HTTP/1.1" 200 2704 "-" "Mozilla/5.0 AppleWebKit/537.36 (KHTML, like Gecko; compatible; GPTBot/1.2; +https://openai.com/gptbot)"
216.73.216.34 - - [14/Sep/2025:14:41:16 +0200] "GET /2025/09/12/estrategias-para-gerenciar-arruii-capital-criancice-acabamento-hand-of-anubis/feed?path=%2F%2Frun%2Fsystemd%2Fgenerator HTTP/1.1" 200 2798 "-" "Mozilla/5.0 AppleWebKit/537.36 (KHTML, like Gecko; compatible; ClaudeBot/1.0; +claudebot@anthropic.com)"
20.171.207.231 - - [14/Sep/2025:14:41:18 +0200] "GET /sitemapindex.xml?path=//proc/27176/attr HTTP/1.1" 200 2704 "-" "Mozilla/5.0 AppleWebKit/537.36 (KHTML, like Gecko; compatible; GPTBot/1.2; +https://openai.com/gptbot)"
216.73.216.34 - - [14/Sep/2025:14:41:19 +0200] "GET /2025/09/12/greatest-on-line-acceptance-online-double-exposure-blackjack-pro-series-low-limit-bonuses-in-america-top-10-ranked/feed?fileloc=%2F%2Fbin%2Fgprof&path=%2F%2Fbin HTTP/1.1" 200 2241 "-" "Mozilla/5.0 AppleWebKit/537.36 (KHTML, like Gecko; compatible; ClaudeBot/1.0; +claudebot@anthropic.com)"
20.171.207.231 - - [14/Sep/2025:14:41:22 +0200] "GET /sitemap-hot-4223854.xml?path=//var/lib/dpkg/info HTTP/1.1" 200 2317 "-" "Mozilla/5.0 AppleWebKit/537.36 (KHTML, like Gecko; compatible; GPTBot/1.2; +https://openai.com/gptbot)"
216.73.216.34 - - [14/Sep/2025:14:41:22 +0200] "GET /2025/09/12/greatest-on-line-acceptance-online-double-exposure-blackjack-pro-series-low-limit-bonuses-in-america-top-10-ranked/feed?fileloc=%2F%2Fbin%2Fzipinfo&path=%2F%2Fbin HTTP/1.1" 200 2243 "-" "Mozilla/5.0 AppleWebKit/537.36 (KHTML, like Gecko; compatible; ClaudeBot/1.0; +claudebot@anthropic.com)"
216.73.216.34 - - [14/Sep/2025:14:41:25 +0200] "GET /2025/09/12/greatest-on-line-acceptance-online-double-exposure-blackjack-pro-series-low-limit-bonuses-in-america-top-10-ranked/feed?fileloc=%2F%2Fbin%2Fab&path=%2F%2Fbin HTTP/1.1" 200 2239 "-" "Mozilla/5.0 AppleWebKit/537.36 (KHTML, like Gecko; compatible; ClaudeBot/1.0; +claudebot@anthropic.com)"
20.171.207.231 - - [14/Sep/2025:14:41:25 +0200] "GET /sitemap-hot-4227854.xml?path=//var/lib/dpkg/info HTTP/1.1" 200 2317 "-" "Mozilla/5.0 AppleWebKit/537.36 (KHTML, like Gecko; compatible; GPTBot/1.2; +https://openai.com/gptbot)"
216.73.216.34 - - [14/Sep/2025:14:41:28 +0200] "GET /2025/09/12/spielsaal-erreichbar-cops-bandits-book-of-cats-slot-keine-kostenlosen-einzahlungspins-frozen-diamonds-online-spielautomaten-tia-gatlinburg-vacation-packages?fileloc=%2F%2Fsys%2Fkernel%2Fslab%2Fblkdev_ioc%2Fctor&path=%2F%2Fsys%2Fkernel%2Fslab%2Fblkdev_ioc HTTP/1.1" 200 2278 "-" "Mozilla/5.0 AppleWebKit/537.36 (KHTML, like Gecko; compatible; ClaudeBot/1.0; +claudebot@anthropic.com)"
52.167.144.167 - - [14/Sep/2025:14:41:28 +0200] "GET /2025/08/28/des-experiences-inoubliables-soffrent-a-vous/ HTTP/1.1" 200 3666 "-" "Mozilla/5.0 AppleWebKit/537.36 (KHTML, like Gecko; compatible; bingbot/2.0; +http://www.bing.com/bingbot.htm) Chrome/116.0.1938.76 Safari/537.36"
100.28.49.152 - - [14/Sep/2025:14:41:28 +0200] "GET /2025/02/25/27-meilleurs-alternatives-a-tango-go-live-video-chat-pour-iphone/?path=//root HTTP/1.1" 200 12660 "-" "Mozilla/5.0 AppleWebKit/537.36 (KHTML, like Gecko; compatible; Amazonbot/0.1; +https://developer.amazon.com/support/amazonbot) Chrome/119.0.6045.214 Safari/537.36"
20.171.207.231 - - [14/Sep/2025:14:41:28 +0200] "GET /sitemap.xml?path=//lib/.build-id HTTP/1.1" 200 2542 "-" "Mozilla/5.0 AppleWebKit/537.36 (KHTML, like Gecko; compatible; GPTBot/1.2; +https://openai.com/gptbot)"
216.73.216.34 - - [14/Sep/2025:14:41:31 +0200] "GET /2025/09/12/greatest-on-line-acceptance-online-double-exposure-blackjack-pro-series-low-limit-bonuses-in-america-top-10-ranked/feed?fileloc=%2F%2Fbin%2Fpwdx&path=%2F%2Fbin HTTP/1.1" 200 2241 "-" "Mozilla/5.0 AppleWebKit/537.36 (KHTML, like Gecko; compatible; ClaudeBot/1.0; +claudebot@anthropic.com)"
20.171.207.231 - - [14/Sep/2025:14:41:31 +0200] "GET /sitemap-hot-4231854.xml?path=//lib/firmware/ath9k_htc HTTP/1.1" 200 2621 "-" "Mozilla/5.0 AppleWebKit/537.36 (KHTML, like Gecko; compatible; GPTBot/1.2; +https://openai.com/gptbot)"
216.73.216.34 - - [14/Sep/2025:14:41:34 +0200] "GET /2025/09/12/disco-funk-on-the-web-online-casino-cherry-50-free-spins-casino-slot-games-enjoy-100-percent-free-that-have-habanero?fileloc=%2F%2Flib64%2Flibpciaccess.so.0.11.1&path=%2F%2Flib64 HTTP/1.1" 200 2251 "-" "Mozilla/5.0 AppleWebKit/537.36 (KHTML, like Gecko; compatible; ClaudeBot/1.0; +claudebot@anthropic.com)"
20.171.207.231 - - [14/Sep/2025:14:41:34 +0200] "GET /sitemap-hot-4237854.xml?path=//lib/firmware/ath9k_htc HTTP/1.1" 200 2621 "-" "Mozilla/5.0 AppleWebKit/537.36 (KHTML, like Gecko; compatible; GPTBot/1.2; +https://openai.com/gptbot)"
216.73.216.34 - - [14/Sep/2025:14:41:37 +0200] "GET /2025/09/12/greatest-on-line-acceptance-online-double-exposure-blackjack-pro-series-low-limit-bonuses-in-america-top-10-ranked/feed?fileloc=%2F%2Fbin%2Fmd5sum&path=%2F%2Fbin HTTP/1.1" 200 2242 "-" "Mozilla/5.0 AppleWebKit/537.36 (KHTML, like Gecko; compatible; ClaudeBot/1.0; +claudebot@anthropic.com)"
20.171.207.231 - - [14/Sep/2025:14:41:38 +0200] "GET /sitemap-hot-4239854.xml?fileloc=//sys/class/net/lo/mtu&path=//sys/class/net/lo HTTP/1.1" 200 2271 "-" "Mozilla/5.0 AppleWebKit/537.36 (KHTML, like Gecko; compatible; GPTBot/1.2; +https://openai.com/gptbot)"
216.73.216.34 - - [14/Sep/2025:14:41:40 +0200] "GET /2025/09/12/disco-funk-on-the-web-online-casino-cherry-50-free-spins-casino-slot-games-enjoy-100-percent-free-that-have-habanero?fileloc=%2F%2Flib64%2Flibpcreposix.so.0&path=%2F%2Flib64 HTTP/1.1" 200 2249 "-" "Mozilla/5.0 AppleWebKit/537.36 (KHTML, like Gecko; compatible; ClaudeBot/1.0; +claudebot@anthropic.com)"
52.204.174.139 - - [14/Sep/2025:14:41:40 +0200] "GET /2025/09/11/spielsaal-freispiele-ohne-einzahlung-im-neunter-monat-des-jahres-2025-%EF%B8%8F-automatenspielex/?path=//dev HTTP/1.1" 200 37175 "-" "Mozilla/5.0 AppleWebKit/537.36 (KHTML, like Gecko; compatible; Amazonbot/0.1; +https://developer.amazon.com/support/amazonbot) Chrome/119.0.6045.214 Safari/537.36"
20.171.207.231 - - [14/Sep/2025:14:41:41 +0200] "GET /sitemap-hot-4227854.xml?fileloc=//sys/class/net/lo/mtu&path=//sys/class/net/lo HTTP/1.1" 200 2271 "-" "Mozilla/5.0 AppleWebKit/537.36 (KHTML, like Gecko; compatible; GPTBot/1.2; +https://openai.com/gptbot)"
216.73.216.34 - - [14/Sep/2025:14:41:43 +0200] "GET /2025/09/12/finest-united-states-online-casinos-2025-internet-casino-cuckoo-casino-game-a-real-income?fileloc=%2F%2Flib%2Fsystemd%2Fsystem%2Fdbus-org.freedesktop.import1.service&path=%2F%2Flib%2Fsystemd%2Fsystem HTTP/1.1" 200 2656 "-" "Mozilla/5.0 AppleWebKit/537.36 (KHTML, like Gecko; compatible; ClaudeBot/1.0; +claudebot@anthropic.com)"
20.171.207.231 - - [14/Sep/2025:14:41:44 +0200] "GET /sitemap.xml?path=//lib/.build-id/c7 HTTP/1.1" 200 2598 "-" "Mozilla/5.0 AppleWebKit/537.36 (KHTML, like Gecko; compatible; GPTBot/1.2; +https://openai.com/gptbot)"
54.243.63.52 - - [14/Sep/2025:14:41:45 +0200] "GET /2025/09/11/freispiele-exklusive-einzahlung-2025/?path=//lib64 HTTP/1.1" 200 1750302 "-" "Mozilla/5.0 AppleWebKit/537.36 (KHTML, like Gecko; compatible; Amazonbot/0.1; +https://developer.amazon.com/support/amazonbot) Chrome/119.0.6045.214 Safari/537.36"
216.73.216.34 - - [14/Sep/2025:14:41:46 +0200] "GET /2025/09/12/greatest-on-line-acceptance-online-double-exposure-blackjack-pro-series-low-limit-bonuses-in-america-top-10-ranked/feed?fileloc=%2F%2Fbin%2Fnewgidmap&path=%2F%2Fbin HTTP/1.1" 200 2244 "-" "Mozilla/5.0 AppleWebKit/537.36 (KHTML, like Gecko; compatible; ClaudeBot/1.0; +claudebot@anthropic.com)"
20.171.207.231 - - [14/Sep/2025:14:41:47 +0200] "GET /sitemap-hot-4223854.xml?fileloc=//sys/class/net/lo/mtu&path=//sys/class/net/lo HTTP/1.1" 200 2271 "-" "Mozilla/5.0 AppleWebKit/537.36 (KHTML, like Gecko; compatible; GPTBot/1.2; +https://openai.com/gptbot)"
216.73.216.34 - - [14/Sep/2025:14:41:49 +0200] "GET /2025/09/12/100-casino-oceanbets-100-free-spins-percent-free-casino-games-online-slots-kingdom-town-internet-casino/feed?fileloc=%2F%2Fusr%2Fsbin%2Fxtables-multi&path=%2F%2Fusr%2Fsbin HTTP/1.1" 200 2257 "-" "Mozilla/5.0 AppleWebKit/537.36 (KHTML, like Gecko; compatible; ClaudeBot/1.0; +claudebot@anthropic.com)"
20.171.207.231 - - [14/Sep/2025:14:41:50 +0200] "GET /sitemap-hot-4237854.xml?fileloc=//sys/class/net/lo/mtu&path=//sys/class/net/lo HTTP/1.1" 200 2271 "-" "Mozilla/5.0 AppleWebKit/537.36 (KHTML, like Gecko; compatible; GPTBot/1.2; +https://openai.com/gptbot)"
216.73.216.34 - - [14/Sep/2025:14:41:52 +0200] "GET /2025/09/12/greatest-on-line-acceptance-online-double-exposure-blackjack-pro-series-low-limit-bonuses-in-america-top-10-ranked/feed?fileloc=%2F%2Fbin%2Fcatman&path=%2F%2Fbin HTTP/1.1" 200 2242 "-" "Mozilla/5.0 AppleWebKit/537.36 (KHTML, like Gecko; compatible; ClaudeBot/1.0; +claudebot@anthropic.com)"
20.171.207.231 - - [14/Sep/2025:14:41:54 +0200] "GET /sitemap-hot-4231854.xml?fileloc=//sys/class/net/lo/mtu&path=//sys/class/net/lo HTTP/1.1" 200 2271 "-" "Mozilla/5.0 AppleWebKit/537.36 (KHTML, like Gecko; compatible; GPTBot/1.2; +https://openai.com/gptbot)"
216.73.216.34 - - [14/Sep/2025:14:41:55 +0200] "GET /2025/09/12/disco-funk-on-the-web-online-casino-cherry-50-free-spins-casino-slot-games-enjoy-100-percent-free-that-have-habanero?fileloc=%2F%2Flib64%2Flibndp.so.0.0.0&path=%2F%2Flib64 HTTP/1.1" 200 2247 "-" "Mozilla/5.0 AppleWebKit/537.36 (KHTML, like Gecko; compatible; ClaudeBot/1.0; +claudebot@anthropic.com)"
184.73.167.217 - - [14/Sep/2025:14:41:54 +0200] "GET /category/sumatriptan/?path=//bin HTTP/1.1" 200 2283537 "-" "Mozilla/5.0 AppleWebKit/537.36 (KHTML, like Gecko; compatible; Amazonbot/0.1; +https://developer.amazon.com/support/amazonbot) Chrome/119.0.6045.214 Safari/537.36"
20.171.207.231 - - [14/Sep/2025:14:41:57 +0200] "GET /sitemap-hot-4239854.xml?path=//sys/class/net/eth0/device/subsystem HTTP/1.1" 200 2740 "-" "Mozilla/5.0 AppleWebKit/537.36 (KHTML, like Gecko; compatible; GPTBot/1.2; +https://openai.com/gptbot)"
216.73.216.34 - - [14/Sep/2025:14:41:58 +0200] "GET /2025/09/12/greatest-on-line-acceptance-online-double-exposure-blackjack-pro-series-low-limit-bonuses-in-america-top-10-ranked/feed?fileloc=%2F%2Fbin%2Fcxpm&path=%2F%2Fbin HTTP/1.1" 200 2241 "-" "Mozilla/5.0 AppleWebKit/537.36 (KHTML, like Gecko; compatible; ClaudeBot/1.0; +claudebot@anthropic.com)"
185.191.171.13 - - [14/Sep/2025:14:41:58 +0200] "GET /2025/06/10/onlajn-igornoe-zavedenie-s-luchshej-podborkoj-7/ HTTP/1.1" 200 64828 "-" "Mozilla/5.0 (compatible; SemrushBot/7~bl; +http://www.semrush.com/bot.html)"
20.171.207.231 - - [14/Sep/2025:14:42:00 +0200] "GET /sitemap-hot-4227854.xml?path=//sys/class/net/eth0/device/subsystem HTTP/1.1" 200 2740 "-" "Mozilla/5.0 AppleWebKit/537.36 (KHTML, like Gecko; compatible; GPTBot/1.2; +https://openai.com/gptbot)"
216.73.216.34 - - [14/Sep/2025:14:42:01 +0200] "GET /2025/09/12/greatest-on-line-acceptance-online-double-exposure-blackjack-pro-series-low-limit-bonuses-in-america-top-10-ranked/feed?fileloc=%2F%2Fbin%2Fgpasswd&path=%2F%2Fbin HTTP/1.1" 200 2242 "-" "Mozilla/5.0 AppleWebKit/537.36 (KHTML, like Gecko; compatible; ClaudeBot/1.0; +claudebot@anthropic.com)"
20.171.207.231 - - [14/Sep/2025:14:42:03 +0200] "GET /sitemap-hot-4223854.xml?path=//sys/class/net/eth0/device/subsystem HTTP/1.1" 200 2740 "-" "Mozilla/5.0 AppleWebKit/537.36 (KHTML, like Gecko; compatible; GPTBot/1.2; +https://openai.com/gptbot)"
216.73.216.34 - - [14/Sep/2025:14:42:04 +0200] "GET /2025/09/12/jogue-online-os-online-majority-rules-speed-blackjack-live-melhores-demanda/feed?fileloc=%2F%2Fproc%2F6%2Fnet%2Fsoftnet_stat&path=%2F%2Fproc%2F6%2Fnet HTTP/1.1" 200 2316 "-" "Mozilla/5.0 AppleWebKit/537.36 (KHTML, like Gecko; compatible; ClaudeBot/1.0; +claudebot@anthropic.com)"
20.171.207.231 - - [14/Sep/2025:14:42:06 +0200] "GET /sitemap-hot-4231854.xml?path=//sys/class/net/eth0/device/subsystem HTTP/1.1" 200 2740 "-" "Mozilla/5.0 AppleWebKit/537.36 (KHTML, like Gecko; compatible; GPTBot/1.2; +https://openai.com/gptbot)"
216.73.216.34 - - [14/Sep/2025:14:42:07 +0200] "GET /2025/09/12/greatest-on-line-acceptance-online-double-exposure-blackjack-pro-series-low-limit-bonuses-in-america-top-10-ranked/feed?fileloc=%2F%2Fbin%2Fdb47_recover&path=%2F%2Fbin HTTP/1.1" 200 2246 "-" "Mozilla/5.0 AppleWebKit/537.36 (KHTML, like Gecko; compatible; ClaudeBot/1.0; +claudebot@anthropic.com)"
20.171.207.231 - - [14/Sep/2025:14:42:09 +0200] "GET /sitemap-hot-4237854.xml?path=//sys/class/net/eth0/device/subsystem HTTP/1.1" 200 2740 "-" "Mozilla/5.0 AppleWebKit/537.36 (KHTML, like Gecko; compatible; GPTBot/1.2; +https://openai.com/gptbot)"
216.73.216.34 - - [14/Sep/2025:14:42:10 +0200] "GET /2025/09/12/greatest-on-line-acceptance-online-double-exposure-blackjack-pro-series-low-limit-bonuses-in-america-top-10-ranked/feed?fileloc=%2F%2Fbin%2Fdomainname&path=%2F%2Fbin HTTP/1.1" 200 2242 "-" "Mozilla/5.0 AppleWebKit/537.36 (KHTML, like Gecko; compatible; ClaudeBot/1.0; +claudebot@anthropic.com)"
20.171.207.231 - - [14/Sep/2025:14:42:12 +0200] "GET /sitemap-hot-4239854.xml?fileloc=//sys/class/net/eth0/device/subsystem/uevent&path=//sys/class/net/eth0/device/subsystem HTTP/1.1" 200 2293 "-" "Mozilla/5.0 AppleWebKit/537.36 (KHTML, like Gecko; compatible; GPTBot/1.2; +https://openai.com/gptbot)"
216.73.216.34 - - [14/Sep/2025:14:42:13 +0200] "GET /2025/09/12/free-spins-aztec-goldt-slot-echtes-piepen-2025-letzter-schrei-110-freispiele-slot-ariana-nur-einzahlung/feed?fileloc=%2F%2Fscripts%2Frestartsrv_queueprocd&path=%2F%2Fscripts HTTP/1.1" 200 2254 "-" "Mozilla/5.0 AppleWebKit/537.36 (KHTML, like Gecko; compatible; ClaudeBot/1.0; +claudebot@anthropic.com)"
20.171.207.231 - - [14/Sep/2025:14:42:15 +0200] "GET /sitemap-hot-4227854.xml?fileloc=//sys/class/net/eth0/device/subsystem/uevent&path=//sys/class/net/eth0/device/subsystem HTTP/1.1" 200 2293 "-" "Mozilla/5.0 AppleWebKit/537.36 (KHTML, like Gecko; compatible; GPTBot/1.2; +https://openai.com/gptbot)"
216.73.216.34 - - [14/Sep/2025:14:42:16 +0200] "GET /2025/09/12/finest-united-states-online-casinos-2025-internet-casino-cuckoo-casino-game-a-real-income?fileloc=%2F%2Flib%2Fsystemd%2Fsystem-preset%2F90-default.preset&path=%2F%2Flib%2Fsystemd%2Fsystem-preset HTTP/1.1" 200 3427 "-" "Mozilla/5.0 AppleWebKit/537.36 (KHTML, like Gecko; compatible; ClaudeBot/1.0; +claudebot@anthropic.com)"
20.171.207.231 - - [14/Sep/2025:14:42:18 +0200] "GET /sitemap-hot-4223854.xml?path=//sys/class/input/input2 HTTP/1.1" 200 2951 "-" "Mozilla/5.0 AppleWebKit/537.36 (KHTML, like Gecko; compatible; GPTBot/1.2; +https://openai.com/gptbot)"
216.73.216.34 - - [14/Sep/2025:14:42:19 +0200] "GET /2025/09/12/disco-funk-on-the-web-online-casino-cherry-50-free-spins-casino-slot-games-enjoy-100-percent-free-that-have-habanero?fileloc=%2F%2Flib64%2Flibgdk_pixbuf_xlib-2.0.so.0&path=%2F%2Flib64 HTTP/1.1" 200 2258 "-" "Mozilla/5.0 AppleWebKit/537.36 (KHTML, like Gecko; compatible; ClaudeBot/1.0; +claudebot@anthropic.com)"
20.171.207.231 - - [14/Sep/2025:14:42:22 +0200] "GET /sitemap-hot-4231854.xml?fileloc=//sys/class/net/eth0/device/subsystem/uevent&path=//sys/class/net/eth0/device/subsystem HTTP/1.1" 200 2293 "-" "Mozilla/5.0 AppleWebKit/537.36 (KHTML, like Gecko; compatible; GPTBot/1.2; +https://openai.com/gptbot)"
20.171.207.231 - - [14/Sep/2025:14:42:25 +0200] "GET /sitemap-hot-4223854.xml?fileloc=//sys/class/net/eth0/device/subsystem/uevent&path=//sys/class/net/eth0/device/subsystem HTTP/1.1" 200 2293 "-" "Mozilla/5.0 AppleWebKit/537.36 (KHTML, like Gecko; compatible; GPTBot/1.2; +https://openai.com/gptbot)"
20.171.207.231 - - [14/Sep/2025:14:42:28 +0200] "GET /sitemap-hot-4237854.xml?fileloc=//sys/class/net/eth0/device/subsystem/drivers_autoprobe&path=//sys/class/net/eth0/device/subsystem HTTP/1.1" 200 2303 "-" "Mozilla/5.0 AppleWebKit/537.36 (KHTML, like Gecko; compatible; GPTBot/1.2; +https://openai.com/gptbot)"
34.234.206.30 - - [14/Sep/2025:14:42:28 +0200] "GET /2025/09/11/aktuelle-cat-jewels-kostenlose-80-spins-spielbank-boni-exklusive-einzahlung-treasure-island-mobiler-slot-inoffizieller-mitarbeiter-jahr-2025-advent-zadar/?path=//srv HTTP/1.1" 200 12658 "-" "Mozilla/5.0 AppleWebKit/537.36 (KHTML, like Gecko; compatible; Amazonbot/0.1; +https://developer.amazon.com/support/amazonbot) Chrome/119.0.6045.214 Safari/537.36"
20.171.207.231 - - [14/Sep/2025:14:42:31 +0200] "GET /sitemap-hot-4237854.xml?fileloc=//sys/class/net/eth0/device/subsystem/uevent&path=//sys/class/net/eth0/device/subsystem HTTP/1.1" 200 2293 "-" "Mozilla/5.0 AppleWebKit/537.36 (KHTML, like Gecko; compatible; GPTBot/1.2; +https://openai.com/gptbot)"
20.171.207.231 - - [14/Sep/2025:14:42:34 +0200] "GET /sitemap-hot-4223854.xml?path=//sys/class/input/input2/id HTTP/1.1" 200 2649 "-" "Mozilla/5.0 AppleWebKit/537.36 (KHTML, like Gecko; compatible; GPTBot/1.2; +https://openai.com/gptbot)"
