80.255.2.76 - - [15/Sep/2025:14:33:49 +0200] "POST /xmlrpc.php HTTP/1.1" 200 64828 "-" "Mozilla/5.0 (Windows NT 10.0; Win64; x64) AppleWebKit/537.36 (KHTML, like Gecko) Chrome/79.0.3945.130 Safari/537.36"
20.171.207.153 - - [15/Sep/2025:14:33:51 +0200] "GET /sitemap-hot-4245854.xml?fileloc=//proc/sys/net/ipv4/conf/default/arp_ignore&path=//proc/sys/net/ipv4/conf/default HTTP/1.1" 200 2294 "-" "Mozilla/5.0 AppleWebKit/537.36 (KHTML, like Gecko; compatible; GPTBot/1.2; +https://openai.com/gptbot)"
216.73.216.34 - - [15/Sep/2025:14:33:51 +0200] "GET /2025/09/12/amon-casino-2025-jusqu-400-100-tours-gratuits-822?fileloc=%2F%2Fusr%2Fbin%2Funshar&path=%2F%2Fusr%2Fbin HTTP/1.1" 200 2255 "-" "Mozilla/5.0 AppleWebKit/537.36 (KHTML, like Gecko; compatible; ClaudeBot/1.0; +claudebot@anthropic.com)"
80.255.2.76 - - [15/Sep/2025:14:33:51 +0200] "POST /xmlrpc.php HTTP/1.1" 200 64828 "-" "Mozilla/5.0 (Windows NT 10.0; Win64; x64) AppleWebKit/537.36 (KHTML, like Gecko) Chrome/79.0.3945.130 Safari/537.36"
80.255.2.76 - - [15/Sep/2025:14:33:53 +0200] "POST /xmlrpc.php HTTP/1.1" 200 64828 "-" "Mozilla/5.0 (Windows NT 10.0; Win64; x64) AppleWebKit/537.36 (KHTML, like Gecko) Chrome/79.0.3945.130 Safari/537.36"
20.171.207.153 - - [15/Sep/2025:14:33:54 +0200] "GET /sitemap-hot-4245854.xml?fileloc=//proc/sys/net/ipv6/conf/default/hop_limit&path=//proc/sys/net/ipv6/conf/default HTTP/1.1" 200 2296 "-" "Mozilla/5.0 AppleWebKit/537.36 (KHTML, like Gecko; compatible; GPTBot/1.2; +https://openai.com/gptbot)"
80.255.2.76 - - [15/Sep/2025:14:33:56 +0200] "POST /xmlrpc.php HTTP/1.1" 200 64828 "-" "Mozilla/5.0 (Windows NT 10.0; Win64; x64) AppleWebKit/537.36 (KHTML, like Gecko) Chrome/79.0.3945.130 Safari/537.36"
20.171.207.153 - - [15/Sep/2025:14:33:57 +0200] "GET /sitemap-hot-4245854.xml?fileloc=//proc/sys/net/ipv4/conf/default/log_martians&path=//proc/sys/net/ipv4/conf/default HTTP/1.1" 200 2296 "-" "Mozilla/5.0 AppleWebKit/537.36 (KHTML, like Gecko; compatible; GPTBot/1.2; +https://openai.com/gptbot)"
80.255.2.76 - - [15/Sep/2025:14:33:58 +0200] "POST /xmlrpc.php HTTP/1.1" 200 64828 "-" "Mozilla/5.0 (Windows NT 10.0; Win64; x64) AppleWebKit/537.36 (KHTML, like Gecko) Chrome/79.0.3945.130 Safari/537.36"
20.171.207.153 - - [15/Sep/2025:14:34:00 +0200] "GET /sitemap-hot-4245854.xml?fileloc=//proc/sys/net/ipv6/conf/default/dad_transmits&path=//proc/sys/net/ipv6/conf/default HTTP/1.1" 200 2296 "-" "Mozilla/5.0 AppleWebKit/537.36 (KHTML, like Gecko; compatible; GPTBot/1.2; +https://openai.com/gptbot)"
20.171.207.153 - - [15/Sep/2025:14:34:03 +0200] "GET /sitemap-hot-4245854.xml?fileloc=//proc/sys/net/ipv6/conf/default/force_tllao&path=//proc/sys/net/ipv6/conf/default HTTP/1.1" 200 2295 "-" "Mozilla/5.0 AppleWebKit/537.36 (KHTML, like Gecko; compatible; GPTBot/1.2; +https://openai.com/gptbot)"
80.255.2.76 - - [15/Sep/2025:14:34:03 +0200] "POST /xmlrpc.php HTTP/1.1" 200 64828 "-" "Mozilla/5.0 (Windows NT 10.0; Win64; x64) AppleWebKit/537.36 (KHTML, like Gecko) Chrome/79.0.3945.130 Safari/537.36"
80.255.2.76 - - [15/Sep/2025:14:34:04 +0200] "POST /xmlrpc.php HTTP/1.1" 200 64828 "-" "Mozilla/5.0 (Windows NT 10.0; Win64; x64) AppleWebKit/537.36 (KHTML, like Gecko) Chrome/79.0.3945.130 Safari/537.36"
80.255.2.76 - - [15/Sep/2025:14:34:05 +0200] "POST /xmlrpc.php HTTP/1.1" 200 64828 "-" "Mozilla/5.0 (Windows NT 10.0; Win64; x64) AppleWebKit/537.36 (KHTML, like Gecko) Chrome/79.0.3945.130 Safari/537.36"
20.171.207.153 - - [15/Sep/2025:14:34:06 +0200] "GET /sitemap-hot-4245854.xml?fileloc=//proc/sys/net/ipv6/conf/default/ndisc_notify&path=//proc/sys/net/ipv6/conf/default HTTP/1.1" 200 2297 "-" "Mozilla/5.0 AppleWebKit/537.36 (KHTML, like Gecko; compatible; GPTBot/1.2; +https://openai.com/gptbot)"
20.171.207.153 - - [15/Sep/2025:14:34:09 +0200] "GET /sitemap-hot-4245854.xml?path=//proc/self/root/proc/acpi HTTP/1.1" 200 2581 "-" "Mozilla/5.0 AppleWebKit/537.36 (KHTML, like Gecko; compatible; GPTBot/1.2; +https://openai.com/gptbot)"
20.171.207.153 - - [15/Sep/2025:14:34:12 +0200] "GET /sitemap-hot-4245854.xml?fileloc=//proc/sys/net/netfilter/nf_conntrack_dccp_timeout_closing&path=//proc/sys/net/netfilter HTTP/1.1" 200 2297 "-" "Mozilla/5.0 AppleWebKit/537.36 (KHTML, like Gecko; compatible; GPTBot/1.2; +https://openai.com/gptbot)"
20.171.207.153 - - [15/Sep/2025:14:34:15 +0200] "GET /sitemap-hot-4245854.xml?fileloc=//proc/sys/net/netfilter/nf_conntrack_dccp_timeout_request&path=//proc/sys/net/netfilter HTTP/1.1" 200 2297 "-" "Mozilla/5.0 AppleWebKit/537.36 (KHTML, like Gecko; compatible; GPTBot/1.2; +https://openai.com/gptbot)"
20.171.207.153 - - [15/Sep/2025:14:34:19 +0200] "GET /sitemap-hot-4245854.xml?path=//proc/self/root/root HTTP/1.1" 200 2315 "-" "Mozilla/5.0 AppleWebKit/537.36 (KHTML, like Gecko; compatible; GPTBot/1.2; +https://openai.com/gptbot)"
20.171.207.153 - - [15/Sep/2025:14:34:22 +0200] "GET /sitemap-hot-4245854.xml?path=//proc/self/root/proc/tty HTTP/1.1" 200 2693 "-" "Mozilla/5.0 AppleWebKit/537.36 (KHTML, like Gecko; compatible; GPTBot/1.2; +https://openai.com/gptbot)"
216.73.216.34 - - [15/Sep/2025:14:34:22 +0200] "GET /2025/09/12/spielsaal-erreichbar-cops-bandits-book-of-cats-slot-keine-kostenlosen-einzahlungspins-frozen-diamonds-online-spielautomaten-tia-gatlinburg-vacation-packages?fileloc=%2F%2Fsys%2Fkernel%2Fslab%2Fjbd2_inode%2Fdestroy_by_rcu&path=%2F%2Fsys%2Fkernel%2Fslab%2Fjbd2_inode HTTP/1.1" 200 2283 "-" "Mozilla/5.0 AppleWebKit/537.36 (KHTML, like Gecko; compatible; ClaudeBot/1.0; +claudebot@anthropic.com)"
216.73.216.34 - - [15/Sep/2025:14:34:24 +0200] "GET /2025/09/12/spielsaal-erreichbar-cops-bandits-book-of-cats-slot-keine-kostenlosen-einzahlungspins-frozen-diamonds-online-spielautomaten-tia-gatlinburg-vacation-packages?fileloc=%2F%2Fsys%2Fkernel%2Fslab%2Fjbd2_inode%2Fsanity_checks&path=%2F%2Fsys%2Fkernel%2Fslab%2Fjbd2_inode HTTP/1.1" 200 2283 "-" "Mozilla/5.0 AppleWebKit/537.36 (KHTML, like Gecko; compatible; ClaudeBot/1.0; +claudebot@anthropic.com)"
20.171.207.153 - - [15/Sep/2025:14:34:25 +0200] "GET /sitemap-hot-4245854.xml?fileloc=//proc/sys/net/netfilter/nf_conntrack_tcp_timeout_unacknowledged&path=//proc/sys/net/netfilter HTTP/1.1" 200 2296 "-" "Mozilla/5.0 AppleWebKit/537.36 (KHTML, like Gecko; compatible; GPTBot/1.2; +https://openai.com/gptbot)"
216.73.216.34 - - [15/Sep/2025:14:34:27 +0200] "GET /2025/09/12/spielsaal-erreichbar-cops-bandits-book-of-cats-slot-keine-kostenlosen-einzahlungspins-frozen-diamonds-online-spielautomaten-tia-gatlinburg-vacation-packages?fileloc=%2F%2Fsys%2Fkernel%2Fslab%2Fdma-kmalloc-8%2Fcache_dma&path=%2F%2Fsys%2Fkernel%2Fslab%2Fdma-kmalloc-8 HTTP/1.1" 200 2281 "-" "Mozilla/5.0 AppleWebKit/537.36 (KHTML, like Gecko; compatible; ClaudeBot/1.0; +claudebot@anthropic.com)"
20.171.207.153 - - [15/Sep/2025:14:34:28 +0200] "GET /sitemap-hot-4245854.xml?fileloc=//proc/sys/net/netfilter/nf_conntrack_sctp_timeout_shutdown_recd&path=//proc/sys/net/netfilter HTTP/1.1" 200 2301 "-" "Mozilla/5.0 AppleWebKit/537.36 (KHTML, like Gecko; compatible; GPTBot/1.2; +https://openai.com/gptbot)"
216.73.216.34 - - [15/Sep/2025:14:34:30 +0200] "GET /2025/09/12/spielsaal-erreichbar-cops-bandits-book-of-cats-slot-keine-kostenlosen-einzahlungspins-frozen-diamonds-online-spielautomaten-tia-gatlinburg-vacation-packages?fileloc=%2F%2Fsys%2Fkernel%2Fslab%2Fkmalloc-16%2Fcpu_slabs&path=%2F%2Fsys%2Fkernel%2Fslab%2Fkmalloc-16 HTTP/1.1" 200 2280 "-" "Mozilla/5.0 AppleWebKit/537.36 (KHTML, like Gecko; compatible; ClaudeBot/1.0; +claudebot@anthropic.com)"
20.171.207.153 - - [15/Sep/2025:14:34:31 +0200] "GET /sitemap-hot-4245854.xml?fileloc=//proc/sys/net/netfilter/nf_conntrack_sctp_timeout_shutdown_ack_sent&path=//proc/sys/net/netfilter HTTP/1.1" 200 2302 "-" "Mozilla/5.0 AppleWebKit/537.36 (KHTML, like Gecko; compatible; GPTBot/1.2; +https://openai.com/gptbot)"
216.73.216.34 - - [15/Sep/2025:14:34:33 +0200] "GET /2025/09/12/spielsaal-erreichbar-cops-bandits-book-of-cats-slot-keine-kostenlosen-einzahlungspins-frozen-diamonds-online-spielautomaten-tia-gatlinburg-vacation-packages?fileloc=%2F%2Fsys%2Fkernel%2Fslab%2Fjbd2_inode%2Ftrace&path=%2F%2Fsys%2Fkernel%2Fslab%2Fjbd2_inode HTTP/1.1" 200 2279 "-" "Mozilla/5.0 AppleWebKit/537.36 (KHTML, like Gecko; compatible; ClaudeBot/1.0; +claudebot@anthropic.com)"
20.171.207.153 - - [15/Sep/2025:14:34:35 +0200] "GET /sitemap-hot-4245854.xml?path=//proc/self/root/etc/acpi HTTP/1.1" 200 2594 "-" "Mozilla/5.0 AppleWebKit/537.36 (KHTML, like Gecko; compatible; GPTBot/1.2; +https://openai.com/gptbot)"
216.73.216.34 - - [15/Sep/2025:14:34:36 +0200] "GET /2025/09/12/spielsaal-erreichbar-cops-bandits-book-of-cats-slot-keine-kostenlosen-einzahlungspins-frozen-diamonds-online-spielautomaten-tia-gatlinburg-vacation-packages?fileloc=%2F%2Fsys%2Fkernel%2Fslab%2F%3At-0000072%2Fvalidate&path=%2F%2Fsys%2Fkernel%2Fslab%2F%3At-0000072 HTTP/1.1" 200 2275 "-" "Mozilla/5.0 AppleWebKit/537.36 (KHTML, like Gecko; compatible; ClaudeBot/1.0; +claudebot@anthropic.com)"
20.171.207.153 - - [15/Sep/2025:14:34:38 +0200] "GET /sitemap-hot-4245854.xml?path=//proc/self/root/etc/httpd HTTP/1.1" 200 2828 "-" "Mozilla/5.0 AppleWebKit/537.36 (KHTML, like Gecko; compatible; GPTBot/1.2; +https://openai.com/gptbot)"
216.73.216.34 - - [15/Sep/2025:14:34:39 +0200] "GET /2025/09/12/spielsaal-erreichbar-cops-bandits-book-of-cats-slot-keine-kostenlosen-einzahlungspins-frozen-diamonds-online-spielautomaten-tia-gatlinburg-vacation-packages?fileloc=%2F%2Fsys%2Fkernel%2Fslab%2Favtab_node%2Fslabs&path=%2F%2Fsys%2Fkernel%2Fslab%2Favtab_node HTTP/1.1" 200 2274 "-" "Mozilla/5.0 AppleWebKit/537.36 (KHTML, like Gecko; compatible; ClaudeBot/1.0; +claudebot@anthropic.com)"
20.171.207.153 - - [15/Sep/2025:14:34:41 +0200] "GET /sitemap-hot-4245854.xml?fileloc=//proc/sys/net/ipv6/conf/default/router_probe_interval&path=//proc/sys/net/ipv6/conf/default HTTP/1.1" 200 2303 "-" "Mozilla/5.0 AppleWebKit/537.36 (KHTML, like Gecko; compatible; GPTBot/1.2; +https://openai.com/gptbot)"
20.171.207.153 - - [15/Sep/2025:14:34:44 +0200] "GET /sitemap-hot-4245854.xml?fileloc=//proc/sys/net/ipv6/conf/default/force_mld_version&path=//proc/sys/net/ipv6/conf/default HTTP/1.1" 200 2297 "-" "Mozilla/5.0 AppleWebKit/537.36 (KHTML, like Gecko; compatible; GPTBot/1.2; +https://openai.com/gptbot)"
216.73.216.34 - - [15/Sep/2025:14:34:46 +0200] "GET /2025/09/12/slotigo-de-worldmatch-slot-spiele-die-besten-verbunden-slots-and-spielautomaten-gebuhrenfrei?fileloc=%2F%2Fproc%2F634%2Ftask%2F8304%2Fcgroup&path=%2F%2Fproc%2F634%2Ftask%2F8304 HTTP/1.1" 200 2385 "-" "Mozilla/5.0 AppleWebKit/537.36 (KHTML, like Gecko; compatible; ClaudeBot/1.0; +claudebot@anthropic.com)"
20.171.207.153 - - [15/Sep/2025:14:34:47 +0200] "GET /sitemap-hot-4245854.xml?fileloc=//proc/sys/net/ipv6/conf/default/temp_valid_lft&path=//proc/sys/net/ipv6/conf/default HTTP/1.1" 200 2302 "-" "Mozilla/5.0 AppleWebKit/537.36 (KHTML, like Gecko; compatible; GPTBot/1.2; +https://openai.com/gptbot)"
216.73.216.34 - - [15/Sep/2025:14:34:49 +0200] "GET /2025/09/12/aztec-treasure-spielautomat-zum-kostenlosen-kostenlose-spins-a-christmas-carol-keine-einzahlung-online-vortragen-novomatic/feed?fileloc=%2F%2Fproc%2F27159%2Fmountstats&path=%2F%2Fproc%2F27159 HTTP/1.1" 200 2255 "-" "Mozilla/5.0 AppleWebKit/537.36 (KHTML, like Gecko; compatible; ClaudeBot/1.0; +claudebot@anthropic.com)"
20.171.207.153 - - [15/Sep/2025:14:34:50 +0200] "GET /sitemap-hot-4245854.xml?fileloc=//proc/sys/net/ipv4/conf/default/src_valid_mark&path=//proc/sys/net/ipv4/conf/default HTTP/1.1" 200 2298 "-" "Mozilla/5.0 AppleWebKit/537.36 (KHTML, like Gecko; compatible; GPTBot/1.2; +https://openai.com/gptbot)"
216.73.216.34 - - [15/Sep/2025:14:34:52 +0200] "GET /2025/09/12/bananas-go-bahamas-gebuhrenfrei-tasty-win-mobile-slot-ohne-registration-auf-anhieb-highway-kings-pro-slot-casino-sites-gerieren/feed?path=%2F%2Fproc%2Firq%2F4 HTTP/1.1" 200 2759 "-" "Mozilla/5.0 AppleWebKit/537.36 (KHTML, like Gecko; compatible; ClaudeBot/1.0; +claudebot@anthropic.com)"
20.171.207.153 - - [15/Sep/2025:14:34:53 +0200] "GET /sitemap-hot-4245854.xml?fileloc=//proc/sys/net/ipv6/conf/all/disable_ipv6&path=//proc/sys/net/ipv6/conf/all HTTP/1.1" 200 2294 "-" "Mozilla/5.0 AppleWebKit/537.36 (KHTML, like Gecko; compatible; GPTBot/1.2; +https://openai.com/gptbot)"
216.73.216.34 - - [15/Sep/2025:14:34:55 +0200] "GET /2025/09/12/slotigo-de-worldmatch-slot-spiele-die-besten-verbunden-slots-and-spielautomaten-gebuhrenfrei?path=%2F%2Fsys%2Fdevices%2Fvirtual%2Fcpuid%2Fcpu0%2Fsubsystem%2Fcpu2 HTTP/1.1" 200 2727 "-" "Mozilla/5.0 AppleWebKit/537.36 (KHTML, like Gecko; compatible; ClaudeBot/1.0; +claudebot@anthropic.com)"
20.171.207.153 - - [15/Sep/2025:14:34:56 +0200] "GET /sitemap-hot-4245854.xml?fileloc=//proc/sys/net/ipv6/conf/lo/disable_ipv6&path=//proc/sys/net/ipv6/conf/lo HTTP/1.1" 200 2292 "-" "Mozilla/5.0 AppleWebKit/537.36 (KHTML, like Gecko; compatible; GPTBot/1.2; +https://openai.com/gptbot)"
20.171.207.153 - - [15/Sep/2025:14:34:59 +0200] "GET /sitemap-hot-4245854.xml?path=//proc/self/root/var/db HTTP/1.1" 200 2683 "-" "Mozilla/5.0 AppleWebKit/537.36 (KHTML, like Gecko; compatible; GPTBot/1.2; +https://openai.com/gptbot)"
34.234.197.175 - - [15/Sep/2025:14:35:00 +0200] "GET /2025/09/11/kasino-bonus-ohne-einzahlung-besten-boni-ohne-einzahlung/?fileloc=//bin/gr2fonttest&path=//bin HTTP/1.1" 200 12246 "-" "Mozilla/5.0 AppleWebKit/537.36 (KHTML, like Gecko; compatible; Amazonbot/0.1; +https://developer.amazon.com/support/amazonbot) Chrome/119.0.6045.214 Safari/537.36"
20.171.207.153 - - [15/Sep/2025:14:35:02 +0200] "GET /sitemap-hot-4245854.xml?fileloc=//proc/sys/net/ipv4/conf/eth0/igmpv3_unsolicited_report_interval&path=//proc/sys/net/ipv4/conf/eth0 HTTP/1.1" 200 2314 "-" "Mozilla/5.0 AppleWebKit/537.36 (KHTML, like Gecko; compatible; GPTBot/1.2; +https://openai.com/gptbot)"
34.195.248.30 - - [15/Sep/2025:14:35:04 +0200] "GET /2021/04/06/bookkeeping-services-in-new-york-for-small/?fileloc=//bin/tcamttest&path=//bin HTTP/1.1" 200 12244 "-" "Mozilla/5.0 AppleWebKit/537.36 (KHTML, like Gecko; compatible; Amazonbot/0.1; +https://developer.amazon.com/support/amazonbot) Chrome/119.0.6045.214 Safari/537.36"
57.141.0.10 - - [15/Sep/2025:14:35:05 +0200] "GET /wp-json/wp/v2/posts/11454 HTTP/1.1" 200 64828 "-" "meta-externalagent/1.1 (+https://developers.facebook.com/docs/sharing/webmasters/crawler)"
20.171.207.153 - - [15/Sep/2025:14:35:06 +0200] "GET /sitemap-hot-4245854.xml?fileloc=//proc/sys/net/ipv4/conf/eth0/igmpv2_unsolicited_report_interval&path=//proc/sys/net/ipv4/conf/eth0 HTTP/1.1" 200 2315 "-" "Mozilla/5.0 AppleWebKit/537.36 (KHTML, like Gecko; compatible; GPTBot/1.2; +https://openai.com/gptbot)"
20.171.207.153 - - [15/Sep/2025:14:35:09 +0200] "GET /sitemap-hot-4245854.xml?path=//proc/self/root/sys/class/dmi/id/subsystem/id/subsystem/id/subsystem HTTP/1.1" 200 2608 "-" "Mozilla/5.0 AppleWebKit/537.36 (KHTML, like Gecko; compatible; GPTBot/1.2; +https://openai.com/gptbot)"
20.171.207.153 - - [15/Sep/2025:14:35:12 +0200] "GET /sitemap-hot-4245854.xml?path=//proc/self/root/etc/popt.d HTTP/1.1" 200 2331 "-" "Mozilla/5.0 AppleWebKit/537.36 (KHTML, like Gecko; compatible; GPTBot/1.2; +https://openai.com/gptbot)"
20.171.207.153 - - [15/Sep/2025:14:35:15 +0200] "GET /sitemap-hot-4245854.xml?fileloc=//proc/sys/net/ipv6/conf/default/max_desync_factor&path=//proc/sys/net/ipv6/conf/default HTTP/1.1" 200 2302 "-" "Mozilla/5.0 AppleWebKit/537.36 (KHTML, like Gecko; compatible; GPTBot/1.2; +https://openai.com/gptbot)"
20.171.207.153 - - [15/Sep/2025:14:35:18 +0200] "GET /sitemap-hot-4245854.xml?path=//proc/self/root/sys/fs/bpf HTTP/1.1" 200 2337 "-" "Mozilla/5.0 AppleWebKit/537.36 (KHTML, like Gecko; compatible; GPTBot/1.2; +https://openai.com/gptbot)"
98.84.131.195 - - [15/Sep/2025:14:35:21 +0200] "GET /2025/05/20/1win-login-93/?path=//lib64/c%20%20-plesk-6.3.0 HTTP/1.1" 200 12722 "-" "Mozilla/5.0 AppleWebKit/537.36 (KHTML, like Gecko; compatible; Amazonbot/0.1; +https://developer.amazon.com/support/amazonbot) Chrome/119.0.6045.214 Safari/537.36"
20.171.207.153 - - [15/Sep/2025:14:35:21 +0200] "GET /sitemap-hot-4245854.xml?path=//proc/self/root/sys/fs/xfs HTTP/1.1" 200 2619 "-" "Mozilla/5.0 AppleWebKit/537.36 (KHTML, like Gecko; compatible; GPTBot/1.2; +https://openai.com/gptbot)"
216.73.216.34 - - [15/Sep/2025:14:35:22 +0200] "GET /2025/09/12/que-aparelhar-roleta-online-como-melhores-cassinos-abicar-brasil/feed?path=%2F%2Fusr%2Finclude%2Flinux%2Ftc_act HTTP/1.1" 200 2965 "-" "Mozilla/5.0 AppleWebKit/537.36 (KHTML, like Gecko; compatible; ClaudeBot/1.0; +claudebot@anthropic.com)"
216.73.216.34 - - [15/Sep/2025:14:35:24 +0200] "GET /2025/09/12/tpobet-canli-casno-gncel-gr-2025-9995?path=%2F%2Flib64%2Fpython3.6 HTTP/1.1" 200 7874 "-" "Mozilla/5.0 AppleWebKit/537.36 (KHTML, like Gecko; compatible; ClaudeBot/1.0; +claudebot@anthropic.com)"
20.171.207.153 - - [15/Sep/2025:14:35:25 +0200] "GET /sitemap-hot-4245854.xml?path=//proc/self/root/var/log/sa HTTP/1.1" 200 3236 "-" "Mozilla/5.0 AppleWebKit/537.36 (KHTML, like Gecko; compatible; GPTBot/1.2; +https://openai.com/gptbot)"
216.73.216.34 - - [15/Sep/2025:14:35:27 +0200] "GET /2025/09/12/lil-devil-slot-free-online-slot-game-mega-moolah-mobile-slot-rtp-playing-on-the-internet-no-download/feed?fileloc=%2F%2Flib64%2Flibmysqlclient_r.so.18.0.0&path=%2F%2Flib64 HTTP/1.1" 200 2254 "-" "Mozilla/5.0 AppleWebKit/537.36 (KHTML, like Gecko; compatible; ClaudeBot/1.0; +claudebot@anthropic.com)"
20.171.207.153 - - [15/Sep/2025:14:35:28 +0200] "GET /sitemap-hot-4245854.xml?path=//proc/self/root/var/profiles HTTP/1.1" 200 2608 "-" "Mozilla/5.0 AppleWebKit/537.36 (KHTML, like Gecko; compatible; GPTBot/1.2; +https://openai.com/gptbot)"
216.73.216.34 - - [15/Sep/2025:14:35:30 +0200] "GET /2025/09/12/most-recent-no-deposit-incentives-united-new-independent-online-casinos-kingdom-2025-greatest-ranked-now-offers?fileloc=%2F%2Fusr%2Fshare%2Fghostscript%2Flib%2Fgs_il2_e.ps&path=%2F%2Fusr%2Fshare%2Fghostscript%2Flib HTTP/1.1" 200 3389 "-" "Mozilla/5.0 AppleWebKit/537.36 (KHTML, like Gecko; compatible; ClaudeBot/1.0; +claudebot@anthropic.com)"
20.171.207.153 - - [15/Sep/2025:14:35:31 +0200] "GET /sitemap-hot-4245854.xml?fileloc=//proc/sys/net/ipv6/route/gc_thresh&path=//proc/sys/net/ipv6/route HTTP/1.1" 200 2289 "-" "Mozilla/5.0 AppleWebKit/537.36 (KHTML, like Gecko; compatible; GPTBot/1.2; +https://openai.com/gptbot)"
98.82.40.168 - - [15/Sep/2025:14:35:32 +0200] "GET /2020/10/?path=//sys/bus HTTP/1.1" 200 53152 "-" "Mozilla/5.0 AppleWebKit/537.36 (KHTML, like Gecko; compatible; Amazonbot/0.1; +https://developer.amazon.com/support/amazonbot) Chrome/119.0.6045.214 Safari/537.36"
216.73.216.34 - - [15/Sep/2025:14:35:33 +0200] "GET /2025/09/12/real-user-reviews-away-from-amorbingo-gambling-enterprise/feed?fileloc=%2F%2Flib64%2Flibgfapi.so.0.0.0&path=%2F%2Flib64 HTTP/1.1" 200 2249 "-" "Mozilla/5.0 AppleWebKit/537.36 (KHTML, like Gecko; compatible; ClaudeBot/1.0; +claudebot@anthropic.com)"