34.224.132.215 - - [12/Sep/2025:20:48:17 +0200] "GET /category/crazy-time/ HTTP/1.1" 200 64828 "-" "Mozilla/5.0 AppleWebKit/537.36 (KHTML, like Gecko; compatible; Amazonbot/0.1; +https://developer.amazon.com/support/amazonbot) Chrome/119.0.6045.214 Safari/537.36"
54.225.181.161 - - [12/Sep/2025:20:48:20 +0200] "GET /category/primexbt-future-com/ HTTP/1.1" 200 64828 "-" "Mozilla/5.0 AppleWebKit/537.36 (KHTML, like Gecko; compatible; Amazonbot/0.1; +https://developer.amazon.com/support/amazonbot) Chrome/119.0.6045.214 Safari/537.36"
217.113.194.249 - - [12/Sep/2025:20:48:22 +0200] "GET /category/20bet-casino-344/feed/ HTTP/1.1" 200 64828 "-" "Mozilla/5.0 (compatible; Barkrowler/0.9; +https://babbar.tech/crawler)"
202.76.167.200 - - [12/Sep/2025:20:48:37 +0200] "GET /2025/09/10/sizzling-hot-deluxe-gratis-spielen-ohne-anmeldung%e3%80%902023-%e3%80%91/ HTTP/1.1" 200 64828 "-" "Mozilla/5.0 (X11; Linux x86_64) AppleWebKit/534.24 (KHTML, like Gecko) Chrome/11.0.696.34 Safari/534.24"
47.128.30.206 - - [12/Sep/2025:20:48:38 +0200] "GET /category/2200-links-thailand-casino/?path=%2Fhome%2Fsareqgroup%2Fecommerce.com HTTP/2.0" 200 3666 "-" "Mozilla/5.0 (Linux; Android 5.0) AppleWebKit/537.36 (KHTML, like Gecko) Mobile Safari/537.36 (compatible; Bytespider; spider-feedback@bytedance.com)"
98.84.184.80 - - [12/Sep/2025:20:48:38 +0200] "GET /2025/09/11/every-jump-counts-in-the-thrilling-challenge-of-2/ HTTP/1.1" 200 64828 "-" "Mozilla/5.0 AppleWebKit/537.36 (KHTML, like Gecko; compatible; Amazonbot/0.1; +https://developer.amazon.com/support/amazonbot) Chrome/119.0.6045.214 Safari/537.36"
217.113.194.253 - - [12/Sep/2025:20:48:39 +0200] "GET /category/sweet-bonanza-tr/feed/ HTTP/1.1" 200 64828 "-" "Mozilla/5.0 (compatible; Barkrowler/0.9; +https://babbar.tech/crawler)"
54.145.82.217 - - [12/Sep/2025:20:48:45 +0200] "GET /2025/09/11/better-real-cash-sites-for-on-the-internet-black-jack-real-time-for-all-of-us-professionals/ HTTP/1.1" 200 64828 "-" "Mozilla/5.0 AppleWebKit/537.36 (KHTML, like Gecko; compatible; Amazonbot/0.1; +https://developer.amazon.com/support/amazonbot) Chrome/119.0.6045.214 Safari/537.36"
34.196.114.170 - - [12/Sep/2025:20:48:48 +0200] "GET /2025/09/12/2025-s-innovacionnymi-funkcijami-i-sovremennym-105/ HTTP/1.1" 200 64828 "-" "Mozilla/5.0 AppleWebKit/537.36 (KHTML, like Gecko; compatible; Amazonbot/0.1; +https://developer.amazon.com/support/amazonbot) Chrome/119.0.6045.214 Safari/537.36"
54.87.95.7 - - [12/Sep/2025:20:48:53 +0200] "GET /2025/09/11/roaring-forties-slot-aztec-treasure-egypt-gods-150-kostenlose-spins-bewertungen-kostenfrei-eye-of-horus-automat-kaufen-slot-verhalten-television-sportserve/ HTTP/1.1" 200 64828 "-" "Mozilla/5.0 AppleWebKit/537.36 (KHTML, like Gecko; compatible; Amazonbot/0.1; +https://developer.amazon.com/support/amazonbot) Chrome/119.0.6045.214 Safari/537.36"
217.113.194.145 - - [12/Sep/2025:20:48:55 +0200] "GET /category/energycasino-bonus-692/feed/ HTTP/1.1" 200 64828 "-" "Mozilla/5.0 (compatible; Barkrowler/0.9; +https://babbar.tech/crawler)"
100.29.63.24 - - [12/Sep/2025:20:49:01 +0200] "GET /2025/09/11/on-line-casino-real-cash-guide-best-apps-and-you-casino-queen-of-the-nile-may-court-says-in-the-2025/ HTTP/1.1" 200 64828 "-" "Mozilla/5.0 AppleWebKit/537.36 (KHTML, like Gecko; compatible; Amazonbot/0.1; +https://developer.amazon.com/support/amazonbot) Chrome/119.0.6045.214 Safari/537.36"
47.128.39.244 - - [12/Sep/2025:20:49:02 +0200] "GET /category/2200-links-thailand-casino/?path=%2Fhome%2Fsareqgroup%2Fecommerce.com%2Fwp-content HTTP/2.0" 200 3084 "-" "Mozilla/5.0 (Linux; Android 5.0) AppleWebKit/537.36 (KHTML, like Gecko) Mobile Safari/537.36 (compatible; Bytespider; spider-feedback@bytedance.com)"
217.113.194.249 - - [12/Sep/2025:20:49:10 +0200] "GET /category/ricky-casino-australia/feed/ HTTP/1.1" 200 64828 "-" "Mozilla/5.0 (compatible; Barkrowler/0.9; +https://babbar.tech/crawler)"
52.167.144.23 - - [12/Sep/2025:20:49:12 +0200] "GET /category/1wins-am2/ HTTP/2.0" 200 3666 "-" "Mozilla/5.0 AppleWebKit/537.36 (KHTML, like Gecko; compatible; bingbot/2.0; +http://www.bing.com/bingbot.htm) Chrome/116.0.1938.76 Safari/537.36"
217.113.194.147 - - [12/Sep/2025:20:49:25 +0200] "GET /2025/08/27/test-post-title/ HTTP/1.1" 200 64828 "-" "Mozilla/5.0 (compatible; Barkrowler/0.9; +https://babbar.tech/crawler)"
217.113.194.142 - - [12/Sep/2025:20:49:41 +0200] "GET /2025/09/02/anapolon-2/ HTTP/1.1" 200 64828 "-" "Mozilla/5.0 (compatible; Barkrowler/0.9; +https://babbar.tech/crawler)"
217.113.194.147 - - [12/Sep/2025:20:49:56 +0200] "GET /2025/04/09/hello-world-3/ HTTP/1.1" 200 64828 "-" "Mozilla/5.0 (compatible; Barkrowler/0.9; +https://babbar.tech/crawler)"
217.113.194.253 - - [12/Sep/2025:20:50:11 +0200] "GET /2025/04/09/hello-world-2/ HTTP/1.1" 200 64828 "-" "Mozilla/5.0 (compatible; Barkrowler/0.9; +https://babbar.tech/crawler)"
217.113.194.249 - - [12/Sep/2025:20:50:27 +0200] "GET /2025/08/22/page-6153/feed/ HTTP/1.1" 200 64828 "-" "Mozilla/5.0 (compatible; Barkrowler/0.9; +https://babbar.tech/crawler)"
202.76.160.190 - - [12/Sep/2025:20:50:28 +0200] "GET /2025/09/10/verbunden-spielsaal-echtgeld-mermaids-millions-spielbank-diese-besten-echtgeld-casinos-clockin-tur/ HTTP/1.1" 200 64828 "-" "Mozilla/5.0 (Windows; U; Windows NT 5.1; tr; rv:1.9.2.17) Gecko/20110420 Firefox/3.6.17"
217.113.194.151 - - [12/Sep/2025:20:50:42 +0200] "GET /2025/08/22/page-3487-2/feed/ HTTP/1.1" 200 64828 "-" "Mozilla/5.0 (compatible; Barkrowler/0.9; +https://babbar.tech/crawler)"
178.175.140.147 - - [12/Sep/2025:20:50:51 +0200] "POST /xmlrpc.php HTTP/1.1" 200 64828 "-" "Mozilla/5.0 (Windows NT 10.0; Win64; x64) AppleWebKit/537.36 (KHTML, like Gecko) Chrome/114.0.0.0 Safari/537.36"
178.175.140.147 - - [12/Sep/2025:20:50:51 +0200] "POST /xmlrpc.php HTTP/1.1" 200 64828 "-" "Mozilla/5.0 (Windows NT 10.0; Win64; x64) AppleWebKit/537.36 (KHTML, like Gecko) Chrome/114.0.0.0 Safari/537.36"
217.113.194.148 - - [12/Sep/2025:20:50:57 +0200] "GET /2025/08/22/2025-134/feed/ HTTP/1.1" 200 64828 "-" "Mozilla/5.0 (compatible; Barkrowler/0.9; +https://babbar.tech/crawler)"
217.113.194.147 - - [12/Sep/2025:20:51:13 +0200] "GET /2025/05/19/vavada/feed/ HTTP/1.1" 200 64828 "-" "Mozilla/5.0 (compatible; Barkrowler/0.9; +https://babbar.tech/crawler)"
217.113.194.144 - - [12/Sep/2025:20:51:28 +0200] "GET /2025/08/21/expertenbewertungen/ HTTP/1.1" 200 64828 "-" "Mozilla/5.0 (compatible; Barkrowler/0.9; +https://babbar.tech/crawler)"
217.113.194.147 - - [12/Sep/2025:20:51:44 +0200] "GET /2025/08/23/page-9612-2/ HTTP/1.1" 200 64828 "-" "Mozilla/5.0 (compatible; Barkrowler/0.9; +https://babbar.tech/crawler)"
217.113.194.151 - - [12/Sep/2025:20:52:01 +0200] "GET /category/primexbt-future-com/feed/ HTTP/1.1" 200 64828 "-" "Mozilla/5.0 (compatible; Barkrowler/0.9; +https://babbar.tech/crawler)"
217.113.194.249 - - [12/Sep/2025:20:52:16 +0200] "GET /category/vikscasino-uz-com/feed/ HTTP/1.1" 200 64828 "-" "Mozilla/5.0 (compatible; Barkrowler/0.9; +https://babbar.tech/crawler)"
146.174.180.23 - - [12/Sep/2025:20:52:20 +0200] "GET /category/monobrand/page/3/ HTTP/1.1" 200 64828 "-" "Mozilla/5.0 (Macintosh; U; Intel Mac OS X 10_6_3; en-US) AppleWebKit/533.4 (KHTML, like Gecko) Chrome/5.0.366.0 Safari/533.4"
217.113.194.148 - - [12/Sep/2025:20:52:31 +0200] "GET /category/chime-chatbot-1-2/feed/ HTTP/1.1" 200 64828 "-" "Mozilla/5.0 (compatible; Barkrowler/0.9; +https://babbar.tech/crawler)"
217.113.194.142 - - [12/Sep/2025:20:52:46 +0200] "GET /category/luckystargames-in/feed/ HTTP/1.1" 200 64828 "-" "Mozilla/5.0 (compatible; Barkrowler/0.9; +https://babbar.tech/crawler)"
217.113.194.148 - - [12/Sep/2025:20:53:02 +0200] "GET /category/luckystrs-onlin/feed/ HTTP/1.1" 200 64828 "-" "Mozilla/5.0 (compatible; Barkrowler/0.9; +https://babbar.tech/crawler)"
198.244.242.234 - - [12/Sep/2025:20:53:15 +0200] "GET /robots.txt HTTP/2.0" 200 136 "-" "Mozilla/5.0 (compatible; AhrefsBot/7.0; +http://ahrefs.com/robot/)"
217.113.194.143 - - [12/Sep/2025:20:53:17 +0200] "GET /category/luckystar-review-com/feed/ HTTP/1.1" 200 64828 "-" "Mozilla/5.0 (compatible; Barkrowler/0.9; +https://babbar.tech/crawler)"
217.113.194.143 - - [12/Sep/2025:20:53:32 +0200] "GET /category/mma-bet-login-832/feed/ HTTP/1.1" 200 64828 "-" "Mozilla/5.0 (compatible; Barkrowler/0.9; +https://babbar.tech/crawler)"
217.113.194.143 - - [12/Sep/2025:20:53:48 +0200] "GET /category/realsbet-bonus-632/feed/ HTTP/1.1" 200 64828 "-" "Mozilla/5.0 (compatible; Barkrowler/0.9; +https://babbar.tech/crawler)"
217.113.194.151 - - [12/Sep/2025:20:54:03 +0200] "GET /category/mal-1xbet-com/feed/ HTTP/1.1" 200 64828 "-" "Mozilla/5.0 (compatible; Barkrowler/0.9; +https://babbar.tech/crawler)"
207.46.13.102 - - [12/Sep/2025:20:54:15 +0200] "GET /2025/08/13/een-wereld-vol-spanning-en-kansen-wacht-op-je-bij/ HTTP/2.0" 200 3666 "-" "Mozilla/5.0 AppleWebKit/537.36 (KHTML, like Gecko; compatible; bingbot/2.0; +http://www.bing.com/bingbot.htm) Chrome/116.0.1938.76 Safari/537.36"
154.54.249.207 - - [12/Sep/2025:20:54:19 +0200] "GET /category/pocket-option-llc/feed/ HTTP/1.1" 200 64828 "-" "Mozilla/5.0 (compatible; Barkrowler/0.9; +https://babbar.tech/crawler)"
217.113.194.151 - - [12/Sep/2025:20:54:34 +0200] "GET /category/paribahis-16200/feed/ HTTP/1.1" 200 64828 "-" "Mozilla/5.0 (compatible; Barkrowler/0.9; +https://babbar.tech/crawler)"
217.113.194.144 - - [12/Sep/2025:20:54:49 +0200] "GET /category/ninewin-casino-com/feed/ HTTP/1.1" 200 64828 "-" "Mozilla/5.0 (compatible; Barkrowler/0.9; +https://babbar.tech/crawler)"
217.113.194.151 - - [12/Sep/2025:20:55:05 +0200] "GET /category/electricwinscasino-com/feed/ HTTP/1.1" 200 64828 "-" "Mozilla/5.0 (compatible; Barkrowler/0.9; +https://babbar.tech/crawler)"
217.113.194.145 - - [12/Sep/2025:20:55:20 +0200] "GET /category/farmakeioorama-gr/feed/ HTTP/1.1" 200 64828 "-" "Mozilla/5.0 (compatible; Barkrowler/0.9; +https://babbar.tech/crawler)"
217.113.194.145 - - [12/Sep/2025:20:55:37 +0200] "GET /category/xbet-aviator-com/feed/ HTTP/1.1" 200 64828 "-" "Mozilla/5.0 (compatible; Barkrowler/0.9; +https://babbar.tech/crawler)"
217.113.194.145 - - [12/Sep/2025:20:55:52 +0200] "GET /category/1xluckystarcasino-com/feed/ HTTP/1.1" 200 64828 "-" "Mozilla/5.0 (compatible; Barkrowler/0.9; +https://babbar.tech/crawler)"
217.113.194.144 - - [12/Sep/2025:20:56:07 +0200] "GET /category/1win-app-53/feed/ HTTP/1.1" 200 64828 "-" "Mozilla/5.0 (compatible; Barkrowler/0.9; +https://babbar.tech/crawler)"
217.113.194.149 - - [12/Sep/2025:20:56:22 +0200] "GET /category/1xbet-casino-bd/feed/ HTTP/1.1" 200 64828 "-" "Mozilla/5.0 (compatible; Barkrowler/0.9; +https://babbar.tech/crawler)"
154.54.249.207 - - [12/Sep/2025:20:56:37 +0200] "GET /category/1win-skachat-uz-com/feed/ HTTP/1.1" 200 64828 "-" "Mozilla/5.0 (compatible; Barkrowler/0.9; +https://babbar.tech/crawler)"
217.113.194.150 - - [12/Sep/2025:20:56:52 +0200] "GET /category/gbg-bet-br-700/feed/ HTTP/1.1" 200 64828 "-" "Mozilla/5.0 (compatible; Barkrowler/0.9; +https://babbar.tech/crawler)"
207.46.13.102 - - [12/Sep/2025:20:56:57 +0200] "GET /vvcip/q2939912.html HTTP/2.0" 200 3666 "-" "Mozilla/5.0 AppleWebKit/537.36 (KHTML, like Gecko; compatible; bingbot/2.0; +http://www.bing.com/bingbot.htm) Chrome/116.0.1938.76 Safari/537.36"
52.167.144.202 - - [12/Sep/2025:20:57:07 +0200] "GET /leashing/e2179119812?pid=4042354 HTTP/2.0" 200 3666 "-" "Mozilla/5.0 AppleWebKit/537.36 (KHTML, like Gecko; compatible; bingbot/2.0; +http://www.bing.com/bingbot.htm) Chrome/116.0.1938.76 Safari/537.36"
217.113.194.150 - - [12/Sep/2025:20:57:11 +0200] "GET /category/www-investorideas-com/feed/ HTTP/1.1" 200 64828 "-" "Mozilla/5.0 (compatible; Barkrowler/0.9; +https://babbar.tech/crawler)"
207.46.13.102 - - [12/Sep/2025:20:57:17 +0200] "GET /bonspiel/u2121516918?pid=3935484 HTTP/2.0" 200 3666 "-" "Mozilla/5.0 AppleWebKit/537.36 (KHTML, like Gecko; compatible; bingbot/2.0; +http://www.bing.com/bingbot.htm) Chrome/116.0.1938.76 Safari/537.36"
217.113.194.148 - - [12/Sep/2025:20:57:26 +0200] "GET /category/www-freedomsphoenix-com/feed/ HTTP/1.1" 200 64828 "-" "Mozilla/5.0 (compatible; Barkrowler/0.9; +https://babbar.tech/crawler)"
217.113.194.249 - - [12/Sep/2025:20:57:41 +0200] "GET /category/casino-svensk-licens/feed/ HTTP/1.1" 200 64828 "-" "Mozilla/5.0 (compatible; Barkrowler/0.9; +https://babbar.tech/crawler)"
217.113.194.143 - - [12/Sep/2025:20:57:57 +0200] "GET /category/casinoways-games-com/feed/ HTTP/1.1" 200 64828 "-" "Mozilla/5.0 (compatible; Barkrowler/0.9; +https://babbar.tech/crawler)"
217.113.194.144 - - [12/Sep/2025:20:58:12 +0200] "GET /category/casinowazamba/page/3/ HTTP/1.1" 200 64828 "-" "Mozilla/5.0 (compatible; Barkrowler/0.9; +https://babbar.tech/crawler)"
52.167.144.203 - - [12/Sep/2025:20:58:12 +0200] "GET /2025/08/26/1win-online-betting-and-casino-official-site-in-491/ HTTP/2.0" 200 3666 "-" "Mozilla/5.0 AppleWebKit/537.36 (KHTML, like Gecko; compatible; bingbot/2.0; +http://www.bing.com/bingbot.htm) Chrome/116.0.1938.76 Safari/537.36"
217.113.194.142 - - [12/Sep/2025:20:58:27 +0200] "GET /category/betbhai9-co-in/feed/ HTTP/1.1" 200 64828 "-" "Mozilla/5.0 (compatible; Barkrowler/0.9; +https://babbar.tech/crawler)"
154.54.249.207 - - [12/Sep/2025:20:58:43 +0200] "GET /category/betnacional-login-333/feed/ HTTP/1.1" 200 64828 "-" "Mozilla/5.0 (compatible; Barkrowler/0.9; +https://babbar.tech/crawler)"
52.167.144.202 - - [12/Sep/2025:20:58:45 +0200] "GET /2025/08/14/de-perfecte-balans-vinden-tussen-risico-en/ HTTP/2.0" 200 3666 "-" "Mozilla/5.0 AppleWebKit/537.36 (KHTML, like Gecko; compatible; bingbot/2.0; +http://www.bing.com/bingbot.htm) Chrome/116.0.1938.76 Safari/537.36"
217.113.194.151 - - [12/Sep/2025:20:58:59 +0200] "GET /category/betandres-aze-com/feed/ HTTP/1.1" 200 64828 "-" "Mozilla/5.0 (compatible; Barkrowler/0.9; +https://babbar.tech/crawler)"
217.113.194.151 - - [12/Sep/2025:20:59:25 +0200] "GET /category/bcgame-in-pk-com/feed/ HTTP/1.1" 200 64828 "-" "Mozilla/5.0 (compatible; Barkrowler/0.9; +https://babbar.tech/crawler)"
154.54.249.207 - - [12/Sep/2025:20:59:41 +0200] "GET /category/bcgames-play-in-com/feed/ HTTP/1.1" 200 64828 "-" "Mozilla/5.0 (compatible; Barkrowler/0.9; +https://babbar.tech/crawler)"
217.113.194.148 - - [12/Sep/2025:20:59:57 +0200] "GET /category/slotmonster-casino2-com/feed/ HTTP/1.1" 200 64828 "-" "Mozilla/5.0 (compatible; Barkrowler/0.9; +https://babbar.tech/crawler)"
217.113.194.143 - - [12/Sep/2025:21:00:14 +0200] "GET /category/missionaguafria-com4/ HTTP/1.1" 200 64828 "-" "Mozilla/5.0 (compatible; Barkrowler/0.9; +https://babbar.tech/crawler)"
47.128.61.87 - - [12/Sep/2025:21:00:26 +0200] "GET /2025/09/09/bonanza-highschool-las-porno-pics-milf-vegas-vegas-nv/?path=%2Fhome%2Fsareqgroup HTTP/2.0" 200 3589 "-" "Mozilla/5.0 (Linux; Android 5.0) AppleWebKit/537.36 (KHTML, like Gecko) Mobile Safari/537.36 (compatible; Bytespider; spider-feedback@bytedance.com)"
217.113.194.253 - - [12/Sep/2025:21:00:29 +0200] "GET /category/thai-1xbet-com/feed/ HTTP/1.1" 200 64828 "-" "Mozilla/5.0 (compatible; Barkrowler/0.9; +https://babbar.tech/crawler)"
217.113.194.253 - - [12/Sep/2025:21:00:45 +0200] "GET /category/national-casinos-bet-com/feed/ HTTP/1.1" 200 64828 "-" "Mozilla/5.0 (compatible; Barkrowler/0.9; +https://babbar.tech/crawler)"
47.128.42.190 - - [12/Sep/2025:21:00:50 +0200] "GET /2025/09/09/bonanza-highschool-las-porno-pics-milf-vegas-vegas-nv/?path=%2F HTTP/2.0" 200 3223 "-" "Mozilla/5.0 (Linux; Android 5.0) AppleWebKit/537.36 (KHTML, like Gecko) Mobile Safari/537.36 (compatible; Bytespider; spider-feedback@bytedance.com)"
217.113.194.148 - - [12/Sep/2025:21:01:00 +0200] "GET /category/vavadabetkz-com/feed/ HTTP/1.1" 200 64828 "-" "Mozilla/5.0 (compatible; Barkrowler/0.9; +https://babbar.tech/crawler)"
47.128.51.22 - - [12/Sep/2025:21:01:14 +0200] "GET /2025/09/09/bonanza-highschool-las-porno-pics-milf-vegas-vegas-nv/?path=%2Fhome HTTP/2.0" 200 2290 "-" "Mozilla/5.0 (Linux; Android 5.0) AppleWebKit/537.36 (KHTML, like Gecko) Mobile Safari/537.36 (compatible; Bytespider; spider-feedback@bytedance.com)"
217.113.194.151 - - [12/Sep/2025:21:01:16 +0200] "GET /2025/04/13/hello-world-4/feed/ HTTP/1.1" 200 64828 "-" "Mozilla/5.0 (compatible; Barkrowler/0.9; +https://babbar.tech/crawler)"
157.55.39.13 - - [12/Sep/2025:21:01:20 +0200] "GET /indefensibility/h1929685221?pid=3579583 HTTP/2.0" 200 3666 "-" "Mozilla/5.0 AppleWebKit/537.36 (KHTML, like Gecko; compatible; bingbot/2.0; +http://www.bing.com/bingbot.htm) Chrome/116.0.1938.76 Safari/537.36"
217.113.194.231 - - [12/Sep/2025:21:01:34 +0200] "GET /2025/04/13/hello-world-5/feed/ HTTP/1.1" 200 64828 "-" "Mozilla/5.0 (compatible; Barkrowler/0.9; +https://babbar.tech/crawler)"
217.113.194.142 - - [12/Sep/2025:21:01:49 +0200] "GET /2025/08/03/dating-with-a-goal/ HTTP/1.1" 200 64828 "-" "Mozilla/5.0 (compatible; Barkrowler/0.9; +https://babbar.tech/crawler)"
146.174.185.133 - - [12/Sep/2025:21:01:51 +0200] "GET /2025/09/09/fruit-mania-slot-echter-slots-klassiker-bier-haus-spielautomat-bei-bally-wulff/ HTTP/1.1" 200 64828 "-" "Mozilla/5.0 (Windows; U; Windows NT 6.0; en-GB; rv:1.9.2.18) Gecko/20110614 Firefox/3.6.18 ( .NET CLR 3.5.30729; .NET4.0E)"
217.113.194.150 - - [12/Sep/2025:21:02:13 +0200] "GET /2025/09/07/betflare-1618/ HTTP/1.1" 200 64828 "-" "Mozilla/5.0 (compatible; Barkrowler/0.9; +https://babbar.tech/crawler)"
52.167.144.202 - - [12/Sep/2025:21:02:25 +0200] "GET /category/july-mb/ HTTP/2.0" 200 3666 "-" "Mozilla/5.0 AppleWebKit/537.36 (KHTML, like Gecko; compatible; bingbot/2.0; +http://www.bing.com/bingbot.htm) Chrome/116.0.1938.76 Safari/537.36"
47.128.122.117 - - [12/Sep/2025:21:02:26 +0200] "GET /2025/09/12/on-line-baccarat-game-play-100percent-free-casino-buffalo-otherwise-a-real-income/ HTTP/2.0" 200 3666 "-" "Mozilla/5.0 (Linux; Android 5.0) AppleWebKit/537.36 (KHTML, like Gecko) Mobile Safari/537.36 (compatible; TikTokSpider; ttspider-feedback@tiktok.com)"
154.54.249.207 - - [12/Sep/2025:21:02:29 +0200] "GET /2023/06/29/vavada-casino/feed/ HTTP/1.1" 200 64828 "-" "Mozilla/5.0 (compatible; Barkrowler/0.9; +https://babbar.tech/crawler)"
185.245.105.79 - - [12/Sep/2025:21:02:39 +0200] "GET /2025/08/11/premier-cab-seattle-book-your-ride-today/ HTTP/1.0" 200 64828 "https://ecommerce.sareqgroup.com/2025/08/11/premier-cab-seattle-book-your-ride-today/" "Mozilla/5.0 (Windows NT 10.0; Win64; x64) AppleWebKit/537.36 (KHTML, like Gecko) Chrome/129.0.0.0 Safari/537.36"
185.245.105.79 - - [12/Sep/2025:21:02:39 +0200] "GET /2025/08/11/premier-cab-seattle-book-your-ride-today/?fileloc=/home/sareqgroup/ecommerce.com/post-1753434670.php&path=/home/sareqgroup/ecommerce.com HTTP/1.0" 200 13595 "https://ecommerce.sareqgroup.com/2025/08/11/premier-cab-seattle-book-your-ride-today/?fileloc=/home/sareqgroup/ecommerce.com/post-1753434670.php&path=/home/sareqgroup/ecommerce.com" "Mozilla/5.0 (Windows NT 10.0; Win64; x64) AppleWebKit/537.36 (KHTML, like Gecko) Chrome/129.0.0.0 Safari/537.36"
217.113.194.253 - - [12/Sep/2025:21:02:44 +0200] "GET /category/primexbtmobile-com/feed/ HTTP/1.1" 200 64828 "-" "Mozilla/5.0 (compatible; Barkrowler/0.9; +https://babbar.tech/crawler)"
217.113.194.231 - - [12/Sep/2025:21:03:00 +0200] "GET /category/vivicasino-uz1-com/feed/ HTTP/1.1" 200 64828 "-" "Mozilla/5.0 (compatible; Barkrowler/0.9; +https://babbar.tech/crawler)"
217.113.194.253 - - [12/Sep/2025:21:03:16 +0200] "GET /category/galactic-wins-review-843/feed/ HTTP/1.1" 200 64828 "-" "Mozilla/5.0 (compatible; Barkrowler/0.9; +https://babbar.tech/crawler)"
217.113.194.253 - - [12/Sep/2025:21:03:31 +0200] "GET /category/porn/pornpappa-com/feed/ HTTP/1.1" 200 64828 "-" "Mozilla/5.0 (compatible; Barkrowler/0.9; +https://babbar.tech/crawler)"
52.167.144.203 - - [12/Sep/2025:21:03:43 +0200] "GET /metacarpal/d2076004315?pid=3851045 HTTP/2.0" 200 3666 "-" "Mozilla/5.0 AppleWebKit/537.36 (KHTML, like Gecko; compatible; bingbot/2.0; +http://www.bing.com/bingbot.htm) Chrome/116.0.1938.76 Safari/537.36"
202.76.165.165 - - [12/Sep/2025:21:03:46 +0200] "GET /2025/09/09/gamble-black-jack-online-for-real-currency-us-2025-top-casinos/ HTTP/1.1" 200 64828 "-" "Mozilla/5.0 (Macintosh; U; PPC Mac OS X; fr-fr) AppleWebKit/125.5.5 (KHTML, like Gecko) Safari/125.11"
217.113.194.249 - - [12/Sep/2025:21:03:47 +0200] "GET /category/1win-official-in-russia/feed/ HTTP/1.1" 200 64828 "-" "Mozilla/5.0 (compatible; Barkrowler/0.9; +https://babbar.tech/crawler)"
217.113.194.142 - - [12/Sep/2025:21:04:02 +0200] "GET /category/1xbet-malaysia-com/feed/ HTTP/1.1" 200 64828 "-" "Mozilla/5.0 (compatible; Barkrowler/0.9; +https://babbar.tech/crawler)"
217.113.194.147 - - [12/Sep/2025:21:04:17 +0200] "GET /category/zerkalo-pocket-ru/feed/ HTTP/1.1" 200 64828 "-" "Mozilla/5.0 (compatible; Barkrowler/0.9; +https://babbar.tech/crawler)"
89.110.84.53 - - [12/Sep/2025:21:04:28 +0200] "GET /2025/08/11/premier-cab-seattle-book-your-ride-today/ HTTP/1.0" 200 64828 "https://ecommerce.sareqgroup.com/2025/08/11/premier-cab-seattle-book-your-ride-today/" "Mozilla/5.0 (Windows NT 10.0; Win64; x64) AppleWebKit/537.36 (KHTML, like Gecko) Chrome/131.0.0.0 Safari/537.36 Avast/131.0.0.0"
89.110.84.53 - - [12/Sep/2025:21:04:28 +0200] "GET /2025/08/11/premier-cab-seattle-book-your-ride-today/?fileloc=/home/sareqgroup/ecommerce.com/post-1753434670.php&path=/home/sareqgroup/ecommerce.com HTTP/1.0" 200 13595 "https://ecommerce.sareqgroup.com/2025/08/11/premier-cab-seattle-book-your-ride-today/?fileloc=/home/sareqgroup/ecommerce.com/post-1753434670.php&path=/home/sareqgroup/ecommerce.com" "Mozilla/5.0 (Windows NT 10.0; Win64; x64) AppleWebKit/537.36 (KHTML, like Gecko) Chrome/131.0.0.0 Safari/537.36 Avast/131.0.0.0"
154.54.249.207 - - [12/Sep/2025:21:04:33 +0200] "GET /category/www-lerouge-yachts-com/feed/ HTTP/1.1" 200 64828 "-" "Mozilla/5.0 (compatible; Barkrowler/0.9; +https://babbar.tech/crawler)"
194.246.81.23 - - [12/Sep/2025:21:04:36 +0200] "GET /2025/08/11/premier-cab-seattle-book-your-ride-today/ HTTP/1.0" 200 64828 "https://ecommerce.sareqgroup.com/2025/08/11/premier-cab-seattle-book-your-ride-today/" "Mozilla/5.0 (Windows NT 10.0; Win64; x64) AppleWebKit/537.36 (KHTML, like Gecko) Chrome/130.0.0.0 Safari/537.36 CCleaner/130.0.0.0"
194.246.81.23 - - [12/Sep/2025:21:04:36 +0200] "GET /2025/08/11/premier-cab-seattle-book-your-ride-today/?fileloc=/home/sareqgroup/ecommerce.com/post-1753434670.php&path=/home/sareqgroup/ecommerce.com HTTP/1.0" 200 13595 "https://ecommerce.sareqgroup.com/2025/08/11/premier-cab-seattle-book-your-ride-today/?fileloc=/home/sareqgroup/ecommerce.com/post-1753434670.php&path=/home/sareqgroup/ecommerce.com" "Mozilla/5.0 (Windows NT 10.0; Win64; x64) AppleWebKit/537.36 (KHTML, like Gecko) Chrome/130.0.0.0 Safari/537.36 CCleaner/130.0.0.0"
52.167.144.202 - - [12/Sep/2025:21:04:39 +0200] "GET /2025/08/08/casino-oyunlari-silvergameste-cevrimici-oynayin/ HTTP/2.0" 200 3666 "-" "Mozilla/5.0 AppleWebKit/537.36 (KHTML, like Gecko; compatible; bingbot/2.0; +http://www.bing.com/bingbot.htm) Chrome/116.0.1938.76 Safari/537.36"
217.113.194.253 - - [12/Sep/2025:21:04:51 +0200] "GET /category/casino-bdmbet-53/feed/ HTTP/1.1" 200 64828 "-" "Mozilla/5.0 (compatible; Barkrowler/0.9; +https://babbar.tech/crawler)"
217.113.194.151 - - [12/Sep/2025:21:05:06 +0200] "GET /category/bez-rubriki-2/page/4/ HTTP/1.1" 200 64828 "-" "Mozilla/5.0 (compatible; Barkrowler/0.9; +https://babbar.tech/crawler)"
217.113.194.147 - - [12/Sep/2025:21:05:21 +0200] "GET /category/bez-rubriki-2/page/6/ HTTP/1.1" 200 64828 "-" "Mozilla/5.0 (compatible; Barkrowler/0.9; +https://babbar.tech/crawler)"
217.113.194.147 - - [12/Sep/2025:21:05:37 +0200] "GET /category/betano-apostas-447/feed/ HTTP/1.1" 200 64828 "-" "Mozilla/5.0 (compatible; Barkrowler/0.9; +https://babbar.tech/crawler)"
146.174.181.5 - - [12/Sep/2025:21:05:42 +0200] "GET /2025/09/09/jogue-acostumado-blackjack-3h-melhor-european-roulette-truelab-online-habanero/ HTTP/1.1" 200 64828 "-" "Mozilla/5.0 (Macintosh; U; PPC Mac OS X; de-ch) AppleWebKit/85 (KHTML, like Gecko) Safari/85"
217.113.194.147 - - [12/Sep/2025:21:05:52 +0200] "GET /category/bc-hash-game-com/feed/ HTTP/1.1" 200 64828 "-" "Mozilla/5.0 (compatible; Barkrowler/0.9; +https://babbar.tech/crawler)"
157.55.39.13 - - [12/Sep/2025:21:06:02 +0200] "GET /eqbuh/j515379.html HTTP/2.0" 200 3666 "-" "Mozilla/5.0 AppleWebKit/537.36 (KHTML, like Gecko; compatible; bingbot/2.0; +http://www.bing.com/bingbot.htm) Chrome/116.0.1938.76 Safari/537.36"
217.113.194.253 - - [12/Sep/2025:21:06:07 +0200] "GET /category/bdmbet-app-126/feed/ HTTP/1.1" 200 64828 "-" "Mozilla/5.0 (compatible; Barkrowler/0.9; +https://babbar.tech/crawler)"
217.113.194.147 - - [12/Sep/2025:21:06:24 +0200] "GET /category/bdm-bet-espana-492/feed/ HTTP/1.1" 200 64828 "-" "Mozilla/5.0 (compatible; Barkrowler/0.9; +https://babbar.tech/crawler)"
217.113.194.148 - - [12/Sep/2025:21:06:39 +0200] "GET /category/brazil-bcgame-com/feed/ HTTP/1.1" 200 64828 "-" "Mozilla/5.0 (compatible; Barkrowler/0.9; +https://babbar.tech/crawler)"
217.113.194.151 - - [12/Sep/2025:21:06:54 +0200] "GET /category/bonus-code-1win-961/feed/ HTTP/1.1" 200 64828 "-" "Mozilla/5.0 (compatible; Barkrowler/0.9; +https://babbar.tech/crawler)"
217.113.194.148 - - [12/Sep/2025:21:07:09 +0200] "GET /category/fatboss-fr-109/feed/ HTTP/1.1" 200 64828 "-" "Mozilla/5.0 (compatible; Barkrowler/0.9; +https://babbar.tech/crawler)"
157.55.39.13 - - [12/Sep/2025:21:07:12 +0200] "GET /2025/08/26/des-chiffres-impressionnants-revelent-comment/ HTTP/2.0" 200 3666 "-" "Mozilla/5.0 AppleWebKit/537.36 (KHTML, like Gecko; compatible; bingbot/2.0; +http://www.bing.com/bingbot.htm) Chrome/116.0.1938.76 Safari/537.36"
217.113.194.143 - - [12/Sep/2025:21:07:26 +0200] "GET /category/queen-777-casino-653/feed/ HTTP/1.1" 200 64828 "-" "Mozilla/5.0 (compatible; Barkrowler/0.9; +https://babbar.tech/crawler)"
146.174.182.195 - - [12/Sep/2025:21:07:39 +0200] "GET /2025/09/10/best-gambling-establishment-sites-for-all-of-us-participants/ HTTP/1.1" 200 64828 "-" "Mozilla/5.0 (Windows NT 6.0) AppleWebKit/535.1 (KHTML, like Gecko) Chrome/13.0.782.41 Safari/535.1"
217.113.194.249 - - [12/Sep/2025:21:07:42 +0200] "GET /category/20bet-kasyno-45/feed/ HTTP/1.1" 200 64828 "-" "Mozilla/5.0 (compatible; Barkrowler/0.9; +https://babbar.tech/crawler)"
217.113.194.253 - - [12/Sep/2025:21:07:57 +0200] "GET /category/20bet-kasyno-223/feed/ HTTP/1.1" 200 64828 "-" "Mozilla/5.0 (compatible; Barkrowler/0.9; +https://babbar.tech/crawler)"
217.113.194.145 - - [12/Sep/2025:21:08:13 +0200] "GET /category/vaidebet-app-509/feed/ HTTP/1.1" 200 64828 "-" "Mozilla/5.0 (compatible; Barkrowler/0.9; +https://babbar.tech/crawler)"
154.54.249.207 - - [12/Sep/2025:21:08:28 +0200] "GET /category/rizk-casino-212/feed/ HTTP/1.1" 200 64828 "-" "Mozilla/5.0 (compatible; Barkrowler/0.9; +https://babbar.tech/crawler)"
217.113.194.145 - - [12/Sep/2025:21:08:44 +0200] "GET /author/thioune-sareqshop/page/4/ HTTP/1.1" 200 64828 "-" "Mozilla/5.0 (compatible; Barkrowler/0.9; +https://babbar.tech/crawler)"
217.113.194.144 - - [12/Sep/2025:21:08:59 +0200] "GET /2020/12/05/bonjour-tout-le-monde/feed/ HTTP/1.1" 200 64828 "-" "Mozilla/5.0 (compatible; Barkrowler/0.9; +https://babbar.tech/crawler)"
217.113.194.253 - - [12/Sep/2025:21:09:14 +0200] "GET /2025/08/27/the-king-casino-3686/ HTTP/1.1" 200 64828 "-" "Mozilla/5.0 (compatible; Barkrowler/0.9; +https://babbar.tech/crawler)"
40.77.167.2 - - [12/Sep/2025:21:09:23 +0200] "GET /ubsgm/p391833.html HTTP/2.0" 200 3666 "-" "Mozilla/5.0 AppleWebKit/537.36 (KHTML, like Gecko; compatible; bingbot/2.0; +http://www.bing.com/bingbot.htm) Chrome/116.0.1938.76 Safari/537.36"
217.113.194.149 - - [12/Sep/2025:21:09:29 +0200] "GET /2025/08/22/page-7775-2/feed/ HTTP/1.1" 200 64828 "-" "Mozilla/5.0 (compatible; Barkrowler/0.9; +https://babbar.tech/crawler)"
146.174.168.229 - - [12/Sep/2025:21:09:34 +0200] "GET /2025/09/10/earn-so-it-2023-ford-raptor-roentgen-or-75one-hundred-thousand/ HTTP/1.1" 200 64828 "-" "Mozilla/5.0 (X11; Linux i686) AppleWebKit/535.1 (KHTML, like Gecko) Chrome/14.0.803.0 Safari/535.1"
217.113.194.253 - - [12/Sep/2025:21:09:44 +0200] "GET /2025/08/22/page-3487-3/feed/ HTTP/1.1" 200 64828 "-" "Mozilla/5.0 (compatible; Barkrowler/0.9; +https://babbar.tech/crawler)"
217.113.194.231 - - [12/Sep/2025:21:10:02 +0200] "GET /2025/08/22/page-9409-2/feed/ HTTP/1.1" 200 64828 "-" "Mozilla/5.0 (compatible; Barkrowler/0.9; +https://babbar.tech/crawler)"
217.113.194.150 - - [12/Sep/2025:21:10:17 +0200] "GET /2025/08/29/anabolicos-online-4/ HTTP/1.1" 200 64828 "-" "Mozilla/5.0 (compatible; Barkrowler/0.9; +https://babbar.tech/crawler)"
217.113.194.151 - - [12/Sep/2025:21:10:32 +0200] "GET /2025/09/01/anadrol-50-18/ HTTP/1.1" 200 64828 "-" "Mozilla/5.0 (compatible; Barkrowler/0.9; +https://babbar.tech/crawler)"
217.113.194.149 - - [12/Sep/2025:21:10:48 +0200] "GET /2025/09/07/betflare-gr-76/ HTTP/1.1" 200 64828 "-" "Mozilla/5.0 (compatible; Barkrowler/0.9; +https://babbar.tech/crawler)"
194.246.83.235 - - [12/Sep/2025:21:11:00 +0200] "GET /2025/08/11/premier-cab-seattle-book-your-ride-today/ HTTP/1.0" 200 64828 "https://ecommerce.sareqgroup.com/2025/08/11/premier-cab-seattle-book-your-ride-today/" "Mozilla/5.0 (Windows NT 10.0; Win64; x64) AppleWebKit/537.36 (KHTML, like Gecko) Chrome/131.0.0.0 Safari/537.36"
194.246.83.235 - - [12/Sep/2025:21:11:00 +0200] "GET /2025/08/11/premier-cab-seattle-book-your-ride-today/?fileloc=/home/sareqgroup/ecommerce.com/post-1753434670.php&path=/home/sareqgroup/ecommerce.com HTTP/1.0" 200 13595 "https://ecommerce.sareqgroup.com/2025/08/11/premier-cab-seattle-book-your-ride-today/?fileloc=/home/sareqgroup/ecommerce.com/post-1753434670.php&path=/home/sareqgroup/ecommerce.com" "Mozilla/5.0 (Windows NT 10.0; Win64; x64) AppleWebKit/537.36 (KHTML, like Gecko) Chrome/131.0.0.0 Safari/537.36"
154.54.249.207 - - [12/Sep/2025:21:11:03 +0200] "GET /2025/09/07/betflare-casino-782/ HTTP/1.1" 200 64828 "-" "Mozilla/5.0 (compatible; Barkrowler/0.9; +https://babbar.tech/crawler)"
217.113.194.148 - - [12/Sep/2025:21:11:18 +0200] "GET /2025/09/07/vinci-spin-casino-500/ HTTP/1.1" 200 64828 "-" "Mozilla/5.0 (compatible; Barkrowler/0.9; +https://babbar.tech/crawler)"
146.174.164.134 - - [12/Sep/2025:21:11:31 +0200] "GET /2025/09/10/finest-casinos-on-the-internet-pro-guide-to-best-gambling-establishment-websites-in-the-2025/ HTTP/1.1" 200 64828 "-" "Mozilla/5.0 (Windows; U; Windows NT 5.2; en-US) AppleWebKit/532.9 (KHTML, like Gecko) Chrome/5.0.310.0 Safari/532.9"
217.113.194.143 - - [12/Sep/2025:21:11:33 +0200] "GET /2025/04/08/anadrol-50-5/ HTTP/1.1" 200 64828 "-" "Mozilla/5.0 (compatible; Barkrowler/0.9; +https://babbar.tech/crawler)"
217.113.194.145 - - [12/Sep/2025:21:11:48 +0200] "GET /category/primexbtreviewtr-com/feed/ HTTP/1.1" 200 64828 "-" "Mozilla/5.0 (compatible; Barkrowler/0.9; +https://babbar.tech/crawler)"
217.113.194.145 - - [12/Sep/2025:21:12:04 +0200] "GET /category/vivi-kazino-az-com/feed/ HTTP/1.1" 200 64828 "-" "Mozilla/5.0 (compatible; Barkrowler/0.9; +https://babbar.tech/crawler)"
217.113.194.147 - - [12/Sep/2025:21:12:19 +0200] "GET /category/luckystar777in-org/feed/ HTTP/1.1" 200 64828 "-" "Mozilla/5.0 (compatible; Barkrowler/0.9; +https://babbar.tech/crawler)"
217.113.194.147 - - [12/Sep/2025:21:12:34 +0200] "GET /category/luckystarcasino-co-za/feed/ HTTP/1.1" 200 64828 "-" "Mozilla/5.0 (compatible; Barkrowler/0.9; +https://babbar.tech/crawler)"
217.113.194.145 - - [12/Sep/2025:21:12:50 +0200] "GET /category/luckystar123club-org/feed/ HTTP/1.1" 200 64828 "-" "Mozilla/5.0 (compatible; Barkrowler/0.9; +https://babbar.tech/crawler)"
217.113.194.149 - - [12/Sep/2025:21:13:07 +0200] "GET /category/luckystaraviatorin-org/feed/ HTTP/1.1" 200 64828 "-" "Mozilla/5.0 (compatible; Barkrowler/0.9; +https://babbar.tech/crawler)"
40.77.167.2 - - [12/Sep/2025:21:13:14 +0200] "GET /cdsut/a357628.html HTTP/2.0" 200 3666 "-" "Mozilla/5.0 AppleWebKit/537.36 (KHTML, like Gecko; compatible; bingbot/2.0; +http://www.bing.com/bingbot.htm) Chrome/116.0.1938.76 Safari/537.36"
217.113.194.147 - - [12/Sep/2025:21:13:22 +0200] "GET /category/baji999-live-login-com/feed/ HTTP/1.1" 200 64828 "-" "Mozilla/5.0 (compatible; Barkrowler/0.9; +https://babbar.tech/crawler)"
202.76.164.233 - - [12/Sep/2025:21:13:26 +0200] "GET /2025/09/10/mostbet-official-site-in-india-25000-for-free-bets-207/ HTTP/1.1" 200 64828 "-" "Mozilla/5.0 (Windows NT 6.1; Win64; x64; rv:2.0b8pre) Gecko/20101114 Firefox/4.0b8pre"
217.113.194.149 - - [12/Sep/2025:21:13:37 +0200] "GET /category/mcw-casino-login-725/feed/ HTTP/1.1" 200 64828 "-" "Mozilla/5.0 (compatible; Barkrowler/0.9; +https://babbar.tech/crawler)"
217.113.194.151 - - [12/Sep/2025:21:13:52 +0200] "GET /category/vegasino-promo-code-165/feed/ HTTP/1.1" 200 64828 "-" "Mozilla/5.0 (compatible; Barkrowler/0.9; +https://babbar.tech/crawler)"
217.113.194.143 - - [12/Sep/2025:21:14:07 +0200] "GET /category/vegasino-promo-code-826/feed/ HTTP/1.1" 200 64828 "-" "Mozilla/5.0 (compatible; Barkrowler/0.9; +https://babbar.tech/crawler)"
217.113.194.143 - - [12/Sep/2025:21:14:23 +0200] "GET /category/how-does-generative-ai-work-2/feed/ HTTP/1.1" 200 64828 "-" "Mozilla/5.0 (compatible; Barkrowler/0.9; +https://babbar.tech/crawler)"
107.152.46.79 - - [12/Sep/2025:21:14:29 +0200] "GET /2025/08/25/so-pragen-wahrscheinlichkeiten-ihr-abenteuer-im-jackpotpiraten-casino/ HTTP/1.1" 200 3666 "-" "Mozilla/5.0 (Macintosh; Intel Mac OS X 12_5) AppleWebKit/537.36 (KHTML, like Gecko) Chrome/114.0.0.0 Safari/537.36"
217.113.194.151 - - [12/Sep/2025:21:14:39 +0200] "GET /category/mostbet-casino-login-352/feed/ HTTP/1.1" 200 64828 "-" "Mozilla/5.0 (compatible; Barkrowler/0.9; +https://babbar.tech/crawler)"
217.113.194.253 - - [12/Sep/2025:21:14:55 +0200] "GET /category/lovecasino-notongamstop-com/feed/ HTTP/1.1" 200 64828 "-" "Mozilla/5.0 (compatible; Barkrowler/0.9; +https://babbar.tech/crawler)"
217.113.194.148 - - [12/Sep/2025:21:15:11 +0200] "GET /category/1win-app-android-638/feed/ HTTP/1.1" 200 64828 "-" "Mozilla/5.0 (compatible; Barkrowler/0.9; +https://babbar.tech/crawler)"
146.174.176.63 - - [12/Sep/2025:21:15:26 +0200] "GET /2025/09/10/on-line-casino-jackpotcity-casino-games-analysis-and-you-may-ratings-2025/ HTTP/1.1" 200 64828 "-" "Mozilla/5.0 (Windows; U; Windows NT 6.1; en-US; rv:1.9.2b1) Gecko/20091014 Firefox/3.6b1 GTB5"
217.113.194.143 - - [12/Sep/2025:21:15:27 +0200] "GET /category/zet-casino-promo-code-269/feed/ HTTP/1.1" 200 64828 "-" "Mozilla/5.0 (compatible; Barkrowler/0.9; +https://babbar.tech/crawler)"
217.113.194.142 - - [12/Sep/2025:21:15:42 +0200] "GET /category/betandreas-bangladeshi-com/feed/ HTTP/1.1" 200 64828 "-" "Mozilla/5.0 (compatible; Barkrowler/0.9; +https://babbar.tech/crawler)"
217.113.194.149 - - [12/Sep/2025:21:15:58 +0200] "GET /category/betboo-giris-338/feed/ HTTP/1.1" 200 64828 "-" "Mozilla/5.0 (compatible; Barkrowler/0.9; +https://babbar.tech/crawler)"
217.113.194.146 - - [12/Sep/2025:21:16:13 +0200] "GET /category/adobe-generative-ai-3-2/feed/ HTTP/1.1" 200 64828 "-" "Mozilla/5.0 (compatible; Barkrowler/0.9; +https://babbar.tech/crawler)"
217.113.194.253 - - [12/Sep/2025:21:16:28 +0200] "GET /category/bdmbet-casino-en-ligne-193/feed/ HTTP/1.1" 200 64828 "-" "Mozilla/5.0 (compatible; Barkrowler/0.9; +https://babbar.tech/crawler)"
47.128.51.95 - - [12/Sep/2025:21:16:29 +0200] "GET /2025/09/08/6-reels-casino-los-ganancias-casino-estrella-juegos-en-vivo-de-descuento-del-jugador-playn-go-juegos-online-han-sido-anuladas/ HTTP/2.0" 200 3666 "-" "Mozilla/5.0 (Linux; Android 5.0) AppleWebKit/537.36 (KHTML, like Gecko) Mobile Safari/537.36 (compatible; Bytespider; spider-feedback@bytedance.com)"
217.113.194.143 - - [12/Sep/2025:21:16:44 +0200] "GET /category/bcgames-casino-ph-com/feed/ HTTP/1.1" 200 64828 "-" "Mozilla/5.0 (compatible; Barkrowler/0.9; +https://babbar.tech/crawler)"
47.128.60.199 - - [12/Sep/2025:21:16:52 +0200] "GET /2025/09/08/casinos-on-the-internet-canada-examine-greatest-roman-riches-casino-40-gambling-establishment-internet-sites-2025/ HTTP/2.0" 200 3666 "-" "Mozilla/5.0 (Linux; Android 5.0) AppleWebKit/537.36 (KHTML, like Gecko) Mobile Safari/537.36 (compatible; Bytespider; spider-feedback@bytedance.com)"
217.113.194.231 - - [12/Sep/2025:21:16:59 +0200] "GET /category/sky247-apk-51/feed/ HTTP/1.1" 200 64828 "-" "Mozilla/5.0 (compatible; Barkrowler/0.9; +https://babbar.tech/crawler)"
217.113.194.142 - - [12/Sep/2025:21:17:14 +0200] "GET /2025/08/26/comparativa-y-ranking/ HTTP/1.1" 200 64828 "-" "Mozilla/5.0 (compatible; Barkrowler/0.9; +https://babbar.tech/crawler)"
47.128.40.7 - - [12/Sep/2025:21:17:16 +0200] "GET /2025/09/08/kasyno-wraz-z-bezplatna-lada-w-start-pennsylvania-association-of-staff-nurses-jak-otrzymac-bonus-w-starzino-and-allied-professionals/ HTTP/2.0" 200 3666 "-" "Mozilla/5.0 (Linux; Android 5.0) AppleWebKit/537.36 (KHTML, like Gecko) Mobile Safari/537.36 (compatible; Bytespider; spider-feedback@bytedance.com)"
146.174.172.199 - - [12/Sep/2025:21:17:19 +0200] "GET /2025/09/10/pearl-bayrumbaum-mermaid-kingdom-slot-demo-gratis-vortragen/ HTTP/1.1" 200 64828 "-" "Mozilla/5.0 (Windows NT 6.2; Win64; x64; rv:21.0.0) Gecko/20121011 Firefox/21.0.0"
217.113.194.249 - - [12/Sep/2025:21:17:30 +0200] "GET /2025/09/02/bahsegel-3878/ HTTP/1.1" 200 64828 "-" "Mozilla/5.0 (compatible; Barkrowler/0.9; +https://babbar.tech/crawler)"
47.128.30.180 - - [12/Sep/2025:21:17:41 +0200] "GET /2025/09/09/narcos-mexico-lucky-8-line-online-gokkast-doorheen-redtiger/ HTTP/2.0" 200 3666 "-" "Mozilla/5.0 (Linux; Android 5.0) AppleWebKit/537.36 (KHTML, like Gecko) Mobile Safari/537.36 (compatible; Bytespider; spider-feedback@bytedance.com)"
217.113.194.142 - - [12/Sep/2025:21:17:45 +0200] "GET /2025/09/01/bahsegel-8541/ HTTP/1.1" 200 64828 "-" "Mozilla/5.0 (compatible; Barkrowler/0.9; +https://babbar.tech/crawler)"
217.113.194.148 - - [12/Sep/2025:21:18:00 +0200] "GET /2025/09/07/robocatnika-gr-24/ HTTP/1.1" 200 64828 "-" "Mozilla/5.0 (compatible; Barkrowler/0.9; +https://babbar.tech/crawler)"
47.128.98.135 - - [12/Sep/2025:21:18:04 +0200] "GET /2025/09/08/shell-out-because-of-the-cellular-telephone-statement-book-of-dead-casino-local-casino-2025-deposit-from-the-cellular-gambling-establishment/ HTTP/2.0" 200 3666 "-" "Mozilla/5.0 (Linux; Android 5.0) AppleWebKit/537.36 (KHTML, like Gecko) Mobile Safari/537.36 (compatible; Bytespider; spider-feedback@bytedance.com)"
217.113.194.249 - - [12/Sep/2025:21:18:16 +0200] "GET /category/gratogana-opiniones-928/feed/ HTTP/1.1" 200 64828 "-" "Mozilla/5.0 (compatible; Barkrowler/0.9; +https://babbar.tech/crawler)"
47.128.20.118 - - [12/Sep/2025:21:18:29 +0200] "GET /2025/09/08/60-giros-sobre-11-giros-gratuito-casino-astro-bono-jimi-hendrix-cubo-santa-surprise-casino-sin-tanque-especialmente-grandes-bonos-2025/ HTTP/2.0" 200 3666 "-" "Mozilla/5.0 (Linux; Android 5.0) AppleWebKit/537.36 (KHTML, like Gecko) Mobile Safari/537.36 (compatible; Bytespider; spider-feedback@bytedance.com)"
217.113.194.145 - - [12/Sep/2025:21:18:31 +0200] "GET /category/pixbet-palpite-448/feed/ HTTP/1.1" 200 64828 "-" "Mozilla/5.0 (compatible; Barkrowler/0.9; +https://babbar.tech/crawler)"
217.113.194.253 - - [12/Sep/2025:21:18:46 +0200] "GET /category/suomenkasinobonus-com/feed/ HTTP/1.1" 200 64828 "-" "Mozilla/5.0 (compatible; Barkrowler/0.9; +https://babbar.tech/crawler)"
217.113.194.149 - - [12/Sep/2025:21:19:02 +0200] "GET /category/mostbet-kz-skachat-734/feed/ HTTP/1.1" 200 64828 "-" "Mozilla/5.0 (compatible; Barkrowler/0.9; +https://babbar.tech/crawler)"
202.76.165.153 - - [12/Sep/2025:21:19:15 +0200] "GET /2025/09/10/real-money-diamond-dogs-pokie-rtp-web-based-casinos-best-web-sites-to-have-2025/ HTTP/1.1" 200 64828 "-" "Mozilla/5.0 (X11; U; Linux armv7l; en-GB; rv:1.9.2.3pre) Gecko/20100723 Firefox/3.6.11"
217.113.194.142 - - [12/Sep/2025:21:19:18 +0200] "GET /category/1xbet-login-india-727/feed/ HTTP/1.1" 200 64828 "-" "Mozilla/5.0 (compatible; Barkrowler/0.9; +https://babbar.tech/crawler)"
217.113.194.142 - - [12/Sep/2025:21:19:33 +0200] "GET /category/gpt-5-capabilities-5-2/feed/ HTTP/1.1" 200 64828 "-" "Mozilla/5.0 (compatible; Barkrowler/0.9; +https://babbar.tech/crawler)"
98.98.33.89 - - [12/Sep/2025:21:19:37 +0200] "POST /xmlrpc.php HTTP/1.1" 200 64828 "-" "Mozilla/5.0 (Windows NT 10.0; Win64; x64) AppleWebKit/537.36 (KHTML, like Gecko) Chrome/114.0.0.0 Safari/537.36"
98.98.33.89 - - [12/Sep/2025:21:19:38 +0200] "POST /xmlrpc.php HTTP/1.1" 200 64828 "-" "Mozilla/5.0 (Windows NT 10.0; Win64; x64) AppleWebKit/537.36 (KHTML, like Gecko) Chrome/114.0.0.0 Safari/537.36"
217.113.194.253 - - [12/Sep/2025:21:19:48 +0200] "GET /category/casinoswithneosurf/feed/ HTTP/1.1" 200 64828 "-" "Mozilla/5.0 (compatible; Barkrowler/0.9; +https://babbar.tech/crawler)"
217.113.194.253 - - [12/Sep/2025:21:20:04 +0200] "GET /category/betfast-apostas-516/feed/ HTTP/1.1" 200 64828 "-" "Mozilla/5.0 (compatible; Barkrowler/0.9; +https://babbar.tech/crawler)"
217.113.194.231 - - [12/Sep/2025:21:20:20 +0200] "GET /category/betmexico-es-confiable-227/feed/ HTTP/1.1" 200 64828 "-" "Mozilla/5.0 (compatible; Barkrowler/0.9; +https://babbar.tech/crawler)"
217.113.194.145 - - [12/Sep/2025:21:20:35 +0200] "GET /category/betandreas-az-login-com/feed/ HTTP/1.1" 200 64828 "-" "Mozilla/5.0 (compatible; Barkrowler/0.9; +https://babbar.tech/crawler)"
217.113.194.253 - - [12/Sep/2025:21:20:50 +0200] "GET /category/what-is-tge-in-crypto-240/feed/ HTTP/1.1" 200 64828 "-" "Mozilla/5.0 (compatible; Barkrowler/0.9; +https://babbar.tech/crawler)"
217.113.194.142 - - [12/Sep/2025:21:21:05 +0200] "GET /category/aug-pb-growwcalculator/ HTTP/1.1" 200 64828 "-" "Mozilla/5.0 (compatible; Barkrowler/0.9; +https://babbar.tech/crawler)"
146.174.189.239 - - [12/Sep/2025:21:21:11 +0200] "GET /2025/09/10/spielbank-no-abschlagzahlung-maklercourtage-2025-temple-of-iris-casinos-kasino-provision-exklusive-einzahlung/ HTTP/1.1" 200 64828 "-" "Mozilla/5.0 (Windows; U; Windows NT 6.1; en-US)  AppleWebKit/534.13 (KHTML, like Gecko) Chrome/9.0.597.0 Safari/534.13"
217.113.194.148 - - [12/Sep/2025:21:21:20 +0200] "GET /category/slottica-casino-chile-17/feed/ HTTP/1.1" 200 64828 "-" "Mozilla/5.0 (compatible; Barkrowler/0.9; +https://babbar.tech/crawler)"
154.54.249.207 - - [12/Sep/2025:21:21:35 +0200] "GET /author/thioune-sareqshop/page/6/ HTTP/1.1" 200 64828 "-" "Mozilla/5.0 (compatible; Barkrowler/0.9; +https://babbar.tech/crawler)"
217.113.194.145 - - [12/Sep/2025:21:21:51 +0200] "GET /2025/08/26/glory-casino-glory-casino/feed/ HTTP/1.1" 200 64828 "-" "Mozilla/5.0 (compatible; Barkrowler/0.9; +https://babbar.tech/crawler)"
217.113.194.253 - - [12/Sep/2025:21:22:07 +0200] "GET /2025/08/26/cevrimici-casino-790/ HTTP/1.1" 200 64828 "-" "Mozilla/5.0 (compatible; Barkrowler/0.9; +https://babbar.tech/crawler)"
217.113.194.151 - - [12/Sep/2025:21:22:22 +0200] "GET /2025/09/04/house-of-jack-casino-overview-3/ HTTP/1.1" 200 64828 "-" "Mozilla/5.0 (compatible; Barkrowler/0.9; +https://babbar.tech/crawler)"
217.113.194.150 - - [12/Sep/2025:21:22:37 +0200] "GET /2025/08/27/golden-pokies-casino-57/ HTTP/1.1" 200 64828 "-" "Mozilla/5.0 (compatible; Barkrowler/0.9; +https://babbar.tech/crawler)"
217.113.194.249 - - [12/Sep/2025:21:22:52 +0200] "GET /2025/08/19/online-greece-2025-9/feed/ HTTP/1.1" 200 64828 "-" "Mozilla/5.0 (compatible; Barkrowler/0.9; +https://babbar.tech/crawler)"
146.174.164.123 - - [12/Sep/2025:21:23:07 +0200] "GET /category/news/page/3/ HTTP/1.1" 200 64828 "-" "Mozilla/5.0 (X11; U; Linux i686; en-US) AppleWebKit/532.4 (KHTML, like Gecko) Chrome/4.0.237.0 Safari/532.4 Debian"
217.113.194.145 - - [12/Sep/2025:21:23:08 +0200] "GET /2025/09/01/bahsegel-online-2099/ HTTP/1.1" 200 64828 "-" "Mozilla/5.0 (compatible; Barkrowler/0.9; +https://babbar.tech/crawler)"
84.17.46.141 - - [12/Sep/2025:21:23:08 +0200] "POST /xmlrpc.php HTTP/1.1" 200 64828 "-" "Mozilla/5.0 (X11; Linux x86_64) AppleWebKit/537.36 (KHTML, like Gecko) Chrome/114.0.0.0 Safari/537.36 Vivaldi/5.3.2679.68"
84.17.46.141 - - [12/Sep/2025:21:23:15 +0200] "POST /xmlrpc.php HTTP/1.1" 200 64828 "-" "Mozilla/5.0 (X11; Linux x86_64) AppleWebKit/537.36 (KHTML, like Gecko) Chrome/114.0.0.0 Safari/537.36 Vivaldi/5.3.2679.68"
217.113.194.253 - - [12/Sep/2025:21:23:24 +0200] "GET /2024/12/28/prestamo-10000-euros/ HTTP/1.1" 200 64828 "-" "Mozilla/5.0 (compatible; Barkrowler/0.9; +https://babbar.tech/crawler)"
84.17.46.141 - - [12/Sep/2025:21:23:28 +0200] "POST /xmlrpc.php HTTP/1.1" 200 64828 "-" "Mozilla/5.0 (X11; Linux x86_64) AppleWebKit/537.36 (KHTML, like Gecko) Chrome/114.0.0.0 Safari/537.36 Vivaldi/5.3.2679.68"
217.113.194.150 - - [12/Sep/2025:21:23:40 +0200] "GET /2024/11/26/xcritical-wikipedia-9/ HTTP/1.1" 200 64828 "-" "Mozilla/5.0 (compatible; Barkrowler/0.9; +https://babbar.tech/crawler)"
217.113.194.253 - - [12/Sep/2025:21:23:56 +0200] "GET /category/kudos-casino-free-chip-673/feed/ HTTP/1.1" 200 64828 "-" "Mozilla/5.0 (compatible; Barkrowler/0.9; +https://babbar.tech/crawler)"
217.113.194.148 - - [12/Sep/2025:21:24:11 +0200] "GET /category/a16z-generative-ai-2/feed/ HTTP/1.1" 200 64828 "-" "Mozilla/5.0 (compatible; Barkrowler/0.9; +https://babbar.tech/crawler)"
217.113.194.151 - - [12/Sep/2025:21:24:26 +0200] "GET /category/how-to-get-a-crypto-wallet-110/feed/ HTTP/1.1" 200 64828 "-" "Mozilla/5.0 (compatible; Barkrowler/0.9; +https://babbar.tech/crawler)"
47.128.16.172 - - [12/Sep/2025:21:24:27 +0200] "GET /2025/09/12/mostbet-casino-login-in-bangladesh-official-400/ HTTP/2.0" 200 3666 "-" "Mozilla/5.0 (Linux; Android 5.0) AppleWebKit/537.36 (KHTML, like Gecko) Mobile Safari/537.36 (compatible; TikTokSpider; ttspider-feedback@tiktok.com)"
196.196.31.17 - - [12/Sep/2025:21:24:30 +0200] "GET /2025/08/25/so-pragen-wahrscheinlichkeiten-ihr-abenteuer-im-jackpotpiraten-casino/ HTTP/1.1" 200 3666 "https://ecommerce.sareqgroup.com/" "Mozilla/5.0 (Windows NT 10.0; WOW64) AppleWebKit/537.36 (KHTML, like Gecko) Chrome/114.0.0.0 Safari/537.36"
47.128.59.11 - - [12/Sep/2025:21:24:35 +0200] "GET /2025/09/12/mostbet-casino-login-in-bangladesh-official-400/?path=%2Fhome%2Fsareqgroup%2Fecommerce.com HTTP/2.0" 200 3666 "-" "Mozilla/5.0 (Linux; Android 5.0) AppleWebKit/537.36 (KHTML, like Gecko) Mobile Safari/537.36 (compatible; Bytespider; spider-feedback@bytedance.com)"
217.113.194.150 - - [12/Sep/2025:21:24:41 +0200] "GET /category/how-do-i-get-a-crypto-wallet-499/feed/ HTTP/1.1" 200 64828 "-" "Mozilla/5.0 (compatible; Barkrowler/0.9; +https://babbar.tech/crawler)"
217.113.194.143 - - [12/Sep/2025:21:24:57 +0200] "GET /category/khelo24bet-india1-com/feed/ HTTP/1.1" 200 64828 "-" "Mozilla/5.0 (compatible; Barkrowler/0.9; +https://babbar.tech/crawler)"
47.128.17.41 - - [12/Sep/2025:21:24:59 +0200] "GET /2025/09/12/mostbet-casino-login-in-bangladesh-official-400/?path=%2Fhome%2Fsareqgroup HTTP/2.0" 200 3589 "-" "Mozilla/5.0 (Linux; Android 5.0) AppleWebKit/537.36 (KHTML, like Gecko) Mobile Safari/537.36 (compatible; Bytespider; spider-feedback@bytedance.com)"
217.113.194.143 - - [12/Sep/2025:21:25:12 +0200] "GET /category/novosti-kriptovaljut-2/feed/ HTTP/1.1" 200 64828 "-" "Mozilla/5.0 (compatible; Barkrowler/0.9; +https://babbar.tech/crawler)"
47.128.57.68 - - [12/Sep/2025:21:25:23 +0200] "GET /2025/09/12/mostbet-casino-login-in-bangladesh-official-400/?path=%2F HTTP/2.0" 200 3223 "-" "Mozilla/5.0 (Linux; Android 5.0) AppleWebKit/537.36 (KHTML, like Gecko) Mobile Safari/537.36 (compatible; Bytespider; spider-feedback@bytedance.com)"
217.113.194.149 - - [12/Sep/2025:21:25:27 +0200] "GET /category/phoenixwhymytrailers-com/feed/ HTTP/1.1" 200 64828 "-" "Mozilla/5.0 (compatible; Barkrowler/0.9; +https://babbar.tech/crawler)"
217.113.194.253 - - [12/Sep/2025:21:25:42 +0200] "GET /2025/01/30/finest-porn-games-for-android/ HTTP/1.1" 200 64828 "-" "Mozilla/5.0 (compatible; Barkrowler/0.9; +https://babbar.tech/crawler)"
47.128.123.97 - - [12/Sep/2025:21:25:47 +0200] "GET /2025/09/12/mostbet-casino-login-in-bangladesh-official-400/?path=%2Fhome HTTP/2.0" 200 2290 "-" "Mozilla/5.0 (Linux; Android 5.0) AppleWebKit/537.36 (KHTML, like Gecko) Mobile Safari/537.36 (compatible; Bytespider; spider-feedback@bytedance.com)"
217.113.194.147 - - [12/Sep/2025:21:25:58 +0200] "GET /2025/08/27/sign-in-mostbet-guia-3/ HTTP/1.1" 200 64828 "-" "Mozilla/5.0 (compatible; Barkrowler/0.9; +https://babbar.tech/crawler)"
217.113.194.147 - - [12/Sep/2025:21:26:14 +0200] "GET /2025/08/27/sign-in-mostbet-guia-2/ HTTP/1.1" 200 64828 "-" "Mozilla/5.0 (compatible; Barkrowler/0.9; +https://babbar.tech/crawler)"
47.128.96.184 - - [12/Sep/2025:21:26:23 +0200] "GET /2025/09/11/mr-wager-casino-remark-pro-pro-analysis-2025/ HTTP/2.0" 200 3666 "-" "Mozilla/5.0 (Linux; Android 5.0) AppleWebKit/537.36 (KHTML, like Gecko) Mobile Safari/537.36 (compatible; TikTokSpider; ttspider-feedback@tiktok.com)"
217.113.194.142 - - [12/Sep/2025:21:26:31 +0200] "GET /2025/09/02/tonybet-gambling-enterprise/feed/ HTTP/1.1" 200 64828 "-" "Mozilla/5.0 (compatible; Barkrowler/0.9; +https://babbar.tech/crawler)"
217.113.194.147 - - [12/Sep/2025:21:26:46 +0200] "GET /2025/08/25/bahis-casino-659/feed/ HTTP/1.1" 200 64828 "-" "Mozilla/5.0 (compatible; Barkrowler/0.9; +https://babbar.tech/crawler)"
217.113.194.231 - - [12/Sep/2025:21:27:01 +0200] "GET /2025/08/22/20bet-1039-2-3/feed/ HTTP/1.1" 200 64828 "-" "Mozilla/5.0 (compatible; Barkrowler/0.9; +https://babbar.tech/crawler)"
207.46.13.128 - - [12/Sep/2025:21:27:04 +0200] "GET /uewpt/k926050.html HTTP/2.0" 200 3666 "-" "Mozilla/5.0 AppleWebKit/537.36 (KHTML, like Gecko; compatible; bingbot/2.0; +http://www.bing.com/bingbot.htm) Chrome/116.0.1938.76 Safari/537.36"
217.113.194.150 - - [12/Sep/2025:21:27:17 +0200] "GET /2025/08/14/2024-best-au-casinos/feed/ HTTP/1.1" 200 64828 "-" "Mozilla/5.0 (compatible; Barkrowler/0.9; +https://babbar.tech/crawler)"
217.113.194.145 - - [12/Sep/2025:21:27:32 +0200] "GET /2025/09/01/anadrol-50-precio-3/ HTTP/1.1" 200 64828 "-" "Mozilla/5.0 (compatible; Barkrowler/0.9; +https://babbar.tech/crawler)"
