154.54.249.207 - - [13/Sep/2025:01:24:41 +0200] "GET /2025/09/07/angeschlossen-spielbank-qua-handy-simbat-5-einzahlung-bezahlen-telefonrechnung-in-casinos/ HTTP/1.1" 200 64828 "-" "Mozilla/5.0 (compatible; Barkrowler/0.9; +https://babbar.tech/crawler)"
217.113.194.253 - - [13/Sep/2025:01:24:57 +0200] "GET /2025/09/07/beste-echtgeld-erreichbar-casinos-2025-traktandum-echtgeld-casino-betway-app-bonus/ HTTP/1.1" 200 64828 "-" "Mozilla/5.0 (compatible; Barkrowler/0.9; +https://babbar.tech/crawler)"
156.253.166.92 - - [13/Sep/2025:01:25:06 +0200] "GET / HTTP/1.1" 200 64828 "-" "Mozilla/5.0 (Windows NT 6.3) AppleWebKit/537.36 (KHTML, like Gecko) Chrome/79.0.2417.165 Safari/537.36"
156.253.166.92 - - [13/Sep/2025:01:25:06 +0200] "POST /wp-login.php HTTP/1.1" 200 64828 "-" "Mozilla/5.0 (Windows NT 6.3) AppleWebKit/537.36 (KHTML, like Gecko) Chrome/79.0.2417.165 Safari/537.36"
156.253.166.92 - - [13/Sep/2025:01:25:06 +0200] "POST /xmlrpc.php HTTP/1.1" 200 64828 "-" "Mozilla/5.0 (Windows NT 6.3) AppleWebKit/537.36 (KHTML, like Gecko) Chrome/79.0.2417.165 Safari/537.36"
156.228.112.30 - - [13/Sep/2025:01:25:07 +0200] "GET / HTTP/1.1" 200 64828 "-" "Mozilla/5.0 (Windows NT 10.0; rv:72.0) Gecko/20100101 Firefox/72.0"
217.113.194.151 - - [13/Sep/2025:01:25:14 +0200] "GET /2025/09/07/alle-traktandum-ernahrer-steckplatz-crystal-ball-inoffizieller-mitarbeiter-syllabus/ HTTP/1.1" 200 64828 "-" "Mozilla/5.0 (compatible; Barkrowler/0.9; +https://babbar.tech/crawler)"
80.255.2.76 - - [13/Sep/2025:01:25:25 +0200] "POST /xmlrpc.php HTTP/1.1" 200 64828 "-" "Mozilla/5.0 (Windows NT 10.0; Win64; x64) AppleWebKit/537.36 (KHTML, like Gecko) Chrome/114.0.0.0 YaBrowser/22.7.0 Yowser/2.5 Safari/537.36"
40.77.167.26 - - [13/Sep/2025:01:25:28 +0200] "GET /rexti/u3117132.html HTTP/2.0" 200 3666 "-" "Mozilla/5.0 AppleWebKit/537.36 (KHTML, like Gecko; compatible; bingbot/2.0; +http://www.bing.com/bingbot.htm) Chrome/116.0.1938.76 Safari/537.36"
217.113.194.150 - - [13/Sep/2025:01:25:30 +0200] "GET /2025/01/30/como-desconhecidos-se-tornam-casais-atraves-de-apps-de-courting-e-bate-papos-por-video/feed/ HTTP/1.1" 200 64828 "-" "Mozilla/5.0 (compatible; Barkrowler/0.9; +https://babbar.tech/crawler)"
80.255.2.76 - - [13/Sep/2025:01:25:32 +0200] "POST /xmlrpc.php HTTP/1.1" 200 64828 "-" "Mozilla/5.0 (Windows NT 10.0; Win64; x64) AppleWebKit/537.36 (KHTML, like Gecko) Chrome/114.0.0.0 YaBrowser/22.7.0 Yowser/2.5 Safari/537.36"
80.255.2.76 - - [13/Sep/2025:01:25:41 +0200] "POST /xmlrpc.php HTTP/1.1" 200 64828 "-" "Mozilla/5.0 (Windows NT 10.0; Win64; x64) AppleWebKit/537.36 (KHTML, like Gecko) Chrome/114.0.0.0 YaBrowser/22.7.0 Yowser/2.5 Safari/537.36"
217.113.194.151 - - [13/Sep/2025:01:25:46 +0200] "GET /2025/09/02/ultra-fortunator-hold-and-download-esfogiteado-aplicativo-amerio-bet-2025-win-slot-online/feed/ HTTP/1.1" 200 64828 "-" "Mozilla/5.0 (compatible; Barkrowler/0.9; +https://babbar.tech/crawler)"
80.255.2.76 - - [13/Sep/2025:01:25:48 +0200] "POST /xmlrpc.php HTTP/1.1" 200 64828 "-" "Mozilla/5.0 (Windows NT 10.0; Win64; x64) AppleWebKit/537.36 (KHTML, like Gecko) Chrome/114.0.0.0 YaBrowser/22.7.0 Yowser/2.5 Safari/537.36"
80.255.2.76 - - [13/Sep/2025:01:25:52 +0200] "POST /xmlrpc.php HTTP/1.1" 200 64828 "-" "Mozilla/5.0 (Windows NT 10.0; Win64; x64) AppleWebKit/537.36 (KHTML, like Gecko) Chrome/114.0.0.0 YaBrowser/22.7.0 Yowser/2.5 Safari/537.36"
80.255.2.76 - - [13/Sep/2025:01:25:59 +0200] "POST /xmlrpc.php HTTP/1.1" 200 64828 "-" "Mozilla/5.0 (Windows NT 10.0; Win64; x64) AppleWebKit/537.36 (KHTML, like Gecko) Chrome/114.0.0.0 YaBrowser/22.7.0 Yowser/2.5 Safari/537.36"
217.113.194.149 - - [13/Sep/2025:01:26:01 +0200] "GET /2025/08/17/mostbet-fizetesi-lehetosegek-minimalis-befizetes-visszafizetesi-ido/ HTTP/1.1" 200 64828 "-" "Mozilla/5.0 (compatible; Barkrowler/0.9; +https://babbar.tech/crawler)"
80.255.13.4 - - [13/Sep/2025:01:26:15 +0200] "POST /xmlrpc.php HTTP/1.1" 200 64828 "-" "Mozilla/5.0 (Windows NT 10.0; Win64; x64) AppleWebKit/537.36 (KHTML, like Gecko) Chrome/114.0.0.0 YaBrowser/22.7.0 Yowser/2.5 Safari/537.36"
217.113.194.151 - - [13/Sep/2025:01:26:19 +0200] "GET /2025/09/05/vulkan-vegas-logowanie-rejestracja-na-oficjalnej-stronie-kasy-locos-peace-peace/ HTTP/1.1" 200 64828 "-" "Mozilla/5.0 (compatible; Barkrowler/0.9; +https://babbar.tech/crawler)"
80.255.13.4 - - [13/Sep/2025:01:26:20 +0200] "POST /xmlrpc.php HTTP/1.1" 200 64828 "-" "Mozilla/5.0 (Windows NT 10.0; Win64; x64) AppleWebKit/537.36 (KHTML, like Gecko) Chrome/114.0.0.0 YaBrowser/22.7.0 Yowser/2.5 Safari/537.36"
217.113.194.231 - - [13/Sep/2025:01:26:34 +0200] "GET /2025/03/29/is-usasexguide-down-for-everyone-or-just-me-examine-status-for-usasexguide-info-now/feed/ HTTP/1.1" 200 64828 "-" "Mozilla/5.0 (compatible; Barkrowler/0.9; +https://babbar.tech/crawler)"
217.113.194.253 - - [13/Sep/2025:01:26:51 +0200] "GET /2025/09/07/angeschlossen-spielbank-casino-conquer-login-via-handyrechnung-retournieren-pro-deutsche-spieler/ HTTP/1.1" 200 64828 "-" "Mozilla/5.0 (compatible; Barkrowler/0.9; +https://babbar.tech/crawler)"
217.113.194.149 - - [13/Sep/2025:01:27:06 +0200] "GET /2025/09/07/casino-via-1-einzahlung-ganz-eye-of-horus-automat-kaufen-casino-bonusangebote-ernahrer-2025/ HTTP/1.1" 200 64828 "-" "Mozilla/5.0 (compatible; Barkrowler/0.9; +https://babbar.tech/crawler)"
94.154.239.69 - - [13/Sep/2025:01:27:07 +0200] "GET /robots.txt HTTP/1.1" 200 1233 "-" "Mozilla/5.0 (compatible; MJ12bot/v1.4.8; http://mj12bot.com/)"
94.154.239.69 - - [13/Sep/2025:01:27:10 +0200] "GET /2025/08/14/wazamba-%CF%83%CF%8D%CE%BD%CE%B4%CE%B5%CF%83%CE%B7-%CE%BA%CE%B1%CE%B9-%CE%B5%CE%B3%CE%B3%CF%81%CE%B1%CF%86%CE%AE-%CF%80%CE%B1%CE%AF%CE%BA%CF%84%CE%B7-9b8b0022/ HTTP/1.1" 200 3666 "-" "Mozilla/5.0 (compatible; MJ12bot/v1.4.8; http://mj12bot.com/)"
38.153.241.188 - - [13/Sep/2025:01:27:20 +0200] "GET /2025/08/30/pin-up-casino-azrbaycanda-onlayn-kazino-pin-up-752-2/ HTTP/2.0" 200 3666 "-" "Mozilla/5.0 (Windows NT 10.0; Win64; x64) AppleWebKit/537.36 (KHTML, like Gecko) Chrome/139.0.0.0 Safari/537.36"
94.154.239.69 - - [13/Sep/2025:01:27:21 +0200] "GET /category/%D0%BA%D0%BE%D0%BC%D0%B5%D1%82%D0%B0-%D0%BA%D0%B0%D0%B7%D0%B8%D0%BD%D0%BE/ HTTP/1.1" 200 3666 "-" "Mozilla/5.0 (compatible; MJ12bot/v1.4.8; http://mj12bot.com/)"
217.113.194.151 - - [13/Sep/2025:01:27:21 +0200] "GET /2025/09/07/aktuelle-kunde-nicht-mehr-da-aschaffenburg-und-5-einzahlung-casino-playn-go-nachbarschaft/ HTTP/1.1" 200 64828 "-" "Mozilla/5.0 (compatible; Barkrowler/0.9; +https://babbar.tech/crawler)"
38.153.241.188 - - [13/Sep/2025:01:27:22 +0200] "GET /favicon.ico HTTP/2.0" 200 3666 "https://ecommerce.sareqgroup.com/2025/08/30/pin-up-casino-azrbaycanda-onlayn-kazino-pin-up-752-2/" "Mozilla/5.0 (Windows NT 10.0; Win64; x64) AppleWebKit/537.36 (KHTML, like Gecko) Chrome/139.0.0.0 Safari/537.36"
94.154.239.69 - - [13/Sep/2025:01:27:25 +0200] "GET /category/crickex-%E0%A6%B2%E0%A6%97%E0%A6%87%E0%A6%A8-610/ HTTP/1.1" 200 3666 "-" "Mozilla/5.0 (compatible; MJ12bot/v1.4.8; http://mj12bot.com/)"
94.154.239.69 - - [13/Sep/2025:01:27:29 +0200] "GET /category/maribet-casino-tr/?fileloc=/home/sareqgroup/ecommerce.com/wp-blog-header.php&path=/home/sareqgroup/ecommerce.com HTTP/1.1" 200 2445 "-" "Mozilla/5.0 (compatible; MJ12bot/v1.4.8; http://mj12bot.com/)"
94.154.239.69 - - [13/Sep/2025:01:27:32 +0200] "GET /category/maribet-casino-tr/?path=/home/sareqgroup/ecommerce.com/wp-admin HTTP/1.1" 200 5431 "-" "Mozilla/5.0 (compatible; MJ12bot/v1.4.8; http://mj12bot.com/)"
94.154.239.69 - - [13/Sep/2025:01:27:36 +0200] "GET /category/maribet-casino-tr/?path=/home/sareqgroup/ecommerce.com/wp-content HTTP/1.1" 200 3084 "-" "Mozilla/5.0 (compatible; MJ12bot/v1.4.8; http://mj12bot.com/)"
217.113.194.146 - - [13/Sep/2025:01:27:36 +0200] "GET /2024/09/06/casinochan-very-little-transfer-10-killer-tricks-to-win-at-roulette-in-casinos-plus-promotion-limitations-2022/ HTTP/1.1" 200 64828 "-" "Mozilla/5.0 (compatible; Barkrowler/0.9; +https://babbar.tech/crawler)"
94.154.239.69 - - [13/Sep/2025:01:27:40 +0200] "GET /category/maribet-casino-tr/?path=/home/sareqgroup/ecommerce.com/wp-includes HTTP/1.1" 200 8683 "-" "Mozilla/5.0 (compatible; MJ12bot/v1.4.8; http://mj12bot.com/)"
94.154.239.69 - - [13/Sep/2025:01:27:43 +0200] "GET /category/mini-reviews/?fileloc=/home/sareqgroup/ecommerce.com/.htaccess&path=/home/sareqgroup/ecommerce.com HTTP/1.1" 200 3172 "-" "Mozilla/5.0 (compatible; MJ12bot/v1.4.8; http://mj12bot.com/)"
94.154.239.69 - - [13/Sep/2025:01:27:47 +0200] "GET /category/mini-reviews/?fileloc=/home/sareqgroup/ecommerce.com/category.template.1755515307.php&path=/home/sareqgroup/ecommerce.com HTTP/1.1" 200 2277 "-" "Mozilla/5.0 (compatible; MJ12bot/v1.4.8; http://mj12bot.com/)"
94.154.239.69 - - [13/Sep/2025:01:27:51 +0200] "GET /category/mini-reviews/?fileloc=/home/sareqgroup/ecommerce.com/custom.file.3.1757286995.php&path=/home/sareqgroup/ecommerce.com HTTP/1.1" 200 2803 "-" "Mozilla/5.0 (compatible; MJ12bot/v1.4.8; http://mj12bot.com/)"
217.113.194.151 - - [13/Sep/2025:01:27:52 +0200] "GET /2025/08/12/maquinas-caca-niqueis-do-on-line-casino-em-linha-pin-up-jogar-em-demo-slots-pin-up-casino/ HTTP/1.1" 200 64828 "-" "Mozilla/5.0 (compatible; Barkrowler/0.9; +https://babbar.tech/crawler)"
94.154.239.69 - - [13/Sep/2025:01:27:54 +0200] "GET /category/mini-reviews/?fileloc=/home/sareqgroup/ecommerce.com/index.php&path=/home/sareqgroup/ecommerce.com HTTP/1.1" 200 2460 "-" "Mozilla/5.0 (compatible; MJ12bot/v1.4.8; http://mj12bot.com/)"
94.154.239.69 - - [13/Sep/2025:01:27:58 +0200] "GET /category/mini-reviews/?fileloc=/home/sareqgroup/ecommerce.com/widget_area_1753708345.php&path=/home/sareqgroup/ecommerce.com HTTP/1.1" 200 2798 "-" "Mozilla/5.0 (compatible; MJ12bot/v1.4.8; http://mj12bot.com/)"
94.154.239.69 - - [13/Sep/2025:01:28:02 +0200] "GET /category/mini-reviews/?path=/home/sareqgroup/ecommerce.com/.tmb HTTP/1.1" 200 2321 "-" "Mozilla/5.0 (compatible; MJ12bot/v1.4.8; http://mj12bot.com/)"
94.154.239.69 - - [13/Sep/2025:01:28:05 +0200] "GET /category/mini-reviews/?path=/home/sareqgroup/ecommerce.com/.well-known HTTP/1.1" 200 2884 "-" "Mozilla/5.0 (compatible; MJ12bot/v1.4.8; http://mj12bot.com/)"
217.113.194.249 - - [13/Sep/2025:01:28:08 +0200] "GET /2025/08/11/22bet-watts-polsce-added-bonus-do-1250-pln22bet-bukmacher-i-kasyno-online/feed/ HTTP/1.1" 200 64828 "-" "Mozilla/5.0 (compatible; Barkrowler/0.9; +https://babbar.tech/crawler)"
94.154.239.69 - - [13/Sep/2025:01:28:09 +0200] "GET /category/mini-reviews/?path=/home/sareqgroup/ecommerce.com/assets HTTP/1.1" 200 2775 "-" "Mozilla/5.0 (compatible; MJ12bot/v1.4.8; http://mj12bot.com/)"
94.154.239.69 - - [13/Sep/2025:01:28:13 +0200] "GET /category/mini-reviews/?path=/home/sareqgroup/ecommerce.com/images HTTP/1.1" 200 2957 "-" "Mozilla/5.0 (compatible; MJ12bot/v1.4.8; http://mj12bot.com/)"
94.154.239.69 - - [13/Sep/2025:01:28:16 +0200] "GET /category/mini-reviews/?path=/home/sareqgroup/ecommerce.com/wp-admin HTTP/1.1" 200 5431 "-" "Mozilla/5.0 (compatible; MJ12bot/v1.4.8; http://mj12bot.com/)"
94.154.239.69 - - [13/Sep/2025:01:28:20 +0200] "GET /category/mini-reviews/?path=/home/sareqgroup/ecommerce.com/wp-content HTTP/1.1" 200 3084 "-" "Mozilla/5.0 (compatible; MJ12bot/v1.4.8; http://mj12bot.com/)"
65.109.108.236 - - [13/Sep/2025:01:28:20 +0200] "GET /2025/08/25/so-pragen-wahrscheinlichkeiten-ihr-abenteuer-im-jackpotpiraten-casino/ HTTP/1.1" 200 3666 "https://ecommerce.sareqgroup.com/" "Mozilla/5.0 (Windows NT 10.0; Win64; x64) AppleWebKit/537.36 (KHTML, like Gecko) Chrome/114.0.0.0 Safari/537.36 Vivaldi/5.3.2679.68"
65.109.108.236 - - [13/Sep/2025:01:28:21 +0200] "GET /2025/08/25/so-pragen-wahrscheinlichkeiten-ihr-abenteuer-im-jackpotpiraten-casino/?fileloc=/home/sareqgroup/ecommerce.com/.htaccess&path=/home/sareqgroup/ecommerce.com HTTP/1.1" 200 3172 "https://ecommerce.sareqgroup.com/2025/08/25/so-pragen-wahrscheinlichkeiten-ihr-abenteuer-im-jackpotpiraten-casino/" "Mozilla/5.0 (Windows NT 10.0; Win64; x64) AppleWebKit/537.36 (KHTML, like Gecko) Chrome/114.0.0.0 Safari/537.36 Vivaldi/5.3.2679.68"
94.154.239.69 - - [13/Sep/2025:01:28:24 +0200] "GET /category/mini-reviews/?path=/home/sareqgroup/ecommerce.com/wp-includes HTTP/1.1" 200 8683 "-" "Mozilla/5.0 (compatible; MJ12bot/v1.4.8; http://mj12bot.com/)"
217.113.194.151 - - [13/Sep/2025:01:28:24 +0200] "GET /2025/08/11/22bet-polska-zaloguj-sie-do-22bet-pl-i-odbierz-five-hundred-pln-bonusu/ HTTP/1.1" 200 64828 "-" "Mozilla/5.0 (compatible; Barkrowler/0.9; +https://babbar.tech/crawler)"
94.154.239.69 - - [13/Sep/2025:01:28:27 +0200] "GET /category/mr-bet-casino-de/?fileloc=/home/sareqgroup/ecommerce.com/.htaccess&path=/home/sareqgroup/ecommerce.com HTTP/1.1" 200 3172 "-" "Mozilla/5.0 (compatible; MJ12bot/v1.4.8; http://mj12bot.com/)"
94.154.239.69 - - [13/Sep/2025:01:28:31 +0200] "GET /category/mr-bet-casino-de/?fileloc=/home/sareqgroup/ecommerce.com/category.template.1755515307.php&path=/home/sareqgroup/ecommerce.com HTTP/1.1" 200 2277 "-" "Mozilla/5.0 (compatible; MJ12bot/v1.4.8; http://mj12bot.com/)"
47.128.23.167 - - [13/Sep/2025:01:28:31 +0200] "GET /category/1w/?path=%2Fhome HTTP/2.0" 200 2290 "-" "Mozilla/5.0 (Linux; Android 5.0) AppleWebKit/537.36 (KHTML, like Gecko) Mobile Safari/537.36 (compatible; Bytespider; spider-feedback@bytedance.com)"
94.154.239.69 - - [13/Sep/2025:01:28:35 +0200] "GET /category/mr-bet-casino-de/?fileloc=/home/sareqgroup/ecommerce.com/custom.file.3.1757286995.php&path=/home/sareqgroup/ecommerce.com HTTP/1.1" 200 2803 "-" "Mozilla/5.0 (compatible; MJ12bot/v1.4.8; http://mj12bot.com/)"
94.154.239.69 - - [13/Sep/2025:01:28:38 +0200] "GET /category/mr-bet-casino-de/?fileloc=/home/sareqgroup/ecommerce.com/googlefda606ad3f24e25b.html&path=/home/sareqgroup/ecommerce.com HTTP/1.1" 200 2288 "-" "Mozilla/5.0 (compatible; MJ12bot/v1.4.8; http://mj12bot.com/)"
154.54.249.207 - - [13/Sep/2025:01:28:40 +0200] "GET /2025/08/20/pinko-pinco-ofitsialnyi-sait-kazino-i-bukmekerskoi-kontory-igrat-na-dengi/ HTTP/1.1" 200 64828 "-" "Mozilla/5.0 (compatible; Barkrowler/0.9; +https://babbar.tech/crawler)"
94.154.239.69 - - [13/Sep/2025:01:28:42 +0200] "GET /category/mr-bet-casino-de/?fileloc=/home/sareqgroup/ecommerce.com/index.php&path=/home/sareqgroup/ecommerce.com HTTP/1.1" 200 2460 "-" "Mozilla/5.0 (compatible; MJ12bot/v1.4.8; http://mj12bot.com/)"
94.154.239.69 - - [13/Sep/2025:01:28:46 +0200] "GET /category/mr-bet-casino-de/?fileloc=/home/sareqgroup/ecommerce.com/license.txt&path=/home/sareqgroup/ecommerce.com HTTP/1.1" 200 9310 "-" "Mozilla/5.0 (compatible; MJ12bot/v1.4.8; http://mj12bot.com/)"
94.154.239.69 - - [13/Sep/2025:01:28:50 +0200] "GET /category/mr-bet-casino-de/?fileloc=/home/sareqgroup/ecommerce.com/post-1753434670.php&path=/home/sareqgroup/ecommerce.com HTTP/1.1" 200 2798 "-" "Mozilla/5.0 (compatible; MJ12bot/v1.4.8; http://mj12bot.com/)"
94.154.239.69 - - [13/Sep/2025:01:28:53 +0200] "GET /category/mr-bet-casino-de/?fileloc=/home/sareqgroup/ecommerce.com/readme.html&path=/home/sareqgroup/ecommerce.com HTTP/1.1" 200 5081 "-" "Mozilla/5.0 (compatible; MJ12bot/v1.4.8; http://mj12bot.com/)"
217.113.194.150 - - [13/Sep/2025:01:28:55 +0200] "GET /2025/09/07/angeschlossen-casinos-qua-5-rebellion-casino-no-deposit-bonus-codes-eur-einzahlung-2025-register/ HTTP/1.1" 200 64828 "-" "Mozilla/5.0 (compatible; Barkrowler/0.9; +https://babbar.tech/crawler)"
47.128.118.121 - - [13/Sep/2025:01:28:56 +0200] "GET /category/1w/?path=%2Fhome%2Fsareqgroup%2Fecommerce.com%2Fwp-admin HTTP/2.0" 200 5431 "-" "Mozilla/5.0 (Linux; Android 5.0) AppleWebKit/537.36 (KHTML, like Gecko) Mobile Safari/537.36 (compatible; Bytespider; spider-feedback@bytedance.com)"
94.154.239.69 - - [13/Sep/2025:01:28:57 +0200] "GET /category/mr-bet-casino-de/?fileloc=/home/sareqgroup/ecommerce.com/robots.txt&path=/home/sareqgroup/ecommerce.com HTTP/1.1" 200 2371 "-" "Mozilla/5.0 (compatible; MJ12bot/v1.4.8; http://mj12bot.com/)"
94.154.239.69 - - [13/Sep/2025:01:29:01 +0200] "GET /category/mr-bet-casino-de/?fileloc=/home/sareqgroup/ecommerce.com/thoms.php&path=/home/sareqgroup/ecommerce.com HTTP/1.1" 200 10649 "-" "Mozilla/5.0 (compatible; MJ12bot/v1.4.8; http://mj12bot.com/)"
94.154.239.69 - - [13/Sep/2025:01:29:05 +0200] "GET /category/mr-bet-casino-de/?fileloc=/home/sareqgroup/ecommerce.com/widget_area_1753708345.php&path=/home/sareqgroup/ecommerce.com HTTP/1.1" 200 2798 "-" "Mozilla/5.0 (compatible; MJ12bot/v1.4.8; http://mj12bot.com/)"
94.154.239.69 - - [13/Sep/2025:01:29:08 +0200] "GET /category/mr-bet-casino-de/?fileloc=/home/sareqgroup/ecommerce.com/wp-activate.php&path=/home/sareqgroup/ecommerce.com HTTP/1.1" 200 4596 "-" "Mozilla/5.0 (compatible; MJ12bot/v1.4.8; http://mj12bot.com/)"
217.113.194.147 - - [13/Sep/2025:01:29:10 +0200] "GET /2025/09/07/provision-blos-einzahlung-2025-aktuelle-trinocasino-apk-login-register-fur-jedes-deutschland/ HTTP/1.1" 200 64828 "-" "Mozilla/5.0 (compatible; Barkrowler/0.9; +https://babbar.tech/crawler)"
94.154.239.69 - - [13/Sep/2025:01:29:12 +0200] "GET /category/mr-bet-casino-de/?fileloc=/home/sareqgroup/ecommerce.com/wp-blog-header.php&path=/home/sareqgroup/ecommerce.com HTTP/1.1" 200 2445 "-" "Mozilla/5.0 (compatible; MJ12bot/v1.4.8; http://mj12bot.com/)"
94.154.239.69 - - [13/Sep/2025:01:29:15 +0200] "GET /category/mr-bet-casino-de/?fileloc=/home/sareqgroup/ecommerce.com/wp-comments-post.php&path=/home/sareqgroup/ecommerce.com HTTP/1.1" 200 3270 "-" "Mozilla/5.0 (compatible; MJ12bot/v1.4.8; http://mj12bot.com/)"
94.154.239.69 - - [13/Sep/2025:01:29:19 +0200] "GET /category/mr-bet-casino-de/?fileloc=/home/sareqgroup/ecommerce.com/wp-config-sample.php&path=/home/sareqgroup/ecommerce.com HTTP/1.1" 200 3387 "-" "Mozilla/5.0 (compatible; MJ12bot/v1.4.8; http://mj12bot.com/)"
47.128.117.170 - - [13/Sep/2025:01:29:20 +0200] "GET /category/1w/?path=%2Fhome%2Fsareqgroup%2Fecommerce.com HTTP/2.0" 200 3666 "-" "Mozilla/5.0 (Linux; Android 5.0) AppleWebKit/537.36 (KHTML, like Gecko) Mobile Safari/537.36 (compatible; Bytespider; spider-feedback@bytedance.com)"
94.154.239.69 - - [13/Sep/2025:01:29:23 +0200] "GET /category/mr-bet-casino-de/?fileloc=/home/sareqgroup/ecommerce.com/wp-config.php&path=/home/sareqgroup/ecommerce.com HTTP/1.1" 200 3988 "-" "Mozilla/5.0 (compatible; MJ12bot/v1.4.8; http://mj12bot.com/)"
94.154.239.69 - - [13/Sep/2025:01:29:26 +0200] "GET /category/mr-bet-casino-de/?fileloc=/home/sareqgroup/ecommerce.com/wp-cron.php&path=/home/sareqgroup/ecommerce.com HTTP/1.1" 200 3911 "-" "Mozilla/5.0 (compatible; MJ12bot/v1.4.8; http://mj12bot.com/)"
217.113.194.146 - - [13/Sep/2025:01:29:26 +0200] "GET /2025/04/30/hunterdon-county-spa-busted-for-prostitution-4-arrested-following-neighborhood-concerns-bridgewater-nj-patch/ HTTP/1.1" 200 64828 "-" "Mozilla/5.0 (compatible; Barkrowler/0.9; +https://babbar.tech/crawler)"
94.154.239.69 - - [13/Sep/2025:01:29:30 +0200] "GET /category/mr-bet-casino-de/?fileloc=/home/sareqgroup/ecommerce.com/wp-links-opml.php&path=/home/sareqgroup/ecommerce.com HTTP/1.1" 200 3334 "-" "Mozilla/5.0 (compatible; MJ12bot/v1.4.8; http://mj12bot.com/)"
94.154.239.69 - - [13/Sep/2025:01:29:34 +0200] "GET /category/mr-bet-casino-de/?fileloc=/home/sareqgroup/ecommerce.com/wp-load.php&path=/home/sareqgroup/ecommerce.com HTTP/1.1" 200 3653 "-" "Mozilla/5.0 (compatible; MJ12bot/v1.4.8; http://mj12bot.com/)"
94.154.239.69 - - [13/Sep/2025:01:29:38 +0200] "GET /category/mr-bet-casino-de/?path=/home/sareqgroup/ecommerce.com/assets HTTP/1.1" 200 2775 "-" "Mozilla/5.0 (compatible; MJ12bot/v1.4.8; http://mj12bot.com/)"
157.55.39.12 - - [13/Sep/2025:01:29:38 +0200] "GET /epotation/i2203701516?pid=4087962 HTTP/2.0" 200 3666 "-" "Mozilla/5.0 AppleWebKit/537.36 (KHTML, like Gecko; compatible; bingbot/2.0; +http://www.bing.com/bingbot.htm) Chrome/116.0.1938.76 Safari/537.36"
94.154.239.69 - - [13/Sep/2025:01:29:41 +0200] "GET /category/mr-bet-casino-de/?path=/home/sareqgroup/ecommerce.com/e3caf HTTP/1.1" 200 2818 "-" "Mozilla/5.0 (compatible; MJ12bot/v1.4.8; http://mj12bot.com/)"
217.113.194.253 - - [13/Sep/2025:01:29:42 +0200] "GET /2025/04/30/hunterdon-county-spa-busted-for-prostitution-4-arrested-following-neighborhood-concerns-bridgewater-nj-patch/feed/ HTTP/1.1" 200 64828 "-" "Mozilla/5.0 (compatible; Barkrowler/0.9; +https://babbar.tech/crawler)"
47.128.60.176 - - [13/Sep/2025:01:29:44 +0200] "GET /category/1w/?path=%2Fhome%2Fsareqgroup%2Fecommerce.com%2F.well-known HTTP/2.0" 200 2884 "-" "Mozilla/5.0 (Linux; Android 5.0) AppleWebKit/537.36 (KHTML, like Gecko) Mobile Safari/537.36 (compatible; Bytespider; spider-feedback@bytedance.com)"
94.154.239.69 - - [13/Sep/2025:01:29:45 +0200] "GET /category/mr-bet-casino-de/?path=/home/sareqgroup/ecommerce.com/images HTTP/1.1" 200 2957 "-" "Mozilla/5.0 (compatible; MJ12bot/v1.4.8; http://mj12bot.com/)"
94.154.239.69 - - [13/Sep/2025:01:29:49 +0200] "GET /category/mr-bet-casino-de/?path=/home/sareqgroup/ecommerce.com/wp-admin HTTP/1.1" 200 5431 "-" "Mozilla/5.0 (compatible; MJ12bot/v1.4.8; http://mj12bot.com/)"
202.76.161.228 - - [13/Sep/2025:01:29:48 +0200] "GET /2025/02/27/camtify-interact-in-random-video-chats-with-strangers/ HTTP/1.1" 200 64828 "-" "Mozilla/5.0 (X11; U; Linux i686; en-US; rv:1.9.2.10) Gecko/20100915 Ubuntu/9.04 (jaunty) Firefox/3.6.10"
94.154.239.69 - - [13/Sep/2025:01:29:52 +0200] "GET /category/mr-bet-casino-de/?path=/home/sareqgroup/ecommerce.com/wp-content HTTP/1.1" 200 3084 "-" "Mozilla/5.0 (compatible; MJ12bot/v1.4.8; http://mj12bot.com/)"
94.154.239.69 - - [13/Sep/2025:01:29:56 +0200] "GET /category/mr-bet-casino-de/?path=/home/sareqgroup/ecommerce.com/wp-includes HTTP/1.1" 200 8683 "-" "Mozilla/5.0 (compatible; MJ12bot/v1.4.8; http://mj12bot.com/)"
217.113.194.143 - - [13/Sep/2025:01:29:57 +0200] "GET /2025/08/13/1xbet-app-1xbet-mobile-i-download-the-1xbet-apk-android-i-phone-i-1-x-bet-com/ HTTP/1.1" 200 64828 "-" "Mozilla/5.0 (compatible; Barkrowler/0.9; +https://babbar.tech/crawler)"
94.154.239.69 - - [13/Sep/2025:01:30:00 +0200] "GET /category/porn/pornpappa-com/?fileloc=/home/sareqgroup/ecommerce.com/.htaccess&path=/home/sareqgroup/ecommerce.com HTTP/1.1" 200 3172 "-" "Mozilla/5.0 (compatible; MJ12bot/v1.4.8; http://mj12bot.com/)"
94.154.239.69 - - [13/Sep/2025:01:30:03 +0200] "GET /category/porn/pornpappa-com/?fileloc=/home/sareqgroup/ecommerce.com/category.template.1755515307.php&path=/home/sareqgroup/ecommerce.com HTTP/1.1" 200 2277 "-" "Mozilla/5.0 (compatible; MJ12bot/v1.4.8; http://mj12bot.com/)"
47.128.111.147 - - [13/Sep/2025:01:30:05 +0200] "GET /2025/09/11/fortune-tiger-jogo-demo-de-cassino-1700/ HTTP/2.0" 200 3666 "-" "Mozilla/5.0 (Linux; Android 5.0) AppleWebKit/537.36 (KHTML, like Gecko) Mobile Safari/537.36 (compatible; TikTokSpider; ttspider-feedback@tiktok.com)"
94.154.239.69 - - [13/Sep/2025:01:30:07 +0200] "GET /category/porn/pornpappa-com/?fileloc=/home/sareqgroup/ecommerce.com/custom.file.3.1757286995.php&path=/home/sareqgroup/ecommerce.com HTTP/1.1" 200 2803 "-" "Mozilla/5.0 (compatible; MJ12bot/v1.4.8; http://mj12bot.com/)"
47.128.39.53 - - [13/Sep/2025:01:30:08 +0200] "GET /category/1w/?path=%2Fhome%2Fsareqgroup%2Fecommerce.com%2Fwp-content HTTP/2.0" 200 3084 "-" "Mozilla/5.0 (Linux; Android 5.0) AppleWebKit/537.36 (KHTML, like Gecko) Mobile Safari/537.36 (compatible; Bytespider; spider-feedback@bytedance.com)"
94.154.239.69 - - [13/Sep/2025:01:30:11 +0200] "GET /category/porn/pornpappa-com/?fileloc=/home/sareqgroup/ecommerce.com/googlefda606ad3f24e25b.html&path=/home/sareqgroup/ecommerce.com HTTP/1.1" 200 2288 "-" "Mozilla/5.0 (compatible; MJ12bot/v1.4.8; http://mj12bot.com/)"
217.113.194.143 - - [13/Sep/2025:01:30:14 +0200] "GET /2025/08/11/22bet-polska-zaloguj-sie-do-22bet-pl-i-odbierz-five-hundred-pln-bonusu/feed/ HTTP/1.1" 200 64828 "-" "Mozilla/5.0 (compatible; Barkrowler/0.9; +https://babbar.tech/crawler)"
94.154.239.69 - - [13/Sep/2025:01:30:14 +0200] "GET /category/porn/pornpappa-com/?fileloc=/home/sareqgroup/ecommerce.com/index.php&path=/home/sareqgroup/ecommerce.com HTTP/1.1" 200 2460 "-" "Mozilla/5.0 (compatible; MJ12bot/v1.4.8; http://mj12bot.com/)"
94.154.239.69 - - [13/Sep/2025:01:30:18 +0200] "GET /category/porn/pornpappa-com/?fileloc=/home/sareqgroup/ecommerce.com/license.txt&path=/home/sareqgroup/ecommerce.com HTTP/1.1" 200 9310 "-" "Mozilla/5.0 (compatible; MJ12bot/v1.4.8; http://mj12bot.com/)"
94.154.239.69 - - [13/Sep/2025:01:30:22 +0200] "GET /category/porn/pornpappa-com/?fileloc=/home/sareqgroup/ecommerce.com/post-1753434670.php&path=/home/sareqgroup/ecommerce.com HTTP/1.1" 200 2798 "-" "Mozilla/5.0 (compatible; MJ12bot/v1.4.8; http://mj12bot.com/)"
94.154.239.69 - - [13/Sep/2025:01:30:25 +0200] "GET /category/porn/pornpappa-com/?fileloc=/home/sareqgroup/ecommerce.com/readme.html&path=/home/sareqgroup/ecommerce.com HTTP/1.1" 200 5081 "-" "Mozilla/5.0 (compatible; MJ12bot/v1.4.8; http://mj12bot.com/)"
217.113.194.143 - - [13/Sep/2025:01:30:29 +0200] "GET /2025/08/17/mostbet-fizetesi-lehetosegek-minimalis-befizetes-visszafizetesi-ido/feed/ HTTP/1.1" 200 64828 "-" "Mozilla/5.0 (compatible; Barkrowler/0.9; +https://babbar.tech/crawler)"
94.154.239.69 - - [13/Sep/2025:01:30:29 +0200] "GET /category/porn/pornpappa-com/?fileloc=/home/sareqgroup/ecommerce.com/robots.txt&path=/home/sareqgroup/ecommerce.com HTTP/1.1" 200 2371 "-" "Mozilla/5.0 (compatible; MJ12bot/v1.4.8; http://mj12bot.com/)"
47.128.125.185 - - [13/Sep/2025:01:30:32 +0200] "GET /category/1w/?path=%2Fhome%2Fsareqgroup%2Fecommerce.com%2Fassets HTTP/2.0" 200 2775 "-" "Mozilla/5.0 (Linux; Android 5.0) AppleWebKit/537.36 (KHTML, like Gecko) Mobile Safari/537.36 (compatible; Bytespider; spider-feedback@bytedance.com)"
94.154.239.69 - - [13/Sep/2025:01:30:33 +0200] "GET /category/porn/pornpappa-com/?fileloc=/home/sareqgroup/ecommerce.com/thoms.php&path=/home/sareqgroup/ecommerce.com HTTP/1.1" 200 10649 "-" "Mozilla/5.0 (compatible; MJ12bot/v1.4.8; http://mj12bot.com/)"
94.154.239.69 - - [13/Sep/2025:01:30:37 +0200] "GET /category/porn/pornpappa-com/?fileloc=/home/sareqgroup/ecommerce.com/widget_area_1753708345.php&path=/home/sareqgroup/ecommerce.com HTTP/1.1" 200 2798 "-" "Mozilla/5.0 (compatible; MJ12bot/v1.4.8; http://mj12bot.com/)"
94.154.239.69 - - [13/Sep/2025:01:30:40 +0200] "GET /category/porn/pornpappa-com/?fileloc=/home/sareqgroup/ecommerce.com/wp-activate.php&path=/home/sareqgroup/ecommerce.com HTTP/1.1" 200 4596 "-" "Mozilla/5.0 (compatible; MJ12bot/v1.4.8; http://mj12bot.com/)"
47.128.121.117 - - [13/Sep/2025:01:30:42 +0200] "GET /2025/09/12/da-vincis-cost-position-50-free-spins-book-of-ra-south-africa-totally-free-revolves/ HTTP/2.0" 200 3666 "-" "Mozilla/5.0 (Linux; Android 5.0) AppleWebKit/537.36 (KHTML, like Gecko) Mobile Safari/537.36 (compatible; TikTokSpider; ttspider-feedback@tiktok.com)"
94.154.239.69 - - [13/Sep/2025:01:30:44 +0200] "GET /category/porn/pornpappa-com/?fileloc=/home/sareqgroup/ecommerce.com/wp-blog-header.php&path=/home/sareqgroup/ecommerce.com HTTP/1.1" 200 2445 "-" "Mozilla/5.0 (compatible; MJ12bot/v1.4.8; http://mj12bot.com/)"
217.113.194.145 - - [13/Sep/2025:01:30:44 +0200] "GET /2025/09/07/spielbank-1-euro-einzahlung-casino-pramie-blos-einzahlung-besten-boni-ohne-einzahlung/ HTTP/1.1" 200 64828 "-" "Mozilla/5.0 (compatible; Barkrowler/0.9; +https://babbar.tech/crawler)"
94.154.239.69 - - [13/Sep/2025:01:30:48 +0200] "GET /category/porn/pornpappa-com/?fileloc=/home/sareqgroup/ecommerce.com/wp-comments-post.php&path=/home/sareqgroup/ecommerce.com HTTP/1.1" 200 3270 "-" "Mozilla/5.0 (compatible; MJ12bot/v1.4.8; http://mj12bot.com/)"
94.154.239.69 - - [13/Sep/2025:01:30:51 +0200] "GET /category/porn/pornpappa-com/?fileloc=/home/sareqgroup/ecommerce.com/wp-config-sample.php&path=/home/sareqgroup/ecommerce.com HTTP/1.1" 200 3387 "-" "Mozilla/5.0 (compatible; MJ12bot/v1.4.8; http://mj12bot.com/)"
94.154.239.69 - - [13/Sep/2025:01:30:55 +0200] "GET /category/porn/pornpappa-com/?fileloc=/home/sareqgroup/ecommerce.com/wp-config.php&path=/home/sareqgroup/ecommerce.com HTTP/1.1" 200 3988 "-" "Mozilla/5.0 (compatible; MJ12bot/v1.4.8; http://mj12bot.com/)"
47.128.47.88 - - [13/Sep/2025:01:30:57 +0200] "GET /category/1w/?path=%2Fhome%2Fsareqgroup%2Fecommerce.com%2F.tmb HTTP/2.0" 200 2321 "-" "Mozilla/5.0 (Linux; Android 5.0) AppleWebKit/537.36 (KHTML, like Gecko) Mobile Safari/537.36 (compatible; Bytespider; spider-feedback@bytedance.com)"
94.154.239.69 - - [13/Sep/2025:01:30:59 +0200] "GET /category/porn/pornpappa-com/?fileloc=/home/sareqgroup/ecommerce.com/wp-cron.php&path=/home/sareqgroup/ecommerce.com HTTP/1.1" 200 3911 "-" "Mozilla/5.0 (compatible; MJ12bot/v1.4.8; http://mj12bot.com/)"
217.113.194.148 - - [13/Sep/2025:01:31:00 +0200] "GET /2025/09/07/blackjack-masterplan-tipps-unter-einsatz-xon-bet-willkommensbonus-von-wahrscheinlichkeiten-liste/ HTTP/1.1" 200 64828 "-" "Mozilla/5.0 (compatible; Barkrowler/0.9; +https://babbar.tech/crawler)"
94.154.239.69 - - [13/Sep/2025:01:31:02 +0200] "GET /category/porn/pornpappa-com/?fileloc=/home/sareqgroup/ecommerce.com/wp-links-opml.php&path=/home/sareqgroup/ecommerce.com HTTP/1.1" 200 3334 "-" "Mozilla/5.0 (compatible; MJ12bot/v1.4.8; http://mj12bot.com/)"
178.175.140.169 - - [13/Sep/2025:01:31:03 +0200] "POST /xmlrpc.php HTTP/1.1" 200 64828 "-" "Mozilla/5.0 (Windows NT 10.0; Win64; x64) AppleWebKit/537.36 (KHTML, like Gecko) Chrome/114.0.0.0 Safari/537.36"
178.175.140.169 - - [13/Sep/2025:01:31:04 +0200] "POST /xmlrpc.php HTTP/1.1" 200 64828 "-" "Mozilla/5.0 (Windows NT 10.0; Win64; x64) AppleWebKit/537.36 (KHTML, like Gecko) Chrome/114.0.0.0 Safari/537.36"
94.154.239.69 - - [13/Sep/2025:01:31:06 +0200] "GET /category/porn/pornpappa-com/?fileloc=/home/sareqgroup/ecommerce.com/wp-load.php&path=/home/sareqgroup/ecommerce.com HTTP/1.1" 200 3653 "-" "Mozilla/5.0 (compatible; MJ12bot/v1.4.8; http://mj12bot.com/)"
94.154.239.69 - - [13/Sep/2025:01:31:10 +0200] "GET /category/porn/pornpappa-com/?fileloc=/home/sareqgroup/ecommerce.com/wp-mail.php&path=/home/sareqgroup/ecommerce.com HTTP/1.1" 200 5158 "-" "Mozilla/5.0 (compatible; MJ12bot/v1.4.8; http://mj12bot.com/)"
94.154.239.69 - - [13/Sep/2025:01:31:13 +0200] "GET /category/porn/pornpappa-com/?fileloc=/home/sareqgroup/ecommerce.com/wp-main.php&path=/home/sareqgroup/ecommerce.com HTTP/1.1" 200 26179 "-" "Mozilla/5.0 (compatible; MJ12bot/v1.4.8; http://mj12bot.com/)"
217.113.194.249 - - [13/Sep/2025:01:31:15 +0200] "GET /2025/09/07/perish-online-casinos-gebot-50-freispiele-exklusive-drucken-sie-diese-seite-einzahlung-an/ HTTP/1.1" 200 64828 "-" "Mozilla/5.0 (compatible; Barkrowler/0.9; +https://babbar.tech/crawler)"
94.154.239.69 - - [13/Sep/2025:01:31:17 +0200] "GET /category/porn/pornpappa-com/?fileloc=/home/sareqgroup/ecommerce.com/wp-settings.php&path=/home/sareqgroup/ecommerce.com HTTP/1.1" 200 6986 "-" "Mozilla/5.0 (compatible; MJ12bot/v1.4.8; http://mj12bot.com/)"
47.128.49.169 - - [13/Sep/2025:01:31:20 +0200] "GET /category/1w/?path=%2Fhome%2Fsareqgroup%2Fecommerce.com%2Fe3caf HTTP/2.0" 200 2818 "-" "Mozilla/5.0 (Linux; Android 5.0) AppleWebKit/537.36 (KHTML, like Gecko) Mobile Safari/537.36 (compatible; Bytespider; spider-feedback@bytedance.com)"
94.154.239.69 - - [13/Sep/2025:01:31:21 +0200] "GET /category/porn/pornpappa-com/?fileloc=/home/sareqgroup/ecommerce.com/wp-signup.php&path=/home/sareqgroup/ecommerce.com HTTP/1.1" 200 9461 "-" "Mozilla/5.0 (compatible; MJ12bot/v1.4.8; http://mj12bot.com/)"
146.174.191.178 - - [13/Sep/2025:01:31:21 +0200] "GET /2025/05/19/zakaz-devushki-po-vyzovu-na-dom-za-15-minut/ HTTP/1.1" 200 64828 "-" "Mozilla/5.0 (X11; Linux i686) AppleWebKit/534.30 (KHTML, like Gecko) Chrome/12.0.742.91 Chromium/12.0.742.91 Safari/534.30"
94.154.239.69 - - [13/Sep/2025:01:31:24 +0200] "GET /category/porn/pornpappa-com/?fileloc=/home/sareqgroup/ecommerce.com/wp-trackback.php&path=/home/sareqgroup/ecommerce.com HTTP/1.1" 200 3993 "-" "Mozilla/5.0 (compatible; MJ12bot/v1.4.8; http://mj12bot.com/)"
94.154.239.69 - - [13/Sep/2025:01:31:28 +0200] "GET /category/porn/pornpappa-com/?fileloc=/home/sareqgroup/ecommerce.com/yhioc.php&path=/home/sareqgroup/ecommerce.com HTTP/1.1" 200 5443 "-" "Mozilla/5.0 (compatible; MJ12bot/v1.4.8; http://mj12bot.com/)"
217.113.194.145 - - [13/Sep/2025:01:31:31 +0200] "GET /2025/08/16/wazamba-casino-%CF%87%CF%89%CF%81%CE%AF%CF%82-%CE%BA%CE%B1%CF%84%CE%AC%CE%B8%CE%B5%CF%83%CE%B7-bonus-ea4e9bfb/ HTTP/1.1" 200 64828 "-" "Mozilla/5.0 (compatible; Barkrowler/0.9; +https://babbar.tech/crawler)"
94.154.239.69 - - [13/Sep/2025:01:31:32 +0200] "GET /category/porn/pornpappa-com/?path=/ HTTP/1.1" 200 3223 "-" "Mozilla/5.0 (compatible; MJ12bot/v1.4.8; http://mj12bot.com/)"
94.154.239.69 - - [13/Sep/2025:01:31:35 +0200] "GET /category/porn/pornpappa-com/?path=/home HTTP/1.1" 200 2290 "-" "Mozilla/5.0 (compatible; MJ12bot/v1.4.8; http://mj12bot.com/)"
94.154.239.69 - - [13/Sep/2025:01:31:39 +0200] "GET /category/porn/pornpappa-com/?path=/home/sareqgroup HTTP/1.1" 200 3589 "-" "Mozilla/5.0 (compatible; MJ12bot/v1.4.8; http://mj12bot.com/)"
94.154.239.69 - - [13/Sep/2025:01:31:43 +0200] "GET /category/porn/pornpappa-com/?path=/home/sareqgroup/ecommerce.com HTTP/1.1" 200 3666 "-" "Mozilla/5.0 (compatible; MJ12bot/v1.4.8; http://mj12bot.com/)"
47.128.112.161 - - [13/Sep/2025:01:31:44 +0200] "GET /category/1w/?path=%2F HTTP/2.0" 200 3223 "-" "Mozilla/5.0 (Linux; Android 5.0) AppleWebKit/537.36 (KHTML, like Gecko) Mobile Safari/537.36 (compatible; Bytespider; spider-feedback@bytedance.com)"
94.154.239.69 - - [13/Sep/2025:01:31:46 +0200] "GET /category/porn/pornpappa-com/?path=/home/sareqgroup/ecommerce.com/.tmb HTTP/1.1" 200 2321 "-" "Mozilla/5.0 (compatible; MJ12bot/v1.4.8; http://mj12bot.com/)"
217.113.194.145 - - [13/Sep/2025:01:31:47 +0200] "GET /2025/08/16/kyfy-shhn-hsb-1xbet-btby-inwi-fy-lmgrb-welcome-to-be-able-to-bjs/ HTTP/1.1" 200 64828 "-" "Mozilla/5.0 (compatible; Barkrowler/0.9; +https://babbar.tech/crawler)"
94.154.239.69 - - [13/Sep/2025:01:31:50 +0200] "GET /category/porn/pornpappa-com/?path=/home/sareqgroup/ecommerce.com/.well-known HTTP/1.1" 200 2884 "-" "Mozilla/5.0 (compatible; MJ12bot/v1.4.8; http://mj12bot.com/)"
94.154.239.69 - - [13/Sep/2025:01:31:54 +0200] "GET /category/porn/pornpappa-com/?path=/home/sareqgroup/ecommerce.com/assets HTTP/1.1" 200 2775 "-" "Mozilla/5.0 (compatible; MJ12bot/v1.4.8; http://mj12bot.com/)"
94.154.239.69 - - [13/Sep/2025:01:31:57 +0200] "GET /category/porn/pornpappa-com/?path=/home/sareqgroup/ecommerce.com/e3caf HTTP/1.1" 200 2818 "-" "Mozilla/5.0 (compatible; MJ12bot/v1.4.8; http://mj12bot.com/)"
94.154.239.69 - - [13/Sep/2025:01:32:01 +0200] "GET /category/porn/pornpappa-com/?path=/home/sareqgroup/ecommerce.com/images HTTP/1.1" 200 2957 "-" "Mozilla/5.0 (compatible; MJ12bot/v1.4.8; http://mj12bot.com/)"
217.113.194.148 - - [13/Sep/2025:01:32:03 +0200] "GET /2025/08/13/1xbet-app-1xbet-mobile-i-download-the-1xbet-apk-android-i-phone-i-1-x-bet-com/feed/ HTTP/1.1" 200 64828 "-" "Mozilla/5.0 (compatible; Barkrowler/0.9; +https://babbar.tech/crawler)"
94.154.239.69 - - [13/Sep/2025:01:32:05 +0200] "GET /category/porn/pornpappa-com/?path=/home/sareqgroup/ecommerce.com/wp-admin HTTP/1.1" 200 5431 "-" "Mozilla/5.0 (compatible; MJ12bot/v1.4.8; http://mj12bot.com/)"
47.128.40.204 - - [13/Sep/2025:01:32:08 +0200] "GET /category/1w/?path=%2Fhome%2Fsareqgroup%2Fecommerce.com%2Fwp-includes HTTP/2.0" 200 8683 "-" "Mozilla/5.0 (Linux; Android 5.0) AppleWebKit/537.36 (KHTML, like Gecko) Mobile Safari/537.36 (compatible; Bytespider; spider-feedback@bytedance.com)"
94.154.239.69 - - [13/Sep/2025:01:32:08 +0200] "GET /category/porn/pornpappa-com/?path=/home/sareqgroup/ecommerce.com/wp-content HTTP/1.1" 200 3084 "-" "Mozilla/5.0 (compatible; MJ12bot/v1.4.8; http://mj12bot.com/)"
94.154.239.69 - - [13/Sep/2025:01:32:12 +0200] "GET /category/porn/pornpappa-com/?path=/home/sareqgroup/ecommerce.com/wp-includes HTTP/1.1" 200 8683 "-" "Mozilla/5.0 (compatible; MJ12bot/v1.4.8; http://mj12bot.com/)"
94.154.239.69 - - [13/Sep/2025:01:32:16 +0200] "GET /category/staybook-by/ HTTP/1.1" 200 3666 "-" "Mozilla/5.0 (compatible; MJ12bot/v1.4.8; http://mj12bot.com/)"
217.113.194.253 - - [13/Sep/2025:01:32:20 +0200] "GET /2025/09/02/juegos-el-mejor-dinero-positivo-sobre-camino-mahjong-88-sobre-bacara-en-la-red-vano-2025-cde/feed/ HTTP/1.1" 200 64828 "-" "Mozilla/5.0 (compatible; Barkrowler/0.9; +https://babbar.tech/crawler)"
47.128.22.207 - - [13/Sep/2025:01:32:32 +0200] "GET /2025/09/11/fortune-tiger-jogo-demo-de-cassino-1700/?path=%2Fhome%2Fsareqgroup%2Fecommerce.com%2Fimages HTTP/2.0" 200 2957 "-" "Mozilla/5.0 (Linux; Android 5.0) AppleWebKit/537.36 (KHTML, like Gecko) Mobile Safari/537.36 (compatible; Bytespider; spider-feedback@bytedance.com)"
217.113.194.151 - - [13/Sep/2025:01:32:35 +0200] "GET /2025/08/12/maquinas-caca-niqueis-do-on-line-casino-em-linha-pin-up-jogar-em-demo-slots-pin-up-casino/feed/ HTTP/1.1" 200 64828 "-" "Mozilla/5.0 (compatible; Barkrowler/0.9; +https://babbar.tech/crawler)"
217.113.194.231 - - [13/Sep/2025:01:32:51 +0200] "GET /2025/08/10/nea-kazino-ellada-2025-ola-ta-kainourgia-online-gambling-establishment-gia-ellenes-paiktes-new/ HTTP/1.1" 200 64828 "-" "Mozilla/5.0 (compatible; Barkrowler/0.9; +https://babbar.tech/crawler)"
202.76.160.164 - - [13/Sep/2025:01:32:55 +0200] "GET /2025/05/30/kljuch-udachnoj-igrovogo-processa-v-onlajn-kazino-19/ HTTP/1.1" 200 64828 "-" "Mozilla/5.0 (X11; U; Linux i686; it-IT; rv:1.9.0.2) Gecko/2008092313 Ubuntu/9.25 (jaunty) Firefox/3.8"
47.128.25.189 - - [13/Sep/2025:01:32:56 +0200] "GET /category/1w/?path=%2Fhome%2Fsareqgroup%2Fecommerce.com%2Fimages HTTP/2.0" 200 2957 "-" "Mozilla/5.0 (Linux; Android 5.0) AppleWebKit/537.36 (KHTML, like Gecko) Mobile Safari/537.36 (compatible; Bytespider; spider-feedback@bytedance.com)"
217.113.194.151 - - [13/Sep/2025:01:33:06 +0200] "GET /2025/09/07/angeschlossen-kasino-unter-casino-vulkan-vegas-mobil-einsatz-von-handyrechnung-begleichen-inside-brd/ HTTP/1.1" 200 64828 "-" "Mozilla/5.0 (compatible; Barkrowler/0.9; +https://babbar.tech/crawler)"
47.128.44.127 - - [13/Sep/2025:01:33:20 +0200] "GET /2025/09/11/fortune-tiger-jogo-demo-de-cassino-1700/?path=%2Fhome HTTP/2.0" 200 2290 "-" "Mozilla/5.0 (Linux; Android 5.0) AppleWebKit/537.36 (KHTML, like Gecko) Mobile Safari/537.36 (compatible; Bytespider; spider-feedback@bytedance.com)"
217.113.194.249 - - [13/Sep/2025:01:33:21 +0200] "GET /2025/09/07/diese-top-10-mobile-spielbank-apps-bonus-ohne-einzahlung-unter-einsatz-von-echtgeld-auffuhren-2025/ HTTP/1.1" 200 64828 "-" "Mozilla/5.0 (compatible; Barkrowler/0.9; +https://babbar.tech/crawler)"
217.113.194.148 - - [13/Sep/2025:01:33:36 +0200] "GET /2025/09/07/online-spielsaal-qua-casino-frank-mobile-short-message-begleichen-in-alpenrepublik-2025-traktandum-register/ HTTP/1.1" 200 64828 "-" "Mozilla/5.0 (compatible; Barkrowler/0.9; +https://babbar.tech/crawler)"
47.128.56.233 - - [13/Sep/2025:01:33:44 +0200] "GET /2025/09/11/fortune-tiger-jogo-demo-de-cassino-1700/?path=%2F HTTP/2.0" 200 3223 "-" "Mozilla/5.0 (Linux; Android 5.0) AppleWebKit/537.36 (KHTML, like Gecko) Mobile Safari/537.36 (compatible; Bytespider; spider-feedback@bytedance.com)"
217.113.194.151 - - [13/Sep/2025:01:33:52 +0200] "GET /2025/08/18/playslots-nette-3-000den-fazla-ucretsiz-oynanabilen-cevrimici-slotun-demosu/ HTTP/1.1" 200 64828 "-" "Mozilla/5.0 (compatible; Barkrowler/0.9; +https://babbar.tech/crawler)"
217.113.194.146 - - [13/Sep/2025:01:34:07 +0200] "GET /2025/08/16/wazamba-casino-%CF%87%CF%89%CF%81%CE%AF%CF%82-%CE%BA%CE%B1%CF%84%CE%AC%CE%B8%CE%B5%CF%83%CE%B7-bonus-ea4e9bfb/feed/ HTTP/1.1" 200 64828 "-" "Mozilla/5.0 (compatible; Barkrowler/0.9; +https://babbar.tech/crawler)"
47.128.27.100 - - [13/Sep/2025:01:34:08 +0200] "GET /2025/09/11/fortune-tiger-jogo-demo-de-cassino-1700/?path=%2Fhome%2Fsareqgroup%2Fecommerce.com%2F.tmb HTTP/2.0" 200 2321 "-" "Mozilla/5.0 (Linux; Android 5.0) AppleWebKit/537.36 (KHTML, like Gecko) Mobile Safari/537.36 (compatible; Bytespider; spider-feedback@bytedance.com)"
47.128.121.106 - - [13/Sep/2025:01:34:16 +0200] "GET /2025/09/11/onlajn-2025-goda-bolshoj-vybor-slotov-i-bonusov-194/?path=%2Fhome%2Fsareqgroup HTTP/2.0" 200 3589 "-" "Mozilla/5.0 (Linux; Android 5.0) AppleWebKit/537.36 (KHTML, like Gecko) Mobile Safari/537.36 (compatible; TikTokSpider; ttspider-feedback@tiktok.com)"
217.113.194.144 - - [13/Sep/2025:01:34:23 +0200] "GET /2025/08/16/kyfy-shhn-hsb-1xbet-btby-inwi-fy-lmgrb-welcome-to-be-able-to-bjs/feed/ HTTP/1.1" 200 64828 "-" "Mozilla/5.0 (compatible; Barkrowler/0.9; +https://babbar.tech/crawler)"
146.174.188.39 - - [13/Sep/2025:01:34:29 +0200] "GET /2025/06/23/rukovodstvo-po-virtualnym-kazino-registracija-i-39/ HTTP/1.1" 200 64828 "-" "Mozilla/5.0 (Windows; U; Windows NT 6.1; ru; rv:1.9.2.3) Gecko/20100401 Firefox/3.6.3"
47.128.127.89 - - [13/Sep/2025:01:34:32 +0200] "GET /2025/09/11/onlajn-2025-goda-bolshoj-vybor-slotov-i-bonusov-194/?path=%2Fhome%2Fsareqgroup%2Fetc HTTP/2.0" 200 2808 "-" "Mozilla/5.0 (Linux; Android 5.0) AppleWebKit/537.36 (KHTML, like Gecko) Mobile Safari/537.36 (compatible; Bytespider; spider-feedback@bytedance.com)"
217.113.194.146 - - [13/Sep/2025:01:34:38 +0200] "GET /2025/08/16/bangla-training-mostbet-diye-kibhaabe-ekaauntt-khulbo-kiltshop-usa/5clpp.com HTTP/1.1" 200 64828 "-" "Mozilla/5.0 (compatible; Barkrowler/0.9; +https://babbar.tech/crawler)"
47.128.16.143 - - [13/Sep/2025:01:34:40 +0200] "GET /2025/09/12/uttag-och-insttningar-p-utlndska-casinon-591/ HTTP/2.0" 200 3666 "-" "Mozilla/5.0 (Linux; Android 5.0) AppleWebKit/537.36 (KHTML, like Gecko) Mobile Safari/537.36 (compatible; TikTokSpider; ttspider-feedback@tiktok.com)"
217.113.194.249 - - [13/Sep/2025:01:34:53 +0200] "GET /2025/08/12/aviator-game-inside-kenya-why-this-specific-viral-crash-sport-is-more-than-just-a-new-bet-sportpesa-guideline-2025/ HTTP/1.1" 200 64828 "-" "Mozilla/5.0 (compatible; Barkrowler/0.9; +https://babbar.tech/crawler)"
47.128.127.70 - - [13/Sep/2025:01:34:56 +0200] "GET /2025/09/11/onlajn-2025-goda-bolshoj-vybor-slotov-i-bonusov-194/?path=%2Fhome%2Fsareqgroup%2Flogs HTTP/2.0" 200 2916 "-" "Mozilla/5.0 (Linux; Android 5.0) AppleWebKit/537.36 (KHTML, like Gecko) Mobile Safari/537.36 (compatible; Bytespider; spider-feedback@bytedance.com)"
217.113.194.145 - - [13/Sep/2025:01:35:08 +0200] "GET /2025/09/07/seriose-verbunden-casinos-kein-einzahlungsbonus-casino-500-casino-bonus-unser-besten-seiten-2025/ HTTP/1.1" 200 64828 "-" "Mozilla/5.0 (compatible; Barkrowler/0.9; +https://babbar.tech/crawler)"
47.128.23.249 - - [13/Sep/2025:01:35:21 +0200] "GET /2025/09/11/fortune-tiger-jogo-demo-de-cassino-1700/?path=%2Fhome%2Fsareqgroup%2Fecommerce.com HTTP/2.0" 200 3666 "-" "Mozilla/5.0 (Linux; Android 5.0) AppleWebKit/537.36 (KHTML, like Gecko) Mobile Safari/537.36 (compatible; Bytespider; spider-feedback@bytedance.com)"
217.113.194.149 - - [13/Sep/2025:01:35:24 +0200] "GET /2025/08/13/wazamba-casino-bonus-%CF%87%CF%89%CF%81%CE%AF%CF%82-%CE%BA%CE%B1%CF%84%CE%AC%CE%B8%CE%B5%CF%83%CE%B7-1cefdb2e/ HTTP/1.1" 200 64828 "-" "Mozilla/5.0 (compatible; Barkrowler/0.9; +https://babbar.tech/crawler)"
217.113.194.145 - - [13/Sep/2025:01:35:39 +0200] "GET /2025/09/02/su-casino-online-usando-conveniente-asiento-tragamonedas-3d-juegos-sobre-mesa-y-acerca-de-avispado/feed/ HTTP/1.1" 200 64828 "-" "Mozilla/5.0 (compatible; Barkrowler/0.9; +https://babbar.tech/crawler)"
47.128.59.176 - - [13/Sep/2025:01:35:45 +0200] "GET /2025/09/11/fortune-tiger-jogo-demo-de-cassino-1700/?path=%2Fhome%2Fsareqgroup%2Fecommerce.com%2Fassets HTTP/2.0" 200 2775 "-" "Mozilla/5.0 (Linux; Android 5.0) AppleWebKit/537.36 (KHTML, like Gecko) Mobile Safari/537.36 (compatible; Bytespider; spider-feedback@bytedance.com)"
217.113.194.253 - - [13/Sep/2025:01:35:54 +0200] "GET /2025/09/02/akumulatorski-kalkulator-za-lastno-igranje-na-sreco-enota-za-okvare-priloznosti/feed/ HTTP/1.1" 200 64828 "-" "Mozilla/5.0 (compatible; Barkrowler/0.9; +https://babbar.tech/crawler)"
52.167.144.166 - - [13/Sep/2025:01:36:00 +0200] "GET /2025/08/22/plinko-casino-game-online-start-winning-big-today-64/ HTTP/2.0" 200 3666 "-" "Mozilla/5.0 AppleWebKit/537.36 (KHTML, like Gecko; compatible; bingbot/2.0; +http://www.bing.com/bingbot.htm) Chrome/116.0.1938.76 Safari/537.36"
202.76.165.27 - - [13/Sep/2025:01:36:03 +0200] "GET /2025/08/13/online-on-line-casino-reviews-canada-2025-trusted-reviews/ HTTP/1.1" 200 64828 "-" "Mozilla/5.0 (X11; Linux x86_64) Gecko Firefox/5.0"
47.128.31.248 - - [13/Sep/2025:01:36:09 +0200] "GET /category/1w/?path=%2Fhome%2Fsareqgroup HTTP/2.0" 200 3589 "-" "Mozilla/5.0 (Linux; Android 5.0) AppleWebKit/537.36 (KHTML, like Gecko) Mobile Safari/537.36 (compatible; Bytespider; spider-feedback@bytedance.com)"
217.113.194.253 - - [13/Sep/2025:01:36:10 +0200] "GET /2025/09/02/tragamonedas-vano-un-000-tragaperras-hace-el-trabajo-columbus-deluxe-tragamonedas-online-de-balde/feed/ HTTP/1.1" 200 64828 "-" "Mozilla/5.0 (compatible; Barkrowler/0.9; +https://babbar.tech/crawler)"
217.113.194.249 - - [13/Sep/2025:01:36:25 +0200] "GET /2025/08/12/tnzyl-brnmj-1xbet-ttbyq-llndrwyd-apk-akhr-sdr-mwq-mrhnt/ HTTP/1.1" 200 64828 "-" "Mozilla/5.0 (compatible; Barkrowler/0.9; +https://babbar.tech/crawler)"
47.128.42.4 - - [13/Sep/2025:01:36:33 +0200] "GET /2025/09/11/onlajn-2025-goda-bolshoj-vybor-slotov-i-bonusov-194/?path=%2Fhome%2Fsareqgroup%2Fwww HTTP/2.0" 200 2745 "-" "Mozilla/5.0 (Linux; Android 5.0) AppleWebKit/537.36 (KHTML, like Gecko) Mobile Safari/537.36 (compatible; Bytespider; spider-feedback@bytedance.com)"
217.113.194.249 - - [13/Sep/2025:01:36:40 +0200] "GET /2025/08/28/voiti-v-1xbet-vse-varianty-a-zaiti-na-1xbet-cherez-zerkalo-i-ofitsialnyi-sait/feed/ HTTP/1.1" 200 64828 "-" "Mozilla/5.0 (compatible; Barkrowler/0.9; +https://babbar.tech/crawler)"
47.128.44.55 - - [13/Sep/2025:01:36:57 +0200] "GET /2025/09/11/onlajn-2025-goda-bolshoj-vybor-slotov-i-bonusov-194/?path=%2Fhome%2Fsareqgroup%2F.razor HTTP/2.0" 200 2752 "-" "Mozilla/5.0 (Linux; Android 5.0) AppleWebKit/537.36 (KHTML, like Gecko) Mobile Safari/537.36 (compatible; Bytespider; spider-feedback@bytedance.com)"
217.113.194.151 - - [13/Sep/2025:01:36:57 +0200] "GET /2025/08/18/chicken-gun-imod-apk-download-chaloapps-chicken-gun-imod-apk-4-0-1-unlimited-cash-free-for-google-android/ HTTP/1.1" 200 64828 "-" "Mozilla/5.0 (compatible; Barkrowler/0.9; +https://babbar.tech/crawler)"
217.113.194.147 - - [13/Sep/2025:01:37:13 +0200] "GET /2025/08/16/tnzyl-brnmj-1xbet-khr-sdr-mn-shrk-1xbet-msr-i-1x-bet-arabic-com/ HTTP/1.1" 200 64828 "-" "Mozilla/5.0 (compatible; Barkrowler/0.9; +https://babbar.tech/crawler)"
47.128.29.219 - - [13/Sep/2025:01:37:21 +0200] "GET /2025/09/11/fortune-tiger-jogo-demo-de-cassino-1700/?path=%2Fhome%2Fsareqgroup HTTP/2.0" 200 3589 "-" "Mozilla/5.0 (Linux; Android 5.0) AppleWebKit/537.36 (KHTML, like Gecko) Mobile Safari/537.36 (compatible; Bytespider; spider-feedback@bytedance.com)"
207.46.13.102 - - [13/Sep/2025:01:37:23 +0200] "GET /2025/08/20/online-kazino-salidzini-labakos-latvijas-kazino-2025/ HTTP/2.0" 200 3666 "-" "Mozilla/5.0 AppleWebKit/537.36 (KHTML, like Gecko; compatible; bingbot/2.0; +http://www.bing.com/bingbot.htm) Chrome/116.0.1938.76 Safari/537.36"
217.113.194.143 - - [13/Sep/2025:01:37:30 +0200] "GET /2025/06/30/%CF%80%CF%8E%CF%82-%CE%BD%CE%B1-%CE%B5%CE%B3%CE%B3%CF%81%CE%B1%CF%86%CE%B5%CE%AF%CF%84%CE%B5-%CF%83%CF%84%CE%BF-malina-casino/ HTTP/1.1" 200 64828 "-" "Mozilla/5.0 (compatible; Barkrowler/0.9; +https://babbar.tech/crawler)"
207.46.13.102 - - [13/Sep/2025:01:37:33 +0200] "GET /2025/08/17/online-casino-2/ HTTP/2.0" 200 3666 "-" "Mozilla/5.0 AppleWebKit/537.36 (KHTML, like Gecko; compatible; bingbot/2.0; +http://www.bing.com/bingbot.htm) Chrome/116.0.1938.76 Safari/537.36"
146.174.165.22 - - [13/Sep/2025:01:37:40 +0200] "GET /2025/09/09/angeschlossen-raging-rhino-casino-spielbank-maklercourtage-angebote-casino-com-teutonia/ HTTP/1.1" 200 64828 "-" "Mozilla/5.0 (Windows; U; Windows NT 5.1; en-US) AppleWebKit/534.13 (KHTML, like Gecko) Chrome/9.0.597.15 Safari/534.13"
47.128.118.203 - - [13/Sep/2025:01:37:45 +0200] "GET /2025/09/12/uttag-och-insttningar-p-utlndska-casinon-591/?path=%2F HTTP/2.0" 200 3223 "-" "Mozilla/5.0 (Linux; Android 5.0) AppleWebKit/537.36 (KHTML, like Gecko) Mobile Safari/537.36 (compatible; Bytespider; spider-feedback@bytedance.com)"
217.113.194.249 - - [13/Sep/2025:01:37:46 +0200] "GET /2025/09/02/as-4-melhores-carabinas-para-jogue-parimatch-pe-rar-speed-baccarat-g-online-para-algum-atual-cata/feed/ HTTP/1.1" 200 64828 "-" "Mozilla/5.0 (compatible; Barkrowler/0.9; +https://babbar.tech/crawler)"
217.113.194.253 - - [13/Sep/2025:01:38:02 +0200] "GET /2025/09/02/bonus-bez-depozytu-2025-dla-polakow-darmowe-kasyno-unces-bonusem-za-rejestracje/ HTTP/1.1" 200 64828 "-" "Mozilla/5.0 (compatible; Barkrowler/0.9; +https://babbar.tech/crawler)"
44.215.210.112 - - [13/Sep/2025:01:38:07 +0200] "GET /2025/08/ HTTP/1.1" 200 64828 "-" "Mozilla/5.0 AppleWebKit/537.36 (KHTML, like Gecko; compatible; Amazonbot/0.1; +https://developer.amazon.com/support/amazonbot) Chrome/119.0.6045.214 Safari/537.36"
47.128.37.125 - - [13/Sep/2025:01:38:09 +0200] "GET /2025/09/11/onlajn-2025-goda-bolshoj-vybor-slotov-i-bonusov-194/?path=%2Fhome%2Fsareqgroup%2Fmail HTTP/2.0" 200 3853 "-" "Mozilla/5.0 (Linux; Android 5.0) AppleWebKit/537.36 (KHTML, like Gecko) Mobile Safari/537.36 (compatible; Bytespider; spider-feedback@bytedance.com)"
23.21.175.228 - - [13/Sep/2025:01:38:11 +0200] "GET /2025/09/11/alles-spitze-ihr-ausergewohnliche-online-slot-qua-einer-walze/ HTTP/1.1" 200 64828 "-" "Mozilla/5.0 AppleWebKit/537.36 (KHTML, like Gecko; compatible; Amazonbot/0.1; +https://developer.amazon.com/support/amazonbot) Chrome/119.0.6045.214 Safari/537.36"
3.94.156.104 - - [13/Sep/2025:01:38:15 +0200] "GET /category/glory-casinos-tr/ HTTP/1.1" 200 64828 "-" "Mozilla/5.0 AppleWebKit/537.36 (KHTML, like Gecko; compatible; Amazonbot/0.1; +https://developer.amazon.com/support/amazonbot) Chrome/119.0.6045.214 Safari/537.36"
