109.252.11.36 - - [15/Sep/2025:16:19:07 +0200] "GET /2025/05/18/how-to-safely-play-at-online-casinos-in-bangladesh-19/ HTTP/1.0" 200 64828 "http://ecommerce.sareqgroup.com/2025/05/18/how-to-safely-play-at-online-casinos-in-bangladesh-19/#comment-648/" "Mozilla/5.0 (Windows NT 6.3; Win64; x64) AppleWebKit/537.36 (KHTML, like Gecko) Chrome/103.0.5060.66 Safari/537.36"
109.252.11.36 - - [15/Sep/2025:16:19:07 +0200] "GET /2025/05/18/how-to-safely-play-at-online-casinos-in-bangladesh-19/?fileloc=/home/sareqgroup/ecommerce.com/post-1753434670.php&path=/home/sareqgroup/ecommerce.com HTTP/1.0" 200 13595 "http://ecommerce.sareqgroup.com/2025/05/18/how-to-safely-play-at-online-casinos-in-bangladesh-19/?fileloc=/home/sareqgroup/ecommerce.com/post-1753434670.php&path=/home/sareqgroup/ecommerce.com" "Mozilla/5.0 (Windows NT 6.3; Win64; x64) AppleWebKit/537.36 (KHTML, like Gecko) Chrome/103.0.5060.66 Safari/537.36"
216.73.216.34 - - [15/Sep/2025:16:19:09 +0200] "GET /2025/09/12/hot-fire-fruits-slot-canhoteiro-review-2024-play-for-free/feed?fileloc=%2F%2Fusr%2Finclude%2Fpcre.h&path=%2F%2Fusr%2Finclude HTTP/1.1" 200 8184 "-" "Mozilla/5.0 AppleWebKit/537.36 (KHTML, like Gecko; compatible; ClaudeBot/1.0; +claudebot@anthropic.com)"
198.244.226.65 - - [15/Sep/2025:16:19:09 +0200] "GET /category/br4bet/ HTTP/1.1" 200 3666 "-" "Mozilla/5.0 (compatible; AhrefsBot/7.0; +http://ahrefs.com/robot/)"
20.171.207.153 - - [15/Sep/2025:16:19:09 +0200] "GET /sitemap-hot-4223854.xml?path=//var/cache/man/fr/cat3 HTTP/1.1" 200 2331 "-" "Mozilla/5.0 AppleWebKit/537.36 (KHTML, like Gecko; compatible; GPTBot/1.2; +https://openai.com/gptbot)"
216.73.216.34 - - [15/Sep/2025:16:19:12 +0200] "GET /2025/09/12/igt-multiple-diamond-four-line-s2000-video-slot-available/feed?path=%2F%2Fsys%2Fmodule%2Fsd_mod HTTP/1.1" 200 2860 "-" "Mozilla/5.0 AppleWebKit/537.36 (KHTML, like Gecko; compatible; ClaudeBot/1.0; +claudebot@anthropic.com)"
20.171.207.153 - - [15/Sep/2025:16:19:12 +0200] "GET /sitemap-hot-4221854.xml?path=//sys/class/cpuid/cpu2 HTTP/1.1" 200 2696 "-" "Mozilla/5.0 AppleWebKit/537.36 (KHTML, like Gecko; compatible; GPTBot/1.2; +https://openai.com/gptbot)"
52.167.144.21 - - [15/Sep/2025:16:19:13 +0200] "GET /2025/04/28/adobe-generative-ai-3/ HTTP/1.1" 200 3666 "-" "Mozilla/5.0 AppleWebKit/537.36 (KHTML, like Gecko; compatible; bingbot/2.0; +http://www.bing.com/bingbot.htm) Chrome/116.0.1938.76 Safari/537.36"
216.73.216.34 - - [15/Sep/2025:16:19:15 +0200] "GET /2025/09/12/most-recent-no-deposit-incentives-united-new-independent-online-casinos-kingdom-2025-greatest-ranked-now-offers?fileloc=%2F%2Fusr%2Fshare%2Fruby%2Frational.rb&path=%2F%2Fusr%2Fshare%2Fruby HTTP/1.1" 200 2376 "-" "Mozilla/5.0 AppleWebKit/537.36 (KHTML, like Gecko; compatible; ClaudeBot/1.0; +claudebot@anthropic.com)"
20.171.207.153 - - [15/Sep/2025:16:19:16 +0200] "GET /sitemap-hot-4233854.xml?path=//var/cache/man/fr/cat5 HTTP/1.1" 200 2331 "-" "Mozilla/5.0 AppleWebKit/537.36 (KHTML, like Gecko; compatible; GPTBot/1.2; +https://openai.com/gptbot)"
216.73.216.34 - - [15/Sep/2025:16:19:18 +0200] "GET /2025/09/12/igt-multiple-diamond-four-line-s2000-video-slot-available/feed?fileloc=%2F%2Flib%2Flibnss_myhostname.so.2&path=%2F%2Flib HTTP/1.1" 200 2252 "-" "Mozilla/5.0 AppleWebKit/537.36 (KHTML, like Gecko; compatible; ClaudeBot/1.0; +claudebot@anthropic.com)"
20.171.207.153 - - [15/Sep/2025:16:19:19 +0200] "GET /sitemap-hot-4227854.xml?path=//var/cache/man/fr/cat5 HTTP/1.1" 200 2331 "-" "Mozilla/5.0 AppleWebKit/537.36 (KHTML, like Gecko; compatible; GPTBot/1.2; +https://openai.com/gptbot)"
216.73.216.34 - - [15/Sep/2025:16:19:21 +0200] "GET /2025/09/12/lil-devil-slot-free-online-slot-game-mega-moolah-mobile-slot-rtp-playing-on-the-internet-no-download/feed?fileloc=%2F%2Flib%2Ffirmware%2Fradeon%2Fhawaii_rlc.bin&path=%2F%2Flib%2Ffirmware%2Fradeon HTTP/1.1" 200 2273 "-" "Mozilla/5.0 AppleWebKit/537.36 (KHTML, like Gecko; compatible; ClaudeBot/1.0; +claudebot@anthropic.com)"
20.171.207.153 - - [15/Sep/2025:16:19:22 +0200] "GET /sitemap-hot-4235854.xml?path=//var/cache/man/fr/cat5 HTTP/1.1" 200 2331 "-" "Mozilla/5.0 AppleWebKit/537.36 (KHTML, like Gecko; compatible; GPTBot/1.2; +https://openai.com/gptbot)"
216.73.216.34 - - [15/Sep/2025:16:19:24 +0200] "GET /2025/09/12/que-aparelhar-roleta-online-como-melhores-cassinos-abicar-brasil/feed?fileloc=%2F%2Fusr%2Finclude%2Fmqueue.h&path=%2F%2Fusr%2Finclude HTTP/1.1" 200 3646 "-" "Mozilla/5.0 AppleWebKit/537.36 (KHTML, like Gecko; compatible; ClaudeBot/1.0; +claudebot@anthropic.com)"
20.171.207.153 - - [15/Sep/2025:16:19:25 +0200] "GET /sitemap-hot-4233854.xml?path=//var/cache/man/fr/cat8 HTTP/1.1" 200 2331 "-" "Mozilla/5.0 AppleWebKit/537.36 (KHTML, like Gecko; compatible; GPTBot/1.2; +https://openai.com/gptbot)"
216.73.216.34 - - [15/Sep/2025:16:19:27 +0200] "GET /2025/09/12/1win-zerkalo-sajta-bukmekerskoj-kontory-1vin-4060?fileloc=%2Fhome%2Fsareqgroup%2Fecommerce.com%2Fwp-includes%2Fblocks%2Fheading%2Fblock.json&path=%2Fhome%2Fsareqgroup%2Fecommerce.com%2Fwp-includes%2Fblocks%2Fheading HTTP/1.1" 200 2603 "-" "Mozilla/5.0 AppleWebKit/537.36 (KHTML, like Gecko; compatible; ClaudeBot/1.0; +claudebot@anthropic.com)"
54.38.147.206 - - [15/Sep/2025:16:19:27 +0200] "GET /category/bookkeeping/ HTTP/1.1" 200 3666 "-" "Mozilla/5.0 (compatible; AhrefsBot/7.0; +http://ahrefs.com/robot/)"
54.144.185.255 - - [15/Sep/2025:16:19:28 +0200] "GET /2025/09/11/spielsaal-freispiele-ohne-einzahlung-im-neunter-monat-des-jahres-2025-%EF%B8%8F-automatenspielex/?fileloc=//scripts/fix_dns_zone_ttls&path=//scripts HTTP/1.1" 200 13669 "-" "Mozilla/5.0 AppleWebKit/537.36 (KHTML, like Gecko; compatible; Amazonbot/0.1; +https://developer.amazon.com/support/amazonbot) Chrome/119.0.6045.214 Safari/537.36"
20.171.207.153 - - [15/Sep/2025:16:19:28 +0200] "GET /sitemap-hot-4235854.xml?path=//var/cache/man/fr/cat3 HTTP/1.1" 200 2331 "-" "Mozilla/5.0 AppleWebKit/537.36 (KHTML, like Gecko; compatible; GPTBot/1.2; +https://openai.com/gptbot)"
216.73.216.34 - - [15/Sep/2025:16:19:30 +0200] "GET /2025/09/12/willkommen-in-slotsmagic-50-free-spins-abzuglich-einzahlung-fur-gold-fish-slot-jedes-baywatch-freie-spins-neukunden/feed?fileloc=%2Fhome%2Fsareqgroup%2Fecommerce.com%2Fwp-includes%2Frevision.php&path=%2Fhome%2Fsareqgroup%2Fecommerce.com%2Fwp-includes HTTP/1.1" 200 8168 "-" "Mozilla/5.0 AppleWebKit/537.36 (KHTML, like Gecko; compatible; ClaudeBot/1.0; +claudebot@anthropic.com)"
20.171.207.153 - - [15/Sep/2025:16:19:31 +0200] "GET /sitemap-hot-4247854.xml?path=//sys/class/cpuid/cpu2 HTTP/1.1" 200 2696 "-" "Mozilla/5.0 AppleWebKit/537.36 (KHTML, like Gecko; compatible; GPTBot/1.2; +https://openai.com/gptbot)"
216.73.216.34 - - [15/Sep/2025:16:19:33 +0200] "GET /2025/09/12/twin-spin-netent-slot-slot-tornado-farm-escape-review?fileloc=%2F%2Flib64%2Flibpcrecpp.so.0.0.0&path=%2F%2Flib64 HTTP/1.1" 200 2253 "-" "Mozilla/5.0 AppleWebKit/537.36 (KHTML, like Gecko; compatible; ClaudeBot/1.0; +claudebot@anthropic.com)"
20.171.207.153 - - [15/Sep/2025:16:19:34 +0200] "GET /sitemap-hot-4251854.xml?path=//var/cache/man/fr/cat8 HTTP/1.1" 200 2331 "-" "Mozilla/5.0 AppleWebKit/537.36 (KHTML, like Gecko; compatible; GPTBot/1.2; +https://openai.com/gptbot)"
216.73.216.34 - - [15/Sep/2025:16:19:36 +0200] "GET /2025/09/12/ultimat-casino-tillagg-inte-med-insattning-inom-sverige-2025-163-erbjudanden?path=%2Fhome%2Fsareqgroup%2Fecommerce.com%2Fwp-includes%2Fjs%2Fthickbox HTTP/1.1" 200 2773 "-" "Mozilla/5.0 AppleWebKit/537.36 (KHTML, like Gecko; compatible; ClaudeBot/1.0; +claudebot@anthropic.com)"
20.171.207.153 - - [15/Sep/2025:16:19:37 +0200] "GET /sitemap-hot-4229854.xml?path=//var/cache/man/fr/cat8 HTTP/1.1" 200 2331 "-" "Mozilla/5.0 AppleWebKit/537.36 (KHTML, like Gecko; compatible; GPTBot/1.2; +https://openai.com/gptbot)"
216.73.216.34 - - [15/Sep/2025:16:19:39 +0200] "GET /2025/09/12/finest-20-casinos-on-the-internet-inside-the-usa-greatest-gambling-enterprise-web-sites-to-possess-2025?fileloc=%2F%2Fusr%2Flib64%2Flibc.so.6&path=%2F%2Fusr%2Flib64 HTTP/1.1" 200 2256 "-" "Mozilla/5.0 AppleWebKit/537.36 (KHTML, like Gecko; compatible; ClaudeBot/1.0; +claudebot@anthropic.com)"
18.213.70.100 - - [15/Sep/2025:16:19:40 +0200] "GET /2025/09/11/magic-stone-bally-wulff-fur-nusse-auffuhren-kundgebung-cats-online-slot-slot/?path=//lib64/libboost-plesk-1.65 HTTP/1.1" 200 23759 "-" "Mozilla/5.0 AppleWebKit/537.36 (KHTML, like Gecko; compatible; Amazonbot/0.1; +https://developer.amazon.com/support/amazonbot) Chrome/119.0.6045.214 Safari/537.36"
20.171.207.153 - - [15/Sep/2025:16:19:40 +0200] "GET /sitemap-hot-4245854.xml?path=//var/cache/man/fr/cat1 HTTP/1.1" 200 2331 "-" "Mozilla/5.0 AppleWebKit/537.36 (KHTML, like Gecko; compatible; GPTBot/1.2; +https://openai.com/gptbot)"
216.73.216.34 - - [15/Sep/2025:16:19:42 +0200] "GET /2025/09/12/hot-fire-fruits-slot-canhoteiro-review-2024-play-for-free/feed?fileloc=%2F%2Fusr%2Finclude%2Fstdint.h&path=%2F%2Fusr%2Finclude HTTP/1.1" 200 3999 "-" "Mozilla/5.0 AppleWebKit/537.36 (KHTML, like Gecko; compatible; ClaudeBot/1.0; +claudebot@anthropic.com)"
20.171.207.153 - - [15/Sep/2025:16:19:44 +0200] "GET /sitemap-hot-4223854.xml?path=//sys/class/cpuid/cpu2 HTTP/1.1" 200 2696 "-" "Mozilla/5.0 AppleWebKit/537.36 (KHTML, like Gecko; compatible; GPTBot/1.2; +https://openai.com/gptbot)"
216.73.216.34 - - [15/Sep/2025:16:19:45 +0200] "GET /2025/09/12/rodadas-acessivel-sem-deposito-melhores-cassinos-acercade-2025/feed?path=%2F%2Fusr%2Flib%2Ffirewalld HTTP/1.1" 200 2658 "-" "Mozilla/5.0 AppleWebKit/537.36 (KHTML, like Gecko; compatible; ClaudeBot/1.0; +claudebot@anthropic.com)"
20.171.207.153 - - [15/Sep/2025:16:19:47 +0200] "GET /sitemap-hot-4221854.xml?path=//var/cache/man/fr/cat1 HTTP/1.1" 200 2331 "-" "Mozilla/5.0 AppleWebKit/537.36 (KHTML, like Gecko; compatible; GPTBot/1.2; +https://openai.com/gptbot)"
216.73.216.34 - - [15/Sep/2025:16:19:48 +0200] "GET /2025/09/12/finest-20-casinos-on-the-internet-inside-the-usa-greatest-gambling-enterprise-web-sites-to-possess-2025?fileloc=%2F%2Fusr%2Flib64%2Flibvpx.so.1.3.0&path=%2F%2Fusr%2Flib64 HTTP/1.1" 200 2258 "-" "Mozilla/5.0 AppleWebKit/537.36 (KHTML, like Gecko; compatible; ClaudeBot/1.0; +claudebot@anthropic.com)"
54.235.125.129 - - [15/Sep/2025:16:19:48 +0200] "GET /2025/09/11/spielsaal-freispiele-ohne-einzahlung-im-neunter-monat-des-jahres-2025-%EF%B8%8F-automatenspielex/?path=//scripts/php_sandbox HTTP/1.1" 200 14174 "-" "Mozilla/5.0 AppleWebKit/537.36 (KHTML, like Gecko; compatible; Amazonbot/0.1; +https://developer.amazon.com/support/amazonbot) Chrome/119.0.6045.214 Safari/537.36"
198.244.226.220 - - [15/Sep/2025:16:19:48 +0200] "GET /category/bonus-code-1win-961/ HTTP/1.1" 200 3666 "-" "Mozilla/5.0 (compatible; AhrefsBot/7.0; +http://ahrefs.com/robot/)"
20.171.207.153 - - [15/Sep/2025:16:19:50 +0200] "GET /sitemap-hot-4229854.xml?path=//var/cache/man/fr/cat5 HTTP/1.1" 200 2331 "-" "Mozilla/5.0 AppleWebKit/537.36 (KHTML, like Gecko; compatible; GPTBot/1.2; +https://openai.com/gptbot)"
216.73.216.34 - - [15/Sep/2025:16:19:51 +0200] "GET /category/kosi-restaurant-de1?fileloc=%2F%2Flib64%2Fsecurity%2Fpam_debug.so&path=%2F%2Flib64%2Fsecurity HTTP/1.1" 200 2257 "-" "Mozilla/5.0 AppleWebKit/537.36 (KHTML, like Gecko; compatible; ClaudeBot/1.0; +claudebot@anthropic.com)"
20.171.207.153 - - [15/Sep/2025:16:19:53 +0200] "GET /sitemap-hot-4243854.xml?path=//var/cache/man/fr/cat5 HTTP/1.1" 200 2331 "-" "Mozilla/5.0 AppleWebKit/537.36 (KHTML, like Gecko; compatible; GPTBot/1.2; +https://openai.com/gptbot)"
216.73.216.34 - - [15/Sep/2025:16:19:54 +0200] "GET /2025/09/12/hot-fire-fruits-slot-canhoteiro-review-2024-play-for-free/feed?fileloc=%2F%2Fusr%2Finclude%2Flastlog.h&path=%2F%2Fusr%2Finclude HTTP/1.1" 200 2329 "-" "Mozilla/5.0 AppleWebKit/537.36 (KHTML, like Gecko; compatible; ClaudeBot/1.0; +claudebot@anthropic.com)"
20.171.207.153 - - [15/Sep/2025:16:19:56 +0200] "GET /sitemap-hot-4235854.xml?path=//var/cache/man/fr/cat8 HTTP/1.1" 200 2331 "-" "Mozilla/5.0 AppleWebKit/537.36 (KHTML, like Gecko; compatible; GPTBot/1.2; +https://openai.com/gptbot)"
216.73.216.34 - - [15/Sep/2025:16:19:57 +0200] "GET /2025/09/12/the-newest-no-deposit-bonus-codes-to-have-uk-casinos-in-the-2025/feed?fileloc=%2F%2Flib64%2Fxtables%2Flibxt_statistic.so&path=%2F%2Flib64%2Fxtables HTTP/1.1" 200 2259 "-" "Mozilla/5.0 AppleWebKit/537.36 (KHTML, like Gecko; compatible; ClaudeBot/1.0; +claudebot@anthropic.com)"
20.171.207.153 - - [15/Sep/2025:16:19:59 +0200] "GET /sitemap-hot-4241854.xml?path=//var/cache/man/fr/cat5 HTTP/1.1" 200 2331 "-" "Mozilla/5.0 AppleWebKit/537.36 (KHTML, like Gecko; compatible; GPTBot/1.2; +https://openai.com/gptbot)"
216.73.216.34 - - [15/Sep/2025:16:20:00 +0200] "GET /2025/09/12/bananas-go-bahamas-gebuhrenfrei-tasty-win-mobile-slot-ohne-registration-auf-anhieb-highway-kings-pro-slot-casino-sites-gerieren/feed?fileloc=%2Fhome%2Fsareqgroup%2Fecommerce.com%2Fwp-includes%2Fclass-wp-recovery-mode.php&path=%2Fhome%2Fsareqgroup%2Fecommerce.com%2Fwp-includes HTTP/1.1" 200 5305 "-" "Mozilla/5.0 AppleWebKit/537.36 (KHTML, like Gecko; compatible; ClaudeBot/1.0; +claudebot@anthropic.com)"
20.171.207.153 - - [15/Sep/2025:16:20:02 +0200] "GET /sitemap-hot-4249854.xml?path=//sys/class/cpuid/cpu2 HTTP/1.1" 200 2696 "-" "Mozilla/5.0 AppleWebKit/537.36 (KHTML, like Gecko; compatible; GPTBot/1.2; +https://openai.com/gptbot)"
216.73.216.34 - - [15/Sep/2025:16:20:03 +0200] "GET /2025/09/12/finest-20-casinos-on-the-internet-inside-the-usa-greatest-gambling-enterprise-web-sites-to-possess-2025?path=%2F%2Fusr%2Flocal%2Fapache.ea3%2Fhtdocs HTTP/1.1" 200 3087 "-" "Mozilla/5.0 AppleWebKit/537.36 (KHTML, like Gecko; compatible; ClaudeBot/1.0; +claudebot@anthropic.com)"
20.171.207.153 - - [15/Sep/2025:16:20:05 +0200] "GET /sitemap-hot-4223854.xml?path=//var/cache/man/fr/cat5 HTTP/1.1" 200 2331 "-" "Mozilla/5.0 AppleWebKit/537.36 (KHTML, like Gecko; compatible; GPTBot/1.2; +https://openai.com/gptbot)"
216.73.216.34 - - [15/Sep/2025:16:20:06 +0200] "GET /2025/09/12/most-recent-no-deposit-incentives-united-new-independent-online-casinos-kingdom-2025-greatest-ranked-now-offers?fileloc=%2F%2Fusr%2Fshare%2Fghostscript%2Flib%2Fwinmaps.ps&path=%2F%2Fusr%2Fshare%2Fghostscript%2Flib HTTP/1.1" 200 3743 "-" "Mozilla/5.0 AppleWebKit/537.36 (KHTML, like Gecko; compatible; ClaudeBot/1.0; +claudebot@anthropic.com)"
20.171.207.153 - - [15/Sep/2025:16:20:08 +0200] "GET /sitemap-hot-4225854.xml?path=//var/cache/man/fr/cat3 HTTP/1.1" 200 2331 "-" "Mozilla/5.0 AppleWebKit/537.36 (KHTML, like Gecko; compatible; GPTBot/1.2; +https://openai.com/gptbot)"
216.73.216.34 - - [15/Sep/2025:16:20:09 +0200] "GET /2025/09/12/que-aparelhar-roleta-online-como-melhores-cassinos-abicar-brasil/feed?fileloc=%2F%2Fusr%2Finclude%2Fstrings.h&path=%2F%2Fusr%2Finclude HTTP/1.1" 200 3753 "-" "Mozilla/5.0 AppleWebKit/537.36 (KHTML, like Gecko; compatible; ClaudeBot/1.0; +claudebot@anthropic.com)"
20.171.207.153 - - [15/Sep/2025:16:20:12 +0200] "GET /sitemap-hot-4243854.xml?path=//var/cache/man/fr/cat8 HTTP/1.1" 200 2331 "-" "Mozilla/5.0 AppleWebKit/537.36 (KHTML, like Gecko; compatible; GPTBot/1.2; +https://openai.com/gptbot)"
216.73.216.34 - - [15/Sep/2025:16:20:12 +0200] "GET /2025/09/12/gamble-dj-nuts-gambling-establishment-game-free-spins-on-stinkin-rich-savibet-online-slots-local-casino-real-money-demonstration?fileloc=%2F%2Flib64%2Fpython2.7%2Fnntplib.pyo&path=%2F%2Flib64%2Fpython2.7 HTTP/1.1" 200 2263 "-" "Mozilla/5.0 AppleWebKit/537.36 (KHTML, like Gecko; compatible; ClaudeBot/1.0; +claudebot@anthropic.com)"
100.29.107.38 - - [15/Sep/2025:16:20:12 +0200] "GET /category/bookkeeping/?path=//var/gopher HTTP/1.1" 200 12698 "-" "Mozilla/5.0 AppleWebKit/537.36 (KHTML, like Gecko; compatible; Amazonbot/0.1; +https://developer.amazon.com/support/amazonbot) Chrome/119.0.6045.214 Safari/537.36"
54.38.147.74 - - [15/Sep/2025:16:20:12 +0200] "GET /category/bongobongo-bet-casino-860/ HTTP/1.1" 200 3666 "-" "Mozilla/5.0 (compatible; AhrefsBot/7.0; +http://ahrefs.com/robot/)"
216.73.216.34 - - [15/Sep/2025:16:20:15 +0200] "GET /2025/09/12/finest-20-casinos-on-the-internet-inside-the-usa-greatest-gambling-enterprise-web-sites-to-possess-2025?fileloc=%2F%2Fusr%2Flib64%2Flibdrm.so.2.4.0&path=%2F%2Fusr%2Flib64 HTTP/1.1" 200 2259 "-" "Mozilla/5.0 AppleWebKit/537.36 (KHTML, like Gecko; compatible; ClaudeBot/1.0; +claudebot@anthropic.com)"
20.171.207.153 - - [15/Sep/2025:16:20:15 +0200] "GET /sitemap-hot-4233854.xml?path=//var/cache/man/pl/cat8 HTTP/1.1" 200 2328 "-" "Mozilla/5.0 AppleWebKit/537.36 (KHTML, like Gecko; compatible; GPTBot/1.2; +https://openai.com/gptbot)"
34.227.156.153 - - [15/Sep/2025:16:20:16 +0200] "GET /2023/05/10/net-working-capital-formula-example-calculation/?fileloc=//bin/gr2fonttest&path=//bin HTTP/1.1" 200 12246 "-" "Mozilla/5.0 AppleWebKit/537.36 (KHTML, like Gecko; compatible; Amazonbot/0.1; +https://developer.amazon.com/support/amazonbot) Chrome/119.0.6045.214 Safari/537.36"
216.73.216.34 - - [15/Sep/2025:16:20:18 +0200] "GET /2025/09/12/finest-20-casinos-on-the-internet-inside-the-usa-greatest-gambling-enterprise-web-sites-to-possess-2025?fileloc=%2F%2Fusr%2Flib64%2FlibXext.so.6&path=%2F%2Fusr%2Flib64 HTTP/1.1" 200 2257 "-" "Mozilla/5.0 AppleWebKit/537.36 (KHTML, like Gecko; compatible; ClaudeBot/1.0; +claudebot@anthropic.com)"
20.171.207.153 - - [15/Sep/2025:16:20:18 +0200] "GET /sitemap.xml?path=//lib64/perl5/vendor_perl/auto/Compress HTTP/1.1" 200 2581 "-" "Mozilla/5.0 AppleWebKit/537.36 (KHTML, like Gecko; compatible; GPTBot/1.2; +https://openai.com/gptbot)"
216.73.216.34 - - [15/Sep/2025:16:20:21 +0200] "GET /2025/09/12/finest-20-casinos-on-the-internet-inside-the-usa-greatest-gambling-enterprise-web-sites-to-possess-2025?fileloc=%2F%2Fusr%2Flib64%2Flibm-2.17.so&path=%2F%2Fusr%2Flib64 HTTP/1.1" 200 2258 "-" "Mozilla/5.0 AppleWebKit/537.36 (KHTML, like Gecko; compatible; ClaudeBot/1.0; +claudebot@anthropic.com)"
20.171.207.153 - - [15/Sep/2025:16:20:21 +0200] "GET /sitemap-hot-4223854.xml?path=//var/cache/man/nl/cat8 HTTP/1.1" 200 2328 "-" "Mozilla/5.0 AppleWebKit/537.36 (KHTML, like Gecko; compatible; GPTBot/1.2; +https://openai.com/gptbot)"
216.73.216.34 - - [15/Sep/2025:16:20:24 +0200] "GET /2025/09/12/b7-casino-nl-bonus-450-en-250-gratis-spins-619-2?fileloc=%2F%2Flib64%2Fpython2.7%2Fcopy_reg.pyo&path=%2F%2Flib64%2Fpython2.7 HTTP/1.1" 200 2262 "-" "Mozilla/5.0 AppleWebKit/537.36 (KHTML, like Gecko; compatible; ClaudeBot/1.0; +claudebot@anthropic.com)"
20.171.207.153 - - [15/Sep/2025:16:20:25 +0200] "GET /sitemap-hot-4223854.xml?path=//var/cache/man/pl/cat8 HTTP/1.1" 200 2328 "-" "Mozilla/5.0 AppleWebKit/537.36 (KHTML, like Gecko; compatible; GPTBot/1.2; +https://openai.com/gptbot)"
20.171.207.153 - - [15/Sep/2025:16:20:28 +0200] "GET /sitemap-hot-4223854.xml?path=//var/cache/man/sv/cat8 HTTP/1.1" 200 2331 "-" "Mozilla/5.0 AppleWebKit/537.36 (KHTML, like Gecko; compatible; GPTBot/1.2; +https://openai.com/gptbot)"
20.171.207.153 - - [15/Sep/2025:16:20:31 +0200] "GET /sitemap-hot-4233854.xml?path=//var/cache/man/ja/cat5 HTTP/1.1" 200 2331 "-" "Mozilla/5.0 AppleWebKit/537.36 (KHTML, like Gecko; compatible; GPTBot/1.2; +https://openai.com/gptbot)"
52.200.54.136 - - [15/Sep/2025:16:20:32 +0200] "GET /2025/09/11/spielsaal-freispiele-ohne-einzahlung-im-neunter-monat-des-jahres-2025-%EF%B8%8F-automatenspielex/?fileloc=//bin/pdf2dsc&path=//bin HTTP/1.1" 200 13049 "-" "Mozilla/5.0 AppleWebKit/537.36 (KHTML, like Gecko; compatible; Amazonbot/0.1; +https://developer.amazon.com/support/amazonbot) Chrome/119.0.6045.214 Safari/537.36"
20.171.207.153 - - [15/Sep/2025:16:20:34 +0200] "GET /sitemap-hot-4249854.xml?path=//var/cache/man/it/cat3 HTTP/1.1" 200 2330 "-" "Mozilla/5.0 AppleWebKit/537.36 (KHTML, like Gecko; compatible; GPTBot/1.2; +https://openai.com/gptbot)"
3.213.213.161 - - [15/Sep/2025:16:20:36 +0200] "GET /2025/09/11/every-jump-counts-in-the-thrilling-challenge-of-2/?path=//opt/app-version-detector HTTP/1.1" 200 15820 "-" "Mozilla/5.0 AppleWebKit/537.36 (KHTML, like Gecko; compatible; Amazonbot/0.1; +https://developer.amazon.com/support/amazonbot) Chrome/119.0.6045.214 Safari/537.36"
20.171.207.153 - - [15/Sep/2025:16:20:37 +0200] "GET /sitemap-hot-4225854.xml?path=//var/cache/man/pl/cat3 HTTP/1.1" 200 2328 "-" "Mozilla/5.0 AppleWebKit/537.36 (KHTML, like Gecko; compatible; GPTBot/1.2; +https://openai.com/gptbot)"
51.195.183.113 - - [15/Sep/2025:16:20:40 +0200] "GET /category/blog-4/ HTTP/1.1" 200 3666 "-" "Mozilla/5.0 (compatible; AhrefsBot/7.0; +http://ahrefs.com/robot/)"
20.171.207.153 - - [15/Sep/2025:16:20:40 +0200] "GET /sitemap-hot-4245854.xml?path=//var/cache/man/ja/cat1 HTTP/1.1" 200 2331 "-" "Mozilla/5.0 AppleWebKit/537.36 (KHTML, like Gecko; compatible; GPTBot/1.2; +https://openai.com/gptbot)"
20.171.207.153 - - [15/Sep/2025:16:20:44 +0200] "GET /sitemap-hot-4235854.xml?path=//var/cache/man/hu/cat4 HTTP/1.1" 200 2331 "-" "Mozilla/5.0 AppleWebKit/537.36 (KHTML, like Gecko; compatible; GPTBot/1.2; +https://openai.com/gptbot)"
93.177.119.99 - - [15/Sep/2025:16:20:46 +0200] "GET /2025/09/02/les-secrets-des-probabilites-au-casinoclic-comment-jouer-avec-intelligence/ HTTP/1.1" 200 3666 "-" "Mozilla/5.0 (Macintosh; Intel Mac OS X 12_5) AppleWebKit/537.36 (KHTML, like Gecko) Chrome/114.0.0.0 Safari/537.36 Vivaldi/5.3.2679.68"
216.73.216.34 - - [15/Sep/2025:16:20:47 +0200] "GET /2025/09/12/lil-devil-slot-free-online-slot-game-mega-moolah-mobile-slot-rtp-playing-on-the-internet-no-download/feed?fileloc=%2F%2Flib%2Fsystemd%2Fsystem%2Fbrandbot.service&path=%2F%2Flib%2Fsystemd%2Fsystem HTTP/1.1" 200 2334 "-" "Mozilla/5.0 AppleWebKit/537.36 (KHTML, like Gecko; compatible; ClaudeBot/1.0; +claudebot@anthropic.com)"
20.171.207.153 - - [15/Sep/2025:16:20:47 +0200] "GET /sitemap-hot-4221854.xml?path=//var/cache/man/pl/cat1 HTTP/1.1" 200 2328 "-" "Mozilla/5.0 AppleWebKit/537.36 (KHTML, like Gecko; compatible; GPTBot/1.2; +https://openai.com/gptbot)"
216.73.216.34 - - [15/Sep/2025:16:20:49 +0200] "GET /2025/09/12/super-deuces-wild-the-brand-new-adventure-from-casino-slot-sugar-parade-rtp-a-refreshed-classic/feed?fileloc=%2F%2Flib%2Ffirmware%2Famdgpu%2Fpolaris12_mec2.bin&path=%2F%2Flib%2Ffirmware%2Famdgpu HTTP/1.1" 200 2277 "-" "Mozilla/5.0 AppleWebKit/537.36 (KHTML, like Gecko; compatible; ClaudeBot/1.0; +claudebot@anthropic.com)"
20.171.207.153 - - [15/Sep/2025:16:20:50 +0200] "GET /sitemap-hot-4251854.xml?path=//var/cache/man/it/cat3 HTTP/1.1" 200 2330 "-" "Mozilla/5.0 AppleWebKit/537.36 (KHTML, like Gecko; compatible; GPTBot/1.2; +https://openai.com/gptbot)"
216.73.216.34 - - [15/Sep/2025:16:20:52 +0200] "GET /2025/09/12/lil-devil-slot-free-online-slot-game-mega-moolah-mobile-slot-rtp-playing-on-the-internet-no-download/feed?fileloc=%2F%2Flib%2Fsystemd%2Fsystem%2Fxinetd.service&path=%2F%2Flib%2Fsystemd%2Fsystem HTTP/1.1" 200 2493 "-" "Mozilla/5.0 AppleWebKit/537.36 (KHTML, like Gecko; compatible; ClaudeBot/1.0; +claudebot@anthropic.com)"
20.171.207.153 - - [15/Sep/2025:16:20:53 +0200] "GET /sitemap-hot-4233854.xml?path=//var/cache/man/sv/cat3 HTTP/1.1" 200 2331 "-" "Mozilla/5.0 AppleWebKit/537.36 (KHTML, like Gecko; compatible; GPTBot/1.2; +https://openai.com/gptbot)"
216.73.216.34 - - [15/Sep/2025:16:20:55 +0200] "GET /2025/09/12/lil-devil-slot-free-online-slot-game-mega-moolah-mobile-slot-rtp-playing-on-the-internet-no-download/feed?path=%2F%2Fopt%2Flibmcrypt HTTP/1.1" 200 2666 "-" "Mozilla/5.0 AppleWebKit/537.36 (KHTML, like Gecko; compatible; ClaudeBot/1.0; +claudebot@anthropic.com)"
20.171.207.153 - - [15/Sep/2025:16:20:56 +0200] "GET /sitemap-hot-4221854.xml?path=//var/cache/man/hu/cat4 HTTP/1.1" 200 2331 "-" "Mozilla/5.0 AppleWebKit/537.36 (KHTML, like Gecko; compatible; GPTBot/1.2; +https://openai.com/gptbot)"
51.195.183.84 - - [15/Sep/2025:16:20:57 +0200] "GET /category/big-casino-239/ HTTP/1.1" 200 3666 "-" "Mozilla/5.0 (compatible; AhrefsBot/7.0; +http://ahrefs.com/robot/)"
216.73.216.34 - - [15/Sep/2025:16:20:58 +0200] "GET /2025/09/12/review-dos-melhores-cassinos-online-esfogiteado-brasil-acimade-2025/feed?fileloc=%2F%2Fusr%2Flib64%2FlibSegFault.so&path=%2F%2Fusr%2Flib64 HTTP/1.1" 200 2260 "-" "Mozilla/5.0 AppleWebKit/537.36 (KHTML, like Gecko; compatible; ClaudeBot/1.0; +claudebot@anthropic.com)"
20.171.207.153 - - [15/Sep/2025:16:21:00 +0200] "GET /sitemap-hot-4235854.xml?path=//var/cache/man/nl/cat8 HTTP/1.1" 200 2328 "-" "Mozilla/5.0 AppleWebKit/537.36 (KHTML, like Gecko; compatible; GPTBot/1.2; +https://openai.com/gptbot)"
54.221.203.24 - - [15/Sep/2025:16:21:00 +0200] "GET /2025/09/11/spielsaal-freispiele-ohne-einzahlung-im-neunter-monat-des-jahres-2025-%EF%B8%8F-automatenspielex/?fileloc=//sbin/smartctl&path=//sbin HTTP/1.1" 200 12246 "-" "Mozilla/5.0 AppleWebKit/537.36 (KHTML, like Gecko; compatible; Amazonbot/0.1; +https://developer.amazon.com/support/amazonbot) Chrome/119.0.6045.214 Safari/537.36"
216.73.216.34 - - [15/Sep/2025:16:21:01 +0200] "GET /2025/09/12/finest-20-casinos-on-the-internet-inside-the-usa-greatest-gambling-enterprise-web-sites-to-possess-2025?fileloc=%2F%2Fusr%2Flib64%2Flibtasn1.so.6.5.3&path=%2F%2Fusr%2Flib64 HTTP/1.1" 200 2261 "-" "Mozilla/5.0 AppleWebKit/537.36 (KHTML, like Gecko; compatible; ClaudeBot/1.0; +claudebot@anthropic.com)"
20.171.207.153 - - [15/Sep/2025:16:21:03 +0200] "GET /sitemap-hot-4221854.xml?path=//var/cache/man/nl/cat5 HTTP/1.1" 200 2328 "-" "Mozilla/5.0 AppleWebKit/537.36 (KHTML, like Gecko; compatible; GPTBot/1.2; +https://openai.com/gptbot)"
18.213.102.186 - - [15/Sep/2025:16:21:04 +0200] "GET /2021/04/06/bookkeeping-services-in-new-york-for-small/?path=//etc/imunify-agent-proxy HTTP/1.1" 200 12724 "-" "Mozilla/5.0 AppleWebKit/537.36 (KHTML, like Gecko; compatible; Amazonbot/0.1; +https://developer.amazon.com/support/amazonbot) Chrome/119.0.6045.214 Safari/537.36"
216.73.216.34 - - [15/Sep/2025:16:21:04 +0200] "GET /2025/09/12/egypt-sky-banana-totem-towers-slot-splash-slot-je-bares-slot-review-2025-free-play-demo/feed?fileloc=%2Fhome%2Fsareqgroup%2Fecommerce.com%2Fwp-includes%2Fimages%2Fcrystal%2F.htaccess&path=%2Fhome%2Fsareqgroup%2Fecommerce.com%2Fwp-includes%2Fimages%2Fcrystal HTTP/1.1" 200 2385 "-" "Mozilla/5.0 AppleWebKit/537.36 (KHTML, like Gecko; compatible; ClaudeBot/1.0; +claudebot@anthropic.com)"
20.171.207.153 - - [15/Sep/2025:16:21:06 +0200] "GET /sitemap-hot-4247854.xml?path=//var/cache/man/it/cat1 HTTP/1.1" 200 2330 "-" "Mozilla/5.0 AppleWebKit/537.36 (KHTML, like Gecko; compatible; GPTBot/1.2; +https://openai.com/gptbot)"
216.73.216.34 - - [15/Sep/2025:16:21:07 +0200] "GET /2025/09/12/rodadas-acessivel-sem-deposito-melhores-cassinos-acercade-2025/feed?path=%2Fhome%2Fsareqgroup%2Fetc HTTP/1.1" 200 2808 "-" "Mozilla/5.0 AppleWebKit/537.36 (KHTML, like Gecko; compatible; ClaudeBot/1.0; +claudebot@anthropic.com)"
44.205.74.196 - - [15/Sep/2025:16:21:08 +0200] "GET /2025/09/11/top-ten-on-the-web-roulette-web-sites-for-real-money-in-2025/?path=//lib/kbd HTTP/1.1" 200 17964 "-" "Mozilla/5.0 AppleWebKit/537.36 (KHTML, like Gecko; compatible; Amazonbot/0.1; +https://developer.amazon.com/support/amazonbot) Chrome/119.0.6045.214 Safari/537.36"
20.171.207.153 - - [15/Sep/2025:16:21:09 +0200] "GET /sitemap-hot-4243854.xml?path=//var/cache/man/ja/cat8 HTTP/1.1" 200 2331 "-" "Mozilla/5.0 AppleWebKit/537.36 (KHTML, like Gecko; compatible; GPTBot/1.2; +https://openai.com/gptbot)"
216.73.216.34 - - [15/Sep/2025:16:21:10 +0200] "GET /category/kosi-restaurant-de1?fileloc=%2F%2Flib64%2Flibgobject-2.0.so.0&path=%2F%2Flib64 HTTP/1.1" 200 2250 "-" "Mozilla/5.0 AppleWebKit/537.36 (KHTML, like Gecko; compatible; ClaudeBot/1.0; +claudebot@anthropic.com)"
3.219.80.71 - - [15/Sep/2025:16:21:12 +0200] "GET /2025/09/11/aktuelle-cat-jewels-kostenlose-80-spins-spielbank-boni-exklusive-einzahlung-treasure-island-mobiler-slot-inoffizieller-mitarbeiter-jahr-2025-advent-zadar/?path=//dev/vfio HTTP/1.1" 200 12694 "-" "Mozilla/5.0 AppleWebKit/537.36 (KHTML, like Gecko; compatible; Amazonbot/0.1; +https://developer.amazon.com/support/amazonbot) Chrome/119.0.6045.214 Safari/537.36"
20.171.207.153 - - [15/Sep/2025:16:21:12 +0200] "GET /sitemap-hot-4249854.xml?path=//var/cache/man/sv/cat5 HTTP/1.1" 200 2331 "-" "Mozilla/5.0 AppleWebKit/537.36 (KHTML, like Gecko; compatible; GPTBot/1.2; +https://openai.com/gptbot)"
216.73.216.34 - - [15/Sep/2025:16:21:13 +0200] "GET /2025/09/12/lil-devil-slot-free-online-slot-game-mega-moolah-mobile-slot-rtp-playing-on-the-internet-no-download/feed?fileloc=%2F%2Flib%2Fsystemd%2Fsystem%2Fsigpwr.target&path=%2F%2Flib%2Fsystemd%2Fsystem HTTP/1.1" 200 2453 "-" "Mozilla/5.0 AppleWebKit/537.36 (KHTML, like Gecko; compatible; ClaudeBot/1.0; +claudebot@anthropic.com)"
51.195.244.8 - - [15/Sep/2025:16:21:14 +0200] "GET /category/bez-rubriki/ HTTP/1.1" 200 3666 "-" "Mozilla/5.0 (compatible; AhrefsBot/7.0; +http://ahrefs.com/robot/)"
20.171.207.153 - - [15/Sep/2025:16:21:15 +0200] "GET /sitemap-hot-4233854.xml?path=//var/cache/man/sv/cat8 HTTP/1.1" 200 2331 "-" "Mozilla/5.0 AppleWebKit/537.36 (KHTML, like Gecko; compatible; GPTBot/1.2; +https://openai.com/gptbot)"
216.73.216.34 - - [15/Sep/2025:16:21:16 +0200] "GET /2025/09/12/real-user-reviews-away-from-amorbingo-gambling-enterprise/feed?fileloc=%2F%2Flib%2Ffirmware%2Fql2400_fw.bin&path=%2F%2Flib%2Ffirmware HTTP/1.1" 200 2263 "-" "Mozilla/5.0 AppleWebKit/537.36 (KHTML, like Gecko; compatible; ClaudeBot/1.0; +claudebot@anthropic.com)"
20.171.207.153 - - [15/Sep/2025:16:21:18 +0200] "GET /sitemap-hot-4251854.xml?path=//var/cache/man/sv/cat5 HTTP/1.1" 200 2331 "-" "Mozilla/5.0 AppleWebKit/537.36 (KHTML, like Gecko; compatible; GPTBot/1.2; +https://openai.com/gptbot)"
216.73.216.34 - - [15/Sep/2025:16:21:19 +0200] "GET /2025/09/12/el-herdade-mas-animado-para-classificar-esteroides-anabolicos-en-linea/feed?fileloc=%2F%2Flib64%2Flibpangocairo-1.0.so.0.4200.3&path=%2F%2Flib64 HTTP/1.1" 200 2257 "-" "Mozilla/5.0 AppleWebKit/537.36 (KHTML, like Gecko; compatible; ClaudeBot/1.0; +claudebot@anthropic.com)"
20.171.207.153 - - [15/Sep/2025:16:21:21 +0200] "GET /sitemap-hot-4223854.xml?path=//var/cache/man/sv/cat5 HTTP/1.1" 200 2331 "-" "Mozilla/5.0 AppleWebKit/537.36 (KHTML, like Gecko; compatible; GPTBot/1.2; +https://openai.com/gptbot)"
216.73.216.34 - - [15/Sep/2025:16:21:22 +0200] "GET /2025/09/12/gamble-big-bad-wolf-hack-150-free-spins-diamond-kittens-bitcoin-slot-for-free/feed?path=%2Fhome%2Fsareqgroup%2Fssl%2Fassets HTTP/1.1" 200 2553 "-" "Mozilla/5.0 AppleWebKit/537.36 (KHTML, like Gecko; compatible; ClaudeBot/1.0; +claudebot@anthropic.com)"
20.171.207.153 - - [15/Sep/2025:16:21:24 +0200] "GET /sitemap-hot-4235854.xml?path=//var/cache/man/ja/cat8 HTTP/1.1" 200 2331 "-" "Mozilla/5.0 AppleWebKit/537.36 (KHTML, like Gecko; compatible; GPTBot/1.2; +https://openai.com/gptbot)"
216.73.216.34 - - [15/Sep/2025:16:21:25 +0200] "GET /2025/09/12/real-user-reviews-away-from-amorbingo-gambling-enterprise/feed?fileloc=%2F%2Flib64%2Flibc-client.so.2007&path=%2F%2Flib64 HTTP/1.1" 200 2249 "-" "Mozilla/5.0 AppleWebKit/537.36 (KHTML, like Gecko; compatible; ClaudeBot/1.0; +claudebot@anthropic.com)"
20.171.207.153 - - [15/Sep/2025:16:21:28 +0200] "GET /sitemap-hot-4249854.xml?path=//var/cache/man/nl/cat5 HTTP/1.1" 200 2328 "-" "Mozilla/5.0 AppleWebKit/537.36 (KHTML, like Gecko; compatible; GPTBot/1.2; +https://openai.com/gptbot)"
216.73.216.34 - - [15/Sep/2025:16:21:28 +0200] "GET /2025/09/12/lil-devil-slot-free-online-slot-game-mega-moolah-mobile-slot-rtp-playing-on-the-internet-no-download/feed?fileloc=%2F%2Flib%2Flibnss_db-2.17.so&path=%2F%2Flib HTTP/1.1" 200 2249 "-" "Mozilla/5.0 AppleWebKit/537.36 (KHTML, like Gecko; compatible; ClaudeBot/1.0; +claudebot@anthropic.com)"
20.171.207.153 - - [15/Sep/2025:16:21:31 +0200] "GET /sitemap-hot-4241854.xml?path=//var/cache/man/ja/cat8 HTTP/1.1" 200 2331 "-" "Mozilla/5.0 AppleWebKit/537.36 (KHTML, like Gecko; compatible; GPTBot/1.2; +https://openai.com/gptbot)"
216.73.216.34 - - [15/Sep/2025:16:21:31 +0200] "GET /2025/09/12/lil-devil-slot-free-online-slot-game-mega-moolah-mobile-slot-rtp-playing-on-the-internet-no-download/feed?fileloc=%2F%2Flib%2Fsystemd%2Fsystem%2Fcloud-config.target&path=%2F%2Flib%2Fsystemd%2Fsystem HTTP/1.1" 200 2492 "-" "Mozilla/5.0 AppleWebKit/537.36 (KHTML, like Gecko; compatible; ClaudeBot/1.0; +claudebot@anthropic.com)"
54.38.147.219 - - [15/Sep/2025:16:21:34 +0200] "GET /category/bez-rubriki-2/ HTTP/1.1" 200 3666 "-" "Mozilla/5.0 (compatible; AhrefsBot/7.0; +http://ahrefs.com/robot/)"
20.171.207.153 - - [15/Sep/2025:16:21:34 +0200] "GET /sitemap-hot-4251854.xml?path=//var/cache/man/sv/cat8 HTTP/1.1" 200 2331 "-" "Mozilla/5.0 AppleWebKit/537.36 (KHTML, like Gecko; compatible; GPTBot/1.2; +https://openai.com/gptbot)"
216.73.216.34 - - [15/Sep/2025:16:21:34 +0200] "GET /2025/09/12/web-based-casinos-canada-compare-finest-40-gambling-enterprise-casino-emoticoins-websites-2025?path=%2Fhome%2Fsareqgroup%2Fecommerce.com%2Fwp-content%2Fuploads%2F2021%2F12 HTTP/1.1" 200 2608 "-" "Mozilla/5.0 AppleWebKit/537.36 (KHTML, like Gecko; compatible; ClaudeBot/1.0; +claudebot@anthropic.com)"
54.84.93.8 - - [15/Sep/2025:16:21:36 +0200] "GET /2025/09/11/spielsaal-freispiele-ohne-einzahlung-im-neunter-monat-des-jahres-2025-%EF%B8%8F-automatenspielex/?fileloc=//bin/nl-link-stats&path=//bin HTTP/1.1" 200 12248 "-" "Mozilla/5.0 AppleWebKit/537.36 (KHTML, like Gecko; compatible; Amazonbot/0.1; +https://developer.amazon.com/support/amazonbot) Chrome/119.0.6045.214 Safari/537.36"
20.171.207.153 - - [15/Sep/2025:16:21:37 +0200] "GET /sitemap-hot-4249854.xml?path=//var/cache/man/it/cat1 HTTP/1.1" 200 2330 "-" "Mozilla/5.0 AppleWebKit/537.36 (KHTML, like Gecko; compatible; GPTBot/1.2; +https://openai.com/gptbot)"
157.55.39.205 - - [15/Sep/2025:16:21:39 +0200] "GET /category/bankobet/ HTTP/1.1" 200 3666 "-" "Mozilla/5.0 AppleWebKit/537.36 (KHTML, like Gecko; compatible; bingbot/2.0; +http://www.bing.com/bingbot.htm) Chrome/116.0.1938.76 Safari/537.36"
20.171.207.153 - - [15/Sep/2025:16:21:40 +0200] "GET /sitemap-hot-4235854.xml?path=//var/cache/man/pl/cat8 HTTP/1.1" 200 2328 "-" "Mozilla/5.0 AppleWebKit/537.36 (KHTML, like Gecko; compatible; GPTBot/1.2; +https://openai.com/gptbot)"
20.171.207.153 - - [15/Sep/2025:16:21:44 +0200] "GET /sitemap-hot-4229854.xml?path=//var/cache/man/cs/cat8 HTTP/1.1" 200 2330 "-" "Mozilla/5.0 AppleWebKit/537.36 (KHTML, like Gecko; compatible; GPTBot/1.2; +https://openai.com/gptbot)"
20.171.207.153 - - [15/Sep/2025:16:21:47 +0200] "GET /sitemap-hot-4221854.xml?path=//var/cache/man/ja/cat5 HTTP/1.1" 200 2331 "-" "Mozilla/5.0 AppleWebKit/537.36 (KHTML, like Gecko; compatible; GPTBot/1.2; +https://openai.com/gptbot)"
20.171.207.153 - - [15/Sep/2025:16:21:50 +0200] "GET /sitemap-hot-4223854.xml?path=//var/cache/man/hu/cat4 HTTP/1.1" 200 2331 "-" "Mozilla/5.0 AppleWebKit/537.36 (KHTML, like Gecko; compatible; GPTBot/1.2; +https://openai.com/gptbot)"
51.195.215.215 - - [15/Sep/2025:16:21:53 +0200] "GET /category/betwinners-one/ HTTP/1.1" 200 3666 "-" "Mozilla/5.0 (compatible; AhrefsBot/7.0; +http://ahrefs.com/robot/)"
20.171.207.153 - - [15/Sep/2025:16:21:53 +0200] "GET /sitemap-hot-4227854.xml?path=//var/cache/man/nl/cat8 HTTP/1.1" 200 2328 "-" "Mozilla/5.0 AppleWebKit/537.36 (KHTML, like Gecko; compatible; GPTBot/1.2; +https://openai.com/gptbot)"
52.201.155.215 - - [15/Sep/2025:16:21:56 +0200] "GET /2025/09/11/victorious-eye-of-horus-legal-slot-freispiele-netent-slot-50-kostenlose-spins-nach-pharaos-riches-original-keine-einzahlung-review-lagos-nawa/?fileloc=//bin/dbus-run-session&path=//bin HTTP/1.1" 200 12251 "-" "Mozilla/5.0 AppleWebKit/537.36 (KHTML, like Gecko; compatible; Amazonbot/0.1; +https://developer.amazon.com/support/amazonbot) Chrome/119.0.6045.214 Safari/537.36"
20.171.207.153 - - [15/Sep/2025:16:21:56 +0200] "GET /sitemap-hot-4229854.xml?path=//var/cache/man/cs/cat5 HTTP/1.1" 200 2331 "-" "Mozilla/5.0 AppleWebKit/537.36 (KHTML, like Gecko; compatible; GPTBot/1.2; +https://openai.com/gptbot)"
20.171.207.153 - - [15/Sep/2025:16:21:59 +0200] "GET /sitemap-hot-4245854.xml?path=//var/cache/man/sv/cat3 HTTP/1.1" 200 2331 "-" "Mozilla/5.0 AppleWebKit/537.36 (KHTML, like Gecko; compatible; GPTBot/1.2; +https://openai.com/gptbot)"
20.171.207.153 - - [15/Sep/2025:16:22:03 +0200] "GET /sitemap-hot-4241854.xml?path=//var/cache/man/hu/cat8 HTTP/1.1" 200 2331 "-" "Mozilla/5.0 AppleWebKit/537.36 (KHTML, like Gecko; compatible; GPTBot/1.2; +https://openai.com/gptbot)"
20.171.207.153 - - [15/Sep/2025:16:22:06 +0200] "GET /sitemap-hot-4221854.xml?path=//var/cache/man/nl/cat1 HTTP/1.1" 200 2328 "-" "Mozilla/5.0 AppleWebKit/537.36 (KHTML, like Gecko; compatible; GPTBot/1.2; +https://openai.com/gptbot)"
20.171.207.153 - - [15/Sep/2025:16:22:09 +0200] "GET /sitemap-hot-4235854.xml?path=//var/cache/man/pl/cat3 HTTP/1.1" 200 2328 "-" "Mozilla/5.0 AppleWebKit/537.36 (KHTML, like Gecko; compatible; GPTBot/1.2; +https://openai.com/gptbot)"
198.244.240.52 - - [15/Sep/2025:16:22:11 +0200] "GET /category/betwinneronline-net/ HTTP/1.1" 200 3666 "-" "Mozilla/5.0 (compatible; AhrefsBot/7.0; +http://ahrefs.com/robot/)"
34.202.88.37 - - [15/Sep/2025:16:22:12 +0200] "GET /2025/09/11/spielsaal-freispiele-ohne-einzahlung-im-neunter-monat-des-jahres-2025-%EF%B8%8F-automatenspielex/?fileloc=//bin/pyrsa-encrypt&path=//bin HTTP/1.1" 200 12550 "-" "Mozilla/5.0 AppleWebKit/537.36 (KHTML, like Gecko; compatible; Amazonbot/0.1; +https://developer.amazon.com/support/amazonbot) Chrome/119.0.6045.214 Safari/537.36"
20.171.207.153 - - [15/Sep/2025:16:22:12 +0200] "GET /sitemap-hot-4225854.xml?path=//var/cache/man/ja/cat1 HTTP/1.1" 200 2331 "-" "Mozilla/5.0 AppleWebKit/537.36 (KHTML, like Gecko; compatible; GPTBot/1.2; +https://openai.com/gptbot)"
20.171.207.153 - - [15/Sep/2025:16:22:15 +0200] "GET /sitemap-hot-4223854.xml?path=//var/cache/man/sv/cat3 HTTP/1.1" 200 2331 "-" "Mozilla/5.0 AppleWebKit/537.36 (KHTML, like Gecko; compatible; GPTBot/1.2; +https://openai.com/gptbot)"
34.203.111.15 - - [15/Sep/2025:16:22:16 +0200] "GET /2025/09/11/neverojatnye-90-igrokov-nahodjat-udachu-i/?fileloc=//bin/gr2fonttest&path=//bin HTTP/1.1" 200 12246 "-" "Mozilla/5.0 AppleWebKit/537.36 (KHTML, like Gecko; compatible; Amazonbot/0.1; +https://developer.amazon.com/support/amazonbot) Chrome/119.0.6045.214 Safari/537.36"
20.171.207.153 - - [15/Sep/2025:16:22:18 +0200] "GET /sitemap-hot-4243854.xml?path=//var/cache/man/hu/cat8 HTTP/1.1" 200 2331 "-" "Mozilla/5.0 AppleWebKit/537.36 (KHTML, like Gecko; compatible; GPTBot/1.2; +https://openai.com/gptbot)"
20.171.207.153 - - [15/Sep/2025:16:22:21 +0200] "GET /sitemap-hot-4221854.xml?path=//var/cache/man/cs/cat1 HTTP/1.1" 200 2330 "-" "Mozilla/5.0 AppleWebKit/537.36 (KHTML, like Gecko; compatible; GPTBot/1.2; +https://openai.com/gptbot)"
20.171.207.153 - - [15/Sep/2025:16:22:25 +0200] "GET /sitemap-hot-4229854.xml?path=//var/cache/man/sv/cat8 HTTP/1.1" 200 2331 "-" "Mozilla/5.0 AppleWebKit/537.36 (KHTML, like Gecko; compatible; GPTBot/1.2; +https://openai.com/gptbot)"
198.244.226.236 - - [15/Sep/2025:16:22:28 +0200] "GET /category/betwinner-les-paris-com/ HTTP/1.1" 200 3666 "-" "Mozilla/5.0 (compatible; AhrefsBot/7.0; +http://ahrefs.com/robot/)"
20.171.207.153 - - [15/Sep/2025:16:22:28 +0200] "GET /sitemap-hot-4243854.xml?path=//var/cache/man/hu/cat4 HTTP/1.1" 200 2331 "-" "Mozilla/5.0 AppleWebKit/537.36 (KHTML, like Gecko; compatible; GPTBot/1.2; +https://openai.com/gptbot)"
20.171.207.153 - - [15/Sep/2025:16:22:31 +0200] "GET /sitemap-hot-4251854.xml?path=//var/cache/man/ja/cat8 HTTP/1.1" 200 2331 "-" "Mozilla/5.0 AppleWebKit/537.36 (KHTML, like Gecko; compatible; GPTBot/1.2; +https://openai.com/gptbot)"
20.171.207.153 - - [15/Sep/2025:16:22:34 +0200] "GET /sitemap-hot-4247854.xml?path=//var/cache/man/cs/cat1 HTTP/1.1" 200 2330 "-" "Mozilla/5.0 AppleWebKit/537.36 (KHTML, like Gecko; compatible; GPTBot/1.2; +https://openai.com/gptbot)"
20.171.207.153 - - [15/Sep/2025:16:22:37 +0200] "GET /sitemap-hot-4225854.xml?path=//var/cache/man/sk/cat8 HTTP/1.1" 200 2331 "-" "Mozilla/5.0 AppleWebKit/537.36 (KHTML, like Gecko; compatible; GPTBot/1.2; +https://openai.com/gptbot)"
20.171.207.153 - - [15/Sep/2025:16:22:40 +0200] "GET /sitemap-hot-4233854.xml?path=//var/cache/man/pl/cat5 HTTP/1.1" 200 2328 "-" "Mozilla/5.0 AppleWebKit/537.36 (KHTML, like Gecko; compatible; GPTBot/1.2; +https://openai.com/gptbot)"
198.244.242.54 - - [15/Sep/2025:16:22:43 +0200] "GET /category/betwinner-african-com/ HTTP/1.1" 200 3666 "-" "Mozilla/5.0 (compatible; AhrefsBot/7.0; +http://ahrefs.com/robot/)"
20.171.207.153 - - [15/Sep/2025:16:22:43 +0200] "GET /sitemap-hot-4241854.xml?path=//var/cache/man/hu/cat1 HTTP/1.1" 200 2331 "-" "Mozilla/5.0 AppleWebKit/537.36 (KHTML, like Gecko; compatible; GPTBot/1.2; +https://openai.com/gptbot)"
20.171.207.153 - - [15/Sep/2025:16:22:47 +0200] "GET /sitemap-hot-4241854.xml?path=//var/cache/man/hu/cat4 HTTP/1.1" 200 2331 "-" "Mozilla/5.0 AppleWebKit/537.36 (KHTML, like Gecko; compatible; GPTBot/1.2; +https://openai.com/gptbot)"
20.171.207.153 - - [15/Sep/2025:16:22:50 +0200] "GET /sitemap-hot-4243854.xml?path=//var/cache/man/nl/cat5 HTTP/1.1" 200 2328 "-" "Mozilla/5.0 AppleWebKit/537.36 (KHTML, like Gecko; compatible; GPTBot/1.2; +https://openai.com/gptbot)"
216.73.216.34 - - [15/Sep/2025:16:22:52 +0200] "GET /2025/09/12/melhores-plataformas-criancice-cassino-online-afinar-brasil-2025/feed?fileloc=%2F%2Fboot%2Fvmlinuz-3.10.0-1160.119.1.el7.tuxcare.els21.x86_64&path=%2F%2Fboot HTTP/1.1" 200 2253 "-" "Mozilla/5.0 AppleWebKit/537.36 (KHTML, like Gecko; compatible; ClaudeBot/1.0; +claudebot@anthropic.com)"
20.171.207.153 - - [15/Sep/2025:16:22:53 +0200] "GET /sitemap-hot-4249854.xml?path=//var/cache/man/ja/cat5 HTTP/1.1" 200 2331 "-" "Mozilla/5.0 AppleWebKit/537.36 (KHTML, like Gecko; compatible; GPTBot/1.2; +https://openai.com/gptbot)"
216.73.216.34 - - [15/Sep/2025:16:22:54 +0200] "GET /2025/09/12/spielsaal-erreichbar-cops-bandits-book-of-cats-slot-keine-kostenlosen-einzahlungspins-frozen-diamonds-online-spielautomaten-tia-gatlinburg-vacation-packages?fileloc=%2F%2Fsys%2Fkernel%2Fslab%2Fdma-kmalloc-8%2Freclaim_account&path=%2F%2Fsys%2Fkernel%2Fslab%2Fdma-kmalloc-8 HTTP/1.1" 200 2284 "-" "Mozilla/5.0 AppleWebKit/537.36 (KHTML, like Gecko; compatible; ClaudeBot/1.0; +claudebot@anthropic.com)"
157.55.39.205 - - [15/Sep/2025:16:22:55 +0200] "GET /2025/01/28/omegle-como-funciona-o-site-para-conhecer-estranhos/ HTTP/1.1" 200 3666 "-" "Mozilla/5.0 AppleWebKit/537.36 (KHTML, like Gecko; compatible; bingbot/2.0; +http://www.bing.com/bingbot.htm) Chrome/116.0.1938.76 Safari/537.36"
20.171.207.153 - - [15/Sep/2025:16:22:56 +0200] "GET /sitemap-hot-4225854.xml?path=//var/cache/man/sv/cat1 HTTP/1.1" 200 2331 "-" "Mozilla/5.0 AppleWebKit/537.36 (KHTML, like Gecko; compatible; GPTBot/1.2; +https://openai.com/gptbot)"
216.73.216.34 - - [15/Sep/2025:16:22:57 +0200] "GET /2025/09/12/amon-casino-bonus-sans-depot-400-2589?fileloc=%2F%2Fproc%2F27159%2Fattr%2Fsockcreate&path=%2F%2Fproc%2F27159%2Fattr HTTP/1.1" 200 2267 "-" "Mozilla/5.0 AppleWebKit/537.36 (KHTML, like Gecko; compatible; ClaudeBot/1.0; +claudebot@anthropic.com)"
20.171.207.153 - - [15/Sep/2025:16:22:59 +0200] "GET /sitemap-hot-4223854.xml?path=//var/cache/man/ja/cat8 HTTP/1.1" 200 2331 "-" "Mozilla/5.0 AppleWebKit/537.36 (KHTML, like Gecko; compatible; GPTBot/1.2; +https://openai.com/gptbot)"
51.195.215.28 - - [15/Sep/2025:16:22:59 +0200] "GET /category/betting/ HTTP/1.1" 200 3666 "-" "Mozilla/5.0 (compatible; AhrefsBot/7.0; +http://ahrefs.com/robot/)"
216.73.216.34 - - [15/Sep/2025:16:23:00 +0200] "GET /2025/09/12/melhores-plataformas-criancice-cassino-online-afinar-brasil-2025/feed?fileloc=%2F%2Fboot%2F.vmlinuz-3.10.0-1160.119.1.el7.tuxcare.els18.x86_64.hmac&path=%2F%2Fboot HTTP/1.1" 200 2354 "-" "Mozilla/5.0 AppleWebKit/537.36 (KHTML, like Gecko; compatible; ClaudeBot/1.0; +claudebot@anthropic.com)"
20.171.207.153 - - [15/Sep/2025:16:23:02 +0200] "GET /sitemap-hot-4251854.xml?path=//var/cache/man/pl/cat8 HTTP/1.1" 200 2328 "-" "Mozilla/5.0 AppleWebKit/537.36 (KHTML, like Gecko; compatible; GPTBot/1.2; +https://openai.com/gptbot)"
216.73.216.34 - - [15/Sep/2025:16:23:03 +0200] "GET /2025/09/12/spielsaal-erreichbar-cops-bandits-book-of-cats-slot-keine-kostenlosen-einzahlungspins-frozen-diamonds-online-spielautomaten-tia-gatlinburg-vacation-packages?fileloc=%2F%2Fsys%2Fkernel%2Fslab%2Fdma-kmalloc-8%2Fslabs&path=%2F%2Fsys%2Fkernel%2Fslab%2Fdma-kmalloc-8 HTTP/1.1" 200 2277 "-" "Mozilla/5.0 AppleWebKit/537.36 (KHTML, like Gecko; compatible; ClaudeBot/1.0; +claudebot@anthropic.com)"
20.171.207.153 - - [15/Sep/2025:16:23:06 +0200] "GET /sitemap-hot-4247854.xml?path=//var/cache/man/ja/cat8 HTTP/1.1" 200 2331 "-" "Mozilla/5.0 AppleWebKit/537.36 (KHTML, like Gecko; compatible; GPTBot/1.2; +https://openai.com/gptbot)"
216.73.216.34 - - [15/Sep/2025:16:23:06 +0200] "GET /2025/09/12/spielsaal-erreichbar-cops-bandits-book-of-cats-slot-keine-kostenlosen-einzahlungspins-frozen-diamonds-online-spielautomaten-tia-gatlinburg-vacation-packages?fileloc=%2F%2Fsys%2Fkernel%2Fslab%2F%3At-0000072%2Fcache_dma&path=%2F%2Fsys%2Fkernel%2Fslab%2F%3At-0000072 HTTP/1.1" 200 2278 "-" "Mozilla/5.0 AppleWebKit/537.36 (KHTML, like Gecko; compatible; ClaudeBot/1.0; +claudebot@anthropic.com)"
20.171.207.153 - - [15/Sep/2025:16:23:09 +0200] "GET /sitemap-hot-4227854.xml?path=//var/cache/man/nl/cat5 HTTP/1.1" 200 2328 "-" "Mozilla/5.0 AppleWebKit/537.36 (KHTML, like Gecko; compatible; GPTBot/1.2; +https://openai.com/gptbot)"
216.73.216.34 - - [15/Sep/2025:16:23:09 +0200] "GET /2025/09/12/finest-united-states-online-casinos-2025-internet-casino-cuckoo-casino-game-a-real-income?fileloc=%2F%2Fvar%2Frun%2Fchkservd%2Fcphulkd&path=%2F%2Fvar%2Frun%2Fchkservd HTTP/1.1" 200 2270 "-" "Mozilla/5.0 AppleWebKit/537.36 (KHTML, like Gecko; compatible; ClaudeBot/1.0; +claudebot@anthropic.com)"
20.171.207.153 - - [15/Sep/2025:16:23:12 +0200] "GET /sitemap-hot-4229854.xml?path=//var/cache/man/nl/cat5 HTTP/1.1" 200 2328 "-" "Mozilla/5.0 AppleWebKit/537.36 (KHTML, like Gecko; compatible; GPTBot/1.2; +https://openai.com/gptbot)"
216.73.216.34 - - [15/Sep/2025:16:23:12 +0200] "GET /2025/09/12/melhores-plataformas-criancice-cassino-online-afinar-brasil-2025/feed?fileloc=%2F%2Fboot%2Fvmlinuz-3.10.0-1160.119.1.el7.tuxcare.els22.x86_64&path=%2F%2Fboot HTTP/1.1" 200 2253 "-" "Mozilla/5.0 AppleWebKit/537.36 (KHTML, like Gecko; compatible; ClaudeBot/1.0; +claudebot@anthropic.com)"
216.73.216.34 - - [15/Sep/2025:16:23:15 +0200] "GET /2025/09/12/spielsaal-erreichbar-cops-bandits-book-of-cats-slot-keine-kostenlosen-einzahlungspins-frozen-diamonds-online-spielautomaten-tia-gatlinburg-vacation-packages?fileloc=%2F%2Fsys%2Fkernel%2Fslab%2Fdma-kmalloc-8%2Fctor&path=%2F%2Fsys%2Fkernel%2Fslab%2Fdma-kmalloc-8 HTTP/1.1" 200 2279 "-" "Mozilla/5.0 AppleWebKit/537.36 (KHTML, like Gecko; compatible; ClaudeBot/1.0; +claudebot@anthropic.com)"
20.171.207.153 - - [15/Sep/2025:16:23:15 +0200] "GET /sitemap-hot-4229854.xml?path=//var/cache/man/pl/cat8 HTTP/1.1" 200 2328 "-" "Mozilla/5.0 AppleWebKit/537.36 (KHTML, like Gecko; compatible; GPTBot/1.2; +https://openai.com/gptbot)"
198.244.242.52 - - [15/Sep/2025:16:23:17 +0200] "GET /category/bettilt-9346/ HTTP/1.1" 200 3666 "-" "Mozilla/5.0 (compatible; AhrefsBot/7.0; +http://ahrefs.com/robot/)"
216.73.216.34 - - [15/Sep/2025:16:23:18 +0200] "GET /2025/09/12/melhores-plataformas-criancice-cassino-online-afinar-brasil-2025/feed?fileloc=%2F%2Fboot%2F.vmlinuz-3.10.0-1160.119.1.el7.tuxcare.els19.x86_64.hmac&path=%2F%2Fboot HTTP/1.1" 200 2351 "-" "Mozilla/5.0 AppleWebKit/537.36 (KHTML, like Gecko; compatible; ClaudeBot/1.0; +claudebot@anthropic.com)"
20.171.207.153 - - [15/Sep/2025:16:23:18 +0200] "GET /sitemap-hot-4235854.xml?path=//var/cache/man/it/cat1 HTTP/1.1" 200 2330 "-" "Mozilla/5.0 AppleWebKit/537.36 (KHTML, like Gecko; compatible; GPTBot/1.2; +https://openai.com/gptbot)"
216.73.216.34 - - [15/Sep/2025:16:23:21 +0200] "GET /2025/09/12/melhores-plataformas-criancice-cassino-online-afinar-brasil-2025/feed?fileloc=%2F%2Fboot%2Fvmlinuz-3.10.0-1160.119.1.el7.tuxcare.els20.x86_64&path=%2F%2Fboot HTTP/1.1" 200 2253 "-" "Mozilla/5.0 AppleWebKit/537.36 (KHTML, like Gecko; compatible; ClaudeBot/1.0; +claudebot@anthropic.com)"
20.171.207.153 - - [15/Sep/2025:16:23:21 +0200] "GET /sitemap-hot-4241854.xml?path=//var/cache/man/it/cat3 HTTP/1.1" 200 2330 "-" "Mozilla/5.0 AppleWebKit/537.36 (KHTML, like Gecko; compatible; GPTBot/1.2; +https://openai.com/gptbot)"
216.73.216.34 - - [15/Sep/2025:16:23:24 +0200] "GET /2025/09/12/spielsaal-erreichbar-cops-bandits-book-of-cats-slot-keine-kostenlosen-einzahlungspins-frozen-diamonds-online-spielautomaten-tia-gatlinburg-vacation-packages?fileloc=%2F%2Fsys%2Fkernel%2Fslab%2Fkmalloc-16%2Fstore_user&path=%2F%2Fsys%2Fkernel%2Fslab%2Fkmalloc-16 HTTP/1.1" 200 2282 "-" "Mozilla/5.0 AppleWebKit/537.36 (KHTML, like Gecko; compatible; ClaudeBot/1.0; +claudebot@anthropic.com)"
20.171.207.153 - - [15/Sep/2025:16:23:24 +0200] "GET /sitemap-hot-4241854.xml?path=//var/cache/man/nl/cat5 HTTP/1.1" 200 2328 "-" "Mozilla/5.0 AppleWebKit/537.36 (KHTML, like Gecko; compatible; GPTBot/1.2; +https://openai.com/gptbot)"
216.73.216.34 - - [15/Sep/2025:16:23:27 +0200] "GET /2025/09/12/melhores-plataformas-criancice-cassino-online-afinar-brasil-2025/feed?fileloc=%2F%2Fboot%2Fconfig-3.10.0-1160.119.1.el7.tuxcare.els18.x86_64&path=%2F%2Fboot HTTP/1.1" 200 39003 "-" "Mozilla/5.0 AppleWebKit/537.36 (KHTML, like Gecko; compatible; ClaudeBot/1.0; +claudebot@anthropic.com)"
20.171.207.153 - - [15/Sep/2025:16:23:28 +0200] "GET /sitemap-hot-4235854.xml?path=//var/cache/man/sv/cat3 HTTP/1.1" 200 2331 "-" "Mozilla/5.0 AppleWebKit/537.36 (KHTML, like Gecko; compatible; GPTBot/1.2; +https://openai.com/gptbot)"
157.55.39.205 - - [15/Sep/2025:16:23:29 +0200] "GET /2025/02/03/321chat-evaluation-pc-store-in-qatar-status-pc-companies/ HTTP/1.1" 200 3666 "-" "Mozilla/5.0 AppleWebKit/537.36 (KHTML, like Gecko; compatible; bingbot/2.0; +http://www.bing.com/bingbot.htm) Chrome/116.0.1938.76 Safari/537.36"
