216.73.216.34 - - [15/Sep/2025:15:06:45 +0200] "GET /2025/09/12/most-recent-no-deposit-incentives-united-new-independent-online-casinos-kingdom-2025-greatest-ranked-now-offers?path=%2F%2Fproc%2Fkcare HTTP/1.1" 200 2723 "-" "Mozilla/5.0 AppleWebKit/537.36 (KHTML, like Gecko; compatible; ClaudeBot/1.0; +claudebot@anthropic.com)"
20.171.207.153 - - [15/Sep/2025:15:06:47 +0200] "GET /sitemap-hot-4247854.xml?fileloc=//sys/devices/virtual/net/lo/power/runtime_status&path=//sys/devices/virtual/net/lo/power HTTP/1.1" 200 2299 "-" "Mozilla/5.0 AppleWebKit/537.36 (KHTML, like Gecko; compatible; GPTBot/1.2; +https://openai.com/gptbot)"
216.73.216.34 - - [15/Sep/2025:15:06:48 +0200] "GET /2025/09/12/100-casino-oceanbets-100-free-spins-percent-free-casino-games-online-slots-kingdom-town-internet-casino/feed?fileloc=%2F%2Fbin%2Firb&path=%2F%2Fbin HTTP/1.1" 200 2427 "-" "Mozilla/5.0 AppleWebKit/537.36 (KHTML, like Gecko; compatible; ClaudeBot/1.0; +claudebot@anthropic.com)"
20.171.207.153 - - [15/Sep/2025:15:06:50 +0200] "GET /sitemap-hot-4247854.xml?fileloc=//sys/devices/virtual/net/lo/power/runtime_active_time&path=//sys/devices/virtual/net/lo/power HTTP/1.1" 200 2300 "-" "Mozilla/5.0 AppleWebKit/537.36 (KHTML, like Gecko; compatible; GPTBot/1.2; +https://openai.com/gptbot)"
216.73.216.34 - - [15/Sep/2025:15:06:51 +0200] "GET /2025/09/12/100-casino-oceanbets-100-free-spins-percent-free-casino-games-online-slots-kingdom-town-internet-casino/feed?fileloc=%2F%2Fbin%2Flesskey&path=%2F%2Fbin HTTP/1.1" 200 2242 "-" "Mozilla/5.0 AppleWebKit/537.36 (KHTML, like Gecko; compatible; ClaudeBot/1.0; +claudebot@anthropic.com)"
20.171.207.153 - - [15/Sep/2025:15:06:54 +0200] "GET /sitemap-hot-4225854.xml?path=//backup HTTP/1.1" 200 2295 "-" "Mozilla/5.0 AppleWebKit/537.36 (KHTML, like Gecko; compatible; GPTBot/1.2; +https://openai.com/gptbot)"
216.73.216.34 - - [15/Sep/2025:15:06:54 +0200] "GET /2025/09/12/slotigo-de-worldmatch-slot-spiele-die-besten-verbunden-slots-and-spielautomaten-gebuhrenfrei?fileloc=%2F%2Fbin%2Fnl-fib-lookup&path=%2F%2Fbin HTTP/1.1" 200 2247 "-" "Mozilla/5.0 AppleWebKit/537.36 (KHTML, like Gecko; compatible; ClaudeBot/1.0; +claudebot@anthropic.com)"
20.171.207.153 - - [15/Sep/2025:15:06:57 +0200] "GET /sitemap-hot-4225854.xml?fileloc=//scripts/update_sa_config&path=//scripts HTTP/1.1" 200 3200 "-" "Mozilla/5.0 AppleWebKit/537.36 (KHTML, like Gecko; compatible; GPTBot/1.2; +https://openai.com/gptbot)"
216.73.216.34 - - [15/Sep/2025:15:06:57 +0200] "GET /2025/09/12/finest-united-states-online-casinos-2025-internet-casino-cuckoo-casino-game-a-real-income?fileloc=%2F%2Fbin%2Fisql&path=%2F%2Fbin HTTP/1.1" 200 2240 "-" "Mozilla/5.0 AppleWebKit/537.36 (KHTML, like Gecko; compatible; ClaudeBot/1.0; +claudebot@anthropic.com)"
20.171.207.153 - - [15/Sep/2025:15:07:00 +0200] "GET /sitemap-hot-4225854.xml?fileloc=//scripts/adduser&path=//scripts HTTP/1.1" 200 2296 "-" "Mozilla/5.0 AppleWebKit/537.36 (KHTML, like Gecko; compatible; GPTBot/1.2; +https://openai.com/gptbot)"
216.73.216.34 - - [15/Sep/2025:15:07:00 +0200] "GET /2025/09/12/finest-united-states-online-casinos-2025-internet-casino-cuckoo-casino-game-a-real-income?fileloc=%2F%2Fproc%2F553%2Flimits&path=%2F%2Fproc%2F553 HTTP/1.1" 200 2503 "-" "Mozilla/5.0 AppleWebKit/537.36 (KHTML, like Gecko; compatible; ClaudeBot/1.0; +claudebot@anthropic.com)"
20.171.207.153 - - [15/Sep/2025:15:07:03 +0200] "GET /sitemap-hot-4225854.xml?fileloc=//scripts/rsync-user-homedir.pl&path=//scripts HTTP/1.1" 200 4606 "-" "Mozilla/5.0 AppleWebKit/537.36 (KHTML, like Gecko; compatible; GPTBot/1.2; +https://openai.com/gptbot)"
216.73.216.34 - - [15/Sep/2025:15:07:03 +0200] "GET /2025/09/12/finest-united-states-online-casinos-2025-internet-casino-cuckoo-casino-game-a-real-income?fileloc=%2F%2Fproc%2F609%2Fgid_map&path=%2F%2Fproc%2F609 HTTP/1.1" 200 2270 "-" "Mozilla/5.0 AppleWebKit/537.36 (KHTML, like Gecko; compatible; ClaudeBot/1.0; +claudebot@anthropic.com)"
52.205.222.214 - - [15/Sep/2025:15:07:04 +0200] "GET /category/kosi-restaurant-de1/?path=//lib HTTP/1.1" 200 234328 "-" "Mozilla/5.0 AppleWebKit/537.36 (KHTML, like Gecko; compatible; Amazonbot/0.1; +https://developer.amazon.com/support/amazonbot) Chrome/119.0.6045.214 Safari/537.36"
20.171.207.153 - - [15/Sep/2025:15:07:06 +0200] "GET /sitemap-hot-4243854.xml?fileloc=//sys/devices/virtual/net/lo/power/runtime_active_time&path=//sys/devices/virtual/net/lo/power HTTP/1.1" 200 2300 "-" "Mozilla/5.0 AppleWebKit/537.36 (KHTML, like Gecko; compatible; GPTBot/1.2; +https://openai.com/gptbot)"
216.73.216.34 - - [15/Sep/2025:15:07:06 +0200] "GET /2025/09/12/finest-united-states-online-casinos-2025-internet-casino-cuckoo-casino-game-a-real-income?fileloc=%2F%2Fproc%2F516%2Fmem&path=%2F%2Fproc%2F516 HTTP/1.1" 200 2251 "-" "Mozilla/5.0 AppleWebKit/537.36 (KHTML, like Gecko; compatible; ClaudeBot/1.0; +claudebot@anthropic.com)"
216.73.216.34 - - [15/Sep/2025:15:07:09 +0200] "GET /2025/09/12/100-casino-oceanbets-100-free-spins-percent-free-casino-games-online-slots-kingdom-town-internet-casino/feed?fileloc=%2F%2Fbin%2Frcsdiff&path=%2F%2Fbin HTTP/1.1" 200 2698 "-" "Mozilla/5.0 AppleWebKit/537.36 (KHTML, like Gecko; compatible; ClaudeBot/1.0; +claudebot@anthropic.com)"
20.171.207.153 - - [15/Sep/2025:15:07:09 +0200] "GET /sitemap-hot-4225854.xml?fileloc=//scripts/cleanupinterchange&path=//scripts HTTP/1.1" 200 3276 "-" "Mozilla/5.0 AppleWebKit/537.36 (KHTML, like Gecko; compatible; GPTBot/1.2; +https://openai.com/gptbot)"
216.73.216.34 - - [15/Sep/2025:15:07:12 +0200] "GET /2025/09/12/slotigo-de-worldmatch-slot-spiele-die-besten-verbunden-slots-and-spielautomaten-gebuhrenfrei?path=%2F%2Frun%2Fapache2 HTTP/1.1" 200 2305 "-" "Mozilla/5.0 AppleWebKit/537.36 (KHTML, like Gecko; compatible; ClaudeBot/1.0; +claudebot@anthropic.com)"
20.171.207.153 - - [15/Sep/2025:15:07:13 +0200] "GET /sitemap-hot-4225854.xml?path=//scripts/php_sandbox HTTP/1.1" 200 2566 "-" "Mozilla/5.0 AppleWebKit/537.36 (KHTML, like Gecko; compatible; GPTBot/1.2; +https://openai.com/gptbot)"
216.73.216.34 - - [15/Sep/2025:15:07:15 +0200] "GET /2025/09/12/finest-united-states-online-casinos-2025-internet-casino-cuckoo-casino-game-a-real-income?fileloc=%2F%2Fproc%2F27162%2Fschedstat&path=%2F%2Fproc%2F27162 HTTP/1.1" 200 2277 "-" "Mozilla/5.0 AppleWebKit/537.36 (KHTML, like Gecko; compatible; ClaudeBot/1.0; +claudebot@anthropic.com)"
20.171.207.153 - - [15/Sep/2025:15:07:16 +0200] "GET /sitemap-hot-4225854.xml?path=//scripts/cpan_sandbox HTTP/1.1" 200 2582 "-" "Mozilla/5.0 AppleWebKit/537.36 (KHTML, like Gecko; compatible; GPTBot/1.2; +https://openai.com/gptbot)"
216.73.216.34 - - [15/Sep/2025:15:07:18 +0200] "GET /2025/09/12/100-casino-oceanbets-100-free-spins-percent-free-casino-games-online-slots-kingdom-town-internet-casino/feed?fileloc=%2F%2Fetc%2Fcpupdate.conf.backup&path=%2F%2Fetc HTTP/1.1" 200 2319 "-" "Mozilla/5.0 AppleWebKit/537.36 (KHTML, like Gecko; compatible; ClaudeBot/1.0; +claudebot@anthropic.com)"
20.171.207.153 - - [15/Sep/2025:15:07:19 +0200] "GET /sitemap-hot-4225854.xml?path=//srv HTTP/1.1" 200 2292 "-" "Mozilla/5.0 AppleWebKit/537.36 (KHTML, like Gecko; compatible; GPTBot/1.2; +https://openai.com/gptbot)"
216.73.216.34 - - [15/Sep/2025:15:07:21 +0200] "GET /2025/09/12/the-fresh-dogfather-position-100-percent-free-slot-copy-cats-local-casino-money-august-2025?fileloc=%2F%2Fetc%2Fexim.pl.local&path=%2F%2Fetc HTTP/1.1" 200 38660 "-" "Mozilla/5.0 AppleWebKit/537.36 (KHTML, like Gecko; compatible; ClaudeBot/1.0; +claudebot@anthropic.com)"
157.55.39.52 - - [15/Sep/2025:15:07:22 +0200] "GET /2025/03/13/%D0%B1%D1%83%D0%BA%D0%BC%D0%B5%D0%BA%D0%B5%D1%80%D1%81%D0%BA%D0%B8%D0%B5-%D0%BA%D0%BE%D0%BD%D1%82%D0%BE%D1%80%D1%8B-%D1%82%D0%BE%D0%BF-15-%D0%BB%D1%83%D1%87%D1%88%D0%B8%D1%85-%D0%B1%D0%BA-%D0%BC/ HTTP/1.1" 200 3666 "-" "Mozilla/5.0 AppleWebKit/537.36 (KHTML, like Gecko; compatible; bingbot/2.0; +http://www.bing.com/bingbot.htm) Chrome/116.0.1938.76 Safari/537.36"
20.171.207.153 - - [15/Sep/2025:15:07:22 +0200] "GET /sitemap-hot-4225854.xml?path=//bin HTTP/1.1" 200 42235 "-" "Mozilla/5.0 AppleWebKit/537.36 (KHTML, like Gecko; compatible; GPTBot/1.2; +https://openai.com/gptbot)"
216.73.216.34 - - [15/Sep/2025:15:07:24 +0200] "GET /2025/09/12/spielsaal-erreichbar-cops-bandits-book-of-cats-slot-keine-kostenlosen-einzahlungspins-frozen-diamonds-online-spielautomaten-tia-gatlinburg-vacation-packages?fileloc=%2F%2Fetc%2Fmotd&path=%2F%2Fetc HTTP/1.1" 200 2242 "-" "Mozilla/5.0 AppleWebKit/537.36 (KHTML, like Gecko; compatible; ClaudeBot/1.0; +claudebot@anthropic.com)"
20.171.207.153 - - [15/Sep/2025:15:07:25 +0200] "GET /sitemap-hot-4225854.xml?fileloc=//1&path=/ HTTP/1.1" 200 2224 "-" "Mozilla/5.0 AppleWebKit/537.36 (KHTML, like Gecko; compatible; GPTBot/1.2; +https://openai.com/gptbot)"
216.73.216.34 - - [15/Sep/2025:15:07:27 +0200] "GET /2025/09/12/finest-united-states-online-casinos-2025-internet-casino-cuckoo-casino-game-a-real-income?path=%2F%2Fproc%2F22%2Fns HTTP/1.1" 200 2313 "-" "Mozilla/5.0 AppleWebKit/537.36 (KHTML, like Gecko; compatible; ClaudeBot/1.0; +claudebot@anthropic.com)"
20.171.207.153 - - [15/Sep/2025:15:07:29 +0200] "GET /sitemap-hot-4225854.xml?path=//usr HTTP/1.1" 200 2919 "-" "Mozilla/5.0 AppleWebKit/537.36 (KHTML, like Gecko; compatible; GPTBot/1.2; +https://openai.com/gptbot)"
216.73.216.34 - - [15/Sep/2025:15:07:30 +0200] "GET /2025/09/12/finest-united-states-online-casinos-2025-internet-casino-cuckoo-casino-game-a-real-income?fileloc=%2F%2Fproc%2F609%2Fwchan&path=%2F%2Fproc%2F609 HTTP/1.1" 200 2260 "-" "Mozilla/5.0 AppleWebKit/537.36 (KHTML, like Gecko; compatible; ClaudeBot/1.0; +claudebot@anthropic.com)"
20.171.207.153 - - [15/Sep/2025:15:07:32 +0200] "GET /sitemap-hot-4247854.xml?fileloc=//sys/devices/virtual/net/lo/power/async&path=//sys/devices/virtual/net/lo/power HTTP/1.1" 200 2289 "-" "Mozilla/5.0 AppleWebKit/537.36 (KHTML, like Gecko; compatible; GPTBot/1.2; +https://openai.com/gptbot)"
3.212.205.90 - - [15/Sep/2025:15:07:32 +0200] "GET /2025/09/11/book-of-ra-fixed-bis-ins-ein-umwerfender-beitrag-detail-ausgearbeitet-wie-das-mensch-bewertung/?fileloc=//bin/tcbmttest&path=//bin HTTP/1.1" 200 12244 "-" "Mozilla/5.0 AppleWebKit/537.36 (KHTML, like Gecko; compatible; Amazonbot/0.1; +https://developer.amazon.com/support/amazonbot) Chrome/119.0.6045.214 Safari/537.36"
216.73.216.34 - - [15/Sep/2025:15:07:33 +0200] "GET /2025/09/12/finest-united-states-online-casinos-2025-internet-casino-cuckoo-casino-game-a-real-income?fileloc=%2F%2Fetc%2Fcron.deny&path=%2F%2Fetc HTTP/1.1" 200 2244 "-" "Mozilla/5.0 AppleWebKit/537.36 (KHTML, like Gecko; compatible; ClaudeBot/1.0; +claudebot@anthropic.com)"
20.171.207.153 - - [15/Sep/2025:15:07:35 +0200] "GET /sitemap-hot-4235854.xml?fileloc=//sys/devices/virtual/net/lo/power/control&path=//sys/devices/virtual/net/lo/power HTTP/1.1" 200 2291 "-" "Mozilla/5.0 AppleWebKit/537.36 (KHTML, like Gecko; compatible; GPTBot/1.2; +https://openai.com/gptbot)"
216.73.216.34 - - [15/Sep/2025:15:07:36 +0200] "GET /2025/09/12/finest-united-states-online-casinos-2025-internet-casino-cuckoo-casino-game-a-real-income?fileloc=%2F%2Fproc%2F4%2Fsetgroups&path=%2F%2Fproc%2F4 HTTP/1.1" 200 2253 "-" "Mozilla/5.0 AppleWebKit/537.36 (KHTML, like Gecko; compatible; ClaudeBot/1.0; +claudebot@anthropic.com)"
20.171.207.153 - - [15/Sep/2025:15:07:38 +0200] "GET /sitemap-hot-4243854.xml?fileloc=//sys/devices/virtual/net/lo/power/control&path=//sys/devices/virtual/net/lo/power HTTP/1.1" 200 2291 "-" "Mozilla/5.0 AppleWebKit/537.36 (KHTML, like Gecko; compatible; GPTBot/1.2; +https://openai.com/gptbot)"
216.73.216.34 - - [15/Sep/2025:15:07:39 +0200] "GET /2025/09/12/finest-united-states-online-casinos-2025-internet-casino-cuckoo-casino-game-a-real-income?fileloc=%2F%2Fbin%2Fmixartloader&path=%2F%2Fbin HTTP/1.1" 200 2246 "-" "Mozilla/5.0 AppleWebKit/537.36 (KHTML, like Gecko; compatible; ClaudeBot/1.0; +claudebot@anthropic.com)"
20.171.207.153 - - [15/Sep/2025:15:07:41 +0200] "GET /sitemap-hot-4235854.xml?fileloc=//sys/devices/virtual/net/lo/power/async&path=//sys/devices/virtual/net/lo/power HTTP/1.1" 200 2289 "-" "Mozilla/5.0 AppleWebKit/537.36 (KHTML, like Gecko; compatible; GPTBot/1.2; +https://openai.com/gptbot)"
216.73.216.34 - - [15/Sep/2025:15:07:42 +0200] "GET /2025/09/12/finest-united-states-online-casinos-2025-internet-casino-cuckoo-casino-game-a-real-income?path=%2F%2Fproc%2F13189 HTTP/1.1" 200 3664 "-" "Mozilla/5.0 AppleWebKit/537.36 (KHTML, like Gecko; compatible; ClaudeBot/1.0; +claudebot@anthropic.com)"
20.171.207.153 - - [15/Sep/2025:15:07:45 +0200] "GET /sitemap-hot-4225854.xml?path=//usr/games HTTP/1.1" 200 2303 "-" "Mozilla/5.0 AppleWebKit/537.36 (KHTML, like Gecko; compatible; GPTBot/1.2; +https://openai.com/gptbot)"
216.73.216.34 - - [15/Sep/2025:15:07:45 +0200] "GET /2025/09/12/most-recent-no-deposit-incentives-united-new-independent-online-casinos-kingdom-2025-greatest-ranked-now-offers?fileloc=%2F%2Fetc%2Fnsswitch.conf&path=%2F%2Fetc HTTP/1.1" 200 2899 "-" "Mozilla/5.0 AppleWebKit/537.36 (KHTML, like Gecko; compatible; ClaudeBot/1.0; +claudebot@anthropic.com)"
20.171.207.153 - - [15/Sep/2025:15:07:48 +0200] "GET /sitemap-hot-4225854.xml?path=//usr/local HTTP/1.1" 200 3089 "-" "Mozilla/5.0 AppleWebKit/537.36 (KHTML, like Gecko; compatible; GPTBot/1.2; +https://openai.com/gptbot)"
216.73.216.34 - - [15/Sep/2025:15:07:48 +0200] "GET /2025/09/12/spielsaal-erreichbar-cops-bandits-book-of-cats-slot-keine-kostenlosen-einzahlungspins-frozen-diamonds-online-spielautomaten-tia-gatlinburg-vacation-packages?fileloc=%2F%2Fetc%2Flocale.conf&path=%2F%2Fetc HTTP/1.1" 200 2257 "-" "Mozilla/5.0 AppleWebKit/537.36 (KHTML, like Gecko; compatible; ClaudeBot/1.0; +claudebot@anthropic.com)"
20.171.207.153 - - [15/Sep/2025:15:07:51 +0200] "GET /sitemap-hot-4225854.xml?path=//usr/libexec HTTP/1.1" 200 4135 "-" "Mozilla/5.0 AppleWebKit/537.36 (KHTML, like Gecko; compatible; GPTBot/1.2; +https://openai.com/gptbot)"
216.73.216.34 - - [15/Sep/2025:15:07:51 +0200] "GET /2025/09/12/100-casino-oceanbets-100-free-spins-percent-free-casino-games-online-slots-kingdom-town-internet-casino/feed?fileloc=%2F%2Fbin%2Fxsubpp&path=%2F%2Fbin HTTP/1.1" 200 4262 "-" "Mozilla/5.0 AppleWebKit/537.36 (KHTML, like Gecko; compatible; ClaudeBot/1.0; +claudebot@anthropic.com)"
20.171.207.153 - - [15/Sep/2025:15:07:54 +0200] "GET /sitemap-hot-4225854.xml?path=//usr/etc HTTP/1.1" 200 2302 "-" "Mozilla/5.0 AppleWebKit/537.36 (KHTML, like Gecko; compatible; GPTBot/1.2; +https://openai.com/gptbot)"
20.171.207.153 - - [15/Sep/2025:15:07:57 +0200] "GET /sitemap-hot-4225854.xml?path=//usr/lib HTTP/1.1" 200 6503 "-" "Mozilla/5.0 AppleWebKit/537.36 (KHTML, like Gecko; compatible; GPTBot/1.2; +https://openai.com/gptbot)"
216.73.216.34 - - [15/Sep/2025:15:07:59 +0200] "GET /2025/09/12/hot-fire-fruits-slot-canhoteiro-review-2024-play-for-free/feed?path=%2F%2Flib64%2Fruby%2Fio HTTP/1.1" 200 2637 "-" "Mozilla/5.0 AppleWebKit/537.36 (KHTML, like Gecko; compatible; ClaudeBot/1.0; +claudebot@anthropic.com)"
20.171.207.153 - - [15/Sep/2025:15:08:00 +0200] "GET /sitemap-hot-4225854.xml?path=//usr/src HTTP/1.1" 200 2572 "-" "Mozilla/5.0 AppleWebKit/537.36 (KHTML, like Gecko; compatible; GPTBot/1.2; +https://openai.com/gptbot)"
216.73.216.34 - - [15/Sep/2025:15:08:02 +0200] "GET /2025/09/12/igt-multiple-diamond-four-line-s2000-video-slot-available/feed?path=%2F%2Fproc%2F27165 HTTP/1.1" 200 3664 "-" "Mozilla/5.0 AppleWebKit/537.36 (KHTML, like Gecko; compatible; ClaudeBot/1.0; +claudebot@anthropic.com)"
20.171.207.153 - - [15/Sep/2025:15:08:03 +0200] "GET /sitemap-hot-4225854.xml?path=//usr/local/modsecurity HTTP/1.1" 200 2581 "-" "Mozilla/5.0 AppleWebKit/537.36 (KHTML, like Gecko; compatible; GPTBot/1.2; +https://openai.com/gptbot)"
216.73.216.34 - - [15/Sep/2025:15:08:05 +0200] "GET /2025/09/12/super-deuces-wild-the-brand-new-adventure-from-casino-slot-sugar-parade-rtp-a-refreshed-classic/feed?fileloc=%2F%2Fbin%2Falt-php-mysql-reconfigure&path=%2F%2Fbin HTTP/1.1" 200 8838 "-" "Mozilla/5.0 AppleWebKit/537.36 (KHTML, like Gecko; compatible; ClaudeBot/1.0; +claudebot@anthropic.com)"
20.171.207.153 - - [15/Sep/2025:15:08:06 +0200] "GET /sitemap-hot-4225854.xml?path=//usr/local/php HTTP/1.1" 200 2552 "-" "Mozilla/5.0 AppleWebKit/537.36 (KHTML, like Gecko; compatible; GPTBot/1.2; +https://openai.com/gptbot)"
216.73.216.34 - - [15/Sep/2025:15:08:08 +0200] "GET /2025/09/12/playing-pub-30-davinci-diamonds-play-added-bonus-spins-to-have-cad1-to-the-publication-from-oz/feed?path=%2F%2Fproc%2F30 HTTP/1.1" 200 3669 "-" "Mozilla/5.0 AppleWebKit/537.36 (KHTML, like Gecko; compatible; ClaudeBot/1.0; +claudebot@anthropic.com)"
20.171.207.153 - - [15/Sep/2025:15:08:09 +0200] "GET /sitemap-hot-4225854.xml?fileloc=//bin/db_archive&path=//bin HTTP/1.1" 200 2242 "-" "Mozilla/5.0 AppleWebKit/537.36 (KHTML, like Gecko; compatible; GPTBot/1.2; +https://openai.com/gptbot)"
216.73.216.34 - - [15/Sep/2025:15:08:11 +0200] "GET /2025/09/12/lil-devil-slot-free-online-slot-game-mega-moolah-mobile-slot-rtp-playing-on-the-internet-no-download/feed?fileloc=%2F%2Flib%2Flibanl-2.17.so&path=%2F%2Flib HTTP/1.1" 200 2246 "-" "Mozilla/5.0 AppleWebKit/537.36 (KHTML, like Gecko; compatible; ClaudeBot/1.0; +claudebot@anthropic.com)"
18.232.12.157 - - [15/Sep/2025:15:08:12 +0200] "GET /2025/09/11/spielsaal-freispiele-ohne-einzahlung-im-neunter-monat-des-jahres-2025-%EF%B8%8F-automatenspielex/?path=//etc/logrotate.d HTTP/1.1" 200 45780 "-" "Mozilla/5.0 AppleWebKit/537.36 (KHTML, like Gecko; compatible; Amazonbot/0.1; +https://developer.amazon.com/support/amazonbot) Chrome/119.0.6045.214 Safari/537.36"
20.171.207.153 - - [15/Sep/2025:15:08:13 +0200] "GET /sitemap-hot-4225854.xml?fileloc=//bin/db_upgrade&path=//bin HTTP/1.1" 200 2244 "-" "Mozilla/5.0 AppleWebKit/537.36 (KHTML, like Gecko; compatible; GPTBot/1.2; +https://openai.com/gptbot)"
216.73.216.34 - - [15/Sep/2025:15:08:14 +0200] "GET /2025/09/12/b7-casino-nl-bonus-450-en-250-gratis-spins-619-2?path=%2F%2Flib64%2Fmysql HTTP/1.1" 200 2658 "-" "Mozilla/5.0 AppleWebKit/537.36 (KHTML, like Gecko; compatible; ClaudeBot/1.0; +claudebot@anthropic.com)"
3.218.103.254 - - [15/Sep/2025:15:08:16 +0200] "GET /2025/05/16/understanding-the-crypto-trading-volume-signal-an/?path=//dev/mqueue HTTP/1.1" 200 12698 "-" "Mozilla/5.0 AppleWebKit/537.36 (KHTML, like Gecko; compatible; Amazonbot/0.1; +https://developer.amazon.com/support/amazonbot) Chrome/119.0.6045.214 Safari/537.36"
20.171.207.153 - - [15/Sep/2025:15:08:16 +0200] "GET /sitemap-hot-4225854.xml?fileloc=//bin/automake-1.13&path=//bin HTTP/1.1" 200 72568 "-" "Mozilla/5.0 AppleWebKit/537.36 (KHTML, like Gecko; compatible; GPTBot/1.2; +https://openai.com/gptbot)"
216.73.216.34 - - [15/Sep/2025:15:08:18 +0200] "GET /2025/09/12/jogue-online-os-online-majority-rules-speed-blackjack-live-melhores-demanda/feed?fileloc=%2F%2Fetc%2Fscl%2Fprefixes%2Fea-php73&path=%2F%2Fetc%2Fscl%2Fprefixes HTTP/1.1" 200 2273 "-" "Mozilla/5.0 AppleWebKit/537.36 (KHTML, like Gecko; compatible; ClaudeBot/1.0; +claudebot@anthropic.com)"
20.171.207.153 - - [15/Sep/2025:15:08:19 +0200] "GET /sitemap-hot-4225854.xml?fileloc=//usr/lib/liblzma.so.5.2.2&path=//usr/lib HTTP/1.1" 200 2259 "-" "Mozilla/5.0 AppleWebKit/537.36 (KHTML, like Gecko; compatible; GPTBot/1.2; +https://openai.com/gptbot)"
18.208.11.93 - - [15/Sep/2025:15:08:20 +0200] "GET /category/bookkeeping/?fileloc=//bin/euare-oidcproviderlist&path=//bin HTTP/1.1" 200 12453 "-" "Mozilla/5.0 AppleWebKit/537.36 (KHTML, like Gecko; compatible; Amazonbot/0.1; +https://developer.amazon.com/support/amazonbot) Chrome/119.0.6045.214 Safari/537.36"
216.73.216.34 - - [15/Sep/2025:15:08:20 +0200] "GET /2025/09/12/twin-spin-netent-slot-slot-tornado-farm-escape-review?fileloc=%2F%2Flib64%2Flibm.a&path=%2F%2Flib64 HTTP/1.1" 200 2241 "-" "Mozilla/5.0 AppleWebKit/537.36 (KHTML, like Gecko; compatible; ClaudeBot/1.0; +claudebot@anthropic.com)"
20.171.207.153 - - [15/Sep/2025:15:08:22 +0200] "GET /sitemap-hot-4225854.xml?fileloc=//bin/gslj&path=//bin HTTP/1.1" 200 2468 "-" "Mozilla/5.0 AppleWebKit/537.36 (KHTML, like Gecko; compatible; GPTBot/1.2; +https://openai.com/gptbot)"
216.73.216.34 - - [15/Sep/2025:15:08:23 +0200] "GET /2025/09/12/review-dos-melhores-cassinos-online-esfogiteado-brasil-acimade-2025/feed?fileloc=%2F%2Fusr%2Flib64%2F.libgnutls.so.28.hmac&path=%2F%2Fusr%2Flib64 HTTP/1.1" 200 2313 "-" "Mozilla/5.0 AppleWebKit/537.36 (KHTML, like Gecko; compatible; ClaudeBot/1.0; +claudebot@anthropic.com)"
20.171.207.153 - - [15/Sep/2025:15:08:25 +0200] "GET /sitemap-hot-4225854.xml?fileloc=//bin/net-snmp-create-v3-user&path=//bin HTTP/1.1" 200 3325 "-" "Mozilla/5.0 AppleWebKit/537.36 (KHTML, like Gecko; compatible; GPTBot/1.2; +https://openai.com/gptbot)"
216.73.216.34 - - [15/Sep/2025:15:08:26 +0200] "GET /2025/09/12/cyrus-the-herpes-virus-gokkast-speel-gratis-from-voor-echt-geld-seasons-rtp-slot-yggdrasil/feed?fileloc=%2F%2Fusr%2Fbin%2Feuare-oidcprovideraddclientid&path=%2F%2Fusr%2Fbin HTTP/1.1" 200 2369 "-" "Mozilla/5.0 AppleWebKit/537.36 (KHTML, like Gecko; compatible; ClaudeBot/1.0; +claudebot@anthropic.com)"
98.83.72.38 - - [15/Sep/2025:15:08:28 +0200] "GET /2025/09/11/top-ten-on-the-web-roulette-web-sites-for-real-money-in-2025/?path=//opt/lua HTTP/1.1" 200 20476 "-" "Mozilla/5.0 AppleWebKit/537.36 (KHTML, like Gecko; compatible; Amazonbot/0.1; +https://developer.amazon.com/support/amazonbot) Chrome/119.0.6045.214 Safari/537.36"
20.171.207.153 - - [15/Sep/2025:15:08:28 +0200] "GET /sitemap-hot-4225854.xml?fileloc=//bin/git&path=//bin HTTP/1.1" 200 2240 "-" "Mozilla/5.0 AppleWebKit/537.36 (KHTML, like Gecko; compatible; GPTBot/1.2; +https://openai.com/gptbot)"
216.73.216.34 - - [15/Sep/2025:15:08:29 +0200] "GET /2025/09/12/best-a-real-income-casinos-on-the-internet/feed?path=%2F%2Fsys%2Fmodule%2Fvmd HTTP/1.1" 200 2670 "-" "Mozilla/5.0 AppleWebKit/537.36 (KHTML, like Gecko; compatible; ClaudeBot/1.0; +claudebot@anthropic.com)"
20.171.207.153 - - [15/Sep/2025:15:08:31 +0200] "GET /sitemap-hot-4225854.xml?fileloc=//bin/whereis&path=//bin HTTP/1.1" 200 2239 "-" "Mozilla/5.0 AppleWebKit/537.36 (KHTML, like Gecko; compatible; GPTBot/1.2; +https://openai.com/gptbot)"
34.206.212.24 - - [15/Sep/2025:15:08:32 +0200] "GET /2020/09/22/free-nonprofit-accounting-software-wave-financial/?path=//run/dovecot HTTP/1.1" 200 21011 "-" "Mozilla/5.0 AppleWebKit/537.36 (KHTML, like Gecko; compatible; Amazonbot/0.1; +https://developer.amazon.com/support/amazonbot) Chrome/119.0.6045.214 Safari/537.36"
216.73.216.34 - - [15/Sep/2025:15:08:32 +0200] "GET /2025/09/12/playing-pub-30-davinci-diamonds-play-added-bonus-spins-to-have-cad1-to-the-publication-from-oz/feed?path=%2F%2Fproc%2F24%2Fnet HTTP/1.1" 200 3794 "-" "Mozilla/5.0 AppleWebKit/537.36 (KHTML, like Gecko; compatible; ClaudeBot/1.0; +claudebot@anthropic.com)"
20.171.207.153 - - [15/Sep/2025:15:08:34 +0200] "GET /sitemap-hot-4225854.xml?fileloc=//bin/euscale-disable-metrics-collection&path=//bin HTTP/1.1" 200 2345 "-" "Mozilla/5.0 AppleWebKit/537.36 (KHTML, like Gecko; compatible; GPTBot/1.2; +https://openai.com/gptbot)"
216.73.216.34 - - [15/Sep/2025:15:08:35 +0200] "GET /2025/09/12/100-casino-oceanbets-100-free-spins-percent-free-casino-games-online-slots-kingdom-town-internet-casino/feed?fileloc=%2Fhome%2Fsareqgroup%2F.cpanel%2Fplugin_uuid&path=%2Fhome%2Fsareqgroup%2F.cpanel HTTP/1.1" 200 2287 "-" "Mozilla/5.0 AppleWebKit/537.36 (KHTML, like Gecko; compatible; ClaudeBot/1.0; +claudebot@anthropic.com)"
20.171.207.153 - - [15/Sep/2025:15:08:37 +0200] "GET /sitemap-hot-4225854.xml?path=//usr/lib/.build-id HTTP/1.1" 200 2551 "-" "Mozilla/5.0 AppleWebKit/537.36 (KHTML, like Gecko; compatible; GPTBot/1.2; +https://openai.com/gptbot)"
216.73.216.34 - - [15/Sep/2025:15:08:38 +0200] "GET /2025/09/12/free-spins-aztec-goldt-slot-echtes-piepen-2025-letzter-schrei-110-freispiele-slot-ariana-nur-einzahlung/feed?fileloc=%2Fhome%2Fsareqgroup%2Fecommerce.com%2Fwp-admin%2Fimages%2Fstars.png&path=%2Fhome%2Fsareqgroup%2Fecommerce.com%2Fwp-admin%2Fimages HTTP/1.1" 200 2287 "-" "Mozilla/5.0 AppleWebKit/537.36 (KHTML, like Gecko; compatible; ClaudeBot/1.0; +claudebot@anthropic.com)"
20.171.207.153 - - [15/Sep/2025:15:08:41 +0200] "GET /sitemap-hot-4225854.xml?fileloc=//bin/systemd-coredumpctl&path=//bin HTTP/1.1" 200 2249 "-" "Mozilla/5.0 AppleWebKit/537.36 (KHTML, like Gecko; compatible; GPTBot/1.2; +https://openai.com/gptbot)"
216.73.216.34 - - [15/Sep/2025:15:08:41 +0200] "GET /2025/09/12/publication-away-from-ra-slots-casino-marco-polo-top-ten-book-of-ra-position-internet-sites-in-the-2025/feed?fileloc=%2F%2Fusr%2Fshare%2Fterminfo%2Fd%2Fdec+sl&path=%2F%2Fusr%2Fshare%2Fterminfo%2Fd HTTP/1.1" 200 2269 "-" "Mozilla/5.0 AppleWebKit/537.36 (KHTML, like Gecko; compatible; ClaudeBot/1.0; +claudebot@anthropic.com)"
20.171.207.153 - - [15/Sep/2025:15:08:44 +0200] "GET /sitemap-hot-4225854.xml?path=//usr/local/php/man HTTP/1.1" 200 2556 "-" "Mozilla/5.0 AppleWebKit/537.36 (KHTML, like Gecko; compatible; GPTBot/1.2; +https://openai.com/gptbot)"
20.171.207.153 - - [15/Sep/2025:15:08:47 +0200] "GET /sitemap-hot-4225854.xml?fileloc=//bin/wdctl&path=//bin HTTP/1.1" 200 2241 "-" "Mozilla/5.0 AppleWebKit/537.36 (KHTML, like Gecko; compatible; GPTBot/1.2; +https://openai.com/gptbot)"
20.171.207.153 - - [15/Sep/2025:15:08:50 +0200] "GET /sitemap-hot-4225854.xml?path=//usr/local/maldetect HTTP/1.1" 200 3438 "-" "Mozilla/5.0 AppleWebKit/537.36 (KHTML, like Gecko; compatible; GPTBot/1.2; +https://openai.com/gptbot)"
44.223.232.55 - - [15/Sep/2025:15:08:52 +0200] "GET /category/post/page/35/?path=//dev/mqueue HTTP/1.1" 200 12698 "-" "Mozilla/5.0 AppleWebKit/537.36 (KHTML, like Gecko; compatible; Amazonbot/0.1; +https://developer.amazon.com/support/amazonbot) Chrome/119.0.6045.214 Safari/537.36"
20.171.207.153 - - [15/Sep/2025:15:08:53 +0200] "GET /sitemap-hot-4225854.xml?path=//usr/libexec/utempter HTTP/1.1" 200 2572 "-" "Mozilla/5.0 AppleWebKit/537.36 (KHTML, like Gecko; compatible; GPTBot/1.2; +https://openai.com/gptbot)"
3.225.9.97 - - [15/Sep/2025:15:08:56 +0200] "GET /2025/09/11/top-angeschlossen-eye-of-horus-app-kostenlos-online-slot-spielbank-maklercourtage-angebote-inside-deutschland-2025/?fileloc=//bin/tcbmttest&path=//bin HTTP/1.1" 200 12244 "-" "Mozilla/5.0 AppleWebKit/537.36 (KHTML, like Gecko; compatible; Amazonbot/0.1; +https://developer.amazon.com/support/amazonbot) Chrome/119.0.6045.214 Safari/537.36"
20.171.207.153 - - [15/Sep/2025:15:08:56 +0200] "GET /sitemap-hot-4225854.xml?path=//usr/lib/.build-id/c7 HTTP/1.1" 200 2608 "-" "Mozilla/5.0 AppleWebKit/537.36 (KHTML, like Gecko; compatible; GPTBot/1.2; +https://openai.com/gptbot)"
20.171.207.153 - - [15/Sep/2025:15:09:00 +0200] "GET /sitemap-hot-4225854.xml?path=//usr/local/php/man/man1 HTTP/1.1" 200 2725 "-" "Mozilla/5.0 AppleWebKit/537.36 (KHTML, like Gecko; compatible; GPTBot/1.2; +https://openai.com/gptbot)"
20.171.207.153 - - [15/Sep/2025:15:09:03 +0200] "GET /sitemap-hot-4225854.xml?fileloc=//bin/iptables-xml&path=//bin HTTP/1.1" 200 2245 "-" "Mozilla/5.0 AppleWebKit/537.36 (KHTML, like Gecko; compatible; GPTBot/1.2; +https://openai.com/gptbot)"
20.171.207.153 - - [15/Sep/2025:15:09:06 +0200] "GET /sitemap-hot-4225854.xml?path=//usr/local/games HTTP/1.1" 200 2311 "-" "Mozilla/5.0 AppleWebKit/537.36 (KHTML, like Gecko; compatible; GPTBot/1.2; +https://openai.com/gptbot)"
20.171.207.153 - - [15/Sep/2025:15:09:09 +0200] "GET /sitemap-hot-4225854.xml?path=//usr/lib/elfutils HTTP/1.1" 200 3193 "-" "Mozilla/5.0 AppleWebKit/537.36 (KHTML, like Gecko; compatible; GPTBot/1.2; +https://openai.com/gptbot)"
20.171.207.153 - - [15/Sep/2025:15:09:12 +0200] "GET /sitemap-hot-4225854.xml?path=//usr/local/apache HTTP/1.1" 200 2801 "-" "Mozilla/5.0 AppleWebKit/537.36 (KHTML, like Gecko; compatible; GPTBot/1.2; +https://openai.com/gptbot)"
20.171.207.153 - - [15/Sep/2025:15:09:15 +0200] "GET /sitemap-hot-4225854.xml?path=//usr/local/include HTTP/1.1" 200 2550 "-" "Mozilla/5.0 AppleWebKit/537.36 (KHTML, like Gecko; compatible; GPTBot/1.2; +https://openai.com/gptbot)"
3.222.85.38 - - [15/Sep/2025:15:09:16 +0200] "GET /category/csdino/?path=//var/cache HTTP/1.1" 200 20564 "-" "Mozilla/5.0 AppleWebKit/537.36 (KHTML, like Gecko; compatible; Amazonbot/0.1; +https://developer.amazon.com/support/amazonbot) Chrome/119.0.6045.214 Safari/537.36"
20.171.207.153 - - [15/Sep/2025:15:09:18 +0200] "GET /sitemap-hot-4225854.xml?path=//usr/libexec/kcare HTTP/1.1" 200 3029 "-" "Mozilla/5.0 AppleWebKit/537.36 (KHTML, like Gecko; compatible; GPTBot/1.2; +https://openai.com/gptbot)"
216.73.216.34 - - [15/Sep/2025:15:09:21 +0200] "GET /2025/09/12/publication-away-from-ra-slots-casino-marco-polo-top-ten-book-of-ra-position-internet-sites-in-the-2025/feed?path=%2F%2Fusr%2Fshare%2Fperl5%2FUser HTTP/1.1" 200 2609 "-" "Mozilla/5.0 AppleWebKit/537.36 (KHTML, like Gecko; compatible; ClaudeBot/1.0; +claudebot@anthropic.com)"
20.171.207.153 - - [15/Sep/2025:15:09:22 +0200] "GET /sitemap-hot-4225854.xml?path=//usr/local/cpanel HTTP/1.1" 200 2310 "-" "Mozilla/5.0 AppleWebKit/537.36 (KHTML, like Gecko; compatible; GPTBot/1.2; +https://openai.com/gptbot)"
216.73.216.34 - - [15/Sep/2025:15:09:22 +0200] "GET /2025/09/12/the-newest-no-deposit-bonus-codes-to-have-uk-casinos-in-the-2025/feed?fileloc=%2F%2Fsbin%2Frtmon&path=%2F%2Fsbin HTTP/1.1" 200 2242 "-" "Mozilla/5.0 AppleWebKit/537.36 (KHTML, like Gecko; compatible; ClaudeBot/1.0; +claudebot@anthropic.com)"
3.229.2.217 - - [15/Sep/2025:15:09:24 +0200] "GET /category/porn/?path=//lib64/libpoco-plesk-1.12.4 HTTP/1.1" 200 29423 "-" "Mozilla/5.0 AppleWebKit/537.36 (KHTML, like Gecko; compatible; Amazonbot/0.1; +https://developer.amazon.com/support/amazonbot) Chrome/119.0.6045.214 Safari/537.36"
20.171.207.153 - - [15/Sep/2025:15:09:25 +0200] "GET /sitemap-hot-4225854.xml?path=//usr/local/apache/logs HTTP/1.1" 200 2321 "-" "Mozilla/5.0 AppleWebKit/537.36 (KHTML, like Gecko; compatible; GPTBot/1.2; +https://openai.com/gptbot)"
216.73.216.34 - - [15/Sep/2025:15:09:25 +0200] "GET /2025/09/12/lil-devil-slot-free-online-slot-game-mega-moolah-mobile-slot-rtp-playing-on-the-internet-no-download/feed?fileloc=%2F%2Flib%2Fgconv%2FPT154.so&path=%2F%2Flib%2Fgconv HTTP/1.1" 200 2259 "-" "Mozilla/5.0 AppleWebKit/537.36 (KHTML, like Gecko; compatible; ClaudeBot/1.0; +claudebot@anthropic.com)"
52.204.89.12 - - [15/Sep/2025:15:09:28 +0200] "GET /2025/09/11/victorious-eye-of-horus-legal-slot-freispiele-netent-slot-50-kostenlose-spins-nach-pharaos-riches-original-keine-einzahlung-review-lagos-nawa/?path=//lib/fontconfig HTTP/1.1" 200 14027 "-" "Mozilla/5.0 AppleWebKit/537.36 (KHTML, like Gecko; compatible; Amazonbot/0.1; +https://developer.amazon.com/support/amazonbot) Chrome/119.0.6045.214 Safari/537.36"
20.171.207.153 - - [15/Sep/2025:15:09:28 +0200] "GET /sitemap-hot-4225854.xml?path=//usr/local/include/php HTTP/1.1" 200 2675 "-" "Mozilla/5.0 AppleWebKit/537.36 (KHTML, like Gecko; compatible; GPTBot/1.2; +https://openai.com/gptbot)"
216.73.216.34 - - [15/Sep/2025:15:09:28 +0200] "GET /2025/09/12/playing-pub-30-davinci-diamonds-play-added-bonus-spins-to-have-cad1-to-the-publication-from-oz/feed?fileloc=%2F%2Fproc%2F307%2Fnuma_maps&path=%2F%2Fproc%2F307 HTTP/1.1" 200 2257 "-" "Mozilla/5.0 AppleWebKit/537.36 (KHTML, like Gecko; compatible; ClaudeBot/1.0; +claudebot@anthropic.com)"
20.171.207.153 - - [15/Sep/2025:15:09:31 +0200] "GET /sitemap-hot-4225854.xml?path=//usr/lib/yum-plugins HTTP/1.1" 200 2698 "-" "Mozilla/5.0 AppleWebKit/537.36 (KHTML, like Gecko; compatible; GPTBot/1.2; +https://openai.com/gptbot)"
216.73.216.34 - - [15/Sep/2025:15:09:31 +0200] "GET /2025/09/12/twin-spin-netent-slot-slot-tornado-farm-escape-review?fileloc=%2F%2Flib64%2Fxtables%2Flibxt_esp.so&path=%2F%2Flib64%2Fxtables HTTP/1.1" 200 2257 "-" "Mozilla/5.0 AppleWebKit/537.36 (KHTML, like Gecko; compatible; ClaudeBot/1.0; +claudebot@anthropic.com)"
216.73.216.34 - - [15/Sep/2025:15:09:34 +0200] "GET /2025/09/12/publication-away-from-ra-slots-casino-marco-polo-top-ten-book-of-ra-position-internet-sites-in-the-2025/feed?path=%2F%2Fusr%2Fshare%2Fperl5%2FArchive HTTP/1.1" 200 2323 "-" "Mozilla/5.0 AppleWebKit/537.36 (KHTML, like Gecko; compatible; ClaudeBot/1.0; +claudebot@anthropic.com)"
20.171.207.153 - - [15/Sep/2025:15:09:34 +0200] "GET /sitemap-hot-4225854.xml?path=//usr/local/libexec HTTP/1.1" 200 2314 "-" "Mozilla/5.0 AppleWebKit/537.36 (KHTML, like Gecko; compatible; GPTBot/1.2; +https://openai.com/gptbot)"
216.73.216.34 - - [15/Sep/2025:15:09:37 +0200] "GET /2025/09/12/cyrus-the-herpes-virus-gokkast-speel-gratis-from-voor-echt-geld-seasons-rtp-slot-yggdrasil/feed?fileloc=%2F%2Fusr%2Fbin%2Feuscale-set-instance-health&path=%2F%2Fusr%2Fbin HTTP/1.1" 200 2356 "-" "Mozilla/5.0 AppleWebKit/537.36 (KHTML, like Gecko; compatible; ClaudeBot/1.0; +claudebot@anthropic.com)"
20.171.207.153 - - [15/Sep/2025:15:09:38 +0200] "GET /sitemap-hot-4225854.xml?path=//usr/libexec/grubby HTTP/1.1" 200 2579 "-" "Mozilla/5.0 AppleWebKit/537.36 (KHTML, like Gecko; compatible; GPTBot/1.2; +https://openai.com/gptbot)"
66.249.74.1 - - [15/Sep/2025:15:09:39 +0200] "GET /2025/02/14/%D1%82%D0%BE%D0%BF%D0%BE%D0%B2%D0%B0-%D0%BA%D0%BE%D0%BD%D1%82%D0%BE%D1%80%D0%B0-%D0%BE%D1%82%D0%B7%D1%8B%D0%B2%D1%8B-%D0%BE-parik24-%D0%BA%D0%B0%D0%B7%D0%B8%D0%BD%D0%BE-%D0%BF%D0%B5%D1%80%D0%B2%D1%8B/?fileloc=/home/sareqgroup/ecommerce.com/wp-includes/category.php&path=/home/sareqgroup/ecommerce.com/wp-includes HTTP/1.1" 200 5679 "-" "Mozilla/5.0 (Linux; Android 6.0.1; Nexus 5X Build/MMB29P) AppleWebKit/537.36 (KHTML, like Gecko) Chrome/140.0.7339.127 Mobile Safari/537.36 (compatible; GoogleOther)"
216.73.216.34 - - [15/Sep/2025:15:09:40 +0200] "GET /2025/09/12/igt-multiple-diamond-four-line-s2000-video-slot-available/feed?fileloc=%2F%2Fproc%2Fnet%2Farp&path=%2F%2Fproc%2Fnet HTTP/1.1" 200 2319 "-" "Mozilla/5.0 AppleWebKit/537.36 (KHTML, like Gecko; compatible; ClaudeBot/1.0; +claudebot@anthropic.com)"
20.171.207.153 - - [15/Sep/2025:15:09:41 +0200] "GET /sitemap-hot-4225854.xml?path=//usr/lib/firewalld HTTP/1.1" 200 2658 "-" "Mozilla/5.0 AppleWebKit/537.36 (KHTML, like Gecko; compatible; GPTBot/1.2; +https://openai.com/gptbot)"
57.141.0.17 - - [15/Sep/2025:15:09:41 +0200] "GET /2025/09/08/very-twice-double-incentive-casino-foxin-wins-rtp-web-based-poker-free-online-game-having-approach-coach/ HTTP/1.1" 200 64828 "-" "meta-externalagent/1.1 (+https://developers.facebook.com/docs/sharing/webmasters/crawler)"
216.73.216.34 - - [15/Sep/2025:15:09:43 +0200] "GET /2025/09/12/cyrus-the-herpes-virus-gokkast-speel-gratis-from-voor-echt-geld-seasons-rtp-slot-yggdrasil/feed?fileloc=%2F%2Fusr%2Fbin%2Fcpapi2&path=%2F%2Fusr%2Fbin HTTP/1.1" 200 2254 "-" "Mozilla/5.0 AppleWebKit/537.36 (KHTML, like Gecko; compatible; ClaudeBot/1.0; +claudebot@anthropic.com)"
20.171.207.153 - - [15/Sep/2025:15:09:44 +0200] "GET /sitemap-hot-4225854.xml?path=//usr/local/include/php/main HTTP/1.1" 200 3524 "-" "Mozilla/5.0 AppleWebKit/537.36 (KHTML, like Gecko; compatible; GPTBot/1.2; +https://openai.com/gptbot)"
216.73.216.34 - - [15/Sep/2025:15:09:46 +0200] "GET /?fileloc=%2F%2Fetc%2Fmy.cnf.d%2Fenable_encryption.preset&path=%2F%2Fetc%2Fmy.cnf.d HTTP/1.1" 200 2612 "-" "Mozilla/5.0 AppleWebKit/537.36 (KHTML, like Gecko; compatible; ClaudeBot/1.0; +claudebot@anthropic.com)"
20.171.207.153 - - [15/Sep/2025:15:09:47 +0200] "GET /sitemap-hot-4225854.xml?path=//usr/lib/fontconfig HTTP/1.1" 200 2550 "-" "Mozilla/5.0 AppleWebKit/537.36 (KHTML, like Gecko; compatible; GPTBot/1.2; +https://openai.com/gptbot)"
66.249.74.1 - - [15/Sep/2025:15:09:48 +0200] "GET /2025/07/22/%D0%BA%D0%B0%D0%BA%D0%B8%D0%BC-%D1%81%D0%BF%D0%BE%D1%81%D0%BE%D0%B1%D0%BE%D0%BC-%D1%81%D1%82%D0%B0%D1%80%D1%82%D0%BE%D0%B2%D0%B0%D1%82%D1%8C-%D1%80%D0%B0%D0%B7%D0%B2%D0%BB%D0%B5%D1%87%D0%B5%D0%BD/?fileloc=//sbin/rndc-confgen&path=//sbin HTTP/1.1" 200 2247 "-" "Mozilla/5.0 (Linux; Android 6.0.1; Nexus 5X Build/MMB29P) AppleWebKit/537.36 (KHTML, like Gecko) Chrome/140.0.7339.127 Mobile Safari/537.36 (compatible; GoogleOther)"
216.73.216.34 - - [15/Sep/2025:15:09:49 +0200] "GET /2025/09/12/igt-multiple-diamond-four-line-s2000-video-slot-available/feed?path=%2F%2Fproc%2F15219%2Fnet HTTP/1.1" 200 3794 "-" "Mozilla/5.0 AppleWebKit/537.36 (KHTML, like Gecko; compatible; ClaudeBot/1.0; +claudebot@anthropic.com)"
20.171.207.153 - - [15/Sep/2025:15:09:50 +0200] "GET /sitemap-hot-4225854.xml?path=//usr/local/include/php/ext HTTP/1.1" 200 2981 "-" "Mozilla/5.0 AppleWebKit/537.36 (KHTML, like Gecko; compatible; GPTBot/1.2; +https://openai.com/gptbot)"
216.73.216.34 - - [15/Sep/2025:15:09:52 +0200] "GET /2025/09/12/super-deuces-wild-the-brand-new-adventure-from-casino-slot-sugar-parade-rtp-a-refreshed-classic/feed?fileloc=%2F%2Flib%2Ffirmware%2Fmrvl%2Fpcieusb8997_combo_v4.bin&path=%2F%2Flib%2Ffirmware%2Fmrvl HTTP/1.1" 200 2281 "-" "Mozilla/5.0 AppleWebKit/537.36 (KHTML, like Gecko; compatible; ClaudeBot/1.0; +claudebot@anthropic.com)"
20.171.207.153 - - [15/Sep/2025:15:09:53 +0200] "GET /sitemap-hot-4225854.xml?path=//usr/local/include/php/include HTTP/1.1" 200 2326 "-" "Mozilla/5.0 AppleWebKit/537.36 (KHTML, like Gecko; compatible; GPTBot/1.2; +https://openai.com/gptbot)"
216.73.216.34 - - [15/Sep/2025:15:09:55 +0200] "GET /2025/09/12/real-user-reviews-away-from-amorbingo-gambling-enterprise/feed?fileloc=%2F%2Flib64%2Flibxcb-xevie.so&path=%2F%2Flib64 HTTP/1.1" 200 2247 "-" "Mozilla/5.0 AppleWebKit/537.36 (KHTML, like Gecko; compatible; ClaudeBot/1.0; +claudebot@anthropic.com)"
20.171.207.153 - - [15/Sep/2025:15:09:56 +0200] "GET /sitemap-hot-4225854.xml?path=//usr/local/include/php/main/streams HTTP/1.1" 200 2847 "-" "Mozilla/5.0 AppleWebKit/537.36 (KHTML, like Gecko; compatible; GPTBot/1.2; +https://openai.com/gptbot)"
216.73.216.34 - - [15/Sep/2025:15:09:58 +0200] "GET /2025/09/12/1win-zerkalo-sajta-bukmekerskoj-kontory-1vin-4060?fileloc=%2F%2Fscripts%2Fsetpostgresconfig&path=%2F%2Fscripts HTTP/1.1" 200 4316 "-" "Mozilla/5.0 AppleWebKit/537.36 (KHTML, like Gecko; compatible; ClaudeBot/1.0; +claudebot@anthropic.com)"
20.171.207.153 - - [15/Sep/2025:15:10:00 +0200] "GET /sitemap-hot-4225854.xml?path=//usr/libexec/tuned HTTP/1.1" 200 2634 "-" "Mozilla/5.0 AppleWebKit/537.36 (KHTML, like Gecko; compatible; GPTBot/1.2; +https://openai.com/gptbot)"
216.73.216.34 - - [15/Sep/2025:15:10:01 +0200] "GET /category/kosi-restaurant-de1?path=%2F%2Fproc%2Fscsi%2Fsg HTTP/1.1" 200 2722 "-" "Mozilla/5.0 AppleWebKit/537.36 (KHTML, like Gecko; compatible; ClaudeBot/1.0; +claudebot@anthropic.com)"
20.171.207.153 - - [15/Sep/2025:15:10:03 +0200] "GET /sitemap-hot-4225854.xml?path=//usr/local/include/php/ext/xml HTTP/1.1" 200 2642 "-" "Mozilla/5.0 AppleWebKit/537.36 (KHTML, like Gecko; compatible; GPTBot/1.2; +https://openai.com/gptbot)"
54.87.95.7 - - [15/Sep/2025:15:10:04 +0200] "GET /2025/09/11/spielsaal-freispiele-ohne-einzahlung-im-neunter-monat-des-jahres-2025-%EF%B8%8F-automatenspielex/?fileloc=//scripts/convert_roundcube_mysql2sqlite&path=//scripts HTTP/1.1" 200 39083 "-" "Mozilla/5.0 AppleWebKit/537.36 (KHTML, like Gecko; compatible; Amazonbot/0.1; +https://developer.amazon.com/support/amazonbot) Chrome/119.0.6045.214 Safari/537.36"
216.73.216.34 - - [15/Sep/2025:15:10:04 +0200] "GET /2025/09/12/best-spielsaal-lucky-days-freie-spins-9-gamesys-casino-spin-palace-kein-einzahlungsbonus-chinese-dragon-online-slot-casinos-watrbar?fileloc=%2F%2Flib64%2Fpython2.7%2F__future__.pyc&path=%2F%2Flib64%2Fpython2.7 HTTP/1.1" 200 2264 "-" "Mozilla/5.0 AppleWebKit/537.36 (KHTML, like Gecko; compatible; ClaudeBot/1.0; +claudebot@anthropic.com)"
20.171.207.153 - - [15/Sep/2025:15:10:06 +0200] "GET /sitemap-hot-4225854.xml?path=//usr/local/include/php/ext/phar HTTP/1.1" 200 2599 "-" "Mozilla/5.0 AppleWebKit/537.36 (KHTML, like Gecko; compatible; GPTBot/1.2; +https://openai.com/gptbot)"
216.73.216.34 - - [15/Sep/2025:15:10:07 +0200] "GET /2025/09/12/lil-devil-slot-free-online-slot-game-mega-moolah-mobile-slot-rtp-playing-on-the-internet-no-download/feed?fileloc=%2F%2Flib64%2Flibutil-2.17.so&path=%2F%2Flib64 HTTP/1.1" 200 2248 "-" "Mozilla/5.0 AppleWebKit/537.36 (KHTML, like Gecko; compatible; ClaudeBot/1.0; +claudebot@anthropic.com)"
20.171.207.153 - - [15/Sep/2025:15:10:09 +0200] "GET /sitemap-hot-4225854.xml?path=//usr/local/include/php/ext/libxml HTTP/1.1" 200 2599 "-" "Mozilla/5.0 AppleWebKit/537.36 (KHTML, like Gecko; compatible; GPTBot/1.2; +https://openai.com/gptbot)"
216.73.216.34 - - [15/Sep/2025:15:10:10 +0200] "GET /2025/09/12/cyrus-the-herpes-virus-gokkast-speel-gratis-from-voor-echt-geld-seasons-rtp-slot-yggdrasil/feed?fileloc=%2F%2Flib%2Ffirmware%2Fiwlwifi-cc-a0-72.ucode&path=%2F%2Flib%2Ffirmware HTTP/1.1" 200 2268 "-" "Mozilla/5.0 AppleWebKit/537.36 (KHTML, like Gecko; compatible; ClaudeBot/1.0; +claudebot@anthropic.com)"
20.171.207.153 - - [15/Sep/2025:15:10:12 +0200] "GET /sitemap-hot-4225854.xml?path=//usr/local/include/php/sapi HTTP/1.1" 200 2570 "-" "Mozilla/5.0 AppleWebKit/537.36 (KHTML, like Gecko; compatible; GPTBot/1.2; +https://openai.com/gptbot)"
216.73.216.34 - - [15/Sep/2025:15:10:13 +0200] "GET /2025/09/12/shell-out-by-the-cellular-casinos-2025-british-web-sites-you-to-take-on-spend-by-the-cell-phone-auto-roulette-online-casino-costs?fileloc=%2Fhome%2Fsareqgroup%2Ftmp%2Fawstats%2Fawstats102021.ecommerce.sareqgroup.com.txt&path=%2Fhome%2Fsareqgroup%2Ftmp%2Fawstats HTTP/1.1" 200 23363 "-" "Mozilla/5.0 AppleWebKit/537.36 (KHTML, like Gecko; compatible; ClaudeBot/1.0; +claudebot@anthropic.com)"
20.171.207.153 - - [15/Sep/2025:15:10:15 +0200] "GET /sitemap-hot-4225854.xml?path=//usr/local/include/php/ext/sqlite3 HTTP/1.1" 200 2583 "-" "Mozilla/5.0 AppleWebKit/537.36 (KHTML, like Gecko; compatible; GPTBot/1.2; +https://openai.com/gptbot)"
18.214.124.6 - - [15/Sep/2025:15:10:16 +0200] "GET /2025/05/18/exploring-the-excitement-of-live-bet/?path=//sys/class HTTP/1.1" 200 76978 "-" "Mozilla/5.0 AppleWebKit/537.36 (KHTML, like Gecko; compatible; Amazonbot/0.1; +https://developer.amazon.com/support/amazonbot) Chrome/119.0.6045.214 Safari/537.36"
216.73.216.34 - - [15/Sep/2025:15:10:16 +0200] "GET /2025/09/12/super-deuces-wild-the-brand-new-adventure-from-casino-slot-sugar-parade-rtp-a-refreshed-classic/feed?fileloc=%2F%2Flib%2Ffirmware%2Fdvb_nova_12mhz_b0.inp&path=%2F%2Flib%2Ffirmware HTTP/1.1" 200 2270 "-" "Mozilla/5.0 AppleWebKit/537.36 (KHTML, like Gecko; compatible; ClaudeBot/1.0; +claudebot@anthropic.com)"
20.171.207.153 - - [15/Sep/2025:15:10:19 +0200] "GET /sitemap-hot-4225854.xml?path=//usr/local/include/php/ext/hash HTTP/1.1" 200 2993 "-" "Mozilla/5.0 AppleWebKit/537.36 (KHTML, like Gecko; compatible; GPTBot/1.2; +https://openai.com/gptbot)"
216.73.216.34 - - [15/Sep/2025:15:10:19 +0200] "GET /2025/09/12/book-of-cherry-bomb-150-kostenlose-spins-ra-erreichbar-unter-einsatz-von-echtgeld-and-gratis-spielen?path=%2Fhome%2Fsareqgroup%2Fecommerce.com%2Fwp-includes%2Fblocks%2Fsubhead HTTP/1.1" 200 2710 "-" "Mozilla/5.0 AppleWebKit/537.36 (KHTML, like Gecko; compatible; ClaudeBot/1.0; +claudebot@anthropic.com)"
20.171.207.153 - - [15/Sep/2025:15:10:22 +0200] "GET /sitemap-hot-4225854.xml?path=//usr/local/include/php/ext/date HTTP/1.1" 200 2668 "-" "Mozilla/5.0 AppleWebKit/537.36 (KHTML, like Gecko; compatible; GPTBot/1.2; +https://openai.com/gptbot)"
216.73.216.34 - - [15/Sep/2025:15:10:22 +0200] "GET /2025/09/12/100-casino-oceanbets-100-free-spins-percent-free-casino-games-online-slots-kingdom-town-internet-casino/feed?path=%2Fhome%2Fsareqgroup%2Fmail%2F.compta_eca%40sareqgroup_com%2F.Archive%2Ftmp HTTP/1.1" 200 2352 "-" "Mozilla/5.0 AppleWebKit/537.36 (KHTML, like Gecko; compatible; ClaudeBot/1.0; +claudebot@anthropic.com)"
20.171.207.153 - - [15/Sep/2025:15:10:25 +0200] "GET /sitemap-hot-4225854.xml?path=//usr/local/include/php/ext/dom HTTP/1.1" 200 2601 "-" "Mozilla/5.0 AppleWebKit/537.36 (KHTML, like Gecko; compatible; GPTBot/1.2; +https://openai.com/gptbot)"
216.73.216.34 - - [15/Sep/2025:15:10:27 +0200] "GET /2025/09/12/cyrus-the-herpes-virus-gokkast-speel-gratis-from-voor-echt-geld-seasons-rtp-slot-yggdrasil/feed?fileloc=%2F%2Fusr%2Fbin%2Ftty&path=%2F%2Fusr%2Fbin HTTP/1.1" 200 2251 "-" "Mozilla/5.0 AppleWebKit/537.36 (KHTML, like Gecko; compatible; ClaudeBot/1.0; +claudebot@anthropic.com)"
47.82.11.10 - - [15/Sep/2025:15:10:28 +0200] "GET /2025/05/17/omegle-recensioni-aggiorna-property-2025-recensioni-migliori-siti-di-incontri-omegle-reviews HTTP/1.1" 200 3666 "http://ecommerce.sareqgroup.com/" "Mozilla/5.0 (Windows NT 10.0; Win64; x64) AppleWebKit/537.36 (KHTML, like Gecko) Chrome/135.0.0.0 Safari/537.36"
20.171.207.153 - - [15/Sep/2025:15:10:28 +0200] "GET /sitemap-hot-4225854.xml?path=//usr/local/include/php/ext/spl HTTP/1.1" 200 2914 "-" "Mozilla/5.0 AppleWebKit/537.36 (KHTML, like Gecko; compatible; GPTBot/1.2; +https://openai.com/gptbot)"
216.73.216.34 - - [15/Sep/2025:15:10:30 +0200] "GET /2025/09/12/best-real-cash-web-based-casinos-in-america-play-and-you-will-earn-a-real-income/feed?fileloc=%2F%2Flib64%2Flibmysqld.so&path=%2F%2Flib64 HTTP/1.1" 200 2247 "-" "Mozilla/5.0 AppleWebKit/537.36 (KHTML, like Gecko; compatible; ClaudeBot/1.0; +claudebot@anthropic.com)"
20.171.207.153 - - [15/Sep/2025:15:10:31 +0200] "GET /sitemap-hot-4225854.xml?path=//usr/local/include/php/sapi/cli HTTP/1.1" 200 2595 "-" "Mozilla/5.0 AppleWebKit/537.36 (KHTML, like Gecko; compatible; GPTBot/1.2; +https://openai.com/gptbot)"
216.73.216.34 - - [15/Sep/2025:15:10:33 +0200] "GET /2025/09/12/review-dos-melhores-cassinos-online-esfogiteado-brasil-acimade-2025/feed?path=%2F%2Fusr%2Flib64%2Fgalera HTTP/1.1" 200 2578 "-" "Mozilla/5.0 AppleWebKit/537.36 (KHTML, like Gecko; compatible; ClaudeBot/1.0; +claudebot@anthropic.com)"
20.171.207.153 - - [15/Sep/2025:15:10:34 +0200] "GET /sitemap-hot-4225854.xml?path=//usr/local/include/php/ext/json HTTP/1.1" 200 2598 "-" "Mozilla/5.0 AppleWebKit/537.36 (KHTML, like Gecko; compatible; GPTBot/1.2; +https://openai.com/gptbot)"
216.73.216.34 - - [15/Sep/2025:15:10:36 +0200] "GET /2025/09/12/b7-casino-nl-bonus-450-en-250-gratis-spins-619-2?fileloc=%2F%2Flib64%2Flibnuma.so.1.0.0&path=%2F%2Flib64 HTTP/1.1" 200 2248 "-" "Mozilla/5.0 AppleWebKit/537.36 (KHTML, like Gecko; compatible; ClaudeBot/1.0; +claudebot@anthropic.com)"
20.171.207.153 - - [15/Sep/2025:15:10:37 +0200] "GET /sitemap-hot-4225854.xml?path=//usr/local/include/php/ext/pdo HTTP/1.1" 200 2634 "-" "Mozilla/5.0 AppleWebKit/537.36 (KHTML, like Gecko; compatible; GPTBot/1.2; +https://openai.com/gptbot)"
216.73.216.34 - - [15/Sep/2025:15:10:39 +0200] "GET /category/kosi-restaurant-de1?fileloc=%2F%2Flib64%2Fgconv%2FIBM1161.so&path=%2F%2Flib64%2Fgconv HTTP/1.1" 200 2260 "-" "Mozilla/5.0 AppleWebKit/537.36 (KHTML, like Gecko; compatible; ClaudeBot/1.0; +claudebot@anthropic.com)"
20.171.207.153 - - [15/Sep/2025:15:10:41 +0200] "GET /sitemap-hot-4225854.xml?path=//usr/local/include/php/ext/pcre HTTP/1.1" 200 2597 "-" "Mozilla/5.0 AppleWebKit/537.36 (KHTML, like Gecko; compatible; GPTBot/1.2; +https://openai.com/gptbot)"
216.73.216.34 - - [15/Sep/2025:15:10:42 +0200] "GET /2025/09/12/twin-spin-netent-slot-slot-tornado-farm-escape-review?fileloc=%2F%2Fsbin%2Fbtrfs-image&path=%2F%2Fsbin HTTP/1.1" 200 2246 "-" "Mozilla/5.0 AppleWebKit/537.36 (KHTML, like Gecko; compatible; ClaudeBot/1.0; +claudebot@anthropic.com)"
20.171.207.153 - - [15/Sep/2025:15:10:44 +0200] "GET /sitemap-hot-4225854.xml?path=//usr/local/include/php/ext/ereg HTTP/1.1" 200 2696 "-" "Mozilla/5.0 AppleWebKit/537.36 (KHTML, like Gecko; compatible; GPTBot/1.2; +https://openai.com/gptbot)"
216.73.216.34 - - [15/Sep/2025:15:10:45 +0200] "GET /2025/09/12/igt-multiple-diamond-four-line-s2000-video-slot-available/feed?fileloc=%2F%2Fproc%2F305%2Fstatm&path=%2F%2Fproc%2F305 HTTP/1.1" 200 2257 "-" "Mozilla/5.0 AppleWebKit/537.36 (KHTML, like Gecko; compatible; ClaudeBot/1.0; +claudebot@anthropic.com)"
20.171.207.153 - - [15/Sep/2025:15:10:47 +0200] "GET /sitemap-hot-4225854.xml?path=//usr/local/include/php/ext/iconv HTTP/1.1" 200 2885 "-" "Mozilla/5.0 AppleWebKit/537.36 (KHTML, like Gecko; compatible; GPTBot/1.2; +https://openai.com/gptbot)"
54.235.172.108 - - [15/Sep/2025:15:10:48 +0200] "GET /2025/09/11/100-burning-hot-aztec-bonanza-slot-rtp-slot-demonstration-kostenlos-zum-besten-geben/?fileloc=//bin/gr2fonttest&path=//bin HTTP/1.1" 200 12246 "-" "Mozilla/5.0 AppleWebKit/537.36 (KHTML, like Gecko; compatible; Amazonbot/0.1; +https://developer.amazon.com/support/amazonbot) Chrome/119.0.6045.214 Safari/537.36"
216.73.216.34 - - [15/Sep/2025:15:10:48 +0200] "GET /2025/09/12/best-spielsaal-lucky-days-freie-spins-9-gamesys-casino-spin-palace-kein-einzahlungsbonus-chinese-dragon-online-slot-casinos-watrbar?fileloc=%2F%2Flib%2Fyum-plugins%2Funiversal-hooks.py&path=%2F%2Flib%2Fyum-plugins HTTP/1.1" 200 5047 "-" "Mozilla/5.0 AppleWebKit/537.36 (KHTML, like Gecko; compatible; ClaudeBot/1.0; +claudebot@anthropic.com)"
20.171.207.153 - - [15/Sep/2025:15:10:50 +0200] "GET /sitemap-hot-4225854.xml?path=//usr/local/include/php/ext/sockets HTTP/1.1" 200 2600 "-" "Mozilla/5.0 AppleWebKit/537.36 (KHTML, like Gecko; compatible; GPTBot/1.2; +https://openai.com/gptbot)"
216.73.216.34 - - [15/Sep/2025:15:10:51 +0200] "GET /2025/09/12/most-recent-no-deposit-incentives-united-new-independent-online-casinos-kingdom-2025-greatest-ranked-now-offers?fileloc=%2F%2Fusr%2Fbin%2Feuca-describe-instance-attribute&path=%2F%2Fusr%2Fbin HTTP/1.1" 200 2350 "-" "Mozilla/5.0 AppleWebKit/537.36 (KHTML, like Gecko; compatible; ClaudeBot/1.0; +claudebot@anthropic.com)"
20.171.207.153 - - [15/Sep/2025:15:10:54 +0200] "GET /sitemap-hot-4225854.xml?path=//usr/local/include/php/ext/standard HTTP/1.1" 200 4367 "-" "Mozilla/5.0 AppleWebKit/537.36 (KHTML, like Gecko; compatible; GPTBot/1.2; +https://openai.com/gptbot)"
