20.171.207.153 - - [15/Sep/2025:15:46:30 +0200] "GET /sitemap-hot-4225854.xml?path=//var/lib/yum/yumdb/e/5f876cbe73c979533144fe79870ac78f30befc66-ea-php71-php-zip-7.1.33-18.19.41.cpanel-x86_64 HTTP/1.1" 200 3164 "-" "Mozilla/5.0 AppleWebKit/537.36 (KHTML, like Gecko; compatible; GPTBot/1.2; +https://openai.com/gptbot)"
98.84.60.17 - - [15/Sep/2025:15:46:32 +0200] "GET /2025/05/15/understanding-exness-trading-in-bangladesh-a/?path=//dev/char HTTP/1.1" 200 12694 "-" "Mozilla/5.0 AppleWebKit/537.36 (KHTML, like Gecko; compatible; Amazonbot/0.1; +https://developer.amazon.com/support/amazonbot) Chrome/119.0.6045.214 Safari/537.36"
216.73.216.34 - - [15/Sep/2025:15:46:32 +0200] "GET /2025/09/12/100-casino-oceanbets-100-free-spins-percent-free-casino-games-online-slots-kingdom-town-internet-casino/feed?fileloc=%2F%2Fscripts%2Fcheckexim.pl&path=%2F%2Fscripts HTTP/1.1" 200 3280 "-" "Mozilla/5.0 AppleWebKit/537.36 (KHTML, like Gecko; compatible; ClaudeBot/1.0; +claudebot@anthropic.com)"
20.171.207.153 - - [15/Sep/2025:15:46:33 +0200] "GET /sitemap-hot-4225854.xml?path=//var/lib/yum/yumdb/e/318eeee3803dc034a4ef36fa392d1cb0b0c4a4a8-ea-php70-php-fileinfo-7.0.33-27.28.41.cpanel-x86_64 HTTP/1.1" 200 3170 "-" "Mozilla/5.0 AppleWebKit/537.36 (KHTML, like Gecko; compatible; GPTBot/1.2; +https://openai.com/gptbot)"
216.73.216.34 - - [15/Sep/2025:15:46:35 +0200] "GET /2025/09/12/kap-ultimat-mastercard-casino-ino-sverige-2025?path=%2F%2Fsys%2Fbus%2Fusb HTTP/1.1" 200 2705 "-" "Mozilla/5.0 AppleWebKit/537.36 (KHTML, like Gecko; compatible; ClaudeBot/1.0; +claudebot@anthropic.com)"
20.171.207.153 - - [15/Sep/2025:15:46:36 +0200] "GET /sitemap-hot-4225854.xml?fileloc=//var/lib/yum/yumdb/e/fa5b8abe21c2317208584051554db9d69ef7514a-ea-php56-php-zip-5.6.40-23.25.42.cpanel-x86_64/checksum_type&path=//var/lib/yum/yumdb/e/fa5b8abe21c2317208584051554db9d69ef7514a-ea-php56-php-zip-5.6.40-23.25.42.cpanel-x86_64 HTTP/1.1" 200 2353 "-" "Mozilla/5.0 AppleWebKit/537.36 (KHTML, like Gecko; compatible; GPTBot/1.2; +https://openai.com/gptbot)"
216.73.216.34 - - [15/Sep/2025:15:46:38 +0200] "GET /2025/09/12/bananas-go-bahamas-gebuhrenfrei-tasty-win-mobile-slot-ohne-registration-auf-anhieb-highway-kings-pro-slot-casino-sites-gerieren/feed?fileloc=%2F%2Fsys%2Fmodule%2Fpcspkr%2Frefcnt&path=%2F%2Fsys%2Fmodule%2Fpcspkr HTTP/1.1" 200 2267 "-" "Mozilla/5.0 AppleWebKit/537.36 (KHTML, like Gecko; compatible; ClaudeBot/1.0; +claudebot@anthropic.com)"
20.171.207.153 - - [15/Sep/2025:15:46:40 +0200] "GET /sitemap-hot-4225854.xml?path=//var/lib/yum/yumdb/e/b0aa92667b4e0c0b6f13374446c41bbf857ab341-ea-php73-php-sockets-7.3.33-13.18.10.cpanel-x86_64 HTTP/1.1" 200 3168 "-" "Mozilla/5.0 AppleWebKit/537.36 (KHTML, like Gecko; compatible; GPTBot/1.2; +https://openai.com/gptbot)"
54.83.180.239 - - [15/Sep/2025:15:46:40 +0200] "GET /2025/09/11/victorious-eye-of-horus-legal-slot-freispiele-netent-slot-50-kostenlose-spins-nach-pharaos-riches-original-keine-einzahlung-review-lagos-nawa/?fileloc=//scripts/grpck&path=//scripts HTTP/1.1" 200 13576 "-" "Mozilla/5.0 AppleWebKit/537.36 (KHTML, like Gecko; compatible; Amazonbot/0.1; +https://developer.amazon.com/support/amazonbot) Chrome/119.0.6045.214 Safari/537.36"
216.73.216.34 - - [15/Sep/2025:15:46:41 +0200] "GET /2025/09/12/100-casino-oceanbets-100-free-spins-percent-free-casino-games-online-slots-kingdom-town-internet-casino/feed?fileloc=%2F%2Fscripts%2Frestorepkg&path=%2F%2Fscripts HTTP/1.1" 200 2245 "-" "Mozilla/5.0 AppleWebKit/537.36 (KHTML, like Gecko; compatible; ClaudeBot/1.0; +claudebot@anthropic.com)"
20.171.207.153 - - [15/Sep/2025:15:46:43 +0200] "GET /sitemap-hot-4225854.xml?path=//var/lib/yum/yumdb/e/22bd3ea08aaae42be9eb6a0727653303e42ad067-ea-php72-php-sockets-7.2.34-10.12.41.cpanel-x86_64 HTTP/1.1" 200 3172 "-" "Mozilla/5.0 AppleWebKit/537.36 (KHTML, like Gecko; compatible; GPTBot/1.2; +https://openai.com/gptbot)"
20.171.207.153 - - [15/Sep/2025:15:46:46 +0200] "GET /sitemap-hot-4225854.xml?path=//var/lib/yum/yumdb/e/01edc44c641b70141a48dee33b50040777c3be8c-ea-php56-php-process-5.6.40-23.25.42.cpanel-x86_64 HTTP/1.1" 200 3167 "-" "Mozilla/5.0 AppleWebKit/537.36 (KHTML, like Gecko; compatible; GPTBot/1.2; +https://openai.com/gptbot)"
51.89.129.190 - - [15/Sep/2025:15:46:46 +0200] "GET /category/neonix-online-casin/ HTTP/1.1" 200 3666 "-" "Mozilla/5.0 (compatible; AhrefsBot/7.0; +http://ahrefs.com/robot/)"
3.93.211.16 - - [15/Sep/2025:15:46:48 +0200] "GET /category/generated-texts/?path=//dev/cpu HTTP/1.1" 200 17828 "-" "Mozilla/5.0 AppleWebKit/537.36 (KHTML, like Gecko; compatible; Amazonbot/0.1; +https://developer.amazon.com/support/amazonbot) Chrome/119.0.6045.214 Safari/537.36"
20.171.207.153 - - [15/Sep/2025:15:46:49 +0200] "GET /sitemap-hot-4225854.xml?path=//var/lib/yum/yumdb/e/0b39368a393c8caed244614ca10baaac19a80403-ea-php72-php-common-7.2.34-10.12.41.cpanel-x86_64 HTTP/1.1" 200 3166 "-" "Mozilla/5.0 AppleWebKit/537.36 (KHTML, like Gecko; compatible; GPTBot/1.2; +https://openai.com/gptbot)"
18.235.158.19 - - [15/Sep/2025:15:46:52 +0200] "GET /2025/09/11/spielsaal-freispiele-ohne-einzahlung-im-neunter-monat-des-jahres-2025-%EF%B8%8F-automatenspielex/?fileloc=//bin/nl-addr-list&path=//bin HTTP/1.1" 200 12247 "-" "Mozilla/5.0 AppleWebKit/537.36 (KHTML, like Gecko; compatible; Amazonbot/0.1; +https://developer.amazon.com/support/amazonbot) Chrome/119.0.6045.214 Safari/537.36"
20.171.207.153 - - [15/Sep/2025:15:46:52 +0200] "GET /sitemap-hot-4225854.xml?path=//var/lib/yum/yumdb/e/c48bf2a1f8445a04f0cd777f7e12d2db0437465c-ea-php56-php-bcmath-5.6.40-23.25.42.cpanel-x86_64 HTTP/1.1" 200 3168 "-" "Mozilla/5.0 AppleWebKit/537.36 (KHTML, like Gecko; compatible; GPTBot/1.2; +https://openai.com/gptbot)"
20.171.207.153 - - [15/Sep/2025:15:46:55 +0200] "GET /sitemap-hot-4225854.xml?path=//var/lib/yum/yumdb/e/747c5b7059afe5d9ffddd5dba96c6e3812f8588a-ea-php70-php-calendar-7.0.33-27.28.41.cpanel-x86_64 HTTP/1.1" 200 3172 "-" "Mozilla/5.0 AppleWebKit/537.36 (KHTML, like Gecko; compatible; GPTBot/1.2; +https://openai.com/gptbot)"
20.171.207.153 - - [15/Sep/2025:15:46:59 +0200] "GET /sitemap-hot-4225854.xml?path=//var/lib/yum/yumdb/e/1a5022ddc95cc111d8bc83a8cb6d3e2b92d99954-ea-php72-php-bcmath-7.2.34-10.12.41.cpanel-x86_64 HTTP/1.1" 200 3168 "-" "Mozilla/5.0 AppleWebKit/537.36 (KHTML, like Gecko; compatible; GPTBot/1.2; +https://openai.com/gptbot)"
51.195.215.185 - - [15/Sep/2025:15:46:59 +0200] "GET /category/national-casinos-bet-com/ HTTP/1.1" 200 3666 "-" "Mozilla/5.0 (compatible; AhrefsBot/7.0; +http://ahrefs.com/robot/)"
20.171.207.153 - - [15/Sep/2025:15:47:02 +0200] "GET /sitemap-hot-4225854.xml?path=//var/lib/yum/yumdb/e/62652cccf9da7e1acb074e4a807d76b14c823776-ea-php73-php-mbstring-7.3.33-13.18.10.cpanel-x86_64 HTTP/1.1" 200 3168 "-" "Mozilla/5.0 AppleWebKit/537.36 (KHTML, like Gecko; compatible; GPTBot/1.2; +https://openai.com/gptbot)"
98.83.178.66 - - [15/Sep/2025:15:47:04 +0200] "GET /2025/09/11/nextgen-medusa-ii-slot-la-dolce-vita-slot-fur-nusse-auffuhren-ohne-registrierung/?fileloc=//scripts/process_pending_cpanel_php_pear_registration&path=//scripts HTTP/1.1" 200 16041 "-" "Mozilla/5.0 AppleWebKit/537.36 (KHTML, like Gecko; compatible; Amazonbot/0.1; +https://developer.amazon.com/support/amazonbot) Chrome/119.0.6045.214 Safari/537.36"
20.171.207.153 - - [15/Sep/2025:15:47:05 +0200] "GET /sitemap-hot-4225854.xml?path=//var/lib/yum/yumdb/e/d55f005182061dbee2dddbb1db520aa15d1c31b3-ea-php70-php-litespeed-7.0.33-27.28.41.cpanel-x86_64 HTTP/1.1" 200 3172 "-" "Mozilla/5.0 AppleWebKit/537.36 (KHTML, like Gecko; compatible; GPTBot/1.2; +https://openai.com/gptbot)"
20.171.207.153 - - [15/Sep/2025:15:47:08 +0200] "GET /sitemap-hot-4225854.xml?path=//var/lib/yum/yumdb/e/8d1ee5b8d105bf62b90ac74cc974d48913587770-ea-php73-php-opcache-7.3.33-13.18.10.cpanel-x86_64 HTTP/1.1" 200 3167 "-" "Mozilla/5.0 AppleWebKit/537.36 (KHTML, like Gecko; compatible; GPTBot/1.2; +https://openai.com/gptbot)"
20.171.207.153 - - [15/Sep/2025:15:47:11 +0200] "GET /sitemap-hot-4225854.xml?path=//var/lib/yum/yumdb/a/54bb90d7c96548c4f5b52b69acb44d50e36cc1a6-alt-php-internal-common-8.2.28-6.el7-x86_64 HTTP/1.1" 200 3158 "-" "Mozilla/5.0 AppleWebKit/537.36 (KHTML, like Gecko; compatible; GPTBot/1.2; +https://openai.com/gptbot)"
34.206.193.60 - - [15/Sep/2025:15:47:12 +0200] "GET /2025/09/12/the-best-fifty-free-revolves-no-deposit-slot-book-of-ra-extra-inside-2025/?path=//lib64/aspell-0.60 HTTP/1.1" 200 127994 "-" "Mozilla/5.0 AppleWebKit/537.36 (KHTML, like Gecko; compatible; Amazonbot/0.1; +https://developer.amazon.com/support/amazonbot) Chrome/119.0.6045.214 Safari/537.36"
216.73.216.34 - - [15/Sep/2025:15:47:14 +0200] "GET /2025/09/12/disco-funk-on-the-web-online-casino-cherry-50-free-spins-casino-slot-games-enjoy-100-percent-free-that-have-habanero?fileloc=%2F%2Fetc%2F.whostmgrft&path=%2F%2Fetc HTTP/1.1" 200 2246 "-" "Mozilla/5.0 AppleWebKit/537.36 (KHTML, like Gecko; compatible; ClaudeBot/1.0; +claudebot@anthropic.com)"
51.195.244.56 - - [15/Sep/2025:15:47:14 +0200] "GET /category/nastya/ HTTP/1.1" 200 3666 "-" "Mozilla/5.0 (compatible; AhrefsBot/7.0; +http://ahrefs.com/robot/)"
20.171.207.153 - - [15/Sep/2025:15:47:15 +0200] "GET /sitemap-hot-4225854.xml?path=//var/lib/yum/yumdb/e/c1555222502c55ff4a722552c20845ab32ee8931-ea-php72-php-opcache-7.2.34-10.12.41.cpanel-x86_64 HTTP/1.1" 200 3171 "-" "Mozilla/5.0 AppleWebKit/537.36 (KHTML, like Gecko; compatible; GPTBot/1.2; +https://openai.com/gptbot)"
216.73.216.34 - - [15/Sep/2025:15:47:15 +0200] "GET /2025/09/12/1win-zerkalo-sajta-bukmekerskoj-kontory-1vin-4060?fileloc=%2F%2Fbin%2Fpgawk&path=%2F%2Fbin HTTP/1.1" 200 2242 "-" "Mozilla/5.0 AppleWebKit/537.36 (KHTML, like Gecko; compatible; ClaudeBot/1.0; +claudebot@anthropic.com)"
20.171.207.153 - - [15/Sep/2025:15:47:18 +0200] "GET /sitemap-hot-4225854.xml?path=//var/lib/yum/yumdb/e/a6d8d548af08bfcc6646ab0d37b6ffd13ba25a49-ea-php-cli-1.0.0-12.19.1.cpanel-x86_64 HTTP/1.1" 200 3126 "-" "Mozilla/5.0 AppleWebKit/537.36 (KHTML, like Gecko; compatible; GPTBot/1.2; +https://openai.com/gptbot)"
216.73.216.34 - - [15/Sep/2025:15:47:18 +0200] "GET /2025/09/12/slotigo-de-worldmatch-slot-spiele-die-besten-verbunden-slots-and-spielautomaten-gebuhrenfrei?fileloc=%2F%2Fproc%2F634%2Ftask%2F644%2Fsyscall&path=%2F%2Fproc%2F634%2Ftask%2F644 HTTP/1.1" 200 2272 "-" "Mozilla/5.0 AppleWebKit/537.36 (KHTML, like Gecko; compatible; ClaudeBot/1.0; +claudebot@anthropic.com)"
20.171.207.153 - - [15/Sep/2025:15:47:21 +0200] "GET /sitemap-hot-4225854.xml?fileloc=//var/lib/yum/yumdb/e/d55f005182061dbee2dddbb1db520aa15d1c31b3-ea-php70-php-litespeed-7.0.33-27.28.41.cpanel-x86_64/reason&path=//var/lib/yum/yumdb/e/d55f005182061dbee2dddbb1db520aa15d1c31b3-ea-php70-php-litespeed-7.0.33-27.28.41.cpanel-x86_64 HTTP/1.1" 200 2350 "-" "Mozilla/5.0 AppleWebKit/537.36 (KHTML, like Gecko; compatible; GPTBot/1.2; +https://openai.com/gptbot)"
216.73.216.34 - - [15/Sep/2025:15:47:21 +0200] "GET /2025/09/12/finest-united-states-online-casinos-2025-internet-casino-cuckoo-casino-game-a-real-income?fileloc=%2F%2Fsbin%2Fnfsiostat&path=%2F%2Fsbin HTTP/1.1" 200 7844 "-" "Mozilla/5.0 AppleWebKit/537.36 (KHTML, like Gecko; compatible; ClaudeBot/1.0; +claudebot@anthropic.com)"
20.171.207.153 - - [15/Sep/2025:15:47:24 +0200] "GET /sitemap-hot-4225854.xml?path=//var/lib/yum/yumdb/a/2ccd98eed717b80f71f1d51de2cf4e183b42ba71-alt-php-internal-intl-8.2.28-6.el7-x86_64 HTTP/1.1" 200 3158 "-" "Mozilla/5.0 AppleWebKit/537.36 (KHTML, like Gecko; compatible; GPTBot/1.2; +https://openai.com/gptbot)"
216.73.216.34 - - [15/Sep/2025:15:47:24 +0200] "GET /2025/09/12/finest-united-states-online-casinos-2025-internet-casino-cuckoo-casino-game-a-real-income?fileloc=%2F%2Flib64%2Flibrt.a&path=%2F%2Flib64 HTTP/1.1" 200 2241 "-" "Mozilla/5.0 AppleWebKit/537.36 (KHTML, like Gecko; compatible; ClaudeBot/1.0; +claudebot@anthropic.com)"
54.86.59.155 - - [15/Sep/2025:15:47:24 +0200] "GET /2025/05/15/understanding-exness-trading-in-bangladesh-a/?path=//lib/firmware HTTP/1.1" 200 677205 "-" "Mozilla/5.0 AppleWebKit/537.36 (KHTML, like Gecko; compatible; Amazonbot/0.1; +https://developer.amazon.com/support/amazonbot) Chrome/119.0.6045.214 Safari/537.36"
20.171.207.153 - - [15/Sep/2025:15:47:27 +0200] "GET /sitemap-hot-4225854.xml?path=//var/lib/yum/yumdb/e/03acfe87bba340de7ca584edd80eaabfc88bdde1-ea-php56-php-mcrypt-5.6.40-23.25.42.cpanel-x86_64 HTTP/1.1" 200 3168 "-" "Mozilla/5.0 AppleWebKit/537.36 (KHTML, like Gecko; compatible; GPTBot/1.2; +https://openai.com/gptbot)"
216.73.216.34 - - [15/Sep/2025:15:47:27 +0200] "GET /2025/09/12/1win-zerkalo-sajta-bukmekerskoj-kontory-1vin-4060?fileloc=%2F%2Fproc%2F596%2Fsmaps&path=%2F%2Fproc%2F596 HTTP/1.1" 200 2253 "-" "Mozilla/5.0 AppleWebKit/537.36 (KHTML, like Gecko; compatible; ClaudeBot/1.0; +claudebot@anthropic.com)"
20.171.207.153 - - [15/Sep/2025:15:47:30 +0200] "GET /sitemap-hot-4225854.xml?path=//var/lib/yum/yumdb/a/606a15789fc010195cf3acab8c638b1a77faae31-alt-php-internal-process-8.2.28-6.el7-x86_64 HTTP/1.1" 200 3158 "-" "Mozilla/5.0 AppleWebKit/537.36 (KHTML, like Gecko; compatible; GPTBot/1.2; +https://openai.com/gptbot)"
216.73.216.34 - - [15/Sep/2025:15:47:30 +0200] "GET /2025/09/12/finest-united-states-online-casinos-2025-internet-casino-cuckoo-casino-game-a-real-income?fileloc=%2F%2Fproc%2F27164%2Fnet%2Fip6_tables_names&path=%2F%2Fproc%2F27164%2Fnet HTTP/1.1" 200 2270 "-" "Mozilla/5.0 AppleWebKit/537.36 (KHTML, like Gecko; compatible; ClaudeBot/1.0; +claudebot@anthropic.com)"
198.244.226.98 - - [15/Sep/2025:15:47:31 +0200] "GET /category/my-1xbet-com/ HTTP/1.1" 200 3666 "-" "Mozilla/5.0 (compatible; AhrefsBot/7.0; +http://ahrefs.com/robot/)"
20.171.207.153 - - [15/Sep/2025:15:47:33 +0200] "GET /sitemap-hot-4225854.xml?path=//var/lib/yum/yumdb/e/7398abce8fecac792fbe6dc7b6087edd15fc97c0-ea-php73-php-iconv-7.3.33-13.18.10.cpanel-x86_64 HTTP/1.1" 200 3164 "-" "Mozilla/5.0 AppleWebKit/537.36 (KHTML, like Gecko; compatible; GPTBot/1.2; +https://openai.com/gptbot)"
216.73.216.34 - - [15/Sep/2025:15:47:33 +0200] "GET /2025/09/12/slotigo-de-worldmatch-slot-spiele-die-besten-verbunden-slots-and-spielautomaten-gebuhrenfrei?fileloc=%2F%2Fproc%2F28667%2Ftask%2F28667%2Fstat&path=%2F%2Fproc%2F28667%2Ftask%2F28667 HTTP/1.1" 200 2267 "-" "Mozilla/5.0 AppleWebKit/537.36 (KHTML, like Gecko; compatible; ClaudeBot/1.0; +claudebot@anthropic.com)"
20.171.207.153 - - [15/Sep/2025:15:47:36 +0200] "GET /sitemap-hot-4225854.xml?path=//var/lib/yum/yumdb/e/5f2fbfd92b9e70268cdbf8f5e6f0d0de0eef62ee-ea-php71-php-iconv-7.1.33-18.19.41.cpanel-x86_64 HTTP/1.1" 200 3167 "-" "Mozilla/5.0 AppleWebKit/537.36 (KHTML, like Gecko; compatible; GPTBot/1.2; +https://openai.com/gptbot)"
216.73.216.34 - - [15/Sep/2025:15:47:36 +0200] "GET /2025/09/12/ten-best-online-casinos-australian-continent-the-real-deal-currency-gaming-inside-2025/feed?fileloc=%2F%2Fetc%2Fnfs.conf&path=%2F%2Fetc HTTP/1.1" 200 2677 "-" "Mozilla/5.0 AppleWebKit/537.36 (KHTML, like Gecko; compatible; ClaudeBot/1.0; +claudebot@anthropic.com)"
20.171.207.153 - - [15/Sep/2025:15:47:39 +0200] "GET /sitemap-hot-4225854.xml?path=//var/lib/yum/yumdb/e/c07776939c6a0b8e5c8e79e26aa64abcddc1ab0d-ea-php72-php-curl-7.2.34-10.12.41.cpanel-x86_64 HTTP/1.1" 200 3165 "-" "Mozilla/5.0 AppleWebKit/537.36 (KHTML, like Gecko; compatible; GPTBot/1.2; +https://openai.com/gptbot)"
20.171.207.153 - - [15/Sep/2025:15:47:42 +0200] "GET /sitemap-hot-4225854.xml?path=//var/lib/yum/yumdb/e/d1a798a5415aaa7d8fc4efca659c0c0d73c14fbe-ea-php56-php-litespeed-5.6.40-23.25.42.cpanel-x86_64 HTTP/1.1" 200 3173 "-" "Mozilla/5.0 AppleWebKit/537.36 (KHTML, like Gecko; compatible; GPTBot/1.2; +https://openai.com/gptbot)"
52.45.77.169 - - [15/Sep/2025:15:47:44 +0200] "GET /category/mostbet-italy/ HTTP/1.1" 200 64828 "-" "Mozilla/5.0 AppleWebKit/537.36 (KHTML, like Gecko; compatible; Amazonbot/0.1; +https://developer.amazon.com/support/amazonbot) Chrome/119.0.6045.214 Safari/537.36"
20.171.207.153 - - [15/Sep/2025:15:47:45 +0200] "GET /sitemap-hot-4225854.xml?path=//var/lib/yum/yumdb/e/ca72746026057863cf9ad6de774cdccc6835e872-ea-php73-php-intl-7.3.33-13.18.10.cpanel-x86_64 HTTP/1.1" 200 3163 "-" "Mozilla/5.0 AppleWebKit/537.36 (KHTML, like Gecko; compatible; GPTBot/1.2; +https://openai.com/gptbot)"
34.236.41.241 - - [15/Sep/2025:15:47:48 +0200] "GET /2025/03/30/screenplay-evaluation-blow-up-the-chat/ HTTP/1.1" 200 64828 "-" "Mozilla/5.0 AppleWebKit/537.36 (KHTML, like Gecko; compatible; Amazonbot/0.1; +https://developer.amazon.com/support/amazonbot) Chrome/119.0.6045.214 Safari/537.36"
20.171.207.153 - - [15/Sep/2025:15:47:48 +0200] "GET /sitemap-hot-4225854.xml?path=//var/lib/yum/yumdb/e/8deec43dac1082efa541eeea3b8f54a7df270a6f-ea-php56-php-dba-5.6.40-23.25.42.cpanel-x86_64 HTTP/1.1" 200 3167 "-" "Mozilla/5.0 AppleWebKit/537.36 (KHTML, like Gecko; compatible; GPTBot/1.2; +https://openai.com/gptbot)"
198.244.240.62 - - [15/Sep/2025:15:47:50 +0200] "GET /category/motorcycle-service-518/ HTTP/1.1" 200 3666 "-" "Mozilla/5.0 (compatible; AhrefsBot/7.0; +http://ahrefs.com/robot/)"
20.171.207.153 - - [15/Sep/2025:15:47:51 +0200] "GET /sitemap-hot-4225854.xml?path=//var/lib/yum/yumdb/e/abfb049ec210f6f6b35b34779e91444b7f8d4573-ea-php73-php-zip-7.3.33-13.18.10.cpanel-x86_64 HTTP/1.1" 200 3161 "-" "Mozilla/5.0 AppleWebKit/537.36 (KHTML, like Gecko; compatible; GPTBot/1.2; +https://openai.com/gptbot)"
100.29.34.97 - - [15/Sep/2025:15:47:52 +0200] "GET /2025/04/16/understanding-the-em-steroid-principle-of-action-43/ HTTP/1.1" 200 64828 "-" "Mozilla/5.0 AppleWebKit/537.36 (KHTML, like Gecko; compatible; Amazonbot/0.1; +https://developer.amazon.com/support/amazonbot) Chrome/119.0.6045.214 Safari/537.36"
20.171.207.153 - - [15/Sep/2025:15:47:55 +0200] "GET /sitemap-hot-4225854.xml?path=//var/lib/yum/yumdb/e/f1d9b6f8333411d541a3b0756422809785125fde-ea-php56-php-fpm-5.6.40-23.25.42.cpanel-x86_64 HTTP/1.1" 200 3165 "-" "Mozilla/5.0 AppleWebKit/537.36 (KHTML, like Gecko; compatible; GPTBot/1.2; +https://openai.com/gptbot)"
52.70.138.176 - - [15/Sep/2025:15:47:56 +0200] "GET /2025/09/11/best-5-mobile-mr-bet-no-deposit-bonus-codes-2025-gambling-enterprises-2025-best-real-cash-playing-programs/?fileloc=//bin/tcamttest&path=//bin HTTP/1.1" 200 12244 "-" "Mozilla/5.0 AppleWebKit/537.36 (KHTML, like Gecko; compatible; Amazonbot/0.1; +https://developer.amazon.com/support/amazonbot) Chrome/119.0.6045.214 Safari/537.36"
20.171.207.153 - - [15/Sep/2025:15:47:58 +0200] "GET /sitemap-hot-4225854.xml?path=//var/lib/yum/yumdb/a/fa8be845fabacd13f84acd6160a3d23cfa112c3e-alt-php-internal-cli-8.2.28-6.el7-x86_64 HTTP/1.1" 200 3158 "-" "Mozilla/5.0 AppleWebKit/537.36 (KHTML, like Gecko; compatible; GPTBot/1.2; +https://openai.com/gptbot)"
20.171.207.153 - - [15/Sep/2025:15:48:01 +0200] "GET /sitemap-hot-4225854.xml?path=//var/lib/yum/yumdb/e/33f0660fc5601c338ab33336f0e87a625e4045e2-ea-php56-php-soap-5.6.40-23.25.42.cpanel-x86_64 HTTP/1.1" 200 3166 "-" "Mozilla/5.0 AppleWebKit/537.36 (KHTML, like Gecko; compatible; GPTBot/1.2; +https://openai.com/gptbot)"
20.171.207.153 - - [15/Sep/2025:15:48:04 +0200] "GET /sitemap-hot-4225854.xml?path=//var/lib/yum/yumdb/a/bffeb34ec8644b6ee6ce9cfb9c8aa6f014d3ecfb-alt-php-internal-pdo-8.2.28-6.el7-x86_64 HTTP/1.1" 200 3158 "-" "Mozilla/5.0 AppleWebKit/537.36 (KHTML, like Gecko; compatible; GPTBot/1.2; +https://openai.com/gptbot)"
20.171.207.153 - - [15/Sep/2025:15:48:07 +0200] "GET /sitemap-hot-4225854.xml?path=//var/lib/yum/yumdb/c HTTP/1.1" 200 4981 "-" "Mozilla/5.0 AppleWebKit/537.36 (KHTML, like Gecko; compatible; GPTBot/1.2; +https://openai.com/gptbot)"
52.2.4.213 - - [15/Sep/2025:15:48:08 +0200] "GET /2023/05/10/net-working-capital-formula-example-calculation/?fileloc=//bin/tcfmttest&path=//bin HTTP/1.1" 200 12244 "-" "Mozilla/5.0 AppleWebKit/537.36 (KHTML, like Gecko; compatible; Amazonbot/0.1; +https://developer.amazon.com/support/amazonbot) Chrome/119.0.6045.214 Safari/537.36"
20.171.207.153 - - [15/Sep/2025:15:48:10 +0200] "GET /sitemap-hot-4225854.xml?path=//var/lib/yum/yumdb/f HTTP/1.1" 200 3575 "-" "Mozilla/5.0 AppleWebKit/537.36 (KHTML, like Gecko; compatible; GPTBot/1.2; +https://openai.com/gptbot)"
51.195.215.198 - - [15/Sep/2025:15:48:10 +0200] "GET /category/mostbet/ HTTP/1.1" 200 3666 "-" "Mozilla/5.0 (compatible; AhrefsBot/7.0; +http://ahrefs.com/robot/)"
3.224.104.67 - - [15/Sep/2025:15:48:12 +0200] "GET /2025/09/11/spielsaal-freispiele-ohne-einzahlung-im-neunter-monat-des-jahres-2025-%EF%B8%8F-automatenspielex/?fileloc=//bin/gpg-agent&path=//bin HTTP/1.1" 200 12244 "-" "Mozilla/5.0 AppleWebKit/537.36 (KHTML, like Gecko; compatible; Amazonbot/0.1; +https://developer.amazon.com/support/amazonbot) Chrome/119.0.6045.214 Safari/537.36"
66.249.74.2 - - [15/Sep/2025:15:48:13 +0200] "GET /2025/02/11/%D1%80%D0%B5%D0%B9%D1%82%D0%B8%D0%BD%D0%B3-%D0%B1%D1%83%D0%BA%D0%BC%D0%B5%D0%BA%D0%B5%D1%80%D0%BE%D0%B2-2024-%D0%BB%D1%83%D1%87%D1%88%D0%B8%D0%B5-%D0%B1%D1%83%D0%BA%D0%BC%D0%B5%D0%BA%D0%B5%D1%80%D1%81/?path=//root HTTP/1.1" 200 2291 "-" "Mozilla/5.0 (Linux; Android 6.0.1; Nexus 5X Build/MMB29P) AppleWebKit/537.36 (KHTML, like Gecko) Chrome/140.0.7339.127 Mobile Safari/537.36 (compatible; GoogleOther)"
20.171.207.153 - - [15/Sep/2025:15:48:13 +0200] "GET /sitemap-hot-4225854.xml?path=//var/lib/yum/yumdb/k HTTP/1.1" 200 3777 "-" "Mozilla/5.0 AppleWebKit/537.36 (KHTML, like Gecko; compatible; GPTBot/1.2; +https://openai.com/gptbot)"
20.171.207.153 - - [15/Sep/2025:15:48:17 +0200] "GET /sitemap-hot-4225854.xml?path=//var/lib/yum/yumdb/w HTTP/1.1" 200 3020 "-" "Mozilla/5.0 AppleWebKit/537.36 (KHTML, like Gecko; compatible; GPTBot/1.2; +https://openai.com/gptbot)"
3.232.82.72 - - [15/Sep/2025:15:48:20 +0200] "GET /2025/09/11/neue-erreichbar-casinos-aktuelle-register-fur-jedes-monat-des-herbstbeginns-2025/?path=//lib64/libboost-plesk-1.84 HTTP/1.1" 200 23759 "-" "Mozilla/5.0 AppleWebKit/537.36 (KHTML, like Gecko; compatible; Amazonbot/0.1; +https://developer.amazon.com/support/amazonbot) Chrome/119.0.6045.214 Safari/537.36"
20.171.207.153 - - [15/Sep/2025:15:48:20 +0200] "GET /sitemap-hot-4225854.xml?path=//var/lib/yum/yumdb/g HTTP/1.1" 200 5749 "-" "Mozilla/5.0 AppleWebKit/537.36 (KHTML, like Gecko; compatible; GPTBot/1.2; +https://openai.com/gptbot)"
20.171.207.153 - - [15/Sep/2025:15:48:23 +0200] "GET /sitemap-hot-4225854.xml?path=//var/lib/yum/yumdb/n HTTP/1.1" 200 4197 "-" "Mozilla/5.0 AppleWebKit/537.36 (KHTML, like Gecko; compatible; GPTBot/1.2; +https://openai.com/gptbot)"
52.70.123.241 - - [15/Sep/2025:15:48:24 +0200] "GET /2025/09/11/beste-neue-casinos-2025-deutschland/?path=//dev/disk HTTP/1.1" 200 17934 "-" "Mozilla/5.0 AppleWebKit/537.36 (KHTML, like Gecko; compatible; Amazonbot/0.1; +https://developer.amazon.com/support/amazonbot) Chrome/119.0.6045.214 Safari/537.36"
20.171.207.153 - - [15/Sep/2025:15:48:26 +0200] "GET /sitemap-hot-4225854.xml?path=//var/lib/yum/yumdb/k/90ff756a10bea01eec7a5ad3c389d576b692fa7b-kernel-tools-3.10.0-1160.119.1.el7.tuxcare.els22-x86_64 HTTP/1.1" 200 3152 "-" "Mozilla/5.0 AppleWebKit/537.36 (KHTML, like Gecko; compatible; GPTBot/1.2; +https://openai.com/gptbot)"
54.38.147.9 - - [15/Sep/2025:15:48:28 +0200] "GET /category/mostbet-org-in/ HTTP/1.1" 200 3666 "-" "Mozilla/5.0 (compatible; AhrefsBot/7.0; +http://ahrefs.com/robot/)"
100.29.160.53 - - [15/Sep/2025:15:48:28 +0200] "GET /2025/09/11/top-ten-on-the-web-roulette-web-sites-for-real-money-in-2025/?path=//run/nscd HTTP/1.1" 200 14096 "-" "Mozilla/5.0 AppleWebKit/537.36 (KHTML, like Gecko; compatible; Amazonbot/0.1; +https://developer.amazon.com/support/amazonbot) Chrome/119.0.6045.214 Safari/537.36"
20.171.207.153 - - [15/Sep/2025:15:48:29 +0200] "GET /sitemap-hot-4225854.xml?path=//var/lib/yum/yumdb/q HTTP/1.1" 200 2880 "-" "Mozilla/5.0 AppleWebKit/537.36 (KHTML, like Gecko; compatible; GPTBot/1.2; +https://openai.com/gptbot)"
216.73.216.34 - - [15/Sep/2025:15:48:30 +0200] "GET /2025/09/12/hot-gems-jogue-online-afinar-pokerstars-casino/feed?fileloc=%2F%2Fbin%2Freadelf&path=%2F%2Fbin HTTP/1.1" 200 2242 "-" "Mozilla/5.0 AppleWebKit/537.36 (KHTML, like Gecko; compatible; ClaudeBot/1.0; +claudebot@anthropic.com)"
216.73.216.34 - - [15/Sep/2025:15:48:32 +0200] "GET /2025/09/12/super-deuces-wild-the-brand-new-adventure-from-casino-slot-sugar-parade-rtp-a-refreshed-classic/feed?fileloc=%2F%2Fetc%2Fshells&path=%2F%2Fetc HTTP/1.1" 200 2306 "-" "Mozilla/5.0 AppleWebKit/537.36 (KHTML, like Gecko; compatible; ClaudeBot/1.0; +claudebot@anthropic.com)"
20.171.207.153 - - [15/Sep/2025:15:48:32 +0200] "GET /sitemap-hot-4225854.xml?path=//var/lib/yum/yumdb/z HTTP/1.1" 200 2868 "-" "Mozilla/5.0 AppleWebKit/537.36 (KHTML, like Gecko; compatible; GPTBot/1.2; +https://openai.com/gptbot)"
3.225.9.97 - - [15/Sep/2025:15:48:32 +0200] "GET /2025/09/11/neue-erreichbar-casinos-aktuelle-register-fur-jedes-monat-des-herbstbeginns-2025/?path=//lib64/c%20%20-plesk-12.2.0 HTTP/1.1" 200 12724 "-" "Mozilla/5.0 AppleWebKit/537.36 (KHTML, like Gecko; compatible; Amazonbot/0.1; +https://developer.amazon.com/support/amazonbot) Chrome/119.0.6045.214 Safari/537.36"
216.73.216.34 - - [15/Sep/2025:15:48:35 +0200] "GET /2025/09/12/best-online-casino-internet-sites-you-a-real-income-gambling-classico-1-deposit-enterprises-2025?fileloc=%2F%2Fbin%2Fdate&path=%2F%2Fbin HTTP/1.1" 200 2240 "-" "Mozilla/5.0 AppleWebKit/537.36 (KHTML, like Gecko; compatible; ClaudeBot/1.0; +claudebot@anthropic.com)"
20.171.207.153 - - [15/Sep/2025:15:48:35 +0200] "GET /sitemap-hot-4225854.xml?path=//var/lib/yum/yumdb/n/3f930a4e939761f027057619f41e74c413e301a6-nss-softokn-freebl-3.90.0-6.el7_9.tuxcare.els1-i686 HTTP/1.1" 200 3137 "-" "Mozilla/5.0 AppleWebKit/537.36 (KHTML, like Gecko; compatible; GPTBot/1.2; +https://openai.com/gptbot)"
216.73.216.34 - - [15/Sep/2025:15:48:38 +0200] "GET /2025/09/12/slotigo-de-worldmatch-slot-spiele-die-besten-verbunden-slots-and-spielautomaten-gebuhrenfrei?fileloc=%2F%2Fproc%2F22%2Fnet%2Fstat%2Frt_cache&path=%2F%2Fproc%2F22%2Fnet%2Fstat HTTP/1.1" 200 2445 "-" "Mozilla/5.0 AppleWebKit/537.36 (KHTML, like Gecko; compatible; ClaudeBot/1.0; +claudebot@anthropic.com)"
20.171.207.153 - - [15/Sep/2025:15:48:39 +0200] "GET /sitemap-hot-4225854.xml?path=//var/lib/yum/yumdb/a/cb11358c72616ed59fbc7d4555f6a809d36be140-alt-php-config-1-62.1.el7-noarch HTTP/1.1" 200 3154 "-" "Mozilla/5.0 AppleWebKit/537.36 (KHTML, like Gecko; compatible; GPTBot/1.2; +https://openai.com/gptbot)"
54.163.136.244 - - [15/Sep/2025:15:48:40 +0200] "GET /category/blog-lk/?path=//sys/module HTTP/1.1" 200 228673 "-" "Mozilla/5.0 AppleWebKit/537.36 (KHTML, like Gecko; compatible; Amazonbot/0.1; +https://developer.amazon.com/support/amazonbot) Chrome/119.0.6045.214 Safari/537.36"
216.73.216.34 - - [15/Sep/2025:15:48:41 +0200] "GET /2025/09/12/best-online-casino-internet-sites-you-a-real-income-gambling-classico-1-deposit-enterprises-2025?fileloc=%2F%2Fproc%2F19%2Fcgroup&path=%2F%2Fproc%2F19 HTTP/1.1" 200 2348 "-" "Mozilla/5.0 AppleWebKit/537.36 (KHTML, like Gecko; compatible; ClaudeBot/1.0; +claudebot@anthropic.com)"
20.171.207.153 - - [15/Sep/2025:15:48:42 +0200] "GET /sitemap-hot-4225854.xml?path=//var/lib/yum/yumdb/e/6ade2c7b9a3468bbeedddcf3bdf7e7df26c22c70-ea-php72-php-ldap-7.2.34-10.12.41.cpanel-x86_64 HTTP/1.1" 200 3165 "-" "Mozilla/5.0 AppleWebKit/537.36 (KHTML, like Gecko; compatible; GPTBot/1.2; +https://openai.com/gptbot)"
216.73.216.34 - - [15/Sep/2025:15:48:44 +0200] "GET /2025/09/12/hot-fire-fruits-slot-canhoteiro-review-2024-play-for-free/feed?fileloc=%2F%2Fbin%2Ffactor&path=%2F%2Fbin HTTP/1.1" 200 2241 "-" "Mozilla/5.0 AppleWebKit/537.36 (KHTML, like Gecko; compatible; ClaudeBot/1.0; +claudebot@anthropic.com)"
3.219.81.66 - - [15/Sep/2025:15:48:44 +0200] "GET /category/slots/?path=//run/dovecot HTTP/1.1" 200 21011 "-" "Mozilla/5.0 AppleWebKit/537.36 (KHTML, like Gecko; compatible; Amazonbot/0.1; +https://developer.amazon.com/support/amazonbot) Chrome/119.0.6045.214 Safari/537.36"
20.171.207.153 - - [15/Sep/2025:15:48:45 +0200] "GET /sitemap-hot-4225854.xml?path=//var/lib/yum/yumdb/p/c41fc9ed4459865a7774bea00aa2fd12f09d8fb1-perl-Log-Message-0.08-3.el7-noarch HTTP/1.1" 200 3006 "-" "Mozilla/5.0 AppleWebKit/537.36 (KHTML, like Gecko; compatible; GPTBot/1.2; +https://openai.com/gptbot)"
156.233.91.244 - - [15/Sep/2025:15:48:45 +0200] "GET /2025/09/02/les-secrets-des-probabilites-au-casinoclic-comment-jouer-avec-intelligence/ HTTP/1.1" 200 3666 "http://ecommerce.sareqgroup.com/" "Mozilla/5.0 (Linux x86_64; rv:114.0) Gecko/20100101 Firefox/114.0"
216.73.216.34 - - [15/Sep/2025:15:48:47 +0200] "GET /2025/09/12/super-deuces-wild-the-brand-new-adventure-from-casino-slot-sugar-parade-rtp-a-refreshed-classic/feed?fileloc=%2F%2Fproc%2F11525%2Fmountinfo&path=%2F%2Fproc%2F11525 HTTP/1.1" 200 3112 "-" "Mozilla/5.0 AppleWebKit/537.36 (KHTML, like Gecko; compatible; ClaudeBot/1.0; +claudebot@anthropic.com)"
156.249.137.34 - - [15/Sep/2025:15:48:48 +0200] "GET /2025/09/02/les-secrets-des-probabilites-au-casinoclic-comment-jouer-avec-intelligence/?fileloc=/home/sareqgroup/ecommerce.com/.htaccess&path=/home/sareqgroup/ecommerce.com HTTP/1.1" 200 3172 "http://ecommerce.sareqgroup.com/2025/09/02/les-secrets-des-probabilites-au-casinoclic-comment-jouer-avec-intelligence/" "Mozilla/5.0 (Linux x86_64; rv:114.0) Gecko/20100101 Firefox/114.0"
198.244.183.78 - - [15/Sep/2025:15:48:48 +0200] "GET /category/mostbet-kz-skachat-734/ HTTP/1.1" 200 3666 "-" "Mozilla/5.0 (compatible; AhrefsBot/7.0; +http://ahrefs.com/robot/)"
20.171.207.153 - - [15/Sep/2025:15:48:48 +0200] "GET /sitemap-hot-4225854.xml?path=//var/lib/yum/yumdb/j HTTP/1.1" 200 2994 "-" "Mozilla/5.0 AppleWebKit/537.36 (KHTML, like Gecko; compatible; GPTBot/1.2; +https://openai.com/gptbot)"
216.73.216.34 - - [15/Sep/2025:15:48:50 +0200] "GET /2025/09/12/disco-funk-on-the-web-online-casino-cherry-50-free-spins-casino-slot-games-enjoy-100-percent-free-that-have-habanero?path=%2F%2Fetc%2Fcron.monthly HTTP/1.1" 200 2307 "-" "Mozilla/5.0 AppleWebKit/537.36 (KHTML, like Gecko; compatible; ClaudeBot/1.0; +claudebot@anthropic.com)"
20.171.207.153 - - [15/Sep/2025:15:48:52 +0200] "GET /sitemap-hot-4225854.xml?path=//var/lib/mysql HTTP/1.1" 200 2312 "-" "Mozilla/5.0 AppleWebKit/537.36 (KHTML, like Gecko; compatible; GPTBot/1.2; +https://openai.com/gptbot)"
18.213.240.226 - - [15/Sep/2025:15:48:52 +0200] "GET /2025/05/15/how-to-bet-on-basketball-and-make-money-7/?path=//run/cloud-init HTTP/1.1" 200 12706 "-" "Mozilla/5.0 AppleWebKit/537.36 (KHTML, like Gecko; compatible; Amazonbot/0.1; +https://developer.amazon.com/support/amazonbot) Chrome/119.0.6045.214 Safari/537.36"
216.73.216.34 - - [15/Sep/2025:15:48:53 +0200] "GET /2025/09/12/egypt-sky-banana-totem-towers-slot-splash-slot-je-bares-slot-review-2025-free-play-demo/feed?fileloc=%2F%2Fsys%2Fbus%2Fthunderbolt%2Fdrivers_autoprobe&path=%2F%2Fsys%2Fbus%2Fthunderbolt HTTP/1.1" 200 2274 "-" "Mozilla/5.0 AppleWebKit/537.36 (KHTML, like Gecko; compatible; ClaudeBot/1.0; +claudebot@anthropic.com)"
20.171.207.153 - - [15/Sep/2025:15:48:55 +0200] "GET /sitemap-hot-4225854.xml?fileloc=//var/lib/yum/yumdb/n/3f930a4e939761f027057619f41e74c413e301a6-nss-softokn-freebl-3.90.0-6.el7_9.tuxcare.els1-i686/releasever&path=//var/lib/yum/yumdb/n/3f930a4e939761f027057619f41e74c413e301a6-nss-softokn-freebl-3.90.0-6.el7_9.tuxcare.els1-i686 HTTP/1.1" 200 2346 "-" "Mozilla/5.0 AppleWebKit/537.36 (KHTML, like Gecko; compatible; GPTBot/1.2; +https://openai.com/gptbot)"
216.73.216.34 - - [15/Sep/2025:15:48:56 +0200] "GET /2025/09/12/finest-united-states-online-casinos-2025-internet-casino-cuckoo-casino-game-a-real-income?path=%2F%2Flib%2Ffirewalld%2Ficmptypes HTTP/1.1" 200 3884 "-" "Mozilla/5.0 AppleWebKit/537.36 (KHTML, like Gecko; compatible; ClaudeBot/1.0; +claudebot@anthropic.com)"
20.171.207.153 - - [15/Sep/2025:15:48:58 +0200] "GET /sitemap-hot-4225854.xml?fileloc=//var/lib/yum/yumdb/a/cb11358c72616ed59fbc7d4555f6a809d36be140-alt-php-config-1-62.1.el7-noarch/from_repo_revision&path=//var/lib/yum/yumdb/a/cb11358c72616ed59fbc7d4555f6a809d36be140-alt-php-config-1-62.1.el7-noarch HTTP/1.1" 200 2353 "-" "Mozilla/5.0 AppleWebKit/537.36 (KHTML, like Gecko; compatible; GPTBot/1.2; +https://openai.com/gptbot)"
216.73.216.34 - - [15/Sep/2025:15:48:59 +0200] "GET /2025/09/12/spielsaal-erreichbar-cops-bandits-book-of-cats-slot-keine-kostenlosen-einzahlungspins-frozen-diamonds-online-spielautomaten-tia-gatlinburg-vacation-packages?fileloc=%2F%2Fsbin%2Fbtrfs-map-logical&path=%2F%2Fsbin HTTP/1.1" 200 2251 "-" "Mozilla/5.0 AppleWebKit/537.36 (KHTML, like Gecko; compatible; ClaudeBot/1.0; +claudebot@anthropic.com)"
20.171.207.153 - - [15/Sep/2025:15:49:01 +0200] "GET /sitemap-hot-4225854.xml?path=//usr/lib/gcc HTTP/1.1" 200 2558 "-" "Mozilla/5.0 AppleWebKit/537.36 (KHTML, like Gecko; compatible; GPTBot/1.2; +https://openai.com/gptbot)"
216.73.216.34 - - [15/Sep/2025:15:49:02 +0200] "GET /2025/09/12/bananas-go-bahamas-gebuhrenfrei-tasty-win-mobile-slot-ohne-registration-auf-anhieb-highway-kings-pro-slot-casino-sites-gerieren/feed?fileloc=%2F%2Flib%2Fgconv%2FTSCII.so&path=%2F%2Flib%2Fgconv HTTP/1.1" 200 2260 "-" "Mozilla/5.0 AppleWebKit/537.36 (KHTML, like Gecko; compatible; ClaudeBot/1.0; +claudebot@anthropic.com)"
20.171.207.153 - - [15/Sep/2025:15:49:04 +0200] "GET /sitemap-hot-4225854.xml?path=//var/cache/yum HTTP/1.1" 200 2549 "-" "Mozilla/5.0 AppleWebKit/537.36 (KHTML, like Gecko; compatible; GPTBot/1.2; +https://openai.com/gptbot)"
216.73.216.34 - - [15/Sep/2025:15:49:05 +0200] "GET /2025/09/12/b7-casino-nl-bonus-450-en-250-gratis-spins-619-2?fileloc=%2F%2Fproc%2F305%2Fsetgroups&path=%2F%2Fproc%2F305 HTTP/1.1" 200 2258 "-" "Mozilla/5.0 AppleWebKit/537.36 (KHTML, like Gecko; compatible; ClaudeBot/1.0; +claudebot@anthropic.com)"
51.195.244.18 - - [15/Sep/2025:15:49:07 +0200] "GET /category/mostbet-casino-login-352/ HTTP/1.1" 200 3666 "-" "Mozilla/5.0 (compatible; AhrefsBot/7.0; +http://ahrefs.com/robot/)"
20.171.207.153 - - [15/Sep/2025:15:49:08 +0200] "GET /sitemap-hot-4225854.xml?path=//var/lib/dbus HTTP/1.1" 200 2310 "-" "Mozilla/5.0 AppleWebKit/537.36 (KHTML, like Gecko; compatible; GPTBot/1.2; +https://openai.com/gptbot)"
216.73.216.34 - - [15/Sep/2025:15:49:08 +0200] "GET /2025/09/12/bananas-go-bahamas-gebuhrenfrei-tasty-win-mobile-slot-ohne-registration-auf-anhieb-highway-kings-pro-slot-casino-sites-gerieren/feed?fileloc=%2F%2Flib64%2FlibXrandr.so.2&path=%2F%2Flib64 HTTP/1.1" 200 2247 "-" "Mozilla/5.0 AppleWebKit/537.36 (KHTML, like Gecko; compatible; ClaudeBot/1.0; +claudebot@anthropic.com)"
216.73.216.34 - - [15/Sep/2025:15:49:11 +0200] "GET /2025/09/12/the-fresh-dogfather-position-100-percent-free-slot-copy-cats-local-casino-money-august-2025?path=%2F%2Fdev%2Fdisk%2Fby-id HTTP/1.1" 200 2314 "-" "Mozilla/5.0 AppleWebKit/537.36 (KHTML, like Gecko; compatible; ClaudeBot/1.0; +claudebot@anthropic.com)"
20.171.207.153 - - [15/Sep/2025:15:49:11 +0200] "GET /sitemap-hot-4225854.xml?path=//usr/lib/tuned HTTP/1.1" 200 2924 "-" "Mozilla/5.0 AppleWebKit/537.36 (KHTML, like Gecko; compatible; GPTBot/1.2; +https://openai.com/gptbot)"
52.3.102.51 - - [15/Sep/2025:15:49:12 +0200] "GET /2025/09/11/enjoy-black-jack-online-100-percent-free-step-imperative-hyperlink-one-12-professionals-zero-adverts/?fileloc=//bin/gr2fonttest&path=//bin HTTP/1.1" 200 12246 "-" "Mozilla/5.0 AppleWebKit/537.36 (KHTML, like Gecko; compatible; Amazonbot/0.1; +https://developer.amazon.com/support/amazonbot) Chrome/119.0.6045.214 Safari/537.36"
216.73.216.34 - - [15/Sep/2025:15:49:14 +0200] "GET /2025/09/12/publication-away-from-ra-slots-casino-marco-polo-top-ten-book-of-ra-position-internet-sites-in-the-2025/feed?fileloc=%2F%2Fbin%2Feuscale-delete-scheduled-action&path=%2F%2Fbin HTTP/1.1" 200 2342 "-" "Mozilla/5.0 AppleWebKit/537.36 (KHTML, like Gecko; compatible; ClaudeBot/1.0; +claudebot@anthropic.com)"
20.171.207.153 - - [15/Sep/2025:15:49:14 +0200] "GET /sitemap-hot-4225854.xml?path=//var/lib/csf HTTP/1.1" 200 2310 "-" "Mozilla/5.0 AppleWebKit/537.36 (KHTML, like Gecko; compatible; GPTBot/1.2; +https://openai.com/gptbot)"
216.73.216.34 - - [15/Sep/2025:15:49:17 +0200] "GET /2025/09/12/b7-casino-nl-bonus-450-en-250-gratis-spins-619-2?fileloc=%2F%2Fbin%2Funzip&path=%2F%2Fbin HTTP/1.1" 200 2242 "-" "Mozilla/5.0 AppleWebKit/537.36 (KHTML, like Gecko; compatible; ClaudeBot/1.0; +claudebot@anthropic.com)"
20.171.207.153 - - [15/Sep/2025:15:49:17 +0200] "GET /sitemap-hot-4225854.xml?path=//var/lib/nfs HTTP/1.1" 200 2764 "-" "Mozilla/5.0 AppleWebKit/537.36 (KHTML, like Gecko; compatible; GPTBot/1.2; +https://openai.com/gptbot)"
216.73.216.34 - - [15/Sep/2025:15:49:20 +0200] "GET /2025/09/12/best-online-casino-internet-sites-you-a-real-income-gambling-classico-1-deposit-enterprises-2025?fileloc=%2F%2Fbin%2Farch&path=%2F%2Fbin HTTP/1.1" 200 2241 "-" "Mozilla/5.0 AppleWebKit/537.36 (KHTML, like Gecko; compatible; ClaudeBot/1.0; +claudebot@anthropic.com)"
54.235.172.96 - - [15/Sep/2025:15:49:20 +0200] "GET /2025/05/18/exploring-the-excitement-of-live-bet/?path=//var/profiles HTTP/1.1" 200 15364 "-" "Mozilla/5.0 AppleWebKit/537.36 (KHTML, like Gecko; compatible; Amazonbot/0.1; +https://developer.amazon.com/support/amazonbot) Chrome/119.0.6045.214 Safari/537.36"
20.171.207.153 - - [15/Sep/2025:15:49:20 +0200] "GET /sitemap-hot-4225854.xml?path=//usr/lib/kbd HTTP/1.1" 200 2621 "-" "Mozilla/5.0 AppleWebKit/537.36 (KHTML, like Gecko; compatible; GPTBot/1.2; +https://openai.com/gptbot)"
216.73.216.34 - - [15/Sep/2025:15:49:23 +0200] "GET /2025/09/12/twin-spin-netent-slot-slot-tornado-farm-escape-review?fileloc=%2F%2Fproc%2F16309%2Fmem&path=%2F%2Fproc%2F16309 HTTP/1.1" 200 2252 "-" "Mozilla/5.0 AppleWebKit/537.36 (KHTML, like Gecko; compatible; ClaudeBot/1.0; +claudebot@anthropic.com)"
20.171.207.153 - - [15/Sep/2025:15:49:23 +0200] "GET /sitemap-hot-4225854.xml?path=//usr/lib/udev HTTP/1.1" 200 3080 "-" "Mozilla/5.0 AppleWebKit/537.36 (KHTML, like Gecko; compatible; GPTBot/1.2; +https://openai.com/gptbot)"
20.171.207.153 - - [15/Sep/2025:15:49:27 +0200] "GET /sitemap-hot-4225854.xml?path=//var/log/audit HTTP/1.1" 200 2312 "-" "Mozilla/5.0 AppleWebKit/537.36 (KHTML, like Gecko; compatible; GPTBot/1.2; +https://openai.com/gptbot)"
51.195.215.141 - - [15/Sep/2025:15:49:27 +0200] "GET /category/mma-bet-login-832/ HTTP/1.1" 200 3666 "-" "Mozilla/5.0 (compatible; AhrefsBot/7.0; +http://ahrefs.com/robot/)"
20.171.207.153 - - [15/Sep/2025:15:49:30 +0200] "GET /sitemap-hot-4225854.xml?path=//usr/lib/tuned/balanced HTTP/1.1" 200 2581 "-" "Mozilla/5.0 AppleWebKit/537.36 (KHTML, like Gecko; compatible; GPTBot/1.2; +https://openai.com/gptbot)"
216.73.216.34 - - [15/Sep/2025:15:49:31 +0200] "GET /2025/09/12/best-spielsaal-lucky-days-freie-spins-9-gamesys-casino-spin-palace-kein-einzahlungsbonus-chinese-dragon-online-slot-casinos-watrbar?fileloc=%2F%2Fproc%2F305%2Fstatus&path=%2F%2Fproc%2F305 HTTP/1.1" 200 2543 "-" "Mozilla/5.0 AppleWebKit/537.36 (KHTML, like Gecko; compatible; ClaudeBot/1.0; +claudebot@anthropic.com)"
216.73.216.34 - - [15/Sep/2025:15:49:32 +0200] "GET /2025/09/12/bananas-go-bahamas-gebuhrenfrei-tasty-win-mobile-slot-ohne-registration-auf-anhieb-highway-kings-pro-slot-casino-sites-gerieren/feed?fileloc=%2F%2Fproc%2F9%2Fcpuset&path=%2F%2Fproc%2F9 HTTP/1.1" 200 2252 "-" "Mozilla/5.0 AppleWebKit/537.36 (KHTML, like Gecko; compatible; ClaudeBot/1.0; +claudebot@anthropic.com)"
20.171.207.153 - - [15/Sep/2025:15:49:33 +0200] "GET /sitemap-hot-4225854.xml?path=//usr/lib/tuned/desktop HTTP/1.1" 200 2580 "-" "Mozilla/5.0 AppleWebKit/537.36 (KHTML, like Gecko; compatible; GPTBot/1.2; +https://openai.com/gptbot)"
216.73.216.34 - - [15/Sep/2025:15:49:35 +0200] "GET /2025/09/12/spielsaal-erreichbar-cops-bandits-book-of-cats-slot-keine-kostenlosen-einzahlungspins-frozen-diamonds-online-spielautomaten-tia-gatlinburg-vacation-packages?path=%2F%2Fproc%2F304 HTTP/1.1" 200 3672 "-" "Mozilla/5.0 AppleWebKit/537.36 (KHTML, like Gecko; compatible; ClaudeBot/1.0; +claudebot@anthropic.com)"
20.171.207.153 - - [15/Sep/2025:15:49:36 +0200] "GET /sitemap-hot-4225854.xml?path=//usr/lib/kbd/keymaps HTTP/1.1" 200 2594 "-" "Mozilla/5.0 AppleWebKit/537.36 (KHTML, like Gecko; compatible; GPTBot/1.2; +https://openai.com/gptbot)"
216.73.216.34 - - [15/Sep/2025:15:49:38 +0200] "GET /2025/09/12/best-spielsaal-lucky-days-freie-spins-9-gamesys-casino-spin-palace-kein-einzahlungsbonus-chinese-dragon-online-slot-casinos-watrbar?fileloc=%2F%2Fproc%2F27176%2Fpagemap&path=%2F%2Fproc%2F27176 HTTP/1.1" 200 2256 "-" "Mozilla/5.0 AppleWebKit/537.36 (KHTML, like Gecko; compatible; ClaudeBot/1.0; +claudebot@anthropic.com)"
20.171.207.153 - - [15/Sep/2025:15:49:39 +0200] "GET /sitemap-hot-4225854.xml?path=//usr/lib/kbd/unimaps HTTP/1.1" 200 3851 "-" "Mozilla/5.0 AppleWebKit/537.36 (KHTML, like Gecko; compatible; GPTBot/1.2; +https://openai.com/gptbot)"
216.73.216.34 - - [15/Sep/2025:15:49:41 +0200] "GET /2025/09/12/spielsaal-erreichbar-cops-bandits-book-of-cats-slot-keine-kostenlosen-einzahlungspins-frozen-diamonds-online-spielautomaten-tia-gatlinburg-vacation-packages?fileloc=%2F%2Fbin%2Fsessreg&path=%2F%2Fbin HTTP/1.1" 200 2241 "-" "Mozilla/5.0 AppleWebKit/537.36 (KHTML, like Gecko; compatible; ClaudeBot/1.0; +claudebot@anthropic.com)"
20.171.207.153 - - [15/Sep/2025:15:49:42 +0200] "GET /sitemap-hot-4225854.xml?path=//var/lib/nfs/statd HTTP/1.1" 200 2320 "-" "Mozilla/5.0 AppleWebKit/537.36 (KHTML, like Gecko; compatible; GPTBot/1.2; +https://openai.com/gptbot)"
216.73.216.34 - - [15/Sep/2025:15:49:44 +0200] "GET /2025/09/12/most-recent-no-deposit-incentives-united-new-independent-online-casinos-kingdom-2025-greatest-ranked-now-offers?fileloc=%2F%2Fproc%2F27165%2Fschedstat&path=%2F%2Fproc%2F27165 HTTP/1.1" 200 2278 "-" "Mozilla/5.0 AppleWebKit/537.36 (KHTML, like Gecko; compatible; ClaudeBot/1.0; +claudebot@anthropic.com)"
20.171.207.153 - - [15/Sep/2025:15:49:46 +0200] "GET /sitemap-hot-4225854.xml?path=//usr/lib/udev/rules.d HTTP/1.1" 200 4343 "-" "Mozilla/5.0 AppleWebKit/537.36 (KHTML, like Gecko; compatible; GPTBot/1.2; +https://openai.com/gptbot)"
198.244.183.149 - - [15/Sep/2025:15:49:46 +0200] "GET /category/metatrader-5-for-cryptocurrency-987/ HTTP/1.1" 200 3666 "-" "Mozilla/5.0 (compatible; AhrefsBot/7.0; +http://ahrefs.com/robot/)"
216.73.216.34 - - [15/Sep/2025:15:49:47 +0200] "GET /2025/09/12/finest-united-states-online-casinos-2025-internet-casino-cuckoo-casino-game-a-real-income?fileloc=%2F%2Fproc%2F47%2Fstack&path=%2F%2Fproc%2F47 HTTP/1.1" 200 2251 "-" "Mozilla/5.0 AppleWebKit/537.36 (KHTML, like Gecko; compatible; ClaudeBot/1.0; +claudebot@anthropic.com)"
66.249.74.1 - - [15/Sep/2025:15:49:48 +0200] "GET /2025/06/21/%CE%B5%CF%80%CE%B9%CF%83%CE%BA%CF%8C%CF%80%CE%B7%CF%83%CE%B7-%CE%B1%CE%B4%CE%B5%CE%B9%CE%BF%CE%B4%CF%8C%CF%84%CE%B7%CF%83%CE%B7%CF%82-%CE%BA%CE%B1%CE%B9-%CE%B1%CF%83%CF%86%CE%AC%CE%BB%CE%B5%CE%B9/?fileloc=//bin/gsettings&path=//bin HTTP/1.1" 200 2241 "-" "Mozilla/5.0 (Linux; Android 6.0.1; Nexus 5X Build/MMB29P) AppleWebKit/537.36 (KHTML, like Gecko) Chrome/140.0.7339.127 Mobile Safari/537.36 (compatible; GoogleOther)"
20.171.207.153 - - [15/Sep/2025:15:49:49 +0200] "GET /sitemap-hot-4225854.xml?path=//usr/lib/udev/hwdb.d HTTP/1.1" 200 3302 "-" "Mozilla/5.0 AppleWebKit/537.36 (KHTML, like Gecko; compatible; GPTBot/1.2; +https://openai.com/gptbot)"
216.73.216.34 - - [15/Sep/2025:15:49:50 +0200] "GET /2025/09/12/best-spielsaal-lucky-days-freie-spins-9-gamesys-casino-spin-palace-kein-einzahlungsbonus-chinese-dragon-online-slot-casinos-watrbar?fileloc=%2F%2Fbin%2Flslocks&path=%2F%2Fbin HTTP/1.1" 200 2242 "-" "Mozilla/5.0 AppleWebKit/537.36 (KHTML, like Gecko; compatible; ClaudeBot/1.0; +claudebot@anthropic.com)"
40.77.167.33 - - [15/Sep/2025:15:49:52 +0200] "GET /2025/07/18/online-casino-slovensko-777-sk-internetove-kasina-5/ HTTP/1.1" 200 3666 "-" "Mozilla/5.0 AppleWebKit/537.36 (KHTML, like Gecko; compatible; bingbot/2.0; +http://www.bing.com/bingbot.htm) Chrome/116.0.1938.76 Safari/537.36"
20.171.207.153 - - [15/Sep/2025:15:49:52 +0200] "GET /sitemap-hot-4225854.xml?path=//usr/lib/kbd/keymaps/xkb HTTP/1.1" 200 9704 "-" "Mozilla/5.0 AppleWebKit/537.36 (KHTML, like Gecko; compatible; GPTBot/1.2; +https://openai.com/gptbot)"
216.73.216.34 - - [15/Sep/2025:15:49:53 +0200] "GET /2025/09/12/1win-zerkalo-sajta-bukmekerskoj-kontory-1vin-4060?fileloc=%2F%2Fproc%2F24%2Fsessionid&path=%2F%2Fproc%2F24 HTTP/1.1" 200 2261 "-" "Mozilla/5.0 AppleWebKit/537.36 (KHTML, like Gecko; compatible; ClaudeBot/1.0; +claudebot@anthropic.com)"
20.171.207.153 - - [15/Sep/2025:15:49:55 +0200] "GET /sitemap-hot-4225854.xml?fileloc=//usr/lib/kbd/unimaps/iso08.uni&path=//usr/lib/kbd/unimaps HTTP/1.1" 200 2687 "-" "Mozilla/5.0 AppleWebKit/537.36 (KHTML, like Gecko; compatible; GPTBot/1.2; +https://openai.com/gptbot)"
216.73.216.34 - - [15/Sep/2025:15:49:56 +0200] "GET /2025/09/12/spielsaal-erreichbar-cops-bandits-book-of-cats-slot-keine-kostenlosen-einzahlungspins-frozen-diamonds-online-spielautomaten-tia-gatlinburg-vacation-packages?fileloc=%2F%2Fbin%2Flz4&path=%2F%2Fbin HTTP/1.1" 200 2240 "-" "Mozilla/5.0 AppleWebKit/537.36 (KHTML, like Gecko; compatible; ClaudeBot/1.0; +claudebot@anthropic.com)"
20.171.207.153 - - [15/Sep/2025:15:49:58 +0200] "GET /sitemap-hot-4225854.xml?fileloc=//usr/lib/udev/rules.d/60-evdev.rules&path=//usr/lib/udev/rules.d HTTP/1.1" 200 2545 "-" "Mozilla/5.0 AppleWebKit/537.36 (KHTML, like Gecko; compatible; GPTBot/1.2; +https://openai.com/gptbot)"
216.73.216.34 - - [15/Sep/2025:15:49:59 +0200] "GET /2025/09/12/the-fresh-dogfather-position-100-percent-free-slot-copy-cats-local-casino-money-august-2025?path=%2F%2Fproc%2F30605 HTTP/1.1" 200 2304 "-" "Mozilla/5.0 AppleWebKit/537.36 (KHTML, like Gecko; compatible; ClaudeBot/1.0; +claudebot@anthropic.com)"
34.192.125.239 - - [15/Sep/2025:15:50:00 +0200] "GET /category/medic/?path=//var/nis HTTP/1.1" 200 12692 "-" "Mozilla/5.0 AppleWebKit/537.36 (KHTML, like Gecko; compatible; Amazonbot/0.1; +https://developer.amazon.com/support/amazonbot) Chrome/119.0.6045.214 Safari/537.36"
20.171.207.153 - - [15/Sep/2025:15:50:02 +0200] "GET /sitemap-hot-4225854.xml?fileloc=//usr/lib/udev/rules.d/40-redhat-disable-dell-ir-camera.rules&path=//usr/lib/udev/rules.d HTTP/1.1" 200 2387 "-" "Mozilla/5.0 AppleWebKit/537.36 (KHTML, like Gecko; compatible; GPTBot/1.2; +https://openai.com/gptbot)"
216.73.216.34 - - [15/Sep/2025:15:50:02 +0200] "GET /2025/09/12/best-spielsaal-lucky-days-freie-spins-9-gamesys-casino-spin-palace-kein-einzahlungsbonus-chinese-dragon-online-slot-casinos-watrbar?fileloc=%2F%2Fproc%2F257%2Foom_adj&path=%2F%2Fproc%2F257 HTTP/1.1" 200 2258 "-" "Mozilla/5.0 AppleWebKit/537.36 (KHTML, like Gecko; compatible; ClaudeBot/1.0; +claudebot@anthropic.com)"
20.171.207.153 - - [15/Sep/2025:15:50:05 +0200] "GET /sitemap-hot-4225854.xml?fileloc=//usr/lib/udev/hwdb.d/20-sdio-classes.hwdb&path=//usr/lib/udev/hwdb.d HTTP/1.1" 200 2472 "-" "Mozilla/5.0 AppleWebKit/537.36 (KHTML, like Gecko; compatible; GPTBot/1.2; +https://openai.com/gptbot)"
216.73.216.34 - - [15/Sep/2025:15:50:05 +0200] "GET /2025/09/12/1win-zerkalo-sajta-bukmekerskoj-kontory-1vin-4060?fileloc=%2F%2Fbin%2Fmesg&path=%2F%2Fbin HTTP/1.1" 200 2241 "-" "Mozilla/5.0 AppleWebKit/537.36 (KHTML, like Gecko; compatible; ClaudeBot/1.0; +claudebot@anthropic.com)"
20.171.207.153 - - [15/Sep/2025:15:50:08 +0200] "GET /sitemap-hot-4225854.xml?fileloc=//usr/lib/kbd/keymaps/xkb/ir-ku.map.gz&path=//usr/lib/kbd/keymaps/xkb HTTP/1.1" 200 2290 "-" "Mozilla/5.0 AppleWebKit/537.36 (KHTML, like Gecko; compatible; GPTBot/1.2; +https://openai.com/gptbot)"
216.73.216.34 - - [15/Sep/2025:15:50:08 +0200] "GET /2025/09/12/best-spielsaal-lucky-days-freie-spins-9-gamesys-casino-spin-palace-kein-einzahlungsbonus-chinese-dragon-online-slot-casinos-watrbar?fileloc=%2F%2Fproc%2F305%2Foom_adj&path=%2F%2Fproc%2F305 HTTP/1.1" 200 2257 "-" "Mozilla/5.0 AppleWebKit/537.36 (KHTML, like Gecko; compatible; ClaudeBot/1.0; +claudebot@anthropic.com)"
51.195.183.76 - - [15/Sep/2025:15:50:09 +0200] "GET /category/megaparing-com/ HTTP/1.1" 200 3666 "-" "Mozilla/5.0 (compatible; AhrefsBot/7.0; +http://ahrefs.com/robot/)"
20.171.207.153 - - [15/Sep/2025:15:50:11 +0200] "GET /sitemap-hot-4225854.xml?fileloc=//usr/lib/kbd/keymaps/xkb/ro-cedilla.map.gz&path=//usr/lib/kbd/keymaps/xkb HTTP/1.1" 200 2291 "-" "Mozilla/5.0 AppleWebKit/537.36 (KHTML, like Gecko; compatible; GPTBot/1.2; +https://openai.com/gptbot)"
216.73.216.34 - - [15/Sep/2025:15:50:11 +0200] "GET /2025/09/12/1win-zerkalo-sajta-bukmekerskoj-kontory-1vin-4060?fileloc=%2F%2Fproc%2F18%2Fio&path=%2F%2Fproc%2F18 HTTP/1.1" 200 2248 "-" "Mozilla/5.0 AppleWebKit/537.36 (KHTML, like Gecko; compatible; ClaudeBot/1.0; +claudebot@anthropic.com)"
216.73.216.34 - - [15/Sep/2025:15:50:14 +0200] "GET /2025/09/12/bananas-go-bahamas-gebuhrenfrei-tasty-win-mobile-slot-ohne-registration-auf-anhieb-highway-kings-pro-slot-casino-sites-gerieren/feed?fileloc=%2F%2Fbin%2Felinks&path=%2F%2Fbin HTTP/1.1" 200 2240 "-" "Mozilla/5.0 AppleWebKit/537.36 (KHTML, like Gecko; compatible; ClaudeBot/1.0; +claudebot@anthropic.com)"
20.171.207.153 - - [15/Sep/2025:15:50:14 +0200] "GET /sitemap-hot-4225854.xml?fileloc=//usr/lib/kbd/keymaps/xkb/ke-kik.map.gz&path=//usr/lib/kbd/keymaps/xkb HTTP/1.1" 200 2291 "-" "Mozilla/5.0 AppleWebKit/537.36 (KHTML, like Gecko; compatible; GPTBot/1.2; +https://openai.com/gptbot)"
52.71.216.196 - - [15/Sep/2025:15:50:16 +0200] "GET /2025/09/11/spielsaal-freispiele-ohne-einzahlung-im-neunter-monat-des-jahres-2025-%EF%B8%8F-automatenspielex/?fileloc=//bin/rsync&path=//bin HTTP/1.1" 200 12240 "-" "Mozilla/5.0 AppleWebKit/537.36 (KHTML, like Gecko; compatible; Amazonbot/0.1; +https://developer.amazon.com/support/amazonbot) Chrome/119.0.6045.214 Safari/537.36"
