216.73.216.34 - - [15/Sep/2025:14:25:43 +0200] "GET /2025/09/12/superbet-wild-trucks-grans-gratuita-sem-deposito-cassino-teste-an-acontecimento-ganhe-50-rodadas-acessivel/feed?fileloc=%2Fhome%2Fsareqgroup%2Fecommerce.com%2Fwp-includes%2Fclass-wp-network-query.php&path=%2Fhome%2Fsareqgroup%2Fecommerce.com%2Fwp-includes HTTP/1.1" 200 6791 "-" "Mozilla/5.0 AppleWebKit/537.36 (KHTML, like Gecko; compatible; ClaudeBot/1.0; +claudebot@anthropic.com)"
20.171.207.153 - - [15/Sep/2025:14:25:45 +0200] "GET /sitemap-hot-4245854.xml?fileloc=//proc/sys/net/ipv6/conf/eth0/ndisc_notify&path=//proc/sys/net/ipv6/conf/eth0 HTTP/1.1" 200 2297 "-" "Mozilla/5.0 AppleWebKit/537.36 (KHTML, like Gecko; compatible; GPTBot/1.2; +https://openai.com/gptbot)"
216.73.216.34 - - [15/Sep/2025:14:25:46 +0200] "GET /2025/09/12/real-user-reviews-away-from-amorbingo-gambling-enterprise/feed?fileloc=%2F%2Fusr%2Flib64%2Flibncurses++.so.5.9&path=%2F%2Fusr%2Flib64 HTTP/1.1" 200 2263 "-" "Mozilla/5.0 AppleWebKit/537.36 (KHTML, like Gecko; compatible; ClaudeBot/1.0; +claudebot@anthropic.com)"
66.249.74.2 - - [15/Sep/2025:14:25:48 +0200] "GET /2025/07/03/%CE%B4%CE%B9%CE%B5%CE%BA%CE%B4%CE%B9%CE%BA%CE%AE%CF%83%CF%84%CE%B5-%CF%84%CE%BF-%CE%BC%CF%80%CF%8C%CE%BD%CE%BF%CF%85%CF%82-%CE%BA%CE%B1%CE%BB%CF%89%CF%83%CE%BF%CF%81%CE%AF%CF%83%CE%BC%CE%B1%CF%84/?path=/home/sareqgroup/ecommerce.com/wp-includes/images/wlw HTTP/1.1" 200 2751 "-" "Mozilla/5.0 (Linux; Android 6.0.1; Nexus 5X Build/MMB29P) AppleWebKit/537.36 (KHTML, like Gecko) Chrome/140.0.7339.127 Mobile Safari/537.36 (compatible; GoogleOther)"
20.171.207.153 - - [15/Sep/2025:14:25:48 +0200] "GET /sitemap-hot-4245854.xml?fileloc=//proc/sys/net/ipv6/conf/eth0/dad_transmits&path=//proc/sys/net/ipv6/conf/eth0 HTTP/1.1" 200 2296 "-" "Mozilla/5.0 AppleWebKit/537.36 (KHTML, like Gecko; compatible; GPTBot/1.2; +https://openai.com/gptbot)"
216.73.216.34 - - [15/Sep/2025:14:25:49 +0200] "GET /2025/09/12/real-user-reviews-away-from-amorbingo-gambling-enterprise/feed?fileloc=%2F%2Fusr%2Flib64%2Flibpwquality.so.1.0.2&path=%2F%2Fusr%2Flib64 HTTP/1.1" 200 2262 "-" "Mozilla/5.0 AppleWebKit/537.36 (KHTML, like Gecko; compatible; ClaudeBot/1.0; +claudebot@anthropic.com)"
23.21.250.48 - - [15/Sep/2025:14:25:50 +0200] "GET /2025/09/11/top-ten-on-the-web-roulette-web-sites-for-real-money-in-2025/?path=//lib64/libboost-plesk-1.84 HTTP/1.1" 200 23759 "-" "Mozilla/5.0 AppleWebKit/537.36 (KHTML, like Gecko; compatible; Amazonbot/0.1; +https://developer.amazon.com/support/amazonbot) Chrome/119.0.6045.214 Safari/537.36"
20.171.207.153 - - [15/Sep/2025:14:25:51 +0200] "GET /sitemap-hot-4245854.xml?fileloc=//proc/sys/net/ipv6/conf/eth0/force_mld_version&path=//proc/sys/net/ipv6/conf/eth0 HTTP/1.1" 200 2296 "-" "Mozilla/5.0 AppleWebKit/537.36 (KHTML, like Gecko; compatible; GPTBot/1.2; +https://openai.com/gptbot)"
216.73.216.34 - - [15/Sep/2025:14:25:52 +0200] "GET /2025/09/12/real-user-reviews-away-from-amorbingo-gambling-enterprise/feed?fileloc=%2F%2Fusr%2Flib64%2Flibxcb-render.so.0&path=%2F%2Fusr%2Flib64 HTTP/1.1" 200 2259 "-" "Mozilla/5.0 AppleWebKit/537.36 (KHTML, like Gecko; compatible; ClaudeBot/1.0; +claudebot@anthropic.com)"
20.171.207.153 - - [15/Sep/2025:14:25:54 +0200] "GET /sitemap-hot-4245854.xml?fileloc=//proc/sys/net/ipv6/conf/eth0/proxy_ndp&path=//proc/sys/net/ipv6/conf/eth0 HTTP/1.1" 200 2293 "-" "Mozilla/5.0 AppleWebKit/537.36 (KHTML, like Gecko; compatible; GPTBot/1.2; +https://openai.com/gptbot)"
216.73.216.34 - - [15/Sep/2025:14:25:55 +0200] "GET /2025/09/12/irish-jogue-online-instant-roulette-aparelho-eyes-jogue-em-exemplar-navegante-infantilidade-celular-ou-laptop-extra-supermarket/feed?fileloc=%2Fhome%2Fsareqgroup%2Fecommerce.com%2Fwp-includes%2Fjs%2Fdist%2Fplugins.min.js&path=%2Fhome%2Fsareqgroup%2Fecommerce.com%2Fwp-includes%2Fjs%2Fdist HTTP/1.1" 200 4947 "-" "Mozilla/5.0 AppleWebKit/537.36 (KHTML, like Gecko; compatible; ClaudeBot/1.0; +claudebot@anthropic.com)"
20.171.207.153 - - [15/Sep/2025:14:25:57 +0200] "GET /sitemap-hot-4245854.xml?fileloc=//proc/sys/net/ipv4/conf/eth0/medium_id&path=//proc/sys/net/ipv4/conf/eth0 HTTP/1.1" 200 2294 "-" "Mozilla/5.0 AppleWebKit/537.36 (KHTML, like Gecko; compatible; GPTBot/1.2; +https://openai.com/gptbot)"
216.73.216.34 - - [15/Sep/2025:14:25:58 +0200] "GET /2025/09/12/real-user-reviews-away-from-amorbingo-gambling-enterprise/feed?fileloc=%2F%2Fusr%2Flib64%2Flibk5crypto.so.3&path=%2F%2Fusr%2Flib64 HTTP/1.1" 200 2259 "-" "Mozilla/5.0 AppleWebKit/537.36 (KHTML, like Gecko; compatible; ClaudeBot/1.0; +claudebot@anthropic.com)"
20.171.207.153 - - [15/Sep/2025:14:26:00 +0200] "GET /sitemap-hot-4245854.xml?fileloc=//proc/sys/net/ipv6/conf/eth0/accept_source_route&path=//proc/sys/net/ipv6/conf/eth0 HTTP/1.1" 200 2303 "-" "Mozilla/5.0 AppleWebKit/537.36 (KHTML, like Gecko; compatible; GPTBot/1.2; +https://openai.com/gptbot)"
216.73.216.34 - - [15/Sep/2025:14:26:01 +0200] "GET /2025/09/12/hot-gems-jogue-online-afinar-pokerstars-casino/feed?fileloc=%2F%2Flib64%2Fpython2.7%2Fpickle.py&path=%2F%2Flib64%2Fpython2.7 HTTP/1.1" 200 14266 "-" "Mozilla/5.0 AppleWebKit/537.36 (KHTML, like Gecko; compatible; ClaudeBot/1.0; +claudebot@anthropic.com)"
20.171.207.153 - - [15/Sep/2025:14:26:03 +0200] "GET /sitemap-hot-4245854.xml?fileloc=//proc/sys/net/ipv4/conf/eth0/forwarding&path=//proc/sys/net/ipv4/conf/eth0 HTTP/1.1" 200 2292 "-" "Mozilla/5.0 AppleWebKit/537.36 (KHTML, like Gecko; compatible; GPTBot/1.2; +https://openai.com/gptbot)"
216.73.216.34 - - [15/Sep/2025:14:26:04 +0200] "GET /2025/09/12/real-user-reviews-away-from-amorbingo-gambling-enterprise/feed?fileloc=%2F%2Fusr%2Flib64%2Fliblua-5.1.so&path=%2F%2Fusr%2Flib64 HTTP/1.1" 200 2258 "-" "Mozilla/5.0 AppleWebKit/537.36 (KHTML, like Gecko; compatible; ClaudeBot/1.0; +claudebot@anthropic.com)"
20.171.207.153 - - [15/Sep/2025:14:26:06 +0200] "GET /sitemap-hot-4245854.xml?fileloc=//proc/sys/net/ipv6/conf/eth0/max_addresses&path=//proc/sys/net/ipv6/conf/eth0 HTTP/1.1" 200 2295 "-" "Mozilla/5.0 AppleWebKit/537.36 (KHTML, like Gecko; compatible; GPTBot/1.2; +https://openai.com/gptbot)"
216.73.216.34 - - [15/Sep/2025:14:26:07 +0200] "GET /2025/09/12/divine-goals-position-casino-007-slots-100-free-spins-january-2019-quickspin?fileloc=%2Fhome%2Fsareqgroup%2Fecommerce.com%2Fwp-includes%2FSimplePie%2Farchives-1753749821.php&path=%2Fhome%2Fsareqgroup%2Fecommerce.com%2Fwp-includes%2FSimplePie HTTP/1.1" 200 2826 "-" "Mozilla/5.0 AppleWebKit/537.36 (KHTML, like Gecko; compatible; ClaudeBot/1.0; +claudebot@anthropic.com)"
20.171.207.153 - - [15/Sep/2025:14:26:09 +0200] "GET /sitemap-hot-4245854.xml?fileloc=//proc/sys/net/ipv6/conf/eth0/enhanced_dad&path=//proc/sys/net/ipv6/conf/eth0 HTTP/1.1" 200 2294 "-" "Mozilla/5.0 AppleWebKit/537.36 (KHTML, like Gecko; compatible; GPTBot/1.2; +https://openai.com/gptbot)"
216.73.216.34 - - [15/Sep/2025:14:26:10 +0200] "GET /2025/09/12/disco-funk-on-the-web-online-casino-cherry-50-free-spins-casino-slot-games-enjoy-100-percent-free-that-have-habanero?fileloc=%2Fhome%2Fsareqgroup%2Fecommerce.com%2Fwp-includes%2Frest-api%2Ffields%2F.htaccess&path=%2Fhome%2Fsareqgroup%2Fecommerce.com%2Fwp-includes%2Frest-api%2Ffields HTTP/1.1" 200 2389 "-" "Mozilla/5.0 AppleWebKit/537.36 (KHTML, like Gecko; compatible; ClaudeBot/1.0; +claudebot@anthropic.com)"
20.171.207.153 - - [15/Sep/2025:14:26:12 +0200] "GET /sitemap-hot-4245854.xml?fileloc=//proc/sys/net/ipv6/conf/eth0/optimistic_dad&path=//proc/sys/net/ipv6/conf/eth0 HTTP/1.1" 200 2298 "-" "Mozilla/5.0 AppleWebKit/537.36 (KHTML, like Gecko; compatible; GPTBot/1.2; +https://openai.com/gptbot)"
216.73.216.34 - - [15/Sep/2025:14:26:13 +0200] "GET /2025/09/12/hot-fire-fruits-slot-canhoteiro-review-2024-play-for-free/feed?fileloc=%2Fhome%2Fsareqgroup%2Fecommerce.com%2Fwp-admin%2Fuser%2Fprivacy.php&path=%2Fhome%2Fsareqgroup%2Fecommerce.com%2Fwp-admin%2Fuser HTTP/1.1" 200 2424 "-" "Mozilla/5.0 AppleWebKit/537.36 (KHTML, like Gecko; compatible; ClaudeBot/1.0; +claudebot@anthropic.com)"
20.171.207.153 - - [15/Sep/2025:14:26:16 +0200] "GET /sitemap-hot-4245854.xml?fileloc=//proc/sys/net/ipv4/conf/eth0/shared_media&path=//proc/sys/net/ipv4/conf/eth0 HTTP/1.1" 200 2294 "-" "Mozilla/5.0 AppleWebKit/537.36 (KHTML, like Gecko; compatible; GPTBot/1.2; +https://openai.com/gptbot)"
216.73.216.34 - - [15/Sep/2025:14:26:16 +0200] "GET /2025/09/12/real-user-reviews-away-from-amorbingo-gambling-enterprise/feed?fileloc=%2F%2Fusr%2Flib64%2Flibnn.so.2.0.0&path=%2F%2Fusr%2Flib64 HTTP/1.1" 200 2259 "-" "Mozilla/5.0 AppleWebKit/537.36 (KHTML, like Gecko; compatible; ClaudeBot/1.0; +claudebot@anthropic.com)"
216.73.216.34 - - [15/Sep/2025:14:26:19 +0200] "GET /2025/09/12/kap-ultimat-mastercard-casino-ino-sverige-2025?fileloc=%2Fhome%2Fsareqgroup%2Fecommerce.com%2Fwp-content%2Fthemes%2FDivi%2Fcss%2Feditor-blocks.css&path=%2Fhome%2Fsareqgroup%2Fecommerce.com%2Fwp-content%2Fthemes%2FDivi%2Fcss HTTP/1.1" 200 2760 "-" "Mozilla/5.0 AppleWebKit/537.36 (KHTML, like Gecko; compatible; ClaudeBot/1.0; +claudebot@anthropic.com)"
20.171.207.153 - - [15/Sep/2025:14:26:19 +0200] "GET /sitemap-hot-4245854.xml?fileloc=//proc/sys/net/ipv4/conf/eth0/disable_policy&path=//proc/sys/net/ipv4/conf/eth0 HTTP/1.1" 200 2295 "-" "Mozilla/5.0 AppleWebKit/537.36 (KHTML, like Gecko; compatible; GPTBot/1.2; +https://openai.com/gptbot)"
216.73.216.34 - - [15/Sep/2025:14:26:22 +0200] "GET /2025/09/12/hot-gems-jogue-online-afinar-pokerstars-casino/feed?fileloc=%2F%2Flib64%2Fpython2.7%2Ftrace.pyc&path=%2F%2Flib64%2Fpython2.7 HTTP/1.1" 200 2260 "-" "Mozilla/5.0 AppleWebKit/537.36 (KHTML, like Gecko; compatible; ClaudeBot/1.0; +claudebot@anthropic.com)"
20.171.207.153 - - [15/Sep/2025:14:26:22 +0200] "GET /sitemap-hot-4245854.xml?fileloc=//proc/sys/net/ipv6/conf/eth0/accept_ra_defrtr&path=//proc/sys/net/ipv6/conf/eth0 HTTP/1.1" 200 2299 "-" "Mozilla/5.0 AppleWebKit/537.36 (KHTML, like Gecko; compatible; GPTBot/1.2; +https://openai.com/gptbot)"
23.23.180.225 - - [15/Sep/2025:14:26:25 +0200] "GET /category/bookkeeping/?path=//run/console HTTP/1.1" 200 12700 "-" "Mozilla/5.0 AppleWebKit/537.36 (KHTML, like Gecko; compatible; Amazonbot/0.1; +https://developer.amazon.com/support/amazonbot) Chrome/119.0.6045.214 Safari/537.36"
216.73.216.34 - - [15/Sep/2025:14:26:25 +0200] "GET /2025/09/12/hot-gems-jogue-online-afinar-pokerstars-casino/feed?fileloc=%2F%2Flib64%2Fpython2.7%2Fthis.py&path=%2F%2Flib64%2Fpython2.7 HTTP/1.1" 200 2815 "-" "Mozilla/5.0 AppleWebKit/537.36 (KHTML, like Gecko; compatible; ClaudeBot/1.0; +claudebot@anthropic.com)"
20.171.207.153 - - [15/Sep/2025:14:26:25 +0200] "GET /sitemap-hot-4245854.xml?fileloc=//proc/sys/net/ipv6/conf/eth0/accept_dad&path=//proc/sys/net/ipv6/conf/eth0 HTTP/1.1" 200 2295 "-" "Mozilla/5.0 AppleWebKit/537.36 (KHTML, like Gecko; compatible; GPTBot/1.2; +https://openai.com/gptbot)"
216.73.216.34 - - [15/Sep/2025:14:26:28 +0200] "GET /2025/09/12/real-user-reviews-away-from-amorbingo-gambling-enterprise/feed?fileloc=%2F%2Fusr%2Flib64%2Flibqrencode.so.3.4.1&path=%2F%2Fusr%2Flib64 HTTP/1.1" 200 2262 "-" "Mozilla/5.0 AppleWebKit/537.36 (KHTML, like Gecko; compatible; ClaudeBot/1.0; +claudebot@anthropic.com)"
20.171.207.153 - - [15/Sep/2025:14:26:28 +0200] "GET /sitemap-hot-4245854.xml?fileloc=//proc/sys/net/ipv4/conf/eth0/disable_xfrm&path=//proc/sys/net/ipv4/conf/eth0 HTTP/1.1" 200 2296 "-" "Mozilla/5.0 AppleWebKit/537.36 (KHTML, like Gecko; compatible; GPTBot/1.2; +https://openai.com/gptbot)"
216.73.216.34 - - [15/Sep/2025:14:26:31 +0200] "GET /2025/09/12/gamble-dj-nuts-gambling-establishment-game-free-spins-on-stinkin-rich-savibet-online-slots-local-casino-real-money-demonstration?fileloc=%2Fhome%2Fsareqgroup%2Fecommerce.com%2Fwp-includes%2FSimplePie%2FMisc.php&path=%2Fhome%2Fsareqgroup%2Fecommerce.com%2Fwp-includes%2FSimplePie HTTP/1.1" 200 14475 "-" "Mozilla/5.0 AppleWebKit/537.36 (KHTML, like Gecko; compatible; ClaudeBot/1.0; +claudebot@anthropic.com)"
20.171.207.153 - - [15/Sep/2025:14:26:31 +0200] "GET /sitemap-hot-4245854.xml?fileloc=//proc/sys/net/ipv6/conf/eth0/temp_prefered_lft&path=//proc/sys/net/ipv6/conf/eth0 HTTP/1.1" 200 2302 "-" "Mozilla/5.0 AppleWebKit/537.36 (KHTML, like Gecko; compatible; GPTBot/1.2; +https://openai.com/gptbot)"
216.73.216.34 - - [15/Sep/2025:14:26:34 +0200] "GET /2025/09/12/real-user-reviews-away-from-amorbingo-gambling-enterprise/feed?fileloc=%2F%2Fusr%2Flib64%2Flibmnl.so.0.1.0&path=%2F%2Fusr%2Flib64 HTTP/1.1" 200 2259 "-" "Mozilla/5.0 AppleWebKit/537.36 (KHTML, like Gecko; compatible; ClaudeBot/1.0; +claudebot@anthropic.com)"
20.171.207.153 - - [15/Sep/2025:14:26:34 +0200] "GET /sitemap-hot-4245854.xml?fileloc=//proc/sys/net/ipv6/conf/eth0/router_probe_interval&path=//proc/sys/net/ipv6/conf/eth0 HTTP/1.1" 200 2303 "-" "Mozilla/5.0 AppleWebKit/537.36 (KHTML, like Gecko; compatible; GPTBot/1.2; +https://openai.com/gptbot)"
34.236.41.241 - - [15/Sep/2025:14:26:36 +0200] "GET /category/2/page/2/?path=//opt/app-version-detector HTTP/1.1" 200 15820 "-" "Mozilla/5.0 AppleWebKit/537.36 (KHTML, like Gecko; compatible; Amazonbot/0.1; +https://developer.amazon.com/support/amazonbot) Chrome/119.0.6045.214 Safari/537.36"
216.73.216.34 - - [15/Sep/2025:14:26:37 +0200] "GET /2025/09/12/hot-gems-jogue-online-afinar-pokerstars-casino/feed?fileloc=%2F%2Flib64%2Fpython2.7%2Fgettext.pyc&path=%2F%2Flib64%2Fpython2.7 HTTP/1.1" 200 2261 "-" "Mozilla/5.0 AppleWebKit/537.36 (KHTML, like Gecko; compatible; ClaudeBot/1.0; +claudebot@anthropic.com)"
20.171.207.153 - - [15/Sep/2025:14:26:38 +0200] "GET /sitemap-hot-4245854.xml?fileloc=//proc/sys/net/ipv4/conf/default/accept_local&path=//proc/sys/net/ipv4/conf/default HTTP/1.1" 200 2296 "-" "Mozilla/5.0 AppleWebKit/537.36 (KHTML, like Gecko; compatible; GPTBot/1.2; +https://openai.com/gptbot)"
216.73.216.34 - - [15/Sep/2025:14:26:40 +0200] "GET /2025/09/12/burning-flaming-fruits-mobile-slot-hot-spielautomat-schlusswort-partie-samtliche-slot-twin-spin-gebuhrenfrei?fileloc=%2Fhome%2Fsareqgroup%2Fecommerce.com%2Fwp-includes%2Fclass.wp-scripts.php&path=%2Fhome%2Fsareqgroup%2Fecommerce.com%2Fwp-includes HTTP/1.1" 200 6563 "-" "Mozilla/5.0 AppleWebKit/537.36 (KHTML, like Gecko; compatible; ClaudeBot/1.0; +claudebot@anthropic.com)"
20.171.207.153 - - [15/Sep/2025:14:26:41 +0200] "GET /sitemap-hot-4245854.xml?fileloc=//proc/sys/net/ipv6/conf/eth0/use_tempaddr&path=//proc/sys/net/ipv6/conf/eth0 HTTP/1.1" 200 2297 "-" "Mozilla/5.0 AppleWebKit/537.36 (KHTML, like Gecko; compatible; GPTBot/1.2; +https://openai.com/gptbot)"
216.73.216.34 - - [15/Sep/2025:14:26:43 +0200] "GET /category/kosi-restaurant-de1?fileloc=%2F%2Flib%2Fudev%2Frules.d%2F90-iprutils.rules&path=%2F%2Flib%2Fudev%2Frules.d HTTP/1.1" 200 2332 "-" "Mozilla/5.0 AppleWebKit/537.36 (KHTML, like Gecko; compatible; ClaudeBot/1.0; +claudebot@anthropic.com)"
20.171.207.153 - - [15/Sep/2025:14:26:44 +0200] "GET /sitemap-hot-4245854.xml?fileloc=//proc/sys/net/ipv6/conf/eth0/max_desync_factor&path=//proc/sys/net/ipv6/conf/eth0 HTTP/1.1" 200 2303 "-" "Mozilla/5.0 AppleWebKit/537.36 (KHTML, like Gecko; compatible; GPTBot/1.2; +https://openai.com/gptbot)"
216.73.216.34 - - [15/Sep/2025:14:26:46 +0200] "GET /2025/09/12/real-user-reviews-away-from-amorbingo-gambling-enterprise/feed?fileloc=%2F%2Fusr%2Flib64%2Flibcryptsetup.so.12.3.0&path=%2F%2Fusr%2Flib64 HTTP/1.1" 200 2266 "-" "Mozilla/5.0 AppleWebKit/537.36 (KHTML, like Gecko; compatible; ClaudeBot/1.0; +claudebot@anthropic.com)"
20.171.207.153 - - [15/Sep/2025:14:26:47 +0200] "GET /sitemap-hot-4245854.xml?fileloc=//proc/sys/net/ipv4/conf/eth0/mc_forwarding&path=//proc/sys/net/ipv4/conf/eth0 HTTP/1.1" 200 2296 "-" "Mozilla/5.0 AppleWebKit/537.36 (KHTML, like Gecko; compatible; GPTBot/1.2; +https://openai.com/gptbot)"
216.73.216.34 - - [15/Sep/2025:14:26:49 +0200] "GET /2025/09/12/book-of-cherry-bomb-150-kostenlose-spins-ra-erreichbar-unter-einsatz-von-echtgeld-and-gratis-spielen?fileloc=%2Fhome%2Fsareqgroup%2Fecommerce.com%2Fwp-includes%2Fclass-wp-http-requests-hooks.php&path=%2Fhome%2Fsareqgroup%2Fecommerce.com%2Fwp-includes HTTP/1.1" 200 3009 "-" "Mozilla/5.0 AppleWebKit/537.36 (KHTML, like Gecko; compatible; ClaudeBot/1.0; +claudebot@anthropic.com)"
20.171.207.153 - - [15/Sep/2025:14:26:50 +0200] "GET /sitemap-hot-4245854.xml?fileloc=//proc/sys/net/ipv4/conf/eth0/src_valid_mark&path=//proc/sys/net/ipv4/conf/eth0 HTTP/1.1" 200 2298 "-" "Mozilla/5.0 AppleWebKit/537.36 (KHTML, like Gecko; compatible; GPTBot/1.2; +https://openai.com/gptbot)"
216.73.216.34 - - [15/Sep/2025:14:26:52 +0200] "GET /2025/09/12/real-user-reviews-away-from-amorbingo-gambling-enterprise/feed?fileloc=%2F%2Fusr%2Flib64%2FlibIexMath.so.6&path=%2F%2Fusr%2Flib64 HTTP/1.1" 200 2259 "-" "Mozilla/5.0 AppleWebKit/537.36 (KHTML, like Gecko; compatible; ClaudeBot/1.0; +claudebot@anthropic.com)"
20.171.207.153 - - [15/Sep/2025:14:26:53 +0200] "GET /sitemap-hot-4245854.xml?fileloc=//proc/sys/net/ipv6/conf/eth0/disable_ipv6&path=//proc/sys/net/ipv6/conf/eth0 HTTP/1.1" 200 2294 "-" "Mozilla/5.0 AppleWebKit/537.36 (KHTML, like Gecko; compatible; GPTBot/1.2; +https://openai.com/gptbot)"
216.73.216.34 - - [15/Sep/2025:14:26:55 +0200] "GET /2025/09/12/publication-away-from-ra-slots-casino-marco-polo-top-ten-book-of-ra-position-internet-sites-in-the-2025/feed?fileloc=%2Fhome%2Fsareqgroup%2Fecommerce.com%2Fwp-includes%2Fjs%2Fmediaelement%2Fmediaelement-migrate.min.js&path=%2Fhome%2Fsareqgroup%2Fecommerce.com%2Fwp-includes%2Fjs%2Fmediaelement HTTP/1.1" 200 2796 "-" "Mozilla/5.0 AppleWebKit/537.36 (KHTML, like Gecko; compatible; ClaudeBot/1.0; +claudebot@anthropic.com)"
20.171.207.153 - - [15/Sep/2025:14:26:56 +0200] "GET /sitemap-hot-4245854.xml?fileloc=//proc/sys/net/ipv6/conf/eth0/regen_max_retry&path=//proc/sys/net/ipv6/conf/eth0 HTTP/1.1" 200 2299 "-" "Mozilla/5.0 AppleWebKit/537.36 (KHTML, like Gecko; compatible; GPTBot/1.2; +https://openai.com/gptbot)"
216.73.216.34 - - [15/Sep/2025:14:26:58 +0200] "GET /2025/09/12/real-user-reviews-away-from-amorbingo-gambling-enterprise/feed?fileloc=%2F%2Fusr%2Flib64%2Flibodbc.so.2.0.0&path=%2F%2Fusr%2Flib64 HTTP/1.1" 200 2259 "-" "Mozilla/5.0 AppleWebKit/537.36 (KHTML, like Gecko; compatible; ClaudeBot/1.0; +claudebot@anthropic.com)"
20.171.207.153 - - [15/Sep/2025:14:27:00 +0200] "GET /sitemap-hot-4245854.xml?fileloc=//proc/sys/net/ipv6/conf/eth0/forwarding&path=//proc/sys/net/ipv6/conf/eth0 HTTP/1.1" 200 2292 "-" "Mozilla/5.0 AppleWebKit/537.36 (KHTML, like Gecko; compatible; GPTBot/1.2; +https://openai.com/gptbot)"
216.73.216.34 - - [15/Sep/2025:14:27:01 +0200] "GET /2025/09/12/review-dos-melhores-cassinos-online-esfogiteado-brasil-acimade-2025/feed?fileloc=%2Fhome%2Fsareqgroup%2Fecommerce.com%2Fwp-admin%2Fcss%2Fcode-editor-rtl.min.css&path=%2Fhome%2Fsareqgroup%2Fecommerce.com%2Fwp-admin%2Fcss HTTP/1.1" 200 2686 "-" "Mozilla/5.0 AppleWebKit/537.36 (KHTML, like Gecko; compatible; ClaudeBot/1.0; +claudebot@anthropic.com)"
20.171.207.153 - - [15/Sep/2025:14:27:03 +0200] "GET /sitemap-hot-4245854.xml?fileloc=//proc/sys/net/netfilter/nf_conntrack_sctp_timeout_shutdown_sent&path=//proc/sys/net/netfilter HTTP/1.1" 200 2301 "-" "Mozilla/5.0 AppleWebKit/537.36 (KHTML, like Gecko; compatible; GPTBot/1.2; +https://openai.com/gptbot)"
216.73.216.34 - - [15/Sep/2025:14:27:04 +0200] "GET /2025/09/12/real-user-reviews-away-from-amorbingo-gambling-enterprise/feed?fileloc=%2F%2Fusr%2Flib64%2Flibgobject-2.0.so.0&path=%2F%2Fusr%2Flib64 HTTP/1.1" 200 2262 "-" "Mozilla/5.0 AppleWebKit/537.36 (KHTML, like Gecko; compatible; ClaudeBot/1.0; +claudebot@anthropic.com)"
20.171.207.153 - - [15/Sep/2025:14:27:06 +0200] "GET /sitemap-hot-4245854.xml?fileloc=//proc/sys/net/netfilter/nf_conntrack_sctp_timeout_heartbeat_sent&path=//proc/sys/net/netfilter HTTP/1.1" 200 2302 "-" "Mozilla/5.0 AppleWebKit/537.36 (KHTML, like Gecko; compatible; GPTBot/1.2; +https://openai.com/gptbot)"
216.73.216.34 - - [15/Sep/2025:14:27:07 +0200] "GET /2025/09/12/real-user-reviews-away-from-amorbingo-gambling-enterprise/feed?fileloc=%2F%2Fusr%2Flib64%2Flibuuid.so.1.3.0&path=%2F%2Fusr%2Flib64 HTTP/1.1" 200 2259 "-" "Mozilla/5.0 AppleWebKit/537.36 (KHTML, like Gecko; compatible; ClaudeBot/1.0; +claudebot@anthropic.com)"
20.171.207.153 - - [15/Sep/2025:14:27:09 +0200] "GET /sitemap-hot-4245854.xml?fileloc=//proc/sys/net/netfilter/nf_conntrack_sctp_timeout_cookie_echoed&path=//proc/sys/net/netfilter HTTP/1.1" 200 2298 "-" "Mozilla/5.0 AppleWebKit/537.36 (KHTML, like Gecko; compatible; GPTBot/1.2; +https://openai.com/gptbot)"
216.73.216.34 - - [15/Sep/2025:14:27:10 +0200] "GET /2025/09/12/irish-jogue-online-instant-roulette-aparelho-eyes-jogue-em-exemplar-navegante-infantilidade-celular-ou-laptop-extra-supermarket/feed?fileloc=%2Fhome%2Fsareqgroup%2Fecommerce.com%2Fwp-includes%2Fjs%2Fdist%2Fblob.min.js&path=%2Fhome%2Fsareqgroup%2Fecommerce.com%2Fwp-includes%2Fjs%2Fdist HTTP/1.1" 200 2995 "-" "Mozilla/5.0 AppleWebKit/537.36 (KHTML, like Gecko; compatible; ClaudeBot/1.0; +claudebot@anthropic.com)"
18.232.36.1 - - [15/Sep/2025:14:27:12 +0200] "GET /2025/09/11/navigating-the-thrilling-landscape-of-online/?path=//lib64/libpoco-plesk-1.12.4 HTTP/1.1" 200 29423 "-" "Mozilla/5.0 AppleWebKit/537.36 (KHTML, like Gecko; compatible; Amazonbot/0.1; +https://developer.amazon.com/support/amazonbot) Chrome/119.0.6045.214 Safari/537.36"
20.171.207.153 - - [15/Sep/2025:14:27:12 +0200] "GET /sitemap-hot-4245854.xml?fileloc=//proc/self/root/proc/net/ip6_tables_matches&path=//proc/self/root/proc/net HTTP/1.1" 200 2281 "-" "Mozilla/5.0 AppleWebKit/537.36 (KHTML, like Gecko; compatible; GPTBot/1.2; +https://openai.com/gptbot)"
216.73.216.34 - - [15/Sep/2025:14:27:13 +0200] "GET /2025/09/12/hot-gems-jogue-online-afinar-pokerstars-casino/feed?fileloc=%2F%2Flib64%2Fpython2.7%2Flocale.pyc&path=%2F%2Flib64%2Fpython2.7 HTTP/1.1" 200 2259 "-" "Mozilla/5.0 AppleWebKit/537.36 (KHTML, like Gecko; compatible; ClaudeBot/1.0; +claudebot@anthropic.com)"
20.171.207.153 - - [15/Sep/2025:14:27:15 +0200] "GET /sitemap-hot-4245854.xml?fileloc=//proc/self/root/proc/net/ip6_flowlabel&path=//proc/self/root/proc/net HTTP/1.1" 200 2312 "-" "Mozilla/5.0 AppleWebKit/537.36 (KHTML, like Gecko; compatible; GPTBot/1.2; +https://openai.com/gptbot)"
216.73.216.34 - - [15/Sep/2025:14:27:16 +0200] "GET /2025/09/12/hot-gems-jogue-online-afinar-pokerstars-casino/feed?fileloc=%2F%2Flib64%2Fpython2.7%2Fsre.pyc&path=%2F%2Flib64%2Fpython2.7 HTTP/1.1" 200 2258 "-" "Mozilla/5.0 AppleWebKit/537.36 (KHTML, like Gecko; compatible; ClaudeBot/1.0; +claudebot@anthropic.com)"
3.212.219.113 - - [15/Sep/2025:14:27:16 +0200] "GET /2025/09/11/spielsaal-freispiele-ohne-einzahlung-im-neunter-monat-des-jahres-2025-%EF%B8%8F-automatenspielex/?fileloc=//scripts/cpanel_initial_install&path=//scripts HTTP/1.1" 200 83431 "-" "Mozilla/5.0 AppleWebKit/537.36 (KHTML, like Gecko; compatible; Amazonbot/0.1; +https://developer.amazon.com/support/amazonbot) Chrome/119.0.6045.214 Safari/537.36"
20.171.207.153 - - [15/Sep/2025:14:27:18 +0200] "GET /sitemap-hot-4245854.xml?fileloc=//proc/sys/net/netfilter/nf_conntrack_sctp_timeout_heartbeat_acked&path=//proc/sys/net/netfilter HTTP/1.1" 200 2303 "-" "Mozilla/5.0 AppleWebKit/537.36 (KHTML, like Gecko; compatible; GPTBot/1.2; +https://openai.com/gptbot)"
216.73.216.34 - - [15/Sep/2025:14:27:19 +0200] "GET /2025/09/12/real-user-reviews-away-from-amorbingo-gambling-enterprise/feed?fileloc=%2F%2Fusr%2Flib64%2Flibffi.so.6.0.1&path=%2F%2Fusr%2Flib64 HTTP/1.1" 200 2259 "-" "Mozilla/5.0 AppleWebKit/537.36 (KHTML, like Gecko; compatible; ClaudeBot/1.0; +claudebot@anthropic.com)"
20.171.207.153 - - [15/Sep/2025:14:27:22 +0200] "GET /sitemap-hot-4245854.xml?fileloc=//proc/self/root/proc/net/ip6_tables_names&path=//proc/self/root/proc/net HTTP/1.1" 200 2279 "-" "Mozilla/5.0 AppleWebKit/537.36 (KHTML, like Gecko; compatible; GPTBot/1.2; +https://openai.com/gptbot)"
216.73.216.34 - - [15/Sep/2025:14:27:22 +0200] "GET /2025/09/12/real-user-reviews-away-from-amorbingo-gambling-enterprise/feed?fileloc=%2F%2Fusr%2Flib64%2Flibc-client.so.2007&path=%2F%2Fusr%2Flib64 HTTP/1.1" 200 2261 "-" "Mozilla/5.0 AppleWebKit/537.36 (KHTML, like Gecko; compatible; ClaudeBot/1.0; +claudebot@anthropic.com)"
54.89.90.224 - - [15/Sep/2025:14:27:24 +0200] "GET /2020/10/?fileloc=//bin/nf-queue&path=//bin HTTP/1.1" 200 12243 "-" "Mozilla/5.0 AppleWebKit/537.36 (KHTML, like Gecko; compatible; Amazonbot/0.1; +https://developer.amazon.com/support/amazonbot) Chrome/119.0.6045.214 Safari/537.36"
20.171.207.153 - - [15/Sep/2025:14:27:25 +0200] "GET /sitemap-hot-4245854.xml?path=//proc/self/root/backup HTTP/1.1" 200 2322 "-" "Mozilla/5.0 AppleWebKit/537.36 (KHTML, like Gecko; compatible; GPTBot/1.2; +https://openai.com/gptbot)"
216.73.216.34 - - [15/Sep/2025:14:27:25 +0200] "GET /2025/09/12/hot-gems-jogue-online-afinar-pokerstars-casino/feed?fileloc=%2F%2Flib64%2Fpython2.7%2Ftextwrap.pyc&path=%2F%2Flib64%2Fpython2.7 HTTP/1.1" 200 2262 "-" "Mozilla/5.0 AppleWebKit/537.36 (KHTML, like Gecko; compatible; ClaudeBot/1.0; +claudebot@anthropic.com)"
20.171.207.153 - - [15/Sep/2025:14:27:28 +0200] "GET /sitemap-hot-4245854.xml?fileloc=//proc/self/net/ip_mr_vif&path=//proc/self/net HTTP/1.1" 200 2308 "-" "Mozilla/5.0 AppleWebKit/537.36 (KHTML, like Gecko; compatible; GPTBot/1.2; +https://openai.com/gptbot)"
216.73.216.34 - - [15/Sep/2025:14:27:28 +0200] "GET /2025/09/12/real-user-reviews-away-from-amorbingo-gambling-enterprise/feed?fileloc=%2F%2Fusr%2Flib64%2Flibxslt.so.1&path=%2F%2Fusr%2Flib64 HTTP/1.1" 200 2257 "-" "Mozilla/5.0 AppleWebKit/537.36 (KHTML, like Gecko; compatible; ClaudeBot/1.0; +claudebot@anthropic.com)"
54.210.155.69 - - [15/Sep/2025:14:27:29 +0200] "GET /category/slots/?fileloc=//bin/chmod&path=//bin HTTP/1.1" 200 12240 "-" "Mozilla/5.0 AppleWebKit/537.36 (KHTML, like Gecko; compatible; Amazonbot/0.1; +https://developer.amazon.com/support/amazonbot) Chrome/119.0.6045.214 Safari/537.36"
20.171.207.153 - - [15/Sep/2025:14:27:31 +0200] "GET /sitemap-hot-4245854.xml?fileloc=//proc/sys/net/ipv6/conf/eth0/router_solicitation_interval&path=//proc/sys/net/ipv6/conf/eth0 HTTP/1.1" 200 2306 "-" "Mozilla/5.0 AppleWebKit/537.36 (KHTML, like Gecko; compatible; GPTBot/1.2; +https://openai.com/gptbot)"
216.73.216.34 - - [15/Sep/2025:14:27:31 +0200] "GET /2025/09/12/burning-flaming-fruits-mobile-slot-hot-spielautomat-schlusswort-partie-samtliche-slot-twin-spin-gebuhrenfrei?fileloc=%2Fhome%2Fsareqgroup%2Fecommerce.com%2Fwp-includes%2Fclass-wp-http-cookie.php&path=%2Fhome%2Fsareqgroup%2Fecommerce.com%2Fwp-includes HTTP/1.1" 200 4620 "-" "Mozilla/5.0 AppleWebKit/537.36 (KHTML, like Gecko; compatible; ClaudeBot/1.0; +claudebot@anthropic.com)"
184.73.239.35 - - [15/Sep/2025:14:27:32 +0200] "GET /2020/10/?path=//dev/fd HTTP/1.1" 200 14060 "-" "Mozilla/5.0 AppleWebKit/537.36 (KHTML, like Gecko; compatible; Amazonbot/0.1; +https://developer.amazon.com/support/amazonbot) Chrome/119.0.6045.214 Safari/537.36"
216.73.216.34 - - [15/Sep/2025:14:27:34 +0200] "GET /2025/09/12/review-dos-melhores-cassinos-online-esfogiteado-brasil-acimade-2025/feed?fileloc=%2F%2Fusr%2Flib64%2Fpython3.6%2Fdistutils%2FREADME&path=%2F%2Fusr%2Flib64%2Fpython3.6%2Fdistutils HTTP/1.1" 200 2426 "-" "Mozilla/5.0 AppleWebKit/537.36 (KHTML, like Gecko; compatible; ClaudeBot/1.0; +claudebot@anthropic.com)"
20.171.207.153 - - [15/Sep/2025:14:27:34 +0200] "GET /sitemap-hot-4245854.xml?path=//proc/sys/debug HTTP/1.1" 200 2648 "-" "Mozilla/5.0 AppleWebKit/537.36 (KHTML, like Gecko; compatible; GPTBot/1.2; +https://openai.com/gptbot)"
216.73.216.34 - - [15/Sep/2025:14:27:37 +0200] "GET /2025/09/12/real-user-reviews-away-from-amorbingo-gambling-enterprise/feed?fileloc=%2F%2Fusr%2Flib64%2FlibXext.so.6.4.0&path=%2F%2Fusr%2Flib64 HTTP/1.1" 200 2259 "-" "Mozilla/5.0 AppleWebKit/537.36 (KHTML, like Gecko; compatible; ClaudeBot/1.0; +claudebot@anthropic.com)"
20.171.207.153 - - [15/Sep/2025:14:27:37 +0200] "GET /sitemap-hot-4245854.xml?path=//proc/fs HTTP/1.1" 200 2606 "-" "Mozilla/5.0 AppleWebKit/537.36 (KHTML, like Gecko; compatible; GPTBot/1.2; +https://openai.com/gptbot)"
157.55.39.193 - - [15/Sep/2025:14:27:38 +0200] "GET /2025/08/24/winning-moments-await-as-you-explore-the-latest/ HTTP/1.1" 200 3666 "-" "Mozilla/5.0 AppleWebKit/537.36 (KHTML, like Gecko; compatible; bingbot/2.0; +http://www.bing.com/bingbot.htm) Chrome/116.0.1938.76 Safari/537.36"
216.73.216.34 - - [15/Sep/2025:14:27:40 +0200] "GET /2025/09/12/hot-gems-jogue-online-afinar-pokerstars-casino/feed?fileloc=%2F%2Flib64%2Fpython2.7%2Fformatter.pyc&path=%2F%2Flib64%2Fpython2.7 HTTP/1.1" 200 2260 "-" "Mozilla/5.0 AppleWebKit/537.36 (KHTML, like Gecko; compatible; ClaudeBot/1.0; +claudebot@anthropic.com)"
20.171.207.153 - - [15/Sep/2025:14:27:40 +0200] "GET /sitemap-hot-4245854.xml?path=//proc/sys/net/ipv6/conf/lo HTTP/1.1" 200 3562 "-" "Mozilla/5.0 AppleWebKit/537.36 (KHTML, like Gecko; compatible; GPTBot/1.2; +https://openai.com/gptbot)"
216.73.216.34 - - [15/Sep/2025:14:27:43 +0200] "GET /2025/09/12/real-user-reviews-away-from-amorbingo-gambling-enterprise/feed?fileloc=%2F%2Fusr%2Flib64%2Flibply-boot-client.so.2.1.0&path=%2F%2Fusr%2Flib64 HTTP/1.1" 200 2267 "-" "Mozilla/5.0 AppleWebKit/537.36 (KHTML, like Gecko; compatible; ClaudeBot/1.0; +claudebot@anthropic.com)"
20.171.207.153 - - [15/Sep/2025:14:27:44 +0200] "GET /sitemap-hot-4245854.xml?path=//proc/sys/net/ipv4/conf/lo HTTP/1.1" 200 3311 "-" "Mozilla/5.0 AppleWebKit/537.36 (KHTML, like Gecko; compatible; GPTBot/1.2; +https://openai.com/gptbot)"
216.73.216.34 - - [15/Sep/2025:14:27:46 +0200] "GET /2025/09/12/hot-gems-jogue-online-afinar-pokerstars-casino/feed?fileloc=%2F%2Flib64%2Fpython2.7%2Fpty.py&path=%2F%2Flib64%2Fpython2.7 HTTP/1.1" 200 3897 "-" "Mozilla/5.0 AppleWebKit/537.36 (KHTML, like Gecko; compatible; ClaudeBot/1.0; +claudebot@anthropic.com)"
20.171.207.153 - - [15/Sep/2025:14:27:47 +0200] "GET /sitemap-hot-4245854.xml?path=//proc/sys/net/ipv6/conf/all HTTP/1.1" 200 3564 "-" "Mozilla/5.0 AppleWebKit/537.36 (KHTML, like Gecko; compatible; GPTBot/1.2; +https://openai.com/gptbot)"
157.55.39.193 - - [15/Sep/2025:14:27:48 +0200] "GET /2025/08/26/la-emocion-de-ganar-te-espera-en-un-mundo-donde/ HTTP/1.1" 200 3666 "-" "Mozilla/5.0 AppleWebKit/537.36 (KHTML, like Gecko; compatible; bingbot/2.0; +http://www.bing.com/bingbot.htm) Chrome/116.0.1938.76 Safari/537.36"
216.73.216.34 - - [15/Sep/2025:14:27:49 +0200] "GET /2025/09/12/real-user-reviews-away-from-amorbingo-gambling-enterprise/feed?fileloc=%2F%2Fusr%2Flib64%2Flibk5crypto.so.3.1&path=%2F%2Fusr%2Flib64 HTTP/1.1" 200 2261 "-" "Mozilla/5.0 AppleWebKit/537.36 (KHTML, like Gecko; compatible; ClaudeBot/1.0; +claudebot@anthropic.com)"
20.171.207.153 - - [15/Sep/2025:14:27:50 +0200] "GET /sitemap-hot-4245854.xml?path=//proc/sys/net/ipv4/conf/all HTTP/1.1" 200 3313 "-" "Mozilla/5.0 AppleWebKit/537.36 (KHTML, like Gecko; compatible; GPTBot/1.2; +https://openai.com/gptbot)"
216.73.216.34 - - [15/Sep/2025:14:27:52 +0200] "GET /2025/09/12/real-user-reviews-away-from-amorbingo-gambling-enterprise/feed?fileloc=%2F%2Fusr%2Flib64%2Flibevent-2.0.so.5.1.9&path=%2F%2Fusr%2Flib64 HTTP/1.1" 200 2262 "-" "Mozilla/5.0 AppleWebKit/537.36 (KHTML, like Gecko; compatible; ClaudeBot/1.0; +claudebot@anthropic.com)"
20.171.207.153 - - [15/Sep/2025:14:27:53 +0200] "GET /sitemap-hot-4245854.xml?fileloc=//proc/sys/net/ipv6/conf/lo/force_tllao&path=//proc/sys/net/ipv6/conf/lo HTTP/1.1" 200 2292 "-" "Mozilla/5.0 AppleWebKit/537.36 (KHTML, like Gecko; compatible; GPTBot/1.2; +https://openai.com/gptbot)"
216.73.216.34 - - [15/Sep/2025:14:27:55 +0200] "GET /2025/09/12/hot-gems-jogue-online-afinar-pokerstars-casino/feed?fileloc=%2F%2Flib64%2Fpython2.7%2Fpprint.pyc&path=%2F%2Flib64%2Fpython2.7 HTTP/1.1" 200 2260 "-" "Mozilla/5.0 AppleWebKit/537.36 (KHTML, like Gecko; compatible; ClaudeBot/1.0; +claudebot@anthropic.com)"
20.171.207.153 - - [15/Sep/2025:14:27:56 +0200] "GET /sitemap-hot-4245854.xml?fileloc=//proc/sys/net/ipv6/conf/lo/proxy_ndp&path=//proc/sys/net/ipv6/conf/lo HTTP/1.1" 200 2291 "-" "Mozilla/5.0 AppleWebKit/537.36 (KHTML, like Gecko; compatible; GPTBot/1.2; +https://openai.com/gptbot)"
3.219.81.66 - - [15/Sep/2025:14:27:57 +0200] "GET /2025/09/11/nextgen-medusa-ii-slot-la-dolce-vita-slot-fur-nusse-auffuhren-ohne-registrierung/?fileloc=//bin/tctmttest&path=//bin HTTP/1.1" 200 12244 "-" "Mozilla/5.0 AppleWebKit/537.36 (KHTML, like Gecko; compatible; Amazonbot/0.1; +https://developer.amazon.com/support/amazonbot) Chrome/119.0.6045.214 Safari/537.36"
216.73.216.34 - - [15/Sep/2025:14:27:58 +0200] "GET /2025/09/12/disco-funk-on-the-web-online-casino-cherry-50-free-spins-casino-slot-games-enjoy-100-percent-free-that-have-habanero?fileloc=%2Fhome%2Fsareqgroup%2Fecommerce.com%2Fwp-includes%2Fjs%2Fdist%2Fvendor%2Freact-dom.min.js&path=%2Fhome%2Fsareqgroup%2Fecommerce.com%2Fwp-includes%2Fjs%2Fdist%2Fvendor HTTP/1.1" 200 39648 "-" "Mozilla/5.0 AppleWebKit/537.36 (KHTML, like Gecko; compatible; ClaudeBot/1.0; +claudebot@anthropic.com)"
20.171.207.153 - - [15/Sep/2025:14:27:59 +0200] "GET /sitemap-hot-4245854.xml?fileloc=//proc/sys/net/ipv6/conf/lo/router_solicitation_interval&path=//proc/sys/net/ipv6/conf/lo HTTP/1.1" 200 2304 "-" "Mozilla/5.0 AppleWebKit/537.36 (KHTML, like Gecko; compatible; GPTBot/1.2; +https://openai.com/gptbot)"
216.73.216.34 - - [15/Sep/2025:14:28:01 +0200] "GET /2025/09/12/divine-goals-position-casino-007-slots-100-free-spins-january-2019-quickspin?fileloc=%2Fhome%2Fsareqgroup%2Fecommerce.com%2Fwp-includes%2FSimplePie%2Fcategory.template.1755515307.php&path=%2Fhome%2Fsareqgroup%2Fecommerce.com%2Fwp-includes%2FSimplePie HTTP/1.1" 200 2304 "-" "Mozilla/5.0 AppleWebKit/537.36 (KHTML, like Gecko; compatible; ClaudeBot/1.0; +claudebot@anthropic.com)"
20.171.207.153 - - [15/Sep/2025:14:28:02 +0200] "GET /sitemap-hot-4245854.xml?fileloc=//proc/sys/fs/pipe-user-pages-soft&path=//proc/sys/fs HTTP/1.1" 200 2275 "-" "Mozilla/5.0 AppleWebKit/537.36 (KHTML, like Gecko; compatible; GPTBot/1.2; +https://openai.com/gptbot)"
216.73.216.34 - - [15/Sep/2025:14:28:04 +0200] "GET /2025/09/12/real-user-reviews-away-from-amorbingo-gambling-enterprise/feed?fileloc=%2F%2Fusr%2Flib64%2Flibisc.so.169&path=%2F%2Fusr%2Flib64 HTTP/1.1" 200 2258 "-" "Mozilla/5.0 AppleWebKit/537.36 (KHTML, like Gecko; compatible; ClaudeBot/1.0; +claudebot@anthropic.com)"
20.171.207.153 - - [15/Sep/2025:14:28:05 +0200] "GET /sitemap-hot-4245854.xml?fileloc=//proc/sys/net/ipv6/conf/all/router_solicitation_interval&path=//proc/sys/net/ipv6/conf/all HTTP/1.1" 200 2306 "-" "Mozilla/5.0 AppleWebKit/537.36 (KHTML, like Gecko; compatible; GPTBot/1.2; +https://openai.com/gptbot)"
216.73.216.34 - - [15/Sep/2025:14:28:07 +0200] "GET /2025/09/12/real-user-reviews-away-from-amorbingo-gambling-enterprise/feed?fileloc=%2F%2Fusr%2Flib64%2Flibselinux.so.1&path=%2F%2Fusr%2Flib64 HTTP/1.1" 200 2259 "-" "Mozilla/5.0 AppleWebKit/537.36 (KHTML, like Gecko; compatible; ClaudeBot/1.0; +claudebot@anthropic.com)"
20.171.207.153 - - [15/Sep/2025:14:28:08 +0200] "GET /sitemap-hot-4245854.xml?fileloc=//proc/sys/net/ipv4/conf/all/arp_ignore&path=//proc/sys/net/ipv4/conf/all HTTP/1.1" 200 2293 "-" "Mozilla/5.0 AppleWebKit/537.36 (KHTML, like Gecko; compatible; GPTBot/1.2; +https://openai.com/gptbot)"
216.73.216.34 - - [15/Sep/2025:14:28:10 +0200] "GET /2025/09/12/real-user-reviews-away-from-amorbingo-gambling-enterprise/feed?fileloc=%2F%2Fusr%2Flib64%2FlibodbctxtS.so.2.0.0&path=%2F%2Fusr%2Flib64 HTTP/1.1" 200 2262 "-" "Mozilla/5.0 AppleWebKit/537.36 (KHTML, like Gecko; compatible; ClaudeBot/1.0; +claudebot@anthropic.com)"
20.171.207.153 - - [15/Sep/2025:14:28:12 +0200] "GET /sitemap-hot-4245854.xml?fileloc=//proc/sys/net/ipv4/conf/all/forwarding&path=//proc/sys/net/ipv4/conf/all HTTP/1.1" 200 2291 "-" "Mozilla/5.0 AppleWebKit/537.36 (KHTML, like Gecko; compatible; GPTBot/1.2; +https://openai.com/gptbot)"
216.73.216.34 - - [15/Sep/2025:14:28:13 +0200] "GET /2025/09/12/real-user-reviews-away-from-amorbingo-gambling-enterprise/feed?fileloc=%2F%2Fusr%2Flib64%2Flibgnome-keyring.so.0.2.0&path=%2F%2Fusr%2Flib64 HTTP/1.1" 200 2268 "-" "Mozilla/5.0 AppleWebKit/537.36 (KHTML, like Gecko; compatible; ClaudeBot/1.0; +claudebot@anthropic.com)"
52.167.144.215 - - [15/Sep/2025:14:28:15 +0200] "GET /2025/08/16/bukmekerska-kontora-parimatch-535/ HTTP/1.1" 200 3666 "-" "Mozilla/5.0 AppleWebKit/537.36 (KHTML, like Gecko; compatible; bingbot/2.0; +http://www.bing.com/bingbot.htm) Chrome/116.0.1938.76 Safari/537.36"
20.171.207.153 - - [15/Sep/2025:14:28:15 +0200] "GET /sitemap-hot-4245854.xml?fileloc=//proc/sys/net/ipv6/conf/all/accept_ra_rt_info_max_plen&path=//proc/sys/net/ipv6/conf/all HTTP/1.1" 200 2308 "-" "Mozilla/5.0 AppleWebKit/537.36 (KHTML, like Gecko; compatible; GPTBot/1.2; +https://openai.com/gptbot)"
216.73.216.34 - - [15/Sep/2025:14:28:16 +0200] "GET /2025/09/12/real-user-reviews-away-from-amorbingo-gambling-enterprise/feed?fileloc=%2F%2Fusr%2Flib64%2Flibxmlrpc_server_abyss.so.3&path=%2F%2Fusr%2Flib64 HTTP/1.1" 200 2268 "-" "Mozilla/5.0 AppleWebKit/537.36 (KHTML, like Gecko; compatible; ClaudeBot/1.0; +claudebot@anthropic.com)"
20.171.207.153 - - [15/Sep/2025:14:28:18 +0200] "GET /sitemap-hot-4245854.xml?fileloc=//proc/sys/net/ipv6/conf/lo/accept_ra_rt_info_max_plen&path=//proc/sys/net/ipv6/conf/lo HTTP/1.1" 200 2307 "-" "Mozilla/5.0 AppleWebKit/537.36 (KHTML, like Gecko; compatible; GPTBot/1.2; +https://openai.com/gptbot)"
216.73.216.34 - - [15/Sep/2025:14:28:19 +0200] "GET /2025/09/12/review-dos-melhores-cassinos-online-esfogiteado-brasil-acimade-2025/feed?fileloc=%2Fhome%2Fsareqgroup%2Fecommerce.com%2Fwp-admin%2Fcss%2Fcode-editor.min.css&path=%2Fhome%2Fsareqgroup%2Fecommerce.com%2Fwp-admin%2Fcss HTTP/1.1" 200 2680 "-" "Mozilla/5.0 AppleWebKit/537.36 (KHTML, like Gecko; compatible; ClaudeBot/1.0; +claudebot@anthropic.com)"
20.171.207.153 - - [15/Sep/2025:14:28:21 +0200] "GET /sitemap-hot-4245854.xml?fileloc=//proc/sys/net/ipv6/conf/all/accept_ra_defrtr&path=//proc/sys/net/ipv6/conf/all HTTP/1.1" 200 2299 "-" "Mozilla/5.0 AppleWebKit/537.36 (KHTML, like Gecko; compatible; GPTBot/1.2; +https://openai.com/gptbot)"
216.73.216.34 - - [15/Sep/2025:14:28:22 +0200] "GET /2025/09/12/golden-tiger-casino-analise-completa-constituicao-puerilidade-bonus-2025/feed?fileloc=%2Fhome%2Fsareqgroup%2Fecommerce.com%2Fwp-admin%2Fjs%2Fwidgets%2F.htaccess&path=%2Fhome%2Fsareqgroup%2Fecommerce.com%2Fwp-admin%2Fjs%2Fwidgets HTTP/1.1" 200 2385 "-" "Mozilla/5.0 AppleWebKit/537.36 (KHTML, like Gecko; compatible; ClaudeBot/1.0; +claudebot@anthropic.com)"
20.171.207.153 - - [15/Sep/2025:14:28:24 +0200] "GET /sitemap-hot-4245854.xml?fileloc=//proc/sys/net/ipv6/conf/lo/accept_ra_rtr_pref&path=//proc/sys/net/ipv6/conf/lo HTTP/1.1" 200 2299 "-" "Mozilla/5.0 AppleWebKit/537.36 (KHTML, like Gecko; compatible; GPTBot/1.2; +https://openai.com/gptbot)"
216.73.216.34 - - [15/Sep/2025:14:28:25 +0200] "GET /2025/09/12/real-user-reviews-away-from-amorbingo-gambling-enterprise/feed?fileloc=%2F%2Fusr%2Flib64%2Flibxmlrpc_server.so.3.32&path=%2F%2Fusr%2Flib64 HTTP/1.1" 200 2265 "-" "Mozilla/5.0 AppleWebKit/537.36 (KHTML, like Gecko; compatible; ClaudeBot/1.0; +claudebot@anthropic.com)"
20.171.207.153 - - [15/Sep/2025:14:28:27 +0200] "GET /sitemap-hot-4245854.xml?fileloc=//proc/sys/net/ipv4/conf/lo/force_igmp_version&path=//proc/sys/net/ipv4/conf/lo HTTP/1.1" 200 2295 "-" "Mozilla/5.0 AppleWebKit/537.36 (KHTML, like Gecko; compatible; GPTBot/1.2; +https://openai.com/gptbot)"
216.73.216.34 - - [15/Sep/2025:14:28:28 +0200] "GET /2025/09/12/hot-gems-jogue-online-afinar-pokerstars-casino/feed?fileloc=%2F%2Flib64%2Fpython2.7%2Fnetrc.py&path=%2F%2Flib64%2Fpython2.7 HTTP/1.1" 200 3696 "-" "Mozilla/5.0 AppleWebKit/537.36 (KHTML, like Gecko; compatible; ClaudeBot/1.0; +claudebot@anthropic.com)"
20.171.207.153 - - [15/Sep/2025:14:28:31 +0200] "GET /sitemap-hot-4245854.xml?fileloc=//proc/sys/net/ipv6/conf/lo/router_solicitation_delay&path=//proc/sys/net/ipv6/conf/lo HTTP/1.1" 200 2301 "-" "Mozilla/5.0 AppleWebKit/537.36 (KHTML, like Gecko; compatible; GPTBot/1.2; +https://openai.com/gptbot)"
216.73.216.34 - - [15/Sep/2025:14:28:31 +0200] "GET /2025/09/12/hot-gems-jogue-online-afinar-pokerstars-casino/feed?fileloc=%2F%2Flib64%2Fpython2.7%2Ftoken.py&path=%2F%2Flib64%2Fpython2.7 HTTP/1.1" 200 3564 "-" "Mozilla/5.0 AppleWebKit/537.36 (KHTML, like Gecko; compatible; ClaudeBot/1.0; +claudebot@anthropic.com)"
20.171.207.153 - - [15/Sep/2025:14:28:34 +0200] "GET /sitemap-hot-4245854.xml?fileloc=//proc/sys/net/ipv4/conf/all/accept_redirects&path=//proc/sys/net/ipv4/conf/all HTTP/1.1" 200 2296 "-" "Mozilla/5.0 AppleWebKit/537.36 (KHTML, like Gecko; compatible; GPTBot/1.2; +https://openai.com/gptbot)"
216.73.216.34 - - [15/Sep/2025:14:28:34 +0200] "GET /2025/09/12/hot-gems-jogue-online-afinar-pokerstars-casino/feed?fileloc=%2F%2Flib64%2Fpython2.7%2Fwebbrowser.py&path=%2F%2Flib64%2Fpython2.7 HTTP/1.1" 200 8397 "-" "Mozilla/5.0 AppleWebKit/537.36 (KHTML, like Gecko; compatible; ClaudeBot/1.0; +claudebot@anthropic.com)"
216.73.216.34 - - [15/Sep/2025:14:28:37 +0200] "GET /2025/09/12/publication-away-from-ra-slots-casino-marco-polo-top-ten-book-of-ra-position-internet-sites-in-the-2025/feed?fileloc=%2Fhome%2Fsareqgroup%2Fecommerce.com%2Fwp-includes%2Fblock-patterns%2Ftwo-images.php&path=%2Fhome%2Fsareqgroup%2Fecommerce.com%2Fwp-includes%2Fblock-patterns HTTP/1.1" 200 2727 "-" "Mozilla/5.0 AppleWebKit/537.36 (KHTML, like Gecko; compatible; ClaudeBot/1.0; +claudebot@anthropic.com)"
20.171.207.153 - - [15/Sep/2025:14:28:37 +0200] "GET /sitemap-hot-4245854.xml?fileloc=//proc/sys/net/ipv4/conf/all/secure_redirects&path=//proc/sys/net/ipv4/conf/all HTTP/1.1" 200 2295 "-" "Mozilla/5.0 AppleWebKit/537.36 (KHTML, like Gecko; compatible; GPTBot/1.2; +https://openai.com/gptbot)"
20.171.207.153 - - [15/Sep/2025:14:28:40 +0200] "GET /sitemap-hot-4245854.xml?fileloc=//proc/sys/net/ipv4/conf/all/promote_secondaries&path=//proc/sys/net/ipv4/conf/all HTTP/1.1" 200 2297 "-" "Mozilla/5.0 AppleWebKit/537.36 (KHTML, like Gecko; compatible; GPTBot/1.2; +https://openai.com/gptbot)"
20.171.207.153 - - [15/Sep/2025:14:28:43 +0200] "GET /sitemap-hot-4245854.xml?fileloc=//proc/sys/net/ipv4/conf/lo/promote_secondaries&path=//proc/sys/net/ipv4/conf/lo HTTP/1.1" 200 2295 "-" "Mozilla/5.0 AppleWebKit/537.36 (KHTML, like Gecko; compatible; GPTBot/1.2; +https://openai.com/gptbot)"
100.27.153.9 - - [15/Sep/2025:14:28:45 +0200] "GET /2020/08/17/pros-cons-of-bonds-investing/?path=//var HTTP/1.1" 200 48848 "-" "Mozilla/5.0 AppleWebKit/537.36 (KHTML, like Gecko; compatible; Amazonbot/0.1; +https://developer.amazon.com/support/amazonbot) Chrome/119.0.6045.214 Safari/537.36"
20.171.207.153 - - [15/Sep/2025:14:28:47 +0200] "GET /sitemap-hot-4245854.xml?fileloc=//proc/sys/net/ipv6/conf/lo/accept_source_route&path=//proc/sys/net/ipv6/conf/lo HTTP/1.1" 200 2299 "-" "Mozilla/5.0 AppleWebKit/537.36 (KHTML, like Gecko; compatible; GPTBot/1.2; +https://openai.com/gptbot)"
216.73.216.34 - - [15/Sep/2025:14:28:47 +0200] "GET /2025/09/12/rodadas-acessivel-sem-deposito-melhores-cassinos-acercade-2025/feed?fileloc=%2F%2Fusr%2Flib%2Ffirmware%2Fiwlwifi-8265-36.ucode&path=%2F%2Fusr%2Flib%2Ffirmware HTTP/1.1" 200 2277 "-" "Mozilla/5.0 AppleWebKit/537.36 (KHTML, like Gecko; compatible; ClaudeBot/1.0; +claudebot@anthropic.com)"
216.73.216.34 - - [15/Sep/2025:14:28:48 +0200] "GET /2025/09/12/real-user-reviews-away-from-amorbingo-gambling-enterprise/feed?fileloc=%2F%2Fusr%2Flib64%2Flibnl-genl-3.so.200.23.0&path=%2F%2Fusr%2Flib64 HTTP/1.1" 200 2266 "-" "Mozilla/5.0 AppleWebKit/537.36 (KHTML, like Gecko; compatible; ClaudeBot/1.0; +claudebot@anthropic.com)"
20.171.207.153 - - [15/Sep/2025:14:28:50 +0200] "GET /sitemap-hot-4245854.xml?fileloc=//proc/sys/net/ipv6/conf/all/temp_prefered_lft&path=//proc/sys/net/ipv6/conf/all HTTP/1.1" 200 2302 "-" "Mozilla/5.0 AppleWebKit/537.36 (KHTML, like Gecko; compatible; GPTBot/1.2; +https://openai.com/gptbot)"
216.73.216.34 - - [15/Sep/2025:14:28:51 +0200] "GET /2025/09/12/hot-gems-jogue-online-afinar-pokerstars-casino/feed?fileloc=%2F%2Flib64%2Fpython2.7%2Fbsddb%2Fdbshelve.pyo&path=%2F%2Flib64%2Fpython2.7%2Fbsddb HTTP/1.1" 200 2272 "-" "Mozilla/5.0 AppleWebKit/537.36 (KHTML, like Gecko; compatible; ClaudeBot/1.0; +claudebot@anthropic.com)"
20.171.207.153 - - [15/Sep/2025:14:28:53 +0200] "GET /sitemap-hot-4245854.xml?fileloc=//proc/sys/net/ipv6/conf/lo/router_solicitations&path=//proc/sys/net/ipv6/conf/lo HTTP/1.1" 200 2297 "-" "Mozilla/5.0 AppleWebKit/537.36 (KHTML, like Gecko; compatible; GPTBot/1.2; +https://openai.com/gptbot)"
216.73.216.34 - - [15/Sep/2025:14:28:54 +0200] "GET /2025/09/12/hot-fire-fruits-slot-canhoteiro-review-2024-play-for-free/feed?fileloc=%2F%2Flib%2Fpython2.7%2Fsite-packages%2Fkitchen%2Frelease.pyc&path=%2F%2Flib%2Fpython2.7%2Fsite-packages%2Fkitchen HTTP/1.1" 200 2279 "-" "Mozilla/5.0 AppleWebKit/537.36 (KHTML, like Gecko; compatible; ClaudeBot/1.0; +claudebot@anthropic.com)"
20.171.207.153 - - [15/Sep/2025:14:28:56 +0200] "GET /sitemap-hot-4245854.xml?fileloc=//proc/sys/net/ipv4/conf/all/accept_source_route&path=//proc/sys/net/ipv4/conf/all HTTP/1.1" 200 2301 "-" "Mozilla/5.0 AppleWebKit/537.36 (KHTML, like Gecko; compatible; GPTBot/1.2; +https://openai.com/gptbot)"
34.199.252.22 - - [15/Sep/2025:14:28:57 +0200] "GET /category/bookkeeping/?path=//dev/bus HTTP/1.1" 200 13984 "-" "Mozilla/5.0 AppleWebKit/537.36 (KHTML, like Gecko; compatible; Amazonbot/0.1; +https://developer.amazon.com/support/amazonbot) Chrome/119.0.6045.214 Safari/537.36"
216.73.216.34 - - [15/Sep/2025:14:28:58 +0200] "GET /2025/09/12/rodadas-acessivel-sem-deposito-melhores-cassinos-acercade-2025/feed?fileloc=%2F%2Fusr%2Flib%2Ffirmware%2Fiwlwifi-7265D-12.ucode&path=%2F%2Fusr%2Flib%2Ffirmware HTTP/1.1" 200 2279 "-" "Mozilla/5.0 AppleWebKit/537.36 (KHTML, like Gecko; compatible; ClaudeBot/1.0; +claudebot@anthropic.com)"
20.171.207.153 - - [15/Sep/2025:14:29:00 +0200] "GET /sitemap-hot-4245854.xml?fileloc=//proc/sys/net/ipv4/conf/all/force_igmp_version&path=//proc/sys/net/ipv4/conf/all HTTP/1.1" 200 2297 "-" "Mozilla/5.0 AppleWebKit/537.36 (KHTML, like Gecko; compatible; GPTBot/1.2; +https://openai.com/gptbot)"
216.73.216.34 - - [15/Sep/2025:14:29:00 +0200] "GET /2025/09/12/real-user-reviews-away-from-amorbingo-gambling-enterprise/feed?fileloc=%2F%2Fusr%2Flib64%2Flibnss_nisplus-2.17.so&path=%2F%2Fusr%2Flib64 HTTP/1.1" 200 2266 "-" "Mozilla/5.0 AppleWebKit/537.36 (KHTML, like Gecko; compatible; ClaudeBot/1.0; +claudebot@anthropic.com)"
3.224.205.25 - - [15/Sep/2025:14:29:01 +0200] "GET /2025/09/11/victorious-eye-of-horus-legal-slot-freispiele-netent-slot-50-kostenlose-spins-nach-pharaos-riches-original-keine-einzahlung-review-lagos-nawa/?path=//etc/rc1.d HTTP/1.1" 200 16962 "-" "Mozilla/5.0 AppleWebKit/537.36 (KHTML, like Gecko; compatible; Amazonbot/0.1; +https://developer.amazon.com/support/amazonbot) Chrome/119.0.6045.214 Safari/537.36"
20.171.207.153 - - [15/Sep/2025:14:29:03 +0200] "GET /sitemap-hot-4245854.xml?fileloc=//proc/sys/net/ipv6/conf/all/accept_source_route&path=//proc/sys/net/ipv6/conf/all HTTP/1.1" 200 2301 "-" "Mozilla/5.0 AppleWebKit/537.36 (KHTML, like Gecko; compatible; GPTBot/1.2; +https://openai.com/gptbot)"
216.73.216.34 - - [15/Sep/2025:14:29:03 +0200] "GET /2025/09/12/gamble-dj-nuts-gambling-establishment-game-free-spins-on-stinkin-rich-savibet-online-slots-local-casino-real-money-demonstration?fileloc=%2F%2Flib64%2Fpython2.7%2Fdistutils%2Fspawn.pyc&path=%2F%2Flib64%2Fpython2.7%2Fdistutils HTTP/1.1" 200 2272 "-" "Mozilla/5.0 AppleWebKit/537.36 (KHTML, like Gecko; compatible; ClaudeBot/1.0; +claudebot@anthropic.com)"
20.171.207.153 - - [15/Sep/2025:14:29:06 +0200] "GET /sitemap-hot-4245854.xml?fileloc=//proc/sys/net/ipv4/conf/lo/accept_source_route&path=//proc/sys/net/ipv4/conf/lo HTTP/1.1" 200 2299 "-" "Mozilla/5.0 AppleWebKit/537.36 (KHTML, like Gecko; compatible; GPTBot/1.2; +https://openai.com/gptbot)"
216.73.216.34 - - [15/Sep/2025:14:29:06 +0200] "GET /2025/09/12/rodadas-acessivel-sem-deposito-melhores-cassinos-acercade-2025/feed?fileloc=%2F%2Fusr%2Flib%2Ffirmware%2Fiwlwifi-7260-10.ucode&path=%2F%2Fusr%2Flib%2Ffirmware HTTP/1.1" 200 2277 "-" "Mozilla/5.0 AppleWebKit/537.36 (KHTML, like Gecko; compatible; ClaudeBot/1.0; +claudebot@anthropic.com)"
20.171.207.153 - - [15/Sep/2025:14:29:09 +0200] "GET /sitemap-hot-4245854.xml?fileloc=//proc/sys/net/ipv6/conf/all/accept_ra_rtr_pref&path=//proc/sys/net/ipv6/conf/all HTTP/1.1" 200 2301 "-" "Mozilla/5.0 AppleWebKit/537.36 (KHTML, like Gecko; compatible; GPTBot/1.2; +https://openai.com/gptbot)"
216.73.216.34 - - [15/Sep/2025:14:29:09 +0200] "GET /2025/09/12/b7-casino-nl-bonus-450-en-250-gratis-spins-619-2?fileloc=%2F%2Flib64%2Fpython2.7%2Fmhlib.py&path=%2F%2Flib64%2Fpython2.7 HTTP/1.1" 200 10519 "-" "Mozilla/5.0 AppleWebKit/537.36 (KHTML, like Gecko; compatible; ClaudeBot/1.0; +claudebot@anthropic.com)"
20.171.207.153 - - [15/Sep/2025:14:29:12 +0200] "GET /sitemap-hot-4245854.xml?fileloc=//proc/sys/net/ipv6/conf/all/accept_redirects&path=//proc/sys/net/ipv6/conf/all HTTP/1.1" 200 2296 "-" "Mozilla/5.0 AppleWebKit/537.36 (KHTML, like Gecko; compatible; GPTBot/1.2; +https://openai.com/gptbot)"
54.197.178.107 - - [15/Sep/2025:14:29:12 +0200] "GET /2025/09/12/freispiele-ohne-einzahlung-spielautomaten-aloha-cluster-pays-online-2025/?fileloc=//bin/nl-cls-list&path=//bin HTTP/1.1" 200 12246 "-" "Mozilla/5.0 AppleWebKit/537.36 (KHTML, like Gecko; compatible; Amazonbot/0.1; +https://developer.amazon.com/support/amazonbot) Chrome/119.0.6045.214 Safari/537.36"
216.73.216.34 - - [15/Sep/2025:14:29:12 +0200] "GET /2025/09/12/b7-casino-nl-bonus-450-en-250-gratis-spins-619-2?fileloc=%2F%2Flib64%2Fpython2.7%2Fsets.pyc&path=%2F%2Flib64%2Fpython2.7 HTTP/1.1" 200 2260 "-" "Mozilla/5.0 AppleWebKit/537.36 (KHTML, like Gecko; compatible; ClaudeBot/1.0; +claudebot@anthropic.com)"
