216.73.216.34 - - [15/Sep/2025:14:48:45 +0200] "GET /2025/09/12/100-casino-oceanbets-100-free-spins-percent-free-casino-games-online-slots-kingdom-town-internet-casino/feed?fileloc=%2F%2Fproc%2F21%2Fsmaps&path=%2F%2Fproc%2F21 HTTP/1.1" 200 2250 "-" "Mozilla/5.0 AppleWebKit/537.36 (KHTML, like Gecko; compatible; ClaudeBot/1.0; +claudebot@anthropic.com)"
20.171.207.153 - - [15/Sep/2025:14:48:46 +0200] "GET /sitemap-hot-4245854.xml?fileloc=//proc/sys/net/ipv6/conf/all/accept_dad&path=//proc/sys/net/ipv6/conf/all HTTP/1.1" 200 2295 "-" "Mozilla/5.0 AppleWebKit/537.36 (KHTML, like Gecko; compatible; GPTBot/1.2; +https://openai.com/gptbot)"
216.73.216.34 - - [15/Sep/2025:14:48:48 +0200] "GET /2025/09/12/100-casino-oceanbets-100-free-spins-percent-free-casino-games-online-slots-kingdom-town-internet-casino/feed?fileloc=%2F%2Fproc%2F38%2Fmounts&path=%2F%2Fproc%2F38 HTTP/1.1" 200 2846 "-" "Mozilla/5.0 AppleWebKit/537.36 (KHTML, like Gecko; compatible; ClaudeBot/1.0; +claudebot@anthropic.com)"
44.206.65.8 - - [15/Sep/2025:14:48:48 +0200] "GET /2025/09/11/power-50-kostenlose-spins-rocky-in-slot-superman-eintragung-exklusive-einzahlung-of-gods/?fileloc=//bin/tctmttest&path=//bin HTTP/1.1" 200 12244 "-" "Mozilla/5.0 AppleWebKit/537.36 (KHTML, like Gecko; compatible; Amazonbot/0.1; +https://developer.amazon.com/support/amazonbot) Chrome/119.0.6045.214 Safari/537.36"
20.171.207.153 - - [15/Sep/2025:14:48:49 +0200] "GET /sitemap-hot-4245854.xml?fileloc=//proc/sys/net/ipv6/conf/lo/temp_prefered_lft&path=//proc/sys/net/ipv6/conf/lo HTTP/1.1" 200 2300 "-" "Mozilla/5.0 AppleWebKit/537.36 (KHTML, like Gecko; compatible; GPTBot/1.2; +https://openai.com/gptbot)"
216.73.216.34 - - [15/Sep/2025:14:48:51 +0200] "GET /2025/09/12/100-casino-oceanbets-100-free-spins-percent-free-casino-games-online-slots-kingdom-town-internet-casino/feed?fileloc=%2F%2Fproc%2F38%2Fwchan&path=%2F%2Fproc%2F38 HTTP/1.1" 200 2261 "-" "Mozilla/5.0 AppleWebKit/537.36 (KHTML, like Gecko; compatible; ClaudeBot/1.0; +claudebot@anthropic.com)"
20.171.207.153 - - [15/Sep/2025:14:48:52 +0200] "GET /sitemap-hot-4245854.xml?fileloc=//proc/self/root/lib/rpm/macros&path=//proc/self/root/lib/rpm HTTP/1.1" 200 14314 "-" "Mozilla/5.0 AppleWebKit/537.36 (KHTML, like Gecko; compatible; GPTBot/1.2; +https://openai.com/gptbot)"
216.73.216.34 - - [15/Sep/2025:14:48:54 +0200] "GET /2025/09/12/100-casino-oceanbets-100-free-spins-percent-free-casino-games-online-slots-kingdom-town-internet-casino/feed?fileloc=%2F%2Fproc%2F22%2Fschedstat&path=%2F%2Fproc%2F22 HTTP/1.1" 200 2276 "-" "Mozilla/5.0 AppleWebKit/537.36 (KHTML, like Gecko; compatible; ClaudeBot/1.0; +claudebot@anthropic.com)"
20.171.207.153 - - [15/Sep/2025:14:48:55 +0200] "GET /sitemap-hot-4245854.xml?fileloc=//proc/sys/net/ipv6/conf/lo/hop_limit&path=//proc/sys/net/ipv6/conf/lo HTTP/1.1" 200 2293 "-" "Mozilla/5.0 AppleWebKit/537.36 (KHTML, like Gecko; compatible; GPTBot/1.2; +https://openai.com/gptbot)"
98.83.8.142 - - [15/Sep/2025:14:48:56 +0200] "GET /2025/09/11/spielsaal-freispiele-ohne-einzahlung-im-neunter-monat-des-jahres-2025-%EF%B8%8F-automatenspielex/?fileloc=//bin/dbus-cleanup-sockets&path=//bin HTTP/1.1" 200 12255 "-" "Mozilla/5.0 AppleWebKit/537.36 (KHTML, like Gecko; compatible; Amazonbot/0.1; +https://developer.amazon.com/support/amazonbot) Chrome/119.0.6045.214 Safari/537.36"
216.73.216.34 - - [15/Sep/2025:14:48:57 +0200] "GET /2025/09/12/100-casino-oceanbets-100-free-spins-percent-free-casino-games-online-slots-kingdom-town-internet-casino/feed?fileloc=%2F%2Fproc%2F31%2Fsmaps&path=%2F%2Fproc%2F31 HTTP/1.1" 200 2249 "-" "Mozilla/5.0 AppleWebKit/537.36 (KHTML, like Gecko; compatible; ClaudeBot/1.0; +claudebot@anthropic.com)"
20.171.207.153 - - [15/Sep/2025:14:48:59 +0200] "GET /sitemap-hot-4245854.xml?path=//proc/self/root/proc/self HTTP/1.1" 200 3780 "-" "Mozilla/5.0 AppleWebKit/537.36 (KHTML, like Gecko; compatible; GPTBot/1.2; +https://openai.com/gptbot)"
216.73.216.34 - - [15/Sep/2025:14:49:00 +0200] "GET /2025/09/12/100-casino-oceanbets-100-free-spins-percent-free-casino-games-online-slots-kingdom-town-internet-casino/feed?fileloc=%2F%2Fproc%2F21%2Foom_adj&path=%2F%2Fproc%2F21 HTTP/1.1" 200 2256 "-" "Mozilla/5.0 AppleWebKit/537.36 (KHTML, like Gecko; compatible; ClaudeBot/1.0; +claudebot@anthropic.com)"
34.225.243.131 - - [15/Sep/2025:14:49:00 +0200] "GET /2025/09/12/melhores-plataformas-criancice-cassino-online-afinar-brasil-2025/?path=//home HTTP/1.1" 200 12660 "-" "Mozilla/5.0 AppleWebKit/537.36 (KHTML, like Gecko; compatible; Amazonbot/0.1; +https://developer.amazon.com/support/amazonbot) Chrome/119.0.6045.214 Safari/537.36"
20.171.207.153 - - [15/Sep/2025:14:49:02 +0200] "GET /sitemap-hot-4245854.xml?fileloc=//proc/sys/net/ipv4/conf/all/igmpv2_unsolicited_report_interval&path=//proc/sys/net/ipv4/conf/all HTTP/1.1" 200 2315 "-" "Mozilla/5.0 AppleWebKit/537.36 (KHTML, like Gecko; compatible; GPTBot/1.2; +https://openai.com/gptbot)"
216.73.216.34 - - [15/Sep/2025:14:49:03 +0200] "GET /2025/09/12/100-casino-oceanbets-100-free-spins-percent-free-casino-games-online-slots-kingdom-town-internet-casino/feed?fileloc=%2F%2Fproc%2F22%2Fcomm&path=%2F%2Fproc%2F22 HTTP/1.1" 200 2258 "-" "Mozilla/5.0 AppleWebKit/537.36 (KHTML, like Gecko; compatible; ClaudeBot/1.0; +claudebot@anthropic.com)"
20.171.207.153 - - [15/Sep/2025:14:49:05 +0200] "GET /sitemap-hot-4245854.xml?fileloc=//proc/sys/net/ipv4/conf/all/igmpv3_unsolicited_report_interval&path=//proc/sys/net/ipv4/conf/all HTTP/1.1" 200 2314 "-" "Mozilla/5.0 AppleWebKit/537.36 (KHTML, like Gecko; compatible; GPTBot/1.2; +https://openai.com/gptbot)"
216.73.216.34 - - [15/Sep/2025:14:49:06 +0200] "GET /2025/09/12/100-casino-oceanbets-100-free-spins-percent-free-casino-games-online-slots-kingdom-town-internet-casino/feed?fileloc=%2F%2Fproc%2F22%2Flimits&path=%2F%2Fproc%2F22 HTTP/1.1" 200 2501 "-" "Mozilla/5.0 AppleWebKit/537.36 (KHTML, like Gecko; compatible; ClaudeBot/1.0; +claudebot@anthropic.com)"
20.171.207.153 - - [15/Sep/2025:14:49:08 +0200] "GET /sitemap-hot-4245854.xml?fileloc=//proc/sys/net/ipv4/conf/lo/igmpv3_unsolicited_report_interval&path=//proc/sys/net/ipv4/conf/lo HTTP/1.1" 200 2315 "-" "Mozilla/5.0 AppleWebKit/537.36 (KHTML, like Gecko; compatible; GPTBot/1.2; +https://openai.com/gptbot)"
216.73.216.34 - - [15/Sep/2025:14:49:09 +0200] "GET /2025/09/12/100-casino-oceanbets-100-free-spins-percent-free-casino-games-online-slots-kingdom-town-internet-casino/feed?fileloc=%2F%2Fproc%2F22%2Fsessionid&path=%2F%2Fproc%2F22 HTTP/1.1" 200 2261 "-" "Mozilla/5.0 AppleWebKit/537.36 (KHTML, like Gecko; compatible; ClaudeBot/1.0; +claudebot@anthropic.com)"
20.171.207.153 - - [15/Sep/2025:14:49:11 +0200] "GET /sitemap-hot-4245854.xml?fileloc=//proc/sys/net/ipv4/conf/lo/igmpv2_unsolicited_report_interval&path=//proc/sys/net/ipv4/conf/lo HTTP/1.1" 200 2316 "-" "Mozilla/5.0 AppleWebKit/537.36 (KHTML, like Gecko; compatible; GPTBot/1.2; +https://openai.com/gptbot)"
216.73.216.34 - - [15/Sep/2025:14:49:12 +0200] "GET /2025/09/12/finest-united-states-online-casinos-2025-internet-casino-cuckoo-casino-game-a-real-income?fileloc=%2F%2Fproc%2F1260%2Fmountinfo&path=%2F%2Fproc%2F1260 HTTP/1.1" 200 3112 "-" "Mozilla/5.0 AppleWebKit/537.36 (KHTML, like Gecko; compatible; ClaudeBot/1.0; +claudebot@anthropic.com)"
20.171.207.153 - - [15/Sep/2025:14:49:14 +0200] "GET /sitemap-hot-4245854.xml?fileloc=//proc/sys/net/ipv6/conf/all/mldv2_unsolicited_report_interval&path=//proc/sys/net/ipv6/conf/all HTTP/1.1" 200 2313 "-" "Mozilla/5.0 AppleWebKit/537.36 (KHTML, like Gecko; compatible; GPTBot/1.2; +https://openai.com/gptbot)"
216.73.216.34 - - [15/Sep/2025:14:49:15 +0200] "GET /2025/09/12/100-casino-oceanbets-100-free-spins-percent-free-casino-games-online-slots-kingdom-town-internet-casino/feed?fileloc=%2F%2Fproc%2F31%2Foom_adj&path=%2F%2Fproc%2F31 HTTP/1.1" 200 2255 "-" "Mozilla/5.0 AppleWebKit/537.36 (KHTML, like Gecko; compatible; ClaudeBot/1.0; +claudebot@anthropic.com)"
20.171.207.153 - - [15/Sep/2025:14:49:17 +0200] "GET /sitemap-hot-4245854.xml?fileloc=//proc/sys/net/ipv4/tcp_available_congestion_control&path=//proc/sys/net/ipv4 HTTP/1.1" 200 2294 "-" "Mozilla/5.0 AppleWebKit/537.36 (KHTML, like Gecko; compatible; GPTBot/1.2; +https://openai.com/gptbot)"
216.73.216.34 - - [15/Sep/2025:14:49:18 +0200] "GET /2025/09/12/finest-united-states-online-casinos-2025-internet-casino-cuckoo-casino-game-a-real-income?fileloc=%2F%2Fproc%2F1260%2Fautogroup&path=%2F%2Fproc%2F1260 HTTP/1.1" 200 2264 "-" "Mozilla/5.0 AppleWebKit/537.36 (KHTML, like Gecko; compatible; ClaudeBot/1.0; +claudebot@anthropic.com)"
20.171.207.153 - - [15/Sep/2025:14:49:20 +0200] "GET /sitemap-hot-4245854.xml?path=//proc/self/root/etc/ssh HTTP/1.1" 200 2894 "-" "Mozilla/5.0 AppleWebKit/537.36 (KHTML, like Gecko; compatible; GPTBot/1.2; +https://openai.com/gptbot)"
216.73.216.34 - - [15/Sep/2025:14:49:21 +0200] "GET /2025/09/12/100-casino-oceanbets-100-free-spins-percent-free-casino-games-online-slots-kingdom-town-internet-casino/feed?fileloc=%2F%2Fproc%2F22%2Ftimers&path=%2F%2Fproc%2F22 HTTP/1.1" 200 2250 "-" "Mozilla/5.0 AppleWebKit/537.36 (KHTML, like Gecko; compatible; ClaudeBot/1.0; +claudebot@anthropic.com)"
20.171.207.153 - - [15/Sep/2025:14:49:24 +0200] "GET /sitemap-hot-4245854.xml?path=//proc/self/root/etc/scl HTTP/1.1" 200 2601 "-" "Mozilla/5.0 AppleWebKit/537.36 (KHTML, like Gecko; compatible; GPTBot/1.2; +https://openai.com/gptbot)"
216.73.216.34 - - [15/Sep/2025:14:49:24 +0200] "GET /2025/09/12/100-casino-oceanbets-100-free-spins-percent-free-casino-games-online-slots-kingdom-town-internet-casino/feed?fileloc=%2F%2Fproc%2F38%2Fgid_map&path=%2F%2Fproc%2F38 HTTP/1.1" 200 2268 "-" "Mozilla/5.0 AppleWebKit/537.36 (KHTML, like Gecko; compatible; ClaudeBot/1.0; +claudebot@anthropic.com)"
20.171.207.153 - - [15/Sep/2025:14:49:27 +0200] "GET /sitemap-hot-4245854.xml?path=//proc/self/root/etc/ssl HTTP/1.1" 200 2600 "-" "Mozilla/5.0 AppleWebKit/537.36 (KHTML, like Gecko; compatible; GPTBot/1.2; +https://openai.com/gptbot)"
216.73.216.34 - - [15/Sep/2025:14:49:27 +0200] "GET /2025/09/12/golden-tiger-casino-analise-completa-constituicao-puerilidade-bonus-2025/feed?fileloc=%2F%2Fusr%2Flibexec%2Fgpg2keys_hkp&path=%2F%2Fusr%2Flibexec HTTP/1.1" 200 2261 "-" "Mozilla/5.0 AppleWebKit/537.36 (KHTML, like Gecko; compatible; ClaudeBot/1.0; +claudebot@anthropic.com)"
20.171.207.153 - - [15/Sep/2025:14:49:30 +0200] "GET /sitemap-hot-4245854.xml?fileloc=//proc/sys/net/ipv6/conf/lo/mldv2_unsolicited_report_interval&path=//proc/sys/net/ipv6/conf/lo HTTP/1.1" 200 2312 "-" "Mozilla/5.0 AppleWebKit/537.36 (KHTML, like Gecko; compatible; GPTBot/1.2; +https://openai.com/gptbot)"
216.73.216.34 - - [15/Sep/2025:14:49:30 +0200] "GET /2025/09/12/cyrus-the-herpes-virus-gokkast-speel-gratis-from-voor-echt-geld-seasons-rtp-slot-yggdrasil/feed?path=%2F%2Fusr%2Flib%2Ffirmware%2Far3k HTTP/1.1" 200 3141 "-" "Mozilla/5.0 AppleWebKit/537.36 (KHTML, like Gecko; compatible; ClaudeBot/1.0; +claudebot@anthropic.com)"
20.171.207.153 - - [15/Sep/2025:14:49:33 +0200] "GET /sitemap-hot-4245854.xml?path=//proc/self/root/etc/opt HTTP/1.1" 200 2329 "-" "Mozilla/5.0 AppleWebKit/537.36 (KHTML, like Gecko; compatible; GPTBot/1.2; +https://openai.com/gptbot)"
216.73.216.34 - - [15/Sep/2025:14:49:33 +0200] "GET /2025/09/12/finest-20-casinos-on-the-internet-inside-the-usa-greatest-gambling-enterprise-web-sites-to-possess-2025?fileloc=%2F%2Fusr%2Flocal%2Fapache.backup%2Ficons%2Fup.png&path=%2F%2Fusr%2Flocal%2Fapache.backup%2Ficons HTTP/1.1" 200 2277 "-" "Mozilla/5.0 AppleWebKit/537.36 (KHTML, like Gecko; compatible; ClaudeBot/1.0; +claudebot@anthropic.com)"
20.171.207.153 - - [15/Sep/2025:14:49:36 +0200] "GET /sitemap-hot-4245854.xml?path=//proc/self/root/etc/ppp HTTP/1.1" 200 2953 "-" "Mozilla/5.0 AppleWebKit/537.36 (KHTML, like Gecko; compatible; GPTBot/1.2; +https://openai.com/gptbot)"
216.73.216.34 - - [15/Sep/2025:14:49:36 +0200] "GET /2025/09/12/golden-tiger-casino-analise-completa-constituicao-puerilidade-bonus-2025/feed?fileloc=%2F%2Fusr%2Flib%2Flibnss_compat-2.17.so&path=%2F%2Fusr%2Flib HTTP/1.1" 200 2262 "-" "Mozilla/5.0 AppleWebKit/537.36 (KHTML, like Gecko; compatible; ClaudeBot/1.0; +claudebot@anthropic.com)"
20.171.207.153 - - [15/Sep/2025:14:49:39 +0200] "GET /sitemap-hot-4245854.xml?path=//usr/include/GL/internal HTTP/1.1" 200 2583 "-" "Mozilla/5.0 AppleWebKit/537.36 (KHTML, like Gecko; compatible; GPTBot/1.2; +https://openai.com/gptbot)"
216.73.216.34 - - [15/Sep/2025:14:49:39 +0200] "GET /2025/09/12/real-user-reviews-away-from-amorbingo-gambling-enterprise/feed?fileloc=%2F%2Flib%2Fgconv%2FIBM1143.so&path=%2F%2Flib%2Fgconv HTTP/1.1" 200 2260 "-" "Mozilla/5.0 AppleWebKit/537.36 (KHTML, like Gecko; compatible; ClaudeBot/1.0; +claudebot@anthropic.com)"
20.171.207.153 - - [15/Sep/2025:14:49:42 +0200] "GET /sitemap-hot-4245854.xml?path=//proc/self/root/proc/fs HTTP/1.1" 200 2629 "-" "Mozilla/5.0 AppleWebKit/537.36 (KHTML, like Gecko; compatible; GPTBot/1.2; +https://openai.com/gptbot)"
216.73.216.34 - - [15/Sep/2025:14:49:42 +0200] "GET /2025/09/12/igt-multiple-diamond-four-line-s2000-video-slot-available/feed?path=%2F%2Fproc%2F17%2Ftask HTTP/1.1" 200 2543 "-" "Mozilla/5.0 AppleWebKit/537.36 (KHTML, like Gecko; compatible; ClaudeBot/1.0; +claudebot@anthropic.com)"
20.171.207.153 - - [15/Sep/2025:14:49:45 +0200] "GET /sitemap-hot-4231854.xml?path=//sys/class/tty/ttyS0/device/tty HTTP/1.1" 200 2570 "-" "Mozilla/5.0 AppleWebKit/537.36 (KHTML, like Gecko; compatible; GPTBot/1.2; +https://openai.com/gptbot)"
216.73.216.34 - - [15/Sep/2025:14:49:45 +0200] "GET /2025/09/12/best-online-casino-internet-sites-you-a-real-income-gambling-classico-1-deposit-enterprises-2025?fileloc=%2Fhome%2Fsareqgroup%2Fecommerce.com%2Fwp-content%2Fuploads%2F2025%2F07%2Fbuluubcn1363722746ohuupwqnhcb-334x382.jpg&path=%2Fhome%2Fsareqgroup%2Fecommerce.com%2Fwp-content%2Fuploads%2F2025%2F07 HTTP/1.1" 200 2332 "-" "Mozilla/5.0 AppleWebKit/537.36 (KHTML, like Gecko; compatible; ClaudeBot/1.0; +claudebot@anthropic.com)"
66.249.74.1 - - [15/Sep/2025:14:49:48 +0200] "GET /2025/07/24/%CE%B5%CE%BB%CE%AC%CF%87%CE%B9%CF%83%CF%84%CE%B1-%CF%8C%CF%81%CE%B9%CE%B1-%CE%BA%CE%B1%CF%84%CE%AC%CE%B8%CE%B5%CF%83%CE%B7%CF%82-%CE%BA%CE%B1%CE%B9-%CE%B1%CE%BD%CE%B1%CE%BB%CE%AE%CF%88%CE%B5%CF%89/?fileloc=//proc/302/timers&path=//proc/302 HTTP/1.1" 200 2253 "-" "Mozilla/5.0 (Linux; Android 6.0.1; Nexus 5X Build/MMB29P) AppleWebKit/537.36 (KHTML, like Gecko) Chrome/140.0.7339.127 Mobile Safari/537.36 (compatible; GoogleOther)"
20.171.207.153 - - [15/Sep/2025:14:49:48 +0200] "GET /sitemap-hot-4237854.xml?path=//sys/class/tty/ttyS0/device/tty HTTP/1.1" 200 2570 "-" "Mozilla/5.0 AppleWebKit/537.36 (KHTML, like Gecko; compatible; GPTBot/1.2; +https://openai.com/gptbot)"
216.73.216.34 - - [15/Sep/2025:14:49:48 +0200] "GET /2025/09/12/real-user-reviews-away-from-amorbingo-gambling-enterprise/feed?fileloc=%2F%2Flib%2Fgconv%2FIBM284.so&path=%2F%2Flib%2Fgconv HTTP/1.1" 200 2258 "-" "Mozilla/5.0 AppleWebKit/537.36 (KHTML, like Gecko; compatible; ClaudeBot/1.0; +claudebot@anthropic.com)"
216.73.216.34 - - [15/Sep/2025:14:49:51 +0200] "GET /2025/09/12/cyrus-the-herpes-virus-gokkast-speel-gratis-from-voor-echt-geld-seasons-rtp-slot-yggdrasil/feed?path=%2F%2Fusr%2Flib%2Ffirmware%2Fkaweth HTTP/1.1" 200 2676 "-" "Mozilla/5.0 AppleWebKit/537.36 (KHTML, like Gecko; compatible; ClaudeBot/1.0; +claudebot@anthropic.com)"
20.171.207.153 - - [15/Sep/2025:14:49:51 +0200] "GET /sitemap-hot-4239854.xml?path=//sys/class/tty/ttyS0/device/tty HTTP/1.1" 200 2570 "-" "Mozilla/5.0 AppleWebKit/537.36 (KHTML, like Gecko; compatible; GPTBot/1.2; +https://openai.com/gptbot)"
20.171.207.153 - - [15/Sep/2025:14:49:54 +0200] "GET /sitemap-hot-4245854.xml?path=//proc/self/root/proc/fs/nfsd HTTP/1.1" 200 2332 "-" "Mozilla/5.0 AppleWebKit/537.36 (KHTML, like Gecko; compatible; GPTBot/1.2; +https://openai.com/gptbot)"
20.171.207.153 - - [15/Sep/2025:14:49:57 +0200] "GET /sitemap-hot-4245854.xml?fileloc=//proc/sys/net/ipv6/conf/default/optimistic_dad&path=//proc/sys/net/ipv6/conf/default HTTP/1.1" 200 2299 "-" "Mozilla/5.0 AppleWebKit/537.36 (KHTML, like Gecko; compatible; GPTBot/1.2; +https://openai.com/gptbot)"
52.200.142.199 - - [15/Sep/2025:14:50:00 +0200] "GET /2025/09/11/spielsaal-freispiele-ohne-einzahlung-im-neunter-monat-des-jahres-2025-%EF%B8%8F-automatenspielex/?fileloc=//bin/lastb&path=//bin HTTP/1.1" 200 12240 "-" "Mozilla/5.0 AppleWebKit/537.36 (KHTML, like Gecko; compatible; Amazonbot/0.1; +https://developer.amazon.com/support/amazonbot) Chrome/119.0.6045.214 Safari/537.36"
20.171.207.153 - - [15/Sep/2025:14:50:00 +0200] "GET /sitemap-hot-4245854.xml?fileloc=//proc/sys/net/ipv6/conf/default/accept_redirects&path=//proc/sys/net/ipv6/conf/default HTTP/1.1" 200 2297 "-" "Mozilla/5.0 AppleWebKit/537.36 (KHTML, like Gecko; compatible; GPTBot/1.2; +https://openai.com/gptbot)"
20.171.207.153 - - [15/Sep/2025:14:50:04 +0200] "GET /sitemap-hot-4245854.xml?fileloc=//proc/sys/net/ipv6/conf/default/use_optimistic&path=//proc/sys/net/ipv6/conf/default HTTP/1.1" 200 2298 "-" "Mozilla/5.0 AppleWebKit/537.36 (KHTML, like Gecko; compatible; GPTBot/1.2; +https://openai.com/gptbot)"
20.171.207.153 - - [15/Sep/2025:14:50:07 +0200] "GET /sitemap-hot-4245854.xml?fileloc=//proc/sys/net/ipv4/conf/default/disable_policy&path=//proc/sys/net/ipv4/conf/default HTTP/1.1" 200 2295 "-" "Mozilla/5.0 AppleWebKit/537.36 (KHTML, like Gecko; compatible; GPTBot/1.2; +https://openai.com/gptbot)"
20.171.207.153 - - [15/Sep/2025:14:50:10 +0200] "GET /sitemap-hot-4245854.xml?fileloc=//proc/sys/net/ipv6/conf/default/router_solicitations&path=//proc/sys/net/ipv6/conf/default HTTP/1.1" 200 2300 "-" "Mozilla/5.0 AppleWebKit/537.36 (KHTML, like Gecko; compatible; GPTBot/1.2; +https://openai.com/gptbot)"
20.171.207.153 - - [15/Sep/2025:14:50:13 +0200] "GET /sitemap-hot-4245854.xml?fileloc=//var/named/hybrid2683.fr.ns.planethoster.net.db&path=//var/named HTTP/1.1" 200 2255 "-" "Mozilla/5.0 AppleWebKit/537.36 (KHTML, like Gecko; compatible; GPTBot/1.2; +https://openai.com/gptbot)"
216.73.216.34 - - [15/Sep/2025:14:50:14 +0200] "GET /2025/09/12/tpobet-canli-casno-gncel-gr-2025-9995?fileloc=%2F%2Flib64%2Flibgssrpc.so&path=%2F%2Flib64 HTTP/1.1" 200 2246 "-" "Mozilla/5.0 AppleWebKit/537.36 (KHTML, like Gecko; compatible; ClaudeBot/1.0; +claudebot@anthropic.com)"
52.203.152.231 - - [15/Sep/2025:14:50:16 +0200] "GET /2025/09/11/spielsaal-freispiele-ohne-einzahlung-im-neunter-monat-des-jahres-2025-%EF%B8%8F-automatenspielex/?fileloc=//bin/msginit&path=//bin HTTP/1.1" 200 12242 "-" "Mozilla/5.0 AppleWebKit/537.36 (KHTML, like Gecko; compatible; Amazonbot/0.1; +https://developer.amazon.com/support/amazonbot) Chrome/119.0.6045.214 Safari/537.36"
216.73.216.34 - - [15/Sep/2025:14:50:16 +0200] "GET /2025/09/12/el-herdade-mas-animado-para-classificar-esteroides-anabolicos-en-linea/feed?fileloc=%2F%2Flib64%2Flibrados.so.2&path=%2F%2Flib64 HTTP/1.1" 200 2245 "-" "Mozilla/5.0 AppleWebKit/537.36 (KHTML, like Gecko; compatible; ClaudeBot/1.0; +claudebot@anthropic.com)"
20.171.207.153 - - [15/Sep/2025:14:50:16 +0200] "GET /sitemap-hot-4245854.xml?fileloc=//proc/sys/net/ipv6/conf/default/accept_source_route&path=//proc/sys/net/ipv6/conf/default HTTP/1.1" 200 2302 "-" "Mozilla/5.0 AppleWebKit/537.36 (KHTML, like Gecko; compatible; GPTBot/1.2; +https://openai.com/gptbot)"
216.73.216.34 - - [15/Sep/2025:14:50:19 +0200] "GET /2025/09/12/tpobet-canli-casno-gncel-gr-2025-9995?fileloc=%2F%2Flib64%2FlibEGL_mesa.so.0&path=%2F%2Flib64 HTTP/1.1" 200 2251 "-" "Mozilla/5.0 AppleWebKit/537.36 (KHTML, like Gecko; compatible; ClaudeBot/1.0; +claudebot@anthropic.com)"
20.171.207.153 - - [15/Sep/2025:14:50:20 +0200] "GET /sitemap-hot-4245854.xml?path=//proc/self/root/proc/7 HTTP/1.1" 200 3692 "-" "Mozilla/5.0 AppleWebKit/537.36 (KHTML, like Gecko; compatible; GPTBot/1.2; +https://openai.com/gptbot)"
216.73.216.34 - - [15/Sep/2025:14:50:22 +0200] "GET /2025/09/12/el-herdade-mas-animado-para-classificar-esteroides-anabolicos-en-linea/feed?fileloc=%2F%2Flib64%2Flibxcb-shm.so&path=%2F%2Flib64 HTTP/1.1" 200 2246 "-" "Mozilla/5.0 AppleWebKit/537.36 (KHTML, like Gecko; compatible; ClaudeBot/1.0; +claudebot@anthropic.com)"
20.171.207.153 - - [15/Sep/2025:14:50:23 +0200] "GET /sitemap-hot-4245854.xml?path=//proc/self/root/proc/9 HTTP/1.1" 200 3691 "-" "Mozilla/5.0 AppleWebKit/537.36 (KHTML, like Gecko; compatible; GPTBot/1.2; +https://openai.com/gptbot)"
216.73.216.34 - - [15/Sep/2025:14:50:25 +0200] "GET /2025/09/12/el-herdade-mas-animado-para-classificar-esteroides-anabolicos-en-linea/feed?fileloc=%2F%2Flib64%2Flibxcb.so&path=%2F%2Flib64 HTTP/1.1" 200 2244 "-" "Mozilla/5.0 AppleWebKit/537.36 (KHTML, like Gecko; compatible; ClaudeBot/1.0; +claudebot@anthropic.com)"
20.171.207.153 - - [15/Sep/2025:14:50:26 +0200] "GET /sitemap-hot-4245854.xml?path=//proc/self/root/proc/6 HTTP/1.1" 200 3691 "-" "Mozilla/5.0 AppleWebKit/537.36 (KHTML, like Gecko; compatible; GPTBot/1.2; +https://openai.com/gptbot)"
44.207.69.106 - - [15/Sep/2025:14:50:28 +0200] "GET /2025/04/01/pochemu-platnye-uslugi-s-devushkami-na-chas-s/?path=//lib64/libboost-plesk-1.84 HTTP/1.1" 200 23759 "-" "Mozilla/5.0 AppleWebKit/537.36 (KHTML, like Gecko; compatible; Amazonbot/0.1; +https://developer.amazon.com/support/amazonbot) Chrome/119.0.6045.214 Safari/537.36"
216.73.216.34 - - [15/Sep/2025:14:50:28 +0200] "GET /2025/09/12/tpobet-canli-casno-gncel-gr-2025-9995?fileloc=%2F%2Flib64%2FlibodbcmyS.so.2.0.0&path=%2F%2Flib64 HTTP/1.1" 200 2251 "-" "Mozilla/5.0 AppleWebKit/537.36 (KHTML, like Gecko; compatible; ClaudeBot/1.0; +claudebot@anthropic.com)"
20.171.207.153 - - [15/Sep/2025:14:50:29 +0200] "GET /sitemap-hot-4245854.xml?path=//var/lib/yum/yumdb/s/75a1ab23f761ec82e3674e3c6c3851268ec47909-selinux-policy-3.13.1-268.el7_9.2-noarch HTTP/1.1" 200 3136 "-" "Mozilla/5.0 AppleWebKit/537.36 (KHTML, like Gecko; compatible; GPTBot/1.2; +https://openai.com/gptbot)"
216.73.216.34 - - [15/Sep/2025:14:50:31 +0200] "GET /2025/09/12/the-fresh-dogfather-position-100-percent-free-slot-copy-cats-local-casino-money-august-2025?path=%2Fhome%2Fsareqgroup%2Fetc%2Fsareqgroup.com%2Fdesigner HTTP/1.1" 200 2707 "-" "Mozilla/5.0 AppleWebKit/537.36 (KHTML, like Gecko; compatible; ClaudeBot/1.0; +claudebot@anthropic.com)"
34.226.89.140 - - [15/Sep/2025:14:50:32 +0200] "GET /2025/09/11/book-uberprufen-sie-meine-quelle-of-ra-deluxe-10-online-fur-nusse-vortragen/?fileloc=//bin/tctmttest&path=//bin HTTP/1.1" 200 12244 "-" "Mozilla/5.0 AppleWebKit/537.36 (KHTML, like Gecko; compatible; Amazonbot/0.1; +https://developer.amazon.com/support/amazonbot) Chrome/119.0.6045.214 Safari/537.36"
20.171.207.153 - - [15/Sep/2025:14:50:32 +0200] "GET /sitemap-hot-4245854.xml?path=//var/run/lock/ppp HTTP/1.1" 200 2323 "-" "Mozilla/5.0 AppleWebKit/537.36 (KHTML, like Gecko; compatible; GPTBot/1.2; +https://openai.com/gptbot)"
216.73.216.34 - - [15/Sep/2025:14:50:34 +0200] "GET /2025/09/12/tpobet-canli-casno-gncel-gr-2025-9995?fileloc=%2F%2Flib64%2Flibxmlrpc_abyss.so.3&path=%2F%2Flib64 HTTP/1.1" 200 2252 "-" "Mozilla/5.0 AppleWebKit/537.36 (KHTML, like Gecko; compatible; ClaudeBot/1.0; +claudebot@anthropic.com)"
20.171.207.153 - - [15/Sep/2025:14:50:35 +0200] "GET /sitemap-hot-4245854.xml?path=//proc/self/root/proc/1 HTTP/1.1" 200 3691 "-" "Mozilla/5.0 AppleWebKit/537.36 (KHTML, like Gecko; compatible; GPTBot/1.2; +https://openai.com/gptbot)"
34.195.248.30 - - [15/Sep/2025:14:50:36 +0200] "GET /2025/09/11/spielsaal-freispiele-ohne-einzahlung-im-neunter-monat-des-jahres-2025-%EF%B8%8F-automatenspielex/?fileloc=//bin/gpg-zip&path=//bin HTTP/1.1" 200 15820 "-" "Mozilla/5.0 AppleWebKit/537.36 (KHTML, like Gecko; compatible; Amazonbot/0.1; +https://developer.amazon.com/support/amazonbot) Chrome/119.0.6045.214 Safari/537.36"
216.73.216.34 - - [15/Sep/2025:14:50:37 +0200] "GET /2025/09/12/tpobet-canli-casno-gncel-gr-2025-9995?fileloc=%2F%2Flib64%2FlibGLX_mesa.so.0&path=%2F%2Flib64 HTTP/1.1" 200 2251 "-" "Mozilla/5.0 AppleWebKit/537.36 (KHTML, like Gecko; compatible; ClaudeBot/1.0; +claudebot@anthropic.com)"
20.171.207.153 - - [15/Sep/2025:14:50:38 +0200] "GET /sitemap-hot-4245854.xml?path=//proc/self/root/proc/7/fd HTTP/1.1" 200 2329 "-" "Mozilla/5.0 AppleWebKit/537.36 (KHTML, like Gecko; compatible; GPTBot/1.2; +https://openai.com/gptbot)"
52.204.37.237 - - [15/Sep/2025:14:50:40 +0200] "GET /2023/05/10/net-working-capital-formula-example-calculation/?fileloc=//run/queueprocd.pid&path=//run HTTP/1.1" 200 12254 "-" "Mozilla/5.0 AppleWebKit/537.36 (KHTML, like Gecko; compatible; Amazonbot/0.1; +https://developer.amazon.com/support/amazonbot) Chrome/119.0.6045.214 Safari/537.36"
216.73.216.34 - - [15/Sep/2025:14:50:40 +0200] "GET /2025/09/12/the-fresh-dogfather-position-100-percent-free-slot-copy-cats-local-casino-money-august-2025?fileloc=%2F%2Fsys%2Fdevices%2FLNXSYSTM%3A00%2Fsubsystem%2Fdevices%2FLNXSYSTM%3A00%2Fuevent&path=%2F%2Fsys%2Fdevices%2FLNXSYSTM%3A00%2Fsubsystem%2Fdevices%2FLNXSYSTM%3A00 HTTP/1.1" 200 2311 "-" "Mozilla/5.0 AppleWebKit/537.36 (KHTML, like Gecko; compatible; ClaudeBot/1.0; +claudebot@anthropic.com)"
20.171.207.153 - - [15/Sep/2025:14:50:42 +0200] "GET /sitemap-hot-4245854.xml?fileloc=//proc/self/root/proc/9/mountstats&path=//proc/self/root/proc/9 HTTP/1.1" 200 2273 "-" "Mozilla/5.0 AppleWebKit/537.36 (KHTML, like Gecko; compatible; GPTBot/1.2; +https://openai.com/gptbot)"
216.73.216.34 - - [15/Sep/2025:14:50:43 +0200] "GET /2025/09/12/tpobet-canli-casno-gncel-gr-2025-9995?fileloc=%2F%2Flib64%2Flibisc.so.169&path=%2F%2Flib64 HTTP/1.1" 200 2246 "-" "Mozilla/5.0 AppleWebKit/537.36 (KHTML, like Gecko; compatible; ClaudeBot/1.0; +claudebot@anthropic.com)"
20.171.207.153 - - [15/Sep/2025:14:50:45 +0200] "GET /sitemap-hot-4245854.xml?path=//proc/self/root/proc/7/net HTTP/1.1" 200 3813 "-" "Mozilla/5.0 AppleWebKit/537.36 (KHTML, like Gecko; compatible; GPTBot/1.2; +https://openai.com/gptbot)"
216.73.216.34 - - [15/Sep/2025:14:50:46 +0200] "GET /2025/09/12/tpobet-canli-casno-gncel-gr-2025-9995?fileloc=%2F%2Flib64%2Flibsefs.so.4.0.4&path=%2F%2Flib64 HTTP/1.1" 200 2249 "-" "Mozilla/5.0 AppleWebKit/537.36 (KHTML, like Gecko; compatible; ClaudeBot/1.0; +claudebot@anthropic.com)"
20.171.207.153 - - [15/Sep/2025:14:50:48 +0200] "GET /sitemap-hot-4245854.xml?path=//proc/self/root/proc/9/net HTTP/1.1" 200 3812 "-" "Mozilla/5.0 AppleWebKit/537.36 (KHTML, like Gecko; compatible; GPTBot/1.2; +https://openai.com/gptbot)"
216.73.216.34 - - [15/Sep/2025:14:50:49 +0200] "GET /2025/09/12/tpobet-canli-casno-gncel-gr-2025-9995?fileloc=%2F%2Flib64%2Flibarchive.so.13.1.2&path=%2F%2Flib64 HTTP/1.1" 200 2247 "-" "Mozilla/5.0 AppleWebKit/537.36 (KHTML, like Gecko; compatible; ClaudeBot/1.0; +claudebot@anthropic.com)"
20.171.207.153 - - [15/Sep/2025:14:50:51 +0200] "GET /sitemap-hot-4245854.xml?path=//proc/self/root/proc/6/net HTTP/1.1" 200 3812 "-" "Mozilla/5.0 AppleWebKit/537.36 (KHTML, like Gecko; compatible; GPTBot/1.2; +https://openai.com/gptbot)"
216.73.216.34 - - [15/Sep/2025:14:50:52 +0200] "GET /2025/09/12/tpobet-canli-casno-gncel-gr-2025-9995?fileloc=%2F%2Flib64%2FlibEGL.so.1.1.0&path=%2F%2Flib64 HTTP/1.1" 200 2249 "-" "Mozilla/5.0 AppleWebKit/537.36 (KHTML, like Gecko; compatible; ClaudeBot/1.0; +claudebot@anthropic.com)"
20.171.207.153 - - [15/Sep/2025:14:50:54 +0200] "GET /sitemap-hot-4245854.xml?fileloc=//proc/self/root/proc/1/environ&path=//proc/self/root/proc/1 HTTP/1.1" 200 2270 "-" "Mozilla/5.0 AppleWebKit/537.36 (KHTML, like Gecko; compatible; GPTBot/1.2; +https://openai.com/gptbot)"
20.171.207.153 - - [15/Sep/2025:14:50:57 +0200] "GET /sitemap-hot-4245854.xml?path=//proc/self/root/proc/1/net HTTP/1.1" 200 3812 "-" "Mozilla/5.0 AppleWebKit/537.36 (KHTML, like Gecko; compatible; GPTBot/1.2; +https://openai.com/gptbot)"
52.54.249.218 - - [15/Sep/2025:14:51:00 +0200] "GET /2025/09/11/spielsaal-freispiele-ohne-einzahlung-im-neunter-monat-des-jahres-2025-%EF%B8%8F-automatenspielex/?fileloc=//bin/nl-qdisc-list&path=//bin HTTP/1.1" 200 12248 "-" "Mozilla/5.0 AppleWebKit/537.36 (KHTML, like Gecko; compatible; Amazonbot/0.1; +https://developer.amazon.com/support/amazonbot) Chrome/119.0.6045.214 Safari/537.36"
20.171.207.153 - - [15/Sep/2025:14:51:00 +0200] "GET /sitemap-hot-4245854.xml?path=//proc/self/root/proc/7/map_files HTTP/1.1" 200 2338 "-" "Mozilla/5.0 AppleWebKit/537.36 (KHTML, like Gecko; compatible; GPTBot/1.2; +https://openai.com/gptbot)"
216.73.216.34 - - [15/Sep/2025:14:51:02 +0200] "GET /2025/09/12/egypt-sky-banana-totem-towers-slot-splash-slot-je-bares-slot-review-2025-free-play-demo/feed?fileloc=%2F%2Fusr%2Fsbin%2Fquotastats&path=%2F%2Fusr%2Fsbin HTTP/1.1" 200 2257 "-" "Mozilla/5.0 AppleWebKit/537.36 (KHTML, like Gecko; compatible; ClaudeBot/1.0; +claudebot@anthropic.com)"
216.73.216.34 - - [15/Sep/2025:14:51:03 +0200] "GET /2025/09/12/twin-spin-netent-slot-slot-tornado-farm-escape-review?fileloc=%2F%2Fbin%2Feuca-delete-subnet&path=%2F%2Fbin HTTP/1.1" 200 2330 "-" "Mozilla/5.0 AppleWebKit/537.36 (KHTML, like Gecko; compatible; ClaudeBot/1.0; +claudebot@anthropic.com)"
20.171.207.153 - - [15/Sep/2025:14:51:04 +0200] "GET /sitemap-hot-4245854.xml?fileloc=//proc/self/root/proc/7/net/dev_mcast&path=//proc/self/root/proc/7/net HTTP/1.1" 200 2322 "-" "Mozilla/5.0 AppleWebKit/537.36 (KHTML, like Gecko; compatible; GPTBot/1.2; +https://openai.com/gptbot)"
216.73.216.34 - - [15/Sep/2025:14:51:06 +0200] "GET /2025/09/12/twin-spin-netent-slot-slot-tornado-farm-escape-review?fileloc=%2F%2Fsbin%2Fcfdisk&path=%2F%2Fsbin HTTP/1.1" 200 2242 "-" "Mozilla/5.0 AppleWebKit/537.36 (KHTML, like Gecko; compatible; ClaudeBot/1.0; +claudebot@anthropic.com)"
20.171.207.153 - - [15/Sep/2025:14:51:07 +0200] "GET /sitemap-hot-4245854.xml?fileloc=//proc/self/root/proc/7/net/igmp&path=//proc/self/root/proc/7/net HTTP/1.1" 200 2360 "-" "Mozilla/5.0 AppleWebKit/537.36 (KHTML, like Gecko; compatible; GPTBot/1.2; +https://openai.com/gptbot)"
34.199.252.22 - - [15/Sep/2025:14:51:08 +0200] "GET /2025/05/15/understanding-exness-trading-in-bangladesh-a/?path=//etc/smartmontools HTTP/1.1" 200 17010 "-" "Mozilla/5.0 AppleWebKit/537.36 (KHTML, like Gecko; compatible; Amazonbot/0.1; +https://developer.amazon.com/support/amazonbot) Chrome/119.0.6045.214 Safari/537.36"
216.73.216.34 - - [15/Sep/2025:14:51:09 +0200] "GET /2025/09/12/casino-inget-konto-kasino-mobil-tillsammans-swish-2024?fileloc=%2F%2Flib64%2Flibnetsnmpmibs.so.31.0.2&path=%2F%2Flib64 HTTP/1.1" 200 2257 "-" "Mozilla/5.0 AppleWebKit/537.36 (KHTML, like Gecko; compatible; ClaudeBot/1.0; +claudebot@anthropic.com)"
20.171.207.153 - - [15/Sep/2025:14:51:10 +0200] "GET /sitemap-hot-4245854.xml?fileloc=//proc/self/root/proc/7/net/ip_tables_names&path=//proc/self/root/proc/7/net HTTP/1.1" 200 2286 "-" "Mozilla/5.0 AppleWebKit/537.36 (KHTML, like Gecko; compatible; GPTBot/1.2; +https://openai.com/gptbot)"
216.73.216.34 - - [15/Sep/2025:14:51:12 +0200] "GET /2025/09/12/best-real-cash-web-based-casinos-in-america-play-and-you-will-earn-a-real-income/feed?path=%2F%2Frun%2Fconsole HTTP/1.1" 200 2304 "-" "Mozilla/5.0 AppleWebKit/537.36 (KHTML, like Gecko; compatible; ClaudeBot/1.0; +claudebot@anthropic.com)"
20.171.207.153 - - [15/Sep/2025:14:51:13 +0200] "GET /sitemap-hot-4245854.xml?fileloc=//proc/self/root/proc/7/net/ip_mr_vif&path=//proc/self/root/proc/7/net HTTP/1.1" 200 2329 "-" "Mozilla/5.0 AppleWebKit/537.36 (KHTML, like Gecko; compatible; GPTBot/1.2; +https://openai.com/gptbot)"
216.73.216.34 - - [15/Sep/2025:14:51:15 +0200] "GET /2025/09/12/gamble-dj-nuts-gambling-establishment-game-free-spins-on-stinkin-rich-savibet-online-slots-local-casino-real-money-demonstration?fileloc=%2F%2Flib64%2Flibsnappy.so.1.1.4&path=%2F%2Flib64 HTTP/1.1" 200 2251 "-" "Mozilla/5.0 AppleWebKit/537.36 (KHTML, like Gecko; compatible; ClaudeBot/1.0; +claudebot@anthropic.com)"
20.171.207.153 - - [15/Sep/2025:14:51:16 +0200] "GET /sitemap-hot-4245854.xml?path=//proc/self/root/proc/7/net/rpc HTTP/1.1" 200 2615 "-" "Mozilla/5.0 AppleWebKit/537.36 (KHTML, like Gecko; compatible; GPTBot/1.2; +https://openai.com/gptbot)"
216.73.216.34 - - [15/Sep/2025:14:51:18 +0200] "GET /2025/09/12/book-of-cherry-bomb-150-kostenlose-spins-ra-erreichbar-unter-einsatz-von-echtgeld-and-gratis-spielen?path=%2Fhome%2Fsareqgroup%2F.cpanel%2Fvcards HTTP/1.1" 200 2933 "-" "Mozilla/5.0 AppleWebKit/537.36 (KHTML, like Gecko; compatible; ClaudeBot/1.0; +claudebot@anthropic.com)"
20.171.207.153 - - [15/Sep/2025:14:51:19 +0200] "GET /sitemap-hot-4245854.xml?fileloc=//proc/self/root/proc/1/net/ip_mr_cache&path=//proc/self/root/proc/1/net HTTP/1.1" 200 2320 "-" "Mozilla/5.0 AppleWebKit/537.36 (KHTML, like Gecko; compatible; GPTBot/1.2; +https://openai.com/gptbot)"
216.73.216.34 - - [15/Sep/2025:14:51:21 +0200] "GET /2025/09/12/best-online-casino-internet-sites-you-a-real-income-gambling-classico-1-deposit-enterprises-2025?fileloc=%2F%2Flib64%2Flibrpmbuild.so.3&path=%2F%2Flib64 HTTP/1.1" 200 2248 "-" "Mozilla/5.0 AppleWebKit/537.36 (KHTML, like Gecko; compatible; ClaudeBot/1.0; +claudebot@anthropic.com)"
20.171.207.153 - - [15/Sep/2025:14:51:23 +0200] "GET /sitemap-hot-4245854.xml?fileloc=//proc/self/root/proc/6/net/mcfilter6&path=//proc/self/root/proc/6/net HTTP/1.1" 200 2318 "-" "Mozilla/5.0 AppleWebKit/537.36 (KHTML, like Gecko; compatible; GPTBot/1.2; +https://openai.com/gptbot)"
216.73.216.34 - - [15/Sep/2025:14:51:24 +0200] "GET /2025/09/12/gamble-dj-nuts-gambling-establishment-game-free-spins-on-stinkin-rich-savibet-online-slots-local-casino-real-money-demonstration?fileloc=%2F%2Fetc%2Fchkserv.d%2Fcpanellogd&path=%2F%2Fetc%2Fchkserv.d HTTP/1.1" 200 2303 "-" "Mozilla/5.0 AppleWebKit/537.36 (KHTML, like Gecko; compatible; ClaudeBot/1.0; +claudebot@anthropic.com)"
18.205.127.11 - - [15/Sep/2025:14:51:24 +0200] "GET /2025/09/11/aktuelle-cat-jewels-kostenlose-80-spins-spielbank-boni-exklusive-einzahlung-treasure-island-mobiler-slot-inoffizieller-mitarbeiter-jahr-2025-advent-zadar/?fileloc=//bin/tcumttest&path=//bin HTTP/1.1" 200 12244 "-" "Mozilla/5.0 AppleWebKit/537.36 (KHTML, like Gecko; compatible; Amazonbot/0.1; +https://developer.amazon.com/support/amazonbot) Chrome/119.0.6045.214 Safari/537.36"
20.171.207.153 - - [15/Sep/2025:14:51:26 +0200] "GET /sitemap-hot-4245854.xml?fileloc=//proc/self/root/proc/7/net/mcfilter6&path=//proc/self/root/proc/7/net HTTP/1.1" 200 2318 "-" "Mozilla/5.0 AppleWebKit/537.36 (KHTML, like Gecko; compatible; GPTBot/1.2; +https://openai.com/gptbot)"
216.73.216.34 - - [15/Sep/2025:14:51:27 +0200] "GET /2025/09/12/shell-out-by-the-cellular-casinos-2025-british-web-sites-you-to-take-on-spend-by-the-cell-phone-auto-roulette-online-casino-costs?path=%2F%2Fsys%2Fclass%2Fscsi_device%2F2%3A0%3A0%3A0 HTTP/1.1" 200 2697 "-" "Mozilla/5.0 AppleWebKit/537.36 (KHTML, like Gecko; compatible; ClaudeBot/1.0; +claudebot@anthropic.com)"
20.171.207.153 - - [15/Sep/2025:14:51:29 +0200] "GET /sitemap-hot-4245854.xml?fileloc=//proc/self/root/proc/1/net/mcfilter6&path=//proc/self/root/proc/1/net HTTP/1.1" 200 2318 "-" "Mozilla/5.0 AppleWebKit/537.36 (KHTML, like Gecko; compatible; GPTBot/1.2; +https://openai.com/gptbot)"
216.73.216.34 - - [15/Sep/2025:14:51:30 +0200] "GET /2025/09/12/cyrus-the-herpes-virus-gokkast-speel-gratis-from-voor-echt-geld-seasons-rtp-slot-yggdrasil/feed?fileloc=%2F%2Flib%2Flibpthread-2.17.so&path=%2F%2Flib HTTP/1.1" 200 2248 "-" "Mozilla/5.0 AppleWebKit/537.36 (KHTML, like Gecko; compatible; ClaudeBot/1.0; +claudebot@anthropic.com)"
20.171.207.153 - - [15/Sep/2025:14:51:32 +0200] "GET /sitemap-hot-4245854.xml?fileloc=//proc/self/root/proc/9/net/mcfilter6&path=//proc/self/root/proc/9/net HTTP/1.1" 200 2318 "-" "Mozilla/5.0 AppleWebKit/537.36 (KHTML, like Gecko; compatible; GPTBot/1.2; +https://openai.com/gptbot)"
216.73.216.34 - - [15/Sep/2025:14:51:33 +0200] "GET /2025/09/12/amon-casino-2025-jusqu-400-100-tours-gratuits-822?fileloc=%2F%2Fusr%2Fbin%2Fsh&path=%2F%2Fusr%2Fbin HTTP/1.1" 200 2251 "-" "Mozilla/5.0 AppleWebKit/537.36 (KHTML, like Gecko; compatible; ClaudeBot/1.0; +claudebot@anthropic.com)"
20.171.207.153 - - [15/Sep/2025:14:51:35 +0200] "GET /sitemap-hot-4245854.xml?fileloc=//proc/self/root/proc/6/net/sockstat6&path=//proc/self/root/proc/6/net HTTP/1.1" 200 2329 "-" "Mozilla/5.0 AppleWebKit/537.36 (KHTML, like Gecko; compatible; GPTBot/1.2; +https://openai.com/gptbot)"
20.171.207.153 - - [15/Sep/2025:14:51:38 +0200] "GET /sitemap-hot-4245854.xml?fileloc=//proc/self/root/proc/9/net/tcp6&path=//proc/self/root/proc/9/net HTTP/1.1" 200 2845 "-" "Mozilla/5.0 AppleWebKit/537.36 (KHTML, like Gecko; compatible; GPTBot/1.2; +https://openai.com/gptbot)"
216.73.216.34 - - [15/Sep/2025:14:51:39 +0200] "GET /2025/09/12/finest-20-casinos-on-the-internet-inside-the-usa-greatest-gambling-enterprise-web-sites-to-possess-2025?fileloc=%2F%2Frun%2Frestartsrv_wp-toolkit-scheduled-tasks&path=%2F%2Frun HTTP/1.1" 200 2263 "-" "Mozilla/5.0 AppleWebKit/537.36 (KHTML, like Gecko; compatible; ClaudeBot/1.0; +claudebot@anthropic.com)"
216.73.216.34 - - [15/Sep/2025:14:51:41 +0200] "GET /2025/09/12/the-fresh-dogfather-position-100-percent-free-slot-copy-cats-local-casino-money-august-2025?fileloc=%2F%2Fsys%2Fmodule%2Fnf_nat_ftp%2Fsrcversion&path=%2F%2Fsys%2Fmodule%2Fnf_nat_ftp HTTP/1.1" 200 2290 "-" "Mozilla/5.0 AppleWebKit/537.36 (KHTML, like Gecko; compatible; ClaudeBot/1.0; +claudebot@anthropic.com)"
20.171.207.153 - - [15/Sep/2025:14:51:42 +0200] "GET /sitemap-hot-4245854.xml?fileloc=//proc/self/root/proc/7/net/tcp6&path=//proc/self/root/proc/7/net HTTP/1.1" 200 2852 "-" "Mozilla/5.0 AppleWebKit/537.36 (KHTML, like Gecko; compatible; GPTBot/1.2; +https://openai.com/gptbot)"
216.73.216.34 - - [15/Sep/2025:14:51:44 +0200] "GET /2025/09/12/demi-gods-ii-position-opinion-2025-try-out-this-games-from-the-spinomenal-free-of-5625-paylines-on-slot-machines-charge?fileloc=%2F%2Fsbin%2Flnstat&path=%2F%2Fsbin HTTP/1.1" 200 2242 "-" "Mozilla/5.0 AppleWebKit/537.36 (KHTML, like Gecko; compatible; ClaudeBot/1.0; +claudebot@anthropic.com)"
20.171.207.153 - - [15/Sep/2025:14:51:45 +0200] "GET /sitemap-hot-4245854.xml?fileloc=//proc/self/root/proc/1/net/tcp6&path=//proc/self/root/proc/1/net HTTP/1.1" 200 2848 "-" "Mozilla/5.0 AppleWebKit/537.36 (KHTML, like Gecko; compatible; GPTBot/1.2; +https://openai.com/gptbot)"
98.83.8.142 - - [15/Sep/2025:14:51:45 +0200] "GET /2025/06/16/mother-your-children-are-like-birds-3/?path=//dev/mqueue HTTP/1.1" 200 12698 "-" "Mozilla/5.0 AppleWebKit/537.36 (KHTML, like Gecko; compatible; Amazonbot/0.1; +https://developer.amazon.com/support/amazonbot) Chrome/119.0.6045.214 Safari/537.36"
216.73.216.34 - - [15/Sep/2025:14:51:47 +0200] "GET /2025/09/12/egypt-sky-banana-totem-towers-slot-splash-slot-je-bares-slot-review-2025-free-play-demo/feed?fileloc=%2F%2Fusr%2Fsbin%2Fmkswap&path=%2F%2Fusr%2Fsbin HTTP/1.1" 200 2254 "-" "Mozilla/5.0 AppleWebKit/537.36 (KHTML, like Gecko; compatible; ClaudeBot/1.0; +claudebot@anthropic.com)"
20.171.207.153 - - [15/Sep/2025:14:51:48 +0200] "GET /sitemap-hot-4245854.xml?fileloc=//proc/self/root/proc/6/net/tcp6&path=//proc/self/root/proc/6/net HTTP/1.1" 200 2846 "-" "Mozilla/5.0 AppleWebKit/537.36 (KHTML, like Gecko; compatible; GPTBot/1.2; +https://openai.com/gptbot)"
23.21.179.27 - - [15/Sep/2025:14:51:48 +0200] "GET /2025/09/05/sword-of-your-own-water-opinion-heaven-actually-is-an-one-half-tube/?path=//lib64/libboost-plesk-1.74 HTTP/1.1" 200 23762 "-" "Mozilla/5.0 AppleWebKit/537.36 (KHTML, like Gecko; compatible; Amazonbot/0.1; +https://developer.amazon.com/support/amazonbot) Chrome/119.0.6045.214 Safari/537.36"
216.73.216.34 - - [15/Sep/2025:14:51:50 +0200] "GET /2025/09/12/best-a-real-income-casinos-on-the-internet/feed?fileloc=%2F%2Fbin%2Feuca-delete-route&path=%2F%2Fbin HTTP/1.1" 200 2326 "-" "Mozilla/5.0 AppleWebKit/537.36 (KHTML, like Gecko; compatible; ClaudeBot/1.0; +claudebot@anthropic.com)"
20.171.207.153 - - [15/Sep/2025:14:51:51 +0200] "GET /sitemap-hot-4245854.xml?fileloc=//proc/self/root/proc/6/net/rt6_stats&path=//proc/self/root/proc/6/net HTTP/1.1" 200 2295 "-" "Mozilla/5.0 AppleWebKit/537.36 (KHTML, like Gecko; compatible; GPTBot/1.2; +https://openai.com/gptbot)"
216.73.216.34 - - [15/Sep/2025:14:51:53 +0200] "GET /2025/09/12/twin-spin-netent-slot-slot-tornado-farm-escape-review?path=%2F%2Fproc%2F609%2Ffd HTTP/1.1" 200 2310 "-" "Mozilla/5.0 AppleWebKit/537.36 (KHTML, like Gecko; compatible; ClaudeBot/1.0; +claudebot@anthropic.com)"
20.171.207.153 - - [15/Sep/2025:14:51:54 +0200] "GET /sitemap-hot-4245854.xml?fileloc=//proc/self/root/proc/6/net/raw6&path=//proc/self/root/proc/6/net HTTP/1.1" 200 2353 "-" "Mozilla/5.0 AppleWebKit/537.36 (KHTML, like Gecko; compatible; GPTBot/1.2; +https://openai.com/gptbot)"
216.73.216.34 - - [15/Sep/2025:14:51:56 +0200] "GET /2025/09/12/cyrus-the-herpes-virus-gokkast-speel-gratis-from-voor-echt-geld-seasons-rtp-slot-yggdrasil/feed?fileloc=%2F%2Fusr%2Fmy.cnf&path=%2F%2Fusr HTTP/1.1" 200 2727 "-" "Mozilla/5.0 AppleWebKit/537.36 (KHTML, like Gecko; compatible; ClaudeBot/1.0; +claudebot@anthropic.com)"
35.173.18.61 - - [15/Sep/2025:14:51:56 +0200] "GET /2020/09/22/free-nonprofit-accounting-software-wave-financial/?path=//etc/libpaper.d HTTP/1.1" 200 12706 "-" "Mozilla/5.0 AppleWebKit/537.36 (KHTML, like Gecko; compatible; Amazonbot/0.1; +https://developer.amazon.com/support/amazonbot) Chrome/119.0.6045.214 Safari/537.36"
20.171.207.153 - - [15/Sep/2025:14:51:57 +0200] "GET /sitemap-hot-4245854.xml?fileloc=//proc/self/root/proc/6/net/snmp6&path=//proc/self/root/proc/6/net HTTP/1.1" 200 2889 "-" "Mozilla/5.0 AppleWebKit/537.36 (KHTML, like Gecko; compatible; GPTBot/1.2; +https://openai.com/gptbot)"
216.73.216.34 - - [15/Sep/2025:14:51:59 +0200] "GET /2025/09/12/cyrus-the-herpes-virus-gokkast-speel-gratis-from-voor-echt-geld-seasons-rtp-slot-yggdrasil/feed?fileloc=%2F%2Fscripts%2Fperlinstaller&path=%2F%2Fscripts HTTP/1.1" 200 2481 "-" "Mozilla/5.0 AppleWebKit/537.36 (KHTML, like Gecko; compatible; ClaudeBot/1.0; +claudebot@anthropic.com)"
50.17.193.48 - - [15/Sep/2025:14:52:00 +0200] "GET /2025/09/11/beste-neue-casinos-2025-deutschland/?path=//run/screen HTTP/1.1" 200 12698 "-" "Mozilla/5.0 AppleWebKit/537.36 (KHTML, like Gecko; compatible; Amazonbot/0.1; +https://developer.amazon.com/support/amazonbot) Chrome/119.0.6045.214 Safari/537.36"
20.171.207.153 - - [15/Sep/2025:14:52:01 +0200] "GET /sitemap-hot-4245854.xml?fileloc=//proc/self/root/proc/1/net/nf_conntrack_expect&path=//proc/self/root/proc/1/net HTTP/1.1" 200 2292 "-" "Mozilla/5.0 AppleWebKit/537.36 (KHTML, like Gecko; compatible; GPTBot/1.2; +https://openai.com/gptbot)"
216.73.216.34 - - [15/Sep/2025:14:52:02 +0200] "GET /2025/09/12/amon-casino-2025-jusqu-400-100-tours-gratuits-822?fileloc=%2F%2Fusr%2Fbin%2Felbadmin&path=%2F%2Fusr%2Fbin HTTP/1.1" 200 5169 "-" "Mozilla/5.0 AppleWebKit/537.36 (KHTML, like Gecko; compatible; ClaudeBot/1.0; +claudebot@anthropic.com)"
20.171.207.153 - - [15/Sep/2025:14:52:04 +0200] "GET /sitemap-hot-4245854.xml?fileloc=//proc/self/root/proc/9/net/nf_conntrack_expect&path=//proc/self/root/proc/9/net HTTP/1.1" 200 2292 "-" "Mozilla/5.0 AppleWebKit/537.36 (KHTML, like Gecko; compatible; GPTBot/1.2; +https://openai.com/gptbot)"
216.73.216.34 - - [15/Sep/2025:14:52:05 +0200] "GET /2025/09/12/review-dos-melhores-cassinos-online-esfogiteado-brasil-acimade-2025/feed?fileloc=%2F%2Flib64%2FlibXinerama.so.1.0.0&path=%2F%2Flib64 HTTP/1.1" 200 2251 "-" "Mozilla/5.0 AppleWebKit/537.36 (KHTML, like Gecko; compatible; ClaudeBot/1.0; +claudebot@anthropic.com)"
20.171.207.153 - - [15/Sep/2025:14:52:07 +0200] "GET /sitemap-hot-4245854.xml?fileloc=//proc/self/root/proc/7/net/nf_conntrack_expect&path=//proc/self/root/proc/7/net HTTP/1.1" 200 2292 "-" "Mozilla/5.0 AppleWebKit/537.36 (KHTML, like Gecko; compatible; GPTBot/1.2; +https://openai.com/gptbot)"
216.73.216.34 - - [15/Sep/2025:14:52:08 +0200] "GET /2025/09/12/best-a-real-income-casinos-on-the-internet/feed?fileloc=%2F%2Fbin%2Feuca-cancel-bundle-task&path=%2F%2Fbin HTTP/1.1" 200 2337 "-" "Mozilla/5.0 AppleWebKit/537.36 (KHTML, like Gecko; compatible; ClaudeBot/1.0; +claudebot@anthropic.com)"
20.171.207.153 - - [15/Sep/2025:14:52:10 +0200] "GET /sitemap-hot-4245854.xml?fileloc=//proc/self/root/proc/9/net/icmp&path=//proc/self/root/proc/9/net HTTP/1.1" 200 2351 "-" "Mozilla/5.0 AppleWebKit/537.36 (KHTML, like Gecko; compatible; GPTBot/1.2; +https://openai.com/gptbot)"
216.73.216.34 - - [15/Sep/2025:14:52:11 +0200] "GET /2025/09/12/twin-spin-netent-slot-slot-tornado-farm-escape-review?fileloc=%2F%2Fproc%2F302%2Fnet%2Fip6_tables_names&path=%2F%2Fproc%2F302%2Fnet HTTP/1.1" 200 2266 "-" "Mozilla/5.0 AppleWebKit/537.36 (KHTML, like Gecko; compatible; ClaudeBot/1.0; +claudebot@anthropic.com)"
20.171.207.153 - - [15/Sep/2025:14:52:13 +0200] "GET /sitemap-hot-4245854.xml?fileloc=//proc/self/root/proc/1/net/netstat&path=//proc/self/root/proc/1/net HTTP/1.1" 200 3546 "-" "Mozilla/5.0 AppleWebKit/537.36 (KHTML, like Gecko; compatible; GPTBot/1.2; +https://openai.com/gptbot)"
216.73.216.34 - - [15/Sep/2025:14:52:14 +0200] "GET /2025/09/12/100-casino-oceanbets-100-free-spins-percent-free-casino-games-online-slots-kingdom-town-internet-casino/feed?path=%2Fhome%2Fsareqgroup%2Fmail%2F.n_zapoula%40sareqgroup_com%2F.Drafts HTTP/1.1" 200 2781 "-" "Mozilla/5.0 AppleWebKit/537.36 (KHTML, like Gecko; compatible; ClaudeBot/1.0; +claudebot@anthropic.com)"
20.171.207.153 - - [15/Sep/2025:14:52:17 +0200] "GET /sitemap-hot-4245854.xml?fileloc=//proc/self/root/proc/6/net/nf_conntrack_expect&path=//proc/self/root/proc/6/net HTTP/1.1" 200 2292 "-" "Mozilla/5.0 AppleWebKit/537.36 (KHTML, like Gecko; compatible; GPTBot/1.2; +https://openai.com/gptbot)"
216.73.216.34 - - [15/Sep/2025:14:52:17 +0200] "GET /2025/09/12/100-casino-oceanbets-100-free-spins-percent-free-casino-games-online-slots-kingdom-town-internet-casino/feed?fileloc=%2Fhome%2Fsareqgroup%2Fmail%2Fnew%2F1754660428.M425302P14641.hybrid2683.fr.ns.planethoster.net%2CS%3D4383%2CW%3D4472&path=%2Fhome%2Fsareqgroup%2Fmail%2Fnew HTTP/1.1" 200 3762 "-" "Mozilla/5.0 AppleWebKit/537.36 (KHTML, like Gecko; compatible; ClaudeBot/1.0; +claudebot@anthropic.com)"
35.172.125.172 - - [15/Sep/2025:14:52:17 +0200] "GET /2025/09/11/spielsaal-freispiele-ohne-einzahlung-im-neunter-monat-des-jahres-2025-%EF%B8%8F-automatenspielex/?fileloc=//etc/logrotate.conf&path=//etc HTTP/1.1" 200 12921 "-" "Mozilla/5.0 AppleWebKit/537.36 (KHTML, like Gecko; compatible; Amazonbot/0.1; +https://developer.amazon.com/support/amazonbot) Chrome/119.0.6045.214 Safari/537.36"
20.171.207.153 - - [15/Sep/2025:14:52:20 +0200] "GET /sitemap-hot-4245854.xml?fileloc=//proc/self/root/proc/6/net/icmp&path=//proc/self/root/proc/6/net HTTP/1.1" 200 2351 "-" "Mozilla/5.0 AppleWebKit/537.36 (KHTML, like Gecko; compatible; GPTBot/1.2; +https://openai.com/gptbot)"
35.169.119.108 - - [15/Sep/2025:14:52:21 +0200] "GET /2025/09/11/top-ten-on-the-web-roulette-web-sites-for-real-money-in-2025/?path=//run/setrans HTTP/1.1" 200 12700 "-" "Mozilla/5.0 AppleWebKit/537.36 (KHTML, like Gecko; compatible; Amazonbot/0.1; +https://developer.amazon.com/support/amazonbot) Chrome/119.0.6045.214 Safari/537.36"
20.171.207.153 - - [15/Sep/2025:14:52:23 +0200] "GET /sitemap-hot-4245854.xml?fileloc=//proc/self/root/proc/7/net/route&path=//proc/self/root/proc/7/net HTTP/1.1" 200 2390 "-" "Mozilla/5.0 AppleWebKit/537.36 (KHTML, like Gecko; compatible; GPTBot/1.2; +https://openai.com/gptbot)"
20.171.207.153 - - [15/Sep/2025:14:52:26 +0200] "GET /sitemap-hot-4245854.xml?fileloc=//proc/self/root/proc/1/net/connector&path=//proc/self/root/proc/1/net HTTP/1.1" 200 2300 "-" "Mozilla/5.0 AppleWebKit/537.36 (KHTML, like Gecko; compatible; GPTBot/1.2; +https://openai.com/gptbot)"
3.232.39.98 - - [15/Sep/2025:14:52:28 +0200] "GET /category/slots/?path=//lib/modules HTTP/1.1" 200 21396 "-" "Mozilla/5.0 AppleWebKit/537.36 (KHTML, like Gecko; compatible; Amazonbot/0.1; +https://developer.amazon.com/support/amazonbot) Chrome/119.0.6045.214 Safari/537.36"
20.171.207.153 - - [15/Sep/2025:14:52:30 +0200] "GET /sitemap-hot-4245854.xml?fileloc=//proc/self/root/proc/7/net/protocols&path=//proc/self/root/proc/7/net HTTP/1.1" 200 2592 "-" "Mozilla/5.0 AppleWebKit/537.36 (KHTML, like Gecko; compatible; GPTBot/1.2; +https://openai.com/gptbot)"
20.171.207.153 - - [15/Sep/2025:14:52:33 +0200] "GET /sitemap-hot-4245854.xml?fileloc=//proc/self/root/proc/6/net/protocols&path=//proc/self/root/proc/6/net HTTP/1.1" 200 2593 "-" "Mozilla/5.0 AppleWebKit/537.36 (KHTML, like Gecko; compatible; GPTBot/1.2; +https://openai.com/gptbot)"
20.171.207.153 - - [15/Sep/2025:14:52:36 +0200] "GET /sitemap-hot-4245854.xml?fileloc=//proc/self/root/proc/6/net/rt_acct&path=//proc/self/root/proc/6/net HTTP/1.1" 200 2296 "-" "Mozilla/5.0 AppleWebKit/537.36 (KHTML, like Gecko; compatible; GPTBot/1.2; +https://openai.com/gptbot)"
20.171.207.153 - - [15/Sep/2025:14:52:39 +0200] "GET /sitemap-hot-4245854.xml?fileloc=//proc/self/root/proc/6/net/mcfilter&path=//proc/self/root/proc/6/net HTTP/1.1" 200 2310 "-" "Mozilla/5.0 AppleWebKit/537.36 (KHTML, like Gecko; compatible; GPTBot/1.2; +https://openai.com/gptbot)"
20.171.207.153 - - [15/Sep/2025:14:52:42 +0200] "GET /sitemap-hot-4245854.xml?fileloc=//proc/self/root/proc/1/net/route&path=//proc/self/root/proc/1/net HTTP/1.1" 200 2389 "-" "Mozilla/5.0 AppleWebKit/537.36 (KHTML, like Gecko; compatible; GPTBot/1.2; +https://openai.com/gptbot)"
20.171.207.153 - - [15/Sep/2025:14:52:45 +0200] "GET /sitemap-hot-4245854.xml?fileloc=//proc/self/root/proc/7/net/icmp&path=//proc/self/root/proc/7/net HTTP/1.1" 200 2351 "-" "Mozilla/5.0 AppleWebKit/537.36 (KHTML, like Gecko; compatible; GPTBot/1.2; +https://openai.com/gptbot)"
20.171.207.153 - - [15/Sep/2025:14:52:48 +0200] "GET /sitemap-hot-4245854.xml?fileloc=//proc/self/root/proc/1/net/icmp&path=//proc/self/root/proc/1/net HTTP/1.1" 200 2351 "-" "Mozilla/5.0 AppleWebKit/537.36 (KHTML, like Gecko; compatible; GPTBot/1.2; +https://openai.com/gptbot)"
