216.73.216.34 - - [15/Sep/2025:16:04:06 +0200] "GET /2025/09/12/finest-united-states-online-casinos-2025-internet-casino-cuckoo-casino-game-a-real-income?fileloc=%2F%2Fproc%2F634%2Fmem&path=%2F%2Fproc%2F634 HTTP/1.1" 200 2251 "-" "Mozilla/5.0 AppleWebKit/537.36 (KHTML, like Gecko; compatible; ClaudeBot/1.0; +claudebot@anthropic.com)"
20.171.207.153 - - [15/Sep/2025:16:04:09 +0200] "GET /sitemap-hot-4225854.xml?path=//lib/firmware/emu HTTP/1.1" 200 2730 "-" "Mozilla/5.0 AppleWebKit/537.36 (KHTML, like Gecko; compatible; GPTBot/1.2; +https://openai.com/gptbot)"
20.171.207.153 - - [15/Sep/2025:16:04:12 +0200] "GET /sitemap-hot-4225854.xml?path=//lib/firmware/rsi HTTP/1.1" 200 2729 "-" "Mozilla/5.0 AppleWebKit/537.36 (KHTML, like Gecko; compatible; GPTBot/1.2; +https://openai.com/gptbot)"
20.171.207.153 - - [15/Sep/2025:16:04:15 +0200] "GET /sitemap-hot-4225854.xml?path=//lib/firmware/ess HTTP/1.1" 200 2624 "-" "Mozilla/5.0 AppleWebKit/537.36 (KHTML, like Gecko; compatible; GPTBot/1.2; +https://openai.com/gptbot)"
20.171.207.153 - - [15/Sep/2025:16:04:18 +0200] "GET /sitemap-hot-4225854.xml?path=//lib/firmware/yam HTTP/1.1" 200 2599 "-" "Mozilla/5.0 AppleWebKit/537.36 (KHTML, like Gecko; compatible; GPTBot/1.2; +https://openai.com/gptbot)"
57.141.0.62 - - [15/Sep/2025:16:04:22 +0200] "GET /2025/08/31/1win-oficialnyj-sajt-bukmekera-1vin-stavki-na-701/feed/?fileloc=/home/sareqgroup/ecommerce.com/robots.txt&path=/home/sareqgroup/ecommerce.com HTTP/1.1" 200 13617 "-" "meta-externalagent/1.1 (+https://developers.facebook.com/docs/sharing/webmasters/crawler)"
20.171.207.153 - - [15/Sep/2025:16:04:22 +0200] "GET /sitemap-hot-4225854.xml?path=//lib/firmware/vx HTTP/1.1" 200 2890 "-" "Mozilla/5.0 AppleWebKit/537.36 (KHTML, like Gecko; compatible; GPTBot/1.2; +https://openai.com/gptbot)"
66.249.74.1 - - [15/Sep/2025:16:04:23 +0200] "GET /2025/06/21/%CE%B5%CF%80%CE%B9%CF%83%CE%BA%CF%8C%CF%80%CE%B7%CF%83%CE%B7-%CE%B1%CE%B4%CE%B5%CE%B9%CE%BF%CE%B4%CF%8C%CF%84%CE%B7%CF%83%CE%B7%CF%82-%CE%BA%CE%B1%CE%B9-%CE%B1%CF%83%CF%86%CE%AC%CE%BB%CE%B5%CE%B9/?fileloc=//scripts/fixetchosts&path=//scripts HTTP/1.1" 200 3555 "-" "Mozilla/5.0 (Linux; Android 6.0.1; Nexus 5X Build/MMB29P) AppleWebKit/537.36 (KHTML, like Gecko) Chrome/140.0.7339.127 Mobile Safari/537.36 (compatible; GoogleOther)"
57.141.0.6 - - [15/Sep/2025:16:04:24 +0200] "GET /wp-json/wp/v2/categories/503?fileloc=/home/sareqgroup/ecommerce.com/license.txt&path=/home/sareqgroup/ecommerce.com HTTP/1.1" 200 32404 "-" "meta-externalagent/1.1 (+https://developers.facebook.com/docs/sharing/webmasters/crawler)"
66.249.74.1 - - [15/Sep/2025:16:04:25 +0200] "GET /2025/08/24/avis-complet-sur-flabet-et-ses-bonus/ HTTP/1.1" 200 3666 "-" "Mozilla/5.0 (Linux; Android 6.0.1; Nexus 5X Build/MMB29P) AppleWebKit/537.36 (KHTML, like Gecko) Chrome/140.0.7339.127 Mobile Safari/537.36 (compatible; Googlebot/2.1; +http://www.google.com/bot.html)"
20.171.207.153 - - [15/Sep/2025:16:04:25 +0200] "GET /sitemap-hot-4225854.xml?path=//lib/firmware/amd HTTP/1.1" 200 2587 "-" "Mozilla/5.0 AppleWebKit/537.36 (KHTML, like Gecko; compatible; GPTBot/1.2; +https://openai.com/gptbot)"
57.141.0.60 - - [15/Sep/2025:16:04:25 +0200] "GET /2025/09/03/a-heart-pounding-journey-awaits-in-the-captivating/feed/?fileloc=/home/sareqgroup/ecommerce.com/yhioc.php&path=/home/sareqgroup/ecommerce.com HTTP/1.1" 200 42965 "-" "meta-externalagent/1.1 (+https://developers.facebook.com/docs/sharing/webmasters/crawler)"
57.141.0.35 - - [15/Sep/2025:16:04:27 +0200] "GET /2025/08/page/11/?fileloc=/home/sareqgroup/ecommerce.com/widget_area_1753708345.php&path=/home/sareqgroup/ecommerce.com HTTP/1.1" 200 13602 "-" "meta-externalagent/1.1 (+https://developers.facebook.com/docs/sharing/webmasters/crawler)"
20.171.207.153 - - [15/Sep/2025:16:04:28 +0200] "GET /sitemap-hot-4225854.xml?path=//lib/firmware/sxg HTTP/1.1" 200 2604 "-" "Mozilla/5.0 AppleWebKit/537.36 (KHTML, like Gecko; compatible; GPTBot/1.2; +https://openai.com/gptbot)"
20.171.207.153 - - [15/Sep/2025:16:04:31 +0200] "GET /sitemap-hot-4225854.xml?path=//var/run/faillock HTTP/1.1" 200 2314 "-" "Mozilla/5.0 AppleWebKit/537.36 (KHTML, like Gecko; compatible; GPTBot/1.2; +https://openai.com/gptbot)"
57.141.0.37 - - [15/Sep/2025:16:04:32 +0200] "GET /2025/09/08/tratar-en-32178-tragaperras-sin-cargo-su-comentario-esta-aqui-acerca-de-de-cualquier-parte-del-mundo/feed/?fileloc=/home/sareqgroup/ecommerce.com/wp-main.php&path=/home/sareqgroup/ecommerce.com HTTP/1.1" 200 109125 "-" "meta-externalagent/1.1 (+https://developers.facebook.com/docs/sharing/webmasters/crawler)"
20.171.207.153 - - [15/Sep/2025:16:04:34 +0200] "GET /sitemap-hot-4225854.xml?path=//var/run/chkservd HTTP/1.1" 200 3287 "-" "Mozilla/5.0 AppleWebKit/537.36 (KHTML, like Gecko; compatible; GPTBot/1.2; +https://openai.com/gptbot)"
216.73.216.34 - - [15/Sep/2025:16:04:35 +0200] "GET /2025/09/12/gamble-big-bad-wolf-hack-150-free-spins-diamond-kittens-bitcoin-slot-for-free/feed?fileloc=%2Fhome%2Fsareqgroup%2Fecommerce.com%2Fwp-includes%2Fjs%2Fcustomize-selective-refresh.js&path=%2Fhome%2Fsareqgroup%2Fecommerce.com%2Fwp-includes%2Fjs HTTP/1.1" 200 10955 "-" "Mozilla/5.0 AppleWebKit/537.36 (KHTML, like Gecko; compatible; ClaudeBot/1.0; +claudebot@anthropic.com)"
146.174.175.195 - - [15/Sep/2025:16:04:36 +0200] "GET /category/cossac-org/?fileloc=/home/sareqgroup/ecommerce.com/yhioc.php&path=/home/sareqgroup/ecommerce.com HTTP/1.1" 200 42965 "-" "Mozilla/5.0 (X11; Linux i686) AppleWebKit/535.1 (KHTML, like Gecko) Chrome/14.0.803.0 Safari/535.1"
20.171.207.153 - - [15/Sep/2025:16:04:38 +0200] "GET /sitemap-hot-4225854.xml?path=//var/run/rpcbind HTTP/1.1" 200 2315 "-" "Mozilla/5.0 AppleWebKit/537.36 (KHTML, like Gecko; compatible; GPTBot/1.2; +https://openai.com/gptbot)"
216.73.216.34 - - [15/Sep/2025:16:04:38 +0200] "GET /2025/09/12/the-newest-no-deposit-bonus-codes-to-have-uk-casinos-in-the-2025/feed?fileloc=%2Fhome%2Fsareqgroup%2Fecommerce.com%2Fwp-admin%2Fjs%2Fnav-menu.min.js&path=%2Fhome%2Fsareqgroup%2Fecommerce.com%2Fwp-admin%2Fjs HTTP/1.1" 200 8773 "-" "Mozilla/5.0 AppleWebKit/537.36 (KHTML, like Gecko; compatible; ClaudeBot/1.0; +claudebot@anthropic.com)"
51.89.129.180 - - [15/Sep/2025:16:04:39 +0200] "GET /category/how-do-i-get-a-crypto-wallet-499/ HTTP/1.1" 200 3666 "-" "Mozilla/5.0 (compatible; AhrefsBot/7.0; +http://ahrefs.com/robot/)"
20.171.207.153 - - [15/Sep/2025:16:04:41 +0200] "GET /sitemap-hot-4225854.xml?path=//lib/firmware/cadence HTTP/1.1" 200 2577 "-" "Mozilla/5.0 AppleWebKit/537.36 (KHTML, like Gecko; compatible; GPTBot/1.2; +https://openai.com/gptbot)"
216.73.216.34 - - [15/Sep/2025:16:04:41 +0200] "GET /2025/09/12/demi-gods-ii-position-opinion-2025-try-out-this-games-from-the-spinomenal-free-of-5625-paylines-on-slot-machines-charge?fileloc=%2Fhome%2Fsareqgroup%2Fecommerce.com%2Fwp-content%2Fplugins%2Fwoocommerce%2Fincludes%2Frest-api%2F.htaccess&path=%2Fhome%2Fsareqgroup%2Fecommerce.com%2Fwp-content%2Fplugins%2Fwoocommerce%2Fincludes%2Frest-api HTTP/1.1" 200 2409 "-" "Mozilla/5.0 AppleWebKit/537.36 (KHTML, like Gecko; compatible; ClaudeBot/1.0; +claudebot@anthropic.com)"
20.171.207.153 - - [15/Sep/2025:16:04:44 +0200] "GET /sitemap-hot-4225854.xml?path=//lib/firmware/amd-ucode HTTP/1.1" 200 2686 "-" "Mozilla/5.0 AppleWebKit/537.36 (KHTML, like Gecko; compatible; GPTBot/1.2; +https://openai.com/gptbot)"
216.73.216.34 - - [15/Sep/2025:16:04:44 +0200] "GET /2025/09/12/igt-multiple-diamond-four-line-s2000-video-slot-available/feed?fileloc=%2Fhome%2Fsareqgroup%2Fecommerce.com%2Fwp-includes%2Fclass-wp-admin-bar.php&path=%2Fhome%2Fsareqgroup%2Fecommerce.com%2Fwp-includes HTTP/1.1" 200 6884 "-" "Mozilla/5.0 AppleWebKit/537.36 (KHTML, like Gecko; compatible; ClaudeBot/1.0; +claudebot@anthropic.com)"
57.141.0.28 - - [15/Sep/2025:16:04:46 +0200] "GET /2025/09/01/punt-gambling-enterprise-comment-r350-totally-free-no-deposit-bonus-requirements-2025/feed/?fileloc=/home/sareqgroup/ecommerce.com/index.php&path=/home/sareqgroup/ecommerce.com HTTP/1.1" 200 12791 "-" "meta-externalagent/1.1 (+https://developers.facebook.com/docs/sharing/webmasters/crawler)"
20.171.207.153 - - [15/Sep/2025:16:04:47 +0200] "GET /sitemap-hot-4225854.xml?path=//lib/firmware/rockchip HTTP/1.1" 200 2576 "-" "Mozilla/5.0 AppleWebKit/537.36 (KHTML, like Gecko; compatible; GPTBot/1.2; +https://openai.com/gptbot)"
216.73.216.34 - - [15/Sep/2025:16:04:47 +0200] "GET /2025/09/12/amon-casino-bonus-sans-depot-400-2589?fileloc=%2Fhome%2Fsareqgroup%2Fecommerce.com%2Fwp-includes%2Fclass-wp-http-requests-hooks.php&path=%2Fhome%2Fsareqgroup%2Fecommerce.com%2Fwp-includes HTTP/1.1" 200 3009 "-" "Mozilla/5.0 AppleWebKit/537.36 (KHTML, like Gecko; compatible; ClaudeBot/1.0; +claudebot@anthropic.com)"
52.0.218.219 - - [15/Sep/2025:16:04:48 +0200] "GET /2025/09/11/top-ten-on-the-web-roulette-web-sites-for-real-money-in-2025/?path=//lib64/libboost-plesk-1.65 HTTP/1.1" 200 23759 "-" "Mozilla/5.0 AppleWebKit/537.36 (KHTML, like Gecko; compatible; Amazonbot/0.1; +https://developer.amazon.com/support/amazonbot) Chrome/119.0.6045.214 Safari/537.36"
20.171.207.153 - - [15/Sep/2025:16:04:50 +0200] "GET /sitemap-hot-4225854.xml?path=//lib/firmware/keyspan HTTP/1.1" 200 2826 "-" "Mozilla/5.0 AppleWebKit/537.36 (KHTML, like Gecko; compatible; GPTBot/1.2; +https://openai.com/gptbot)"
216.73.216.34 - - [15/Sep/2025:16:04:50 +0200] "GET /2025/09/12/igt-multiple-diamond-four-line-s2000-video-slot-available/feed?fileloc=%2Fhome%2Fsareqgroup%2Fecommerce.com%2Fwp-includes%2Fquery.php&path=%2Fhome%2Fsareqgroup%2Fecommerce.com%2Fwp-includes HTTP/1.1" 200 6940 "-" "Mozilla/5.0 AppleWebKit/537.36 (KHTML, like Gecko; compatible; ClaudeBot/1.0; +claudebot@anthropic.com)"
20.171.207.153 - - [15/Sep/2025:16:04:53 +0200] "GET /sitemap-hot-4225854.xml?path=//var/run/initramfs/log HTTP/1.1" 200 2327 "-" "Mozilla/5.0 AppleWebKit/537.36 (KHTML, like Gecko; compatible; GPTBot/1.2; +https://openai.com/gptbot)"
216.73.216.34 - - [15/Sep/2025:16:04:53 +0200] "GET /2025/09/12/igt-multiple-diamond-four-line-s2000-video-slot-available/feed?fileloc=%2Fhome%2Fsareqgroup%2Fecommerce.com%2Fwp-includes%2Fvars.php&path=%2Fhome%2Fsareqgroup%2Fecommerce.com%2Fwp-includes HTTP/1.1" 200 3887 "-" "Mozilla/5.0 AppleWebKit/537.36 (KHTML, like Gecko; compatible; ClaudeBot/1.0; +claudebot@anthropic.com)"
57.141.0.56 - - [15/Sep/2025:16:04:55 +0200] "GET /2025/09/09/guns-stickstoffgas-roses-ausflug-as-part-of-bayerische-metropole-rockband-cowboys-and-alines-spiel-spielt-2025-inside-der-bundnis-wettkampfstatte-minga-suddeutsche-de/?path=/home/sareqgroup/ecommerce.com HTTP/1.1" 200 64828 "-" "meta-externalagent/1.1 (+https://developers.facebook.com/docs/sharing/webmasters/crawler)"
216.73.216.34 - - [15/Sep/2025:16:04:56 +0200] "GET /2025/09/12/the-newest-no-deposit-bonus-codes-to-have-uk-casinos-in-the-2025/feed?fileloc=%2Fhome%2Fsareqgroup%2Fecommerce.com%2Fwp-admin%2Fincludes%2Fajax-actions.php&path=%2Fhome%2Fsareqgroup%2Fecommerce.com%2Fwp-admin%2Fincludes HTTP/1.1" 200 31250 "-" "Mozilla/5.0 AppleWebKit/537.36 (KHTML, like Gecko; compatible; ClaudeBot/1.0; +claudebot@anthropic.com)"
20.171.207.153 - - [15/Sep/2025:16:04:56 +0200] "GET /sitemap-hot-4225854.xml?path=//lib/firmware/imx/sdma HTTP/1.1" 200 2615 "-" "Mozilla/5.0 AppleWebKit/537.36 (KHTML, like Gecko; compatible; GPTBot/1.2; +https://openai.com/gptbot)"
57.141.0.72 - - [15/Sep/2025:16:04:57 +0200] "GET /2025/09/08/blackjack-erreichbar-casinos-inside-teutonia-blackjack-unter-einsatz-von-pramie/?fileloc=/home/sareqgroup/ecommerce.com/wp-activate.php&path=/home/sareqgroup/ecommerce.com HTTP/1.1" 200 20491 "-" "meta-externalagent/1.1 (+https://developers.facebook.com/docs/sharing/webmasters/crawler)"
51.195.183.153 - - [15/Sep/2025:16:04:58 +0200] "GET /category/gurman-food-kz/ HTTP/1.1" 200 3666 "-" "Mozilla/5.0 (compatible; AhrefsBot/7.0; +http://ahrefs.com/robot/)"
216.73.216.34 - - [15/Sep/2025:16:04:59 +0200] "GET /2025/09/12/demi-gods-ii-position-opinion-2025-try-out-this-games-from-the-spinomenal-free-of-5625-paylines-on-slot-machines-charge?fileloc=%2Fhome%2Fsareqgroup%2Fecommerce.com%2Fwp-content%2Fplugins%2Fwoocommerce%2Fincludes%2Fclass-wc-geo-ip.php&path=%2Fhome%2Fsareqgroup%2Fecommerce.com%2Fwp-content%2Fplugins%2Fwoocommerce%2Fincludes HTTP/1.1" 200 9211 "-" "Mozilla/5.0 AppleWebKit/537.36 (KHTML, like Gecko; compatible; ClaudeBot/1.0; +claudebot@anthropic.com)"
57.141.0.45 - - [15/Sep/2025:16:04:59 +0200] "GET /wp-json/wp/v2/posts/11548?fileloc=/home/sareqgroup/ecommerce.com/wp-trackback.php&path=/home/sareqgroup/ecommerce.com HTTP/1.1" 200 17476 "-" "meta-externalagent/1.1 (+https://developers.facebook.com/docs/sharing/webmasters/crawler)"
20.171.207.153 - - [15/Sep/2025:16:04:59 +0200] "GET /sitemap-hot-4225854.xml?path=//lib/kbd HTTP/1.1" 200 2613 "-" "Mozilla/5.0 AppleWebKit/537.36 (KHTML, like Gecko; compatible; GPTBot/1.2; +https://openai.com/gptbot)"
216.73.216.34 - - [15/Sep/2025:16:05:02 +0200] "GET /2025/09/12/demi-gods-ii-position-opinion-2025-try-out-this-games-from-the-spinomenal-free-of-5625-paylines-on-slot-machines-charge?fileloc=%2Fhome%2Fsareqgroup%2Fecommerce.com%2Fwp-content%2Fplugins%2Fwoocommerce%2Fincludes%2Fclass-wc-cart-fees.php&path=%2Fhome%2Fsareqgroup%2Fecommerce.com%2Fwp-content%2Fplugins%2Fwoocommerce%2Fincludes HTTP/1.1" 200 3559 "-" "Mozilla/5.0 AppleWebKit/537.36 (KHTML, like Gecko; compatible; ClaudeBot/1.0; +claudebot@anthropic.com)"
20.171.207.153 - - [15/Sep/2025:16:05:02 +0200] "GET /sitemap-hot-4225854.xml?fileloc=//lib/firmware/keyspan/usa49w.fw&path=//lib/firmware/keyspan HTTP/1.1" 200 2270 "-" "Mozilla/5.0 AppleWebKit/537.36 (KHTML, like Gecko; compatible; GPTBot/1.2; +https://openai.com/gptbot)"
66.249.74.3 - - [15/Sep/2025:16:05:03 +0200] "GET /2025/08/14/wazamba-%CE%B1%CE%BD%CE%B1%CE%BB%CF%85%CF%84%CE%B9%CE%BA%CE%AE-%CE%B5%CE%BE%CE%AD%CF%84%CE%B1%CF%83%CE%B7-af61cc92/ HTTP/1.1" 200 3666 "-" "Mozilla/5.0 (Linux; Android 6.0.1; Nexus 5X Build/MMB29P) AppleWebKit/537.36 (KHTML, like Gecko) Chrome/140.0.7339.127 Mobile Safari/537.36 (compatible; Googlebot/2.1; +http://www.google.com/bot.html)"
66.249.74.3 - - [15/Sep/2025:16:05:05 +0200] "GET /2025/08/13/wazamba-casino-bonus-%CF%87%CF%89%CF%81%CE%AF%CF%82-%CE%BA%CE%B1%CF%84%CE%AC%CE%B8%CE%B5%CF%83%CE%B7-1cefdb2e/ HTTP/1.1" 200 3666 "-" "Mozilla/5.0 (Linux; Android 6.0.1; Nexus 5X Build/MMB29P) AppleWebKit/537.36 (KHTML, like Gecko) Chrome/140.0.7339.127 Mobile Safari/537.36 (compatible; Googlebot/2.1; +http://www.google.com/bot.html)"
216.73.216.34 - - [15/Sep/2025:16:05:05 +0200] "GET /2025/09/12/gamble-big-bad-wolf-hack-150-free-spins-diamond-kittens-bitcoin-slot-for-free/feed?fileloc=%2Fhome%2Fsareqgroup%2Fecommerce.com%2Fwp-includes%2Fjs%2Fwp-pointer.min.js&path=%2Fhome%2Fsareqgroup%2Fecommerce.com%2Fwp-includes%2Fjs HTTP/1.1" 200 3573 "-" "Mozilla/5.0 AppleWebKit/537.36 (KHTML, like Gecko; compatible; ClaudeBot/1.0; +claudebot@anthropic.com)"
20.171.207.153 - - [15/Sep/2025:16:05:06 +0200] "GET /sitemap-hot-4225854.xml?path=//var/run/dovecot HTTP/1.1" 200 2776 "-" "Mozilla/5.0 AppleWebKit/537.36 (KHTML, like Gecko; compatible; GPTBot/1.2; +https://openai.com/gptbot)"
57.141.0.34 - - [15/Sep/2025:16:05:06 +0200] "GET /2025/09/05/2025-te-pin-up-bahis-ve-casino-dunyas-4279/?fileloc=/home/sareqgroup/ecommerce.com/index.php&path=/home/sareqgroup/ecommerce.com HTTP/1.1" 200 12791 "-" "meta-externalagent/1.1 (+https://developers.facebook.com/docs/sharing/webmasters/crawler)"
57.141.0.22 - - [15/Sep/2025:16:05:08 +0200] "GET /2025/09/06/sultan-games-v-kazahstane-bonusnye-predlozhenija-220-2/?path=/home HTTP/1.1" 200 12659 "-" "meta-externalagent/1.1 (+https://developers.facebook.com/docs/sharing/webmasters/crawler)"
216.73.216.34 - - [15/Sep/2025:16:05:08 +0200] "GET /2025/09/12/the-newest-no-deposit-bonus-codes-to-have-uk-casinos-in-the-2025/feed?fileloc=%2Fhome%2Fsareqgroup%2Fecommerce.com%2Fwp-admin%2Fjs%2Fgallery.js&path=%2Fhome%2Fsareqgroup%2Fecommerce.com%2Fwp-admin%2Fjs HTTP/1.1" 200 4045 "-" "Mozilla/5.0 AppleWebKit/537.36 (KHTML, like Gecko; compatible; ClaudeBot/1.0; +claudebot@anthropic.com)"
20.171.207.153 - - [15/Sep/2025:16:05:09 +0200] "GET /sitemap-hot-4225854.xml?path=//var/run/libcare HTTP/1.1" 200 2312 "-" "Mozilla/5.0 AppleWebKit/537.36 (KHTML, like Gecko; compatible; GPTBot/1.2; +https://openai.com/gptbot)"
216.73.216.34 - - [15/Sep/2025:16:05:11 +0200] "GET /2025/09/12/the-newest-no-deposit-bonus-codes-to-have-uk-casinos-in-the-2025/feed?fileloc=%2Fhome%2Fsareqgroup%2Fecommerce.com%2Fwp-admin%2Fjs%2Flanguage-chooser.min.js&path=%2Fhome%2Fsareqgroup%2Fecommerce.com%2Fwp-admin%2Fjs HTTP/1.1" 200 2502 "-" "Mozilla/5.0 AppleWebKit/537.36 (KHTML, like Gecko; compatible; ClaudeBot/1.0; +claudebot@anthropic.com)"
20.171.207.153 - - [15/Sep/2025:16:05:12 +0200] "GET /sitemap-hot-4225854.xml?path=//lib/gcc HTTP/1.1" 200 2550 "-" "Mozilla/5.0 AppleWebKit/537.36 (KHTML, like Gecko; compatible; GPTBot/1.2; +https://openai.com/gptbot)"
34.225.87.80 - - [15/Sep/2025:16:05:13 +0200] "GET /category/bookkeeping/?path=//etc/statetab.d HTTP/1.1" 200 12706 "-" "Mozilla/5.0 AppleWebKit/537.36 (KHTML, like Gecko; compatible; Amazonbot/0.1; +https://developer.amazon.com/support/amazonbot) Chrome/119.0.6045.214 Safari/537.36"
216.73.216.34 - - [15/Sep/2025:16:05:14 +0200] "GET /2025/09/12/gamble-big-bad-wolf-hack-150-free-spins-diamond-kittens-bitcoin-slot-for-free/feed?fileloc=%2Fhome%2Fsareqgroup%2Fecommerce.com%2Fwp-includes%2Fjs%2Fshortcode.js&path=%2Fhome%2Fsareqgroup%2Fecommerce.com%2Fwp-includes%2Fjs HTTP/1.1" 200 5720 "-" "Mozilla/5.0 AppleWebKit/537.36 (KHTML, like Gecko; compatible; ClaudeBot/1.0; +claudebot@anthropic.com)"
198.244.168.202 - - [15/Sep/2025:16:05:14 +0200] "GET /category/guide/ HTTP/1.1" 200 3666 "-" "Mozilla/5.0 (compatible; AhrefsBot/7.0; +http://ahrefs.com/robot/)"
20.171.207.153 - - [15/Sep/2025:16:05:15 +0200] "GET /sitemap-hot-4225854.xml?path=//lib/firmware/sun HTTP/1.1" 200 2573 "-" "Mozilla/5.0 AppleWebKit/537.36 (KHTML, like Gecko; compatible; GPTBot/1.2; +https://openai.com/gptbot)"
66.249.74.1 - - [15/Sep/2025:16:05:16 +0200] "GET /2025/08/13/wazamba-%CE%B5%CE%BC%CF%80%CE%B5%CE%B9%CF%81%CE%AF%CE%B5%CF%82-%CE%BA%CE%B1%CE%B9-%CE%BA%CF%81%CE%B9%CF%84%CE%B9%CE%BA%CE%AD%CF%82-1dcda82e/ HTTP/1.1" 200 3666 "-" "Mozilla/5.0 (Linux; Android 6.0.1; Nexus 5X Build/MMB29P) AppleWebKit/537.36 (KHTML, like Gecko) Chrome/140.0.7339.127 Mobile Safari/537.36 (compatible; Googlebot/2.1; +http://www.google.com/bot.html)"
57.141.0.29 - - [15/Sep/2025:16:05:17 +0200] "GET /wp-json/wp/v2/posts/11244?fileloc=/home/sareqgroup/ecommerce.com/category.template.1755515307.php&path=/home/sareqgroup/ecommerce.com HTTP/1.1" 200 12406 "-" "meta-externalagent/1.1 (+https://developers.facebook.com/docs/sharing/webmasters/crawler)"
216.73.216.34 - - [15/Sep/2025:16:05:17 +0200] "GET /2025/09/12/amon-casino-bonus-sans-depot-400-2589?fileloc=%2Fhome%2Fsareqgroup%2Fecommerce.com%2Fwp-includes%2Ffunctions.wp-scripts.php&path=%2Fhome%2Fsareqgroup%2Fecommerce.com%2Fwp-includes HTTP/1.1" 200 5836 "-" "Mozilla/5.0 AppleWebKit/537.36 (KHTML, like Gecko; compatible; ClaudeBot/1.0; +claudebot@anthropic.com)"
20.171.207.153 - - [15/Sep/2025:16:05:18 +0200] "GET /sitemap-hot-4225854.xml?path=//lib/kbd/keymaps HTTP/1.1" 200 2585 "-" "Mozilla/5.0 AppleWebKit/537.36 (KHTML, like Gecko; compatible; GPTBot/1.2; +https://openai.com/gptbot)"
216.73.216.34 - - [15/Sep/2025:16:05:20 +0200] "GET /2025/09/12/gamble-big-bad-wolf-hack-150-free-spins-diamond-kittens-bitcoin-slot-for-free/feed?fileloc=%2Fhome%2Fsareqgroup%2Fecommerce.com%2Fwp-admin%2Fjs%2Ftheme-plugin-editor.js&path=%2Fhome%2Fsareqgroup%2Fecommerce.com%2Fwp-admin%2Fjs HTTP/1.1" 200 8561 "-" "Mozilla/5.0 AppleWebKit/537.36 (KHTML, like Gecko; compatible; ClaudeBot/1.0; +claudebot@anthropic.com)"
20.171.207.153 - - [15/Sep/2025:16:05:21 +0200] "GET /sitemap-hot-4225854.xml?path=//lib/kbd/unimaps HTTP/1.1" 200 3845 "-" "Mozilla/5.0 AppleWebKit/537.36 (KHTML, like Gecko; compatible; GPTBot/1.2; +https://openai.com/gptbot)"
66.249.74.1 - - [15/Sep/2025:16:05:22 +0200] "GET /2025/08/14/wazamba-casino-no-deposit-bonus-7704c24d/ HTTP/1.1" 200 3666 "-" "Mozilla/5.0 (Linux; Android 6.0.1; Nexus 5X Build/MMB29P) AppleWebKit/537.36 (KHTML, like Gecko) Chrome/140.0.7339.127 Mobile Safari/537.36 (compatible; Googlebot/2.1; +http://www.google.com/bot.html)"
66.249.74.1 - - [15/Sep/2025:16:05:23 +0200] "GET /2025/08/14/wazamba-sports-betting-%CE%BA%CE%B1%CE%B9-%CE%BA%CE%B1%CE%B6%CE%AF%CE%BD%CE%BF-87da9150/ HTTP/1.1" 200 3666 "-" "Mozilla/5.0 (Linux; Android 6.0.1; Nexus 5X Build/MMB29P) AppleWebKit/537.36 (KHTML, like Gecko) Chrome/140.0.7339.127 Mobile Safari/537.36 (compatible; Googlebot/2.1; +http://www.google.com/bot.html)"
216.73.216.34 - - [15/Sep/2025:16:05:23 +0200] "GET /2025/09/12/the-newest-no-deposit-bonus-codes-to-have-uk-casinos-in-the-2025/feed?fileloc=%2Fhome%2Fsareqgroup%2Fecommerce.com%2Fwp-admin%2Fjs%2Fdashboard.min.js&path=%2Fhome%2Fsareqgroup%2Fecommerce.com%2Fwp-admin%2Fjs HTTP/1.1" 200 5309 "-" "Mozilla/5.0 AppleWebKit/537.36 (KHTML, like Gecko; compatible; ClaudeBot/1.0; +claudebot@anthropic.com)"
66.249.74.1 - - [15/Sep/2025:16:05:23 +0200] "GET /2025/07/29/alles-wissenswerte-uber-pledoo-casino/ HTTP/1.1" 200 3666 "-" "Mozilla/5.0 (Linux; Android 6.0.1; Nexus 5X Build/MMB29P) AppleWebKit/537.36 (KHTML, like Gecko) Chrome/140.0.7339.127 Mobile Safari/537.36 (compatible; Googlebot/2.1; +http://www.google.com/bot.html)"
20.171.207.153 - - [15/Sep/2025:16:05:25 +0200] "GET /sitemap-hot-4225854.xml?path=//lib/kbd/consolefonts HTTP/1.1" 200 6472 "-" "Mozilla/5.0 AppleWebKit/537.36 (KHTML, like Gecko; compatible; GPTBot/1.2; +https://openai.com/gptbot)"
216.73.216.34 - - [15/Sep/2025:16:05:26 +0200] "GET /2025/09/12/divine-goals-position-casino-007-slots-100-free-spins-january-2019-quickspin?fileloc=%2Fhome%2Fsareqgroup%2Fecommerce.com%2Fwp-includes%2Fjs%2Fapi-request.min.js&path=%2Fhome%2Fsareqgroup%2Fecommerce.com%2Fwp-includes%2Fjs HTTP/1.1" 200 2849 "-" "Mozilla/5.0 AppleWebKit/537.36 (KHTML, like Gecko; compatible; ClaudeBot/1.0; +claudebot@anthropic.com)"
20.171.207.153 - - [15/Sep/2025:16:05:28 +0200] "GET /sitemap-hot-4225854.xml?path=//lib/firmware/qed HTTP/1.1" 200 3042 "-" "Mozilla/5.0 AppleWebKit/537.36 (KHTML, like Gecko; compatible; GPTBot/1.2; +https://openai.com/gptbot)"
57.141.0.67 - - [15/Sep/2025:16:05:29 +0200] "GET /2025/09/10/70-freispiele-abzuglich-einzahlung-october-2021-treasures-of-egypt-casino-ohneeinzahlungbonus-com/?fileloc=/home/sareqgroup/ecommerce.com/wp-trackback.php&path=/home/sareqgroup/ecommerce.com HTTP/1.1" 200 17476 "-" "meta-externalagent/1.1 (+https://developers.facebook.com/docs/sharing/webmasters/crawler)"
216.73.216.34 - - [15/Sep/2025:16:05:29 +0200] "GET /2025/09/12/the-newest-no-deposit-bonus-codes-to-have-uk-casinos-in-the-2025/feed?fileloc=%2Fhome%2Fsareqgroup%2Fecommerce.com%2Fwp-admin%2Fjs%2Fwidgets%2Fmedia-video-widget.min.js&path=%2Fhome%2Fsareqgroup%2Fecommerce.com%2Fwp-admin%2Fjs%2Fwidgets HTTP/1.1" 200 3400 "-" "Mozilla/5.0 AppleWebKit/537.36 (KHTML, like Gecko; compatible; ClaudeBot/1.0; +claudebot@anthropic.com)"
20.171.207.153 - - [15/Sep/2025:16:05:31 +0200] "GET /sitemap-hot-4225854.xml?path=//lib/kbd/keymaps/xkb HTTP/1.1" 200 9703 "-" "Mozilla/5.0 AppleWebKit/537.36 (KHTML, like Gecko; compatible; GPTBot/1.2; +https://openai.com/gptbot)"
54.38.147.188 - - [15/Sep/2025:16:05:32 +0200] "GET /category/gratogana-opiniones-928/ HTTP/1.1" 200 3666 "-" "Mozilla/5.0 (compatible; AhrefsBot/7.0; +http://ahrefs.com/robot/)"
216.73.216.34 - - [15/Sep/2025:16:05:32 +0200] "GET /2025/09/12/gamble-big-bad-wolf-hack-150-free-spins-diamond-kittens-bitcoin-slot-for-free/feed?fileloc=%2Fhome%2Fsareqgroup%2Fecommerce.com%2Fwp-includes%2Fjs%2Fwp-embed.js&path=%2Fhome%2Fsareqgroup%2Fecommerce.com%2Fwp-includes%2Fjs HTTP/1.1" 200 3468 "-" "Mozilla/5.0 AppleWebKit/537.36 (KHTML, like Gecko; compatible; ClaudeBot/1.0; +claudebot@anthropic.com)"
20.171.207.153 - - [15/Sep/2025:16:05:34 +0200] "GET /sitemap-hot-4225854.xml?path=//lib/kbd/consoletrans HTTP/1.1" 200 3622 "-" "Mozilla/5.0 AppleWebKit/537.36 (KHTML, like Gecko; compatible; GPTBot/1.2; +https://openai.com/gptbot)"
66.249.74.1 - - [15/Sep/2025:16:05:35 +0200] "GET /2025/07/26/lowen-play-casino-sicheres-spielen-bei-lowen-play-150-5/ HTTP/1.1" 200 3666 "-" "Mozilla/5.0 (Linux; Android 6.0.1; Nexus 5X Build/MMB29P) AppleWebKit/537.36 (KHTML, like Gecko) Chrome/140.0.7339.127 Mobile Safari/537.36 (compatible; Googlebot/2.1; +http://www.google.com/bot.html)"
216.73.216.34 - - [15/Sep/2025:16:05:35 +0200] "GET /2025/09/12/gamble-big-bad-wolf-hack-150-free-spins-diamond-kittens-bitcoin-slot-for-free/feed?fileloc=%2Fhome%2Fsareqgroup%2Fecommerce.com%2Fwp-includes%2Fsodium_compat%2Fsrc%2FCrypto32.php&path=%2Fhome%2Fsareqgroup%2Fecommerce.com%2Fwp-includes%2Fsodium_compat%2Fsrc HTTP/1.1" 200 8693 "-" "Mozilla/5.0 AppleWebKit/537.36 (KHTML, like Gecko; compatible; ClaudeBot/1.0; +claudebot@anthropic.com)"
20.171.207.153 - - [15/Sep/2025:16:05:37 +0200] "GET /sitemap-hot-4225854.xml?path=//lib/kbd/keymaps/legacy HTTP/1.1" 200 2702 "-" "Mozilla/5.0 AppleWebKit/537.36 (KHTML, like Gecko; compatible; GPTBot/1.2; +https://openai.com/gptbot)"
216.73.216.34 - - [15/Sep/2025:16:05:38 +0200] "GET /2025/09/12/the-newest-no-deposit-bonus-codes-to-have-uk-casinos-in-the-2025/feed?fileloc=%2Fhome%2Fsareqgroup%2Fecommerce.com%2Fwp-admin%2Fjs%2Fset-post-thumbnail.js&path=%2Fhome%2Fsareqgroup%2Fecommerce.com%2Fwp-admin%2Fjs HTTP/1.1" 200 2695 "-" "Mozilla/5.0 AppleWebKit/537.36 (KHTML, like Gecko; compatible; ClaudeBot/1.0; +claudebot@anthropic.com)"
20.171.207.153 - - [15/Sep/2025:16:05:41 +0200] "GET /sitemap-hot-4225854.xml?path=//lib/firmware/qca HTTP/1.1" 200 3131 "-" "Mozilla/5.0 AppleWebKit/537.36 (KHTML, like Gecko; compatible; GPTBot/1.2; +https://openai.com/gptbot)"
216.73.216.34 - - [15/Sep/2025:16:05:41 +0200] "GET /2025/09/12/igt-multiple-diamond-four-line-s2000-video-slot-available/feed?fileloc=%2Fhome%2Fsareqgroup%2Fecommerce.com%2Fwp-includes%2Fcanonical.php&path=%2Fhome%2Fsareqgroup%2Fecommerce.com%2Fwp-includes HTTP/1.1" 200 10115 "-" "Mozilla/5.0 AppleWebKit/537.36 (KHTML, like Gecko; compatible; ClaudeBot/1.0; +claudebot@anthropic.com)"
57.141.0.30 - - [15/Sep/2025:16:05:42 +0200] "GET /2025/09/11/5-euro-einzahlungsbonus-casinos-unter-einsatz-von-weniger-bedeutend-einzahlung-2025/?path=/home/sareqgroup/ecommerce.com/wp-content HTTP/1.1" 200 36987 "-" "meta-externalagent/1.1 (+https://developers.facebook.com/docs/sharing/webmasters/crawler)"
198.244.183.53 - - [15/Sep/2025:16:05:44 +0200] "GET /category/grato-gana-630/ HTTP/1.1" 200 3666 "-" "Mozilla/5.0 (compatible; AhrefsBot/7.0; +http://ahrefs.com/robot/)"
20.171.207.153 - - [15/Sep/2025:16:05:44 +0200] "GET /sitemap-hot-4225854.xml?fileloc=//lib/kbd/consolefonts/README.12x22&path=//lib/kbd/consolefonts HTTP/1.1" 200 2346 "-" "Mozilla/5.0 AppleWebKit/537.36 (KHTML, like Gecko; compatible; GPTBot/1.2; +https://openai.com/gptbot)"
216.73.216.34 - - [15/Sep/2025:16:05:44 +0200] "GET /2025/09/12/demi-gods-ii-position-opinion-2025-try-out-this-games-from-the-spinomenal-free-of-5625-paylines-on-slot-machines-charge?fileloc=%2Fhome%2Fsareqgroup%2Fecommerce.com%2Fwp-content%2Fplugins%2Fwoocommerce%2Fincludes%2Fclass-wc-shipping-zones.php&path=%2Fhome%2Fsareqgroup%2Fecommerce.com%2Fwp-content%2Fplugins%2Fwoocommerce%2Fincludes HTTP/1.1" 200 3484 "-" "Mozilla/5.0 AppleWebKit/537.36 (KHTML, like Gecko; compatible; ClaudeBot/1.0; +claudebot@anthropic.com)"
66.249.74.1 - - [15/Sep/2025:16:05:46 +0200] "GET /2025/07/26/lowen-play-casino-sicheres-spielen-bei-lowen-play-150-2/ HTTP/1.1" 200 3666 "-" "Mozilla/5.0 (Linux; Android 6.0.1; Nexus 5X Build/MMB29P) AppleWebKit/537.36 (KHTML, like Gecko) Chrome/140.0.7339.127 Mobile Safari/537.36 (compatible; Googlebot/2.1; +http://www.google.com/bot.html)"
20.171.207.153 - - [15/Sep/2025:16:05:47 +0200] "GET /sitemap-hot-4225854.xml?fileloc=//lib/kbd/keymaps/xkb/de-mac.map.gz&path=//lib/kbd/keymaps/xkb HTTP/1.1" 200 2283 "-" "Mozilla/5.0 AppleWebKit/537.36 (KHTML, like Gecko; compatible; GPTBot/1.2; +https://openai.com/gptbot)"
216.73.216.34 - - [15/Sep/2025:16:05:47 +0200] "GET /2025/09/12/the-newest-no-deposit-bonus-codes-to-have-uk-casinos-in-the-2025/feed?fileloc=%2Fhome%2Fsareqgroup%2Fecommerce.com%2Fwp-admin%2Fjs%2Fuser-suggest.js&path=%2Fhome%2Fsareqgroup%2Fecommerce.com%2Fwp-admin%2Fjs HTTP/1.1" 200 3162 "-" "Mozilla/5.0 AppleWebKit/537.36 (KHTML, like Gecko; compatible; ClaudeBot/1.0; +claudebot@anthropic.com)"
57.141.0.25 - - [15/Sep/2025:16:05:49 +0200] "GET /wp-json/wp/v2/posts/10109?fileloc=/home/sareqgroup/ecommerce.com/wp-config.php&path=/home/sareqgroup/ecommerce.com HTTP/1.1" 200 15829 "-" "meta-externalagent/1.1 (+https://developers.facebook.com/docs/sharing/webmasters/crawler)"
20.171.207.153 - - [15/Sep/2025:16:05:50 +0200] "GET /sitemap-hot-4225854.xml?fileloc=//lib/kbd/consolefonts/iso09.08.gz&path=//lib/kbd/consolefonts HTTP/1.1" 200 2269 "-" "Mozilla/5.0 AppleWebKit/537.36 (KHTML, like Gecko; compatible; GPTBot/1.2; +https://openai.com/gptbot)"
216.73.216.34 - - [15/Sep/2025:16:05:50 +0200] "GET /2025/09/12/demi-gods-ii-position-opinion-2025-try-out-this-games-from-the-spinomenal-free-of-5625-paylines-on-slot-machines-charge?fileloc=%2Fhome%2Fsareqgroup%2Fecommerce.com%2Fwp-content%2Fplugins%2Fwoocommerce%2Fincludes%2Fclass-woocommerce.php&path=%2Fhome%2Fsareqgroup%2Fecommerce.com%2Fwp-content%2Fplugins%2Fwoocommerce%2Fincludes HTTP/1.1" 200 9531 "-" "Mozilla/5.0 AppleWebKit/537.36 (KHTML, like Gecko; compatible; ClaudeBot/1.0; +claudebot@anthropic.com)"
66.249.74.1 - - [15/Sep/2025:16:05:51 +0200] "GET /2025/07/26/lowen-play-casino-sicheres-spielen-bei-lowen-play-150-3/ HTTP/1.1" 200 3666 "-" "Mozilla/5.0 (Linux; Android 6.0.1; Nexus 5X Build/MMB29P) AppleWebKit/537.36 (KHTML, like Gecko) Chrome/140.0.7339.127 Mobile Safari/537.36 (compatible; Googlebot/2.1; +http://www.google.com/bot.html)"
216.73.216.34 - - [15/Sep/2025:16:05:53 +0200] "GET /2025/09/12/playing-pub-30-davinci-diamonds-play-added-bonus-spins-to-have-cad1-to-the-publication-from-oz/feed?fileloc=%2Fhome%2Fsareqgroup%2Fecommerce.com%2Fwp-includes%2Fclass-wp-http-streams.php&path=%2Fhome%2Fsareqgroup%2Fecommerce.com%2Fwp-includes HTTP/1.1" 200 6697 "-" "Mozilla/5.0 AppleWebKit/537.36 (KHTML, like Gecko; compatible; ClaudeBot/1.0; +claudebot@anthropic.com)"
20.171.207.153 - - [15/Sep/2025:16:05:53 +0200] "GET /sitemap-hot-4225854.xml?fileloc=//lib/firmware/qed/qed_init_values_zipped-8.42.2.0.bin&path=//lib/firmware/qed HTTP/1.1" 200 2287 "-" "Mozilla/5.0 AppleWebKit/537.36 (KHTML, like Gecko; compatible; GPTBot/1.2; +https://openai.com/gptbot)"
216.73.216.34 - - [15/Sep/2025:16:05:56 +0200] "GET /2025/09/12/the-newest-no-deposit-bonus-codes-to-have-uk-casinos-in-the-2025/feed?fileloc=%2Fhome%2Fsareqgroup%2Fecommerce.com%2Fwp-admin%2Fjs%2Fcustom-background.min.js&path=%2Fhome%2Fsareqgroup%2Fecommerce.com%2Fwp-admin%2Fjs HTTP/1.1" 200 2767 "-" "Mozilla/5.0 AppleWebKit/537.36 (KHTML, like Gecko; compatible; ClaudeBot/1.0; +claudebot@anthropic.com)"
20.171.207.153 - - [15/Sep/2025:16:05:56 +0200] "GET /sitemap-hot-4225854.xml?fileloc=//lib/kbd/consolefonts/koi8-14.psf.gz&path=//lib/kbd/consolefonts HTTP/1.1" 200 2272 "-" "Mozilla/5.0 AppleWebKit/537.36 (KHTML, like Gecko; compatible; GPTBot/1.2; +https://openai.com/gptbot)"
57.141.0.16 - - [15/Sep/2025:16:05:58 +0200] "GET /wp-json/wp/v2/posts/8846?fileloc=/home/sareqgroup/ecommerce.com/custom.file.3.1757286995.php&path=/home/sareqgroup/ecommerce.com HTTP/1.1" 200 13604 "-" "meta-externalagent/1.1 (+https://developers.facebook.com/docs/sharing/webmasters/crawler)"
216.73.216.34 - - [15/Sep/2025:16:05:59 +0200] "GET /2025/09/12/the-newest-no-deposit-bonus-codes-to-have-uk-casinos-in-the-2025/feed?fileloc=%2Fhome%2Fsareqgroup%2Fecommerce.com%2Fwp-admin%2Fjs%2Fplugin-install.min.js&path=%2Fhome%2Fsareqgroup%2Fecommerce.com%2Fwp-admin%2Fjs HTTP/1.1" 200 3252 "-" "Mozilla/5.0 AppleWebKit/537.36 (KHTML, like Gecko; compatible; ClaudeBot/1.0; +claudebot@anthropic.com)"
20.171.207.153 - - [15/Sep/2025:16:05:59 +0200] "GET /sitemap-hot-4225854.xml?fileloc=//lib/kbd/keymaps/xkb/fr-bre.map.gz&path=//lib/kbd/keymaps/xkb HTTP/1.1" 200 2282 "-" "Mozilla/5.0 AppleWebKit/537.36 (KHTML, like Gecko; compatible; GPTBot/1.2; +https://openai.com/gptbot)"
51.195.244.134 - - [15/Sep/2025:16:06:02 +0200] "GET /category/gpt-5-capabilities-5-2/ HTTP/1.1" 200 3666 "-" "Mozilla/5.0 (compatible; AhrefsBot/7.0; +http://ahrefs.com/robot/)"
216.73.216.34 - - [15/Sep/2025:16:06:02 +0200] "GET /2025/09/12/gamble-big-bad-wolf-hack-150-free-spins-diamond-kittens-bitcoin-slot-for-free/feed?fileloc=%2Fhome%2Fsareqgroup%2Fecommerce.com%2Fwp-includes%2Fjs%2Fzxcvbn-async.js&path=%2Fhome%2Fsareqgroup%2Fecommerce.com%2Fwp-includes%2Fjs HTTP/1.1" 200 2613 "-" "Mozilla/5.0 AppleWebKit/537.36 (KHTML, like Gecko; compatible; ClaudeBot/1.0; +claudebot@anthropic.com)"
20.171.207.153 - - [15/Sep/2025:16:06:02 +0200] "GET /sitemap-hot-4225854.xml?path=//lib/firmware/advansys HTTP/1.1" 200 2670 "-" "Mozilla/5.0 AppleWebKit/537.36 (KHTML, like Gecko; compatible; GPTBot/1.2; +https://openai.com/gptbot)"
57.141.0.8 - - [15/Sep/2025:16:06:04 +0200] "GET /2025/08/07/gercek-paral-casino-oyunlar-yasal-durum-ve-127/feed/?path=/home/sareqgroup/ecommerce.com/images HTTP/1.1" 200 26929 "-" "meta-externalagent/1.1 (+https://developers.facebook.com/docs/sharing/webmasters/crawler)"
216.73.216.34 - - [15/Sep/2025:16:06:05 +0200] "GET /2025/09/12/the-newest-no-deposit-bonus-codes-to-have-uk-casinos-in-the-2025/feed?fileloc=%2Fhome%2Fsareqgroup%2Fecommerce.com%2Fwp-admin%2Fjs%2Fword-count.js&path=%2Fhome%2Fsareqgroup%2Fecommerce.com%2Fwp-admin%2Fjs HTTP/1.1" 200 4509 "-" "Mozilla/5.0 AppleWebKit/537.36 (KHTML, like Gecko; compatible; ClaudeBot/1.0; +claudebot@anthropic.com)"
20.171.207.153 - - [15/Sep/2025:16:06:06 +0200] "GET /sitemap-hot-4225854.xml?path=//var/run/dovecot/empty HTTP/1.1" 200 2326 "-" "Mozilla/5.0 AppleWebKit/537.36 (KHTML, like Gecko; compatible; GPTBot/1.2; +https://openai.com/gptbot)"
52.6.232.201 - - [15/Sep/2025:16:06:08 +0200] "GET /category/bahsegel/?path=//dev HTTP/1.1" 200 37175 "-" "Mozilla/5.0 AppleWebKit/537.36 (KHTML, like Gecko; compatible; Amazonbot/0.1; +https://developer.amazon.com/support/amazonbot) Chrome/119.0.6045.214 Safari/537.36"
216.73.216.34 - - [15/Sep/2025:16:06:08 +0200] "GET /2025/09/12/igt-multiple-diamond-four-line-s2000-video-slot-available/feed?fileloc=%2Fhome%2Fsareqgroup%2Fecommerce.com%2Fwp-includes%2Fms-load.php&path=%2Fhome%2Fsareqgroup%2Fecommerce.com%2Fwp-includes HTTP/1.1" 200 8269 "-" "Mozilla/5.0 AppleWebKit/537.36 (KHTML, like Gecko; compatible; ClaudeBot/1.0; +claudebot@anthropic.com)"
20.171.207.153 - - [15/Sep/2025:16:06:09 +0200] "GET /sitemap-hot-4225854.xml?path=//lib/rpm HTTP/1.1" 200 3255 "-" "Mozilla/5.0 AppleWebKit/537.36 (KHTML, like Gecko; compatible; GPTBot/1.2; +https://openai.com/gptbot)"
216.73.216.34 - - [15/Sep/2025:16:06:11 +0200] "GET /2025/09/12/gamble-big-bad-wolf-hack-150-free-spins-diamond-kittens-bitcoin-slot-for-free/feed?fileloc=%2Fhome%2Fsareqgroup%2Fecommerce.com%2Fwp-admin%2Fjs%2Fcode-editor.min.js&path=%2Fhome%2Fsareqgroup%2Fecommerce.com%2Fwp-admin%2Fjs HTTP/1.1" 200 3593 "-" "Mozilla/5.0 AppleWebKit/537.36 (KHTML, like Gecko; compatible; ClaudeBot/1.0; +claudebot@anthropic.com)"
20.171.207.153 - - [15/Sep/2025:16:06:12 +0200] "GET /sitemap-hot-4225854.xml?path=//var/run/systemd/journal HTTP/1.1" 200 2678 "-" "Mozilla/5.0 AppleWebKit/537.36 (KHTML, like Gecko; compatible; GPTBot/1.2; +https://openai.com/gptbot)"
216.73.216.34 - - [15/Sep/2025:16:06:14 +0200] "GET /2025/09/12/gamble-big-bad-wolf-hack-150-free-spins-diamond-kittens-bitcoin-slot-for-free/feed?fileloc=%2Fhome%2Fsareqgroup%2Fecommerce.com%2Fwp-includes%2Fjs%2Fwpdialog.js&path=%2Fhome%2Fsareqgroup%2Fecommerce.com%2Fwp-includes%2Fjs HTTP/1.1" 200 2560 "-" "Mozilla/5.0 AppleWebKit/537.36 (KHTML, like Gecko; compatible; ClaudeBot/1.0; +claudebot@anthropic.com)"
20.171.207.153 - - [15/Sep/2025:16:06:15 +0200] "GET /sitemap-hot-4225854.xml?path=//var/run/pure-ftpd HTTP/1.1" 200 2318 "-" "Mozilla/5.0 AppleWebKit/537.36 (KHTML, like Gecko; compatible; GPTBot/1.2; +https://openai.com/gptbot)"
216.73.216.34 - - [15/Sep/2025:16:06:17 +0200] "GET /2025/09/12/gamble-big-bad-wolf-hack-150-free-spins-diamond-kittens-bitcoin-slot-for-free/feed?fileloc=%2Fhome%2Fsareqgroup%2Fecommerce.com%2Fwp-includes%2Fjs%2Fhoverintent-js.min.js&path=%2Fhome%2Fsareqgroup%2Fecommerce.com%2Fwp-includes%2Fjs HTTP/1.1" 200 2979 "-" "Mozilla/5.0 AppleWebKit/537.36 (KHTML, like Gecko; compatible; ClaudeBot/1.0; +claudebot@anthropic.com)"
20.171.207.153 - - [15/Sep/2025:16:06:18 +0200] "GET /sitemap-hot-4225854.xml?path=//var/run/systemd/initctl HTTP/1.1" 200 2324 "-" "Mozilla/5.0 AppleWebKit/537.36 (KHTML, like Gecko; compatible; GPTBot/1.2; +https://openai.com/gptbot)"
51.195.215.1 - - [15/Sep/2025:16:06:19 +0200] "GET /category/generative-ai-application-landscape-1-2/ HTTP/1.1" 200 3666 "-" "Mozilla/5.0 (compatible; AhrefsBot/7.0; +http://ahrefs.com/robot/)"
216.73.216.34 - - [15/Sep/2025:16:06:20 +0200] "GET /2025/09/12/demi-gods-ii-position-opinion-2025-try-out-this-games-from-the-spinomenal-free-of-5625-paylines-on-slot-machines-charge?fileloc=%2Fhome%2Fsareqgroup%2Fecommerce.com%2Fwp-content%2Fplugins%2Fwoocommerce%2Fincludes%2Fclass-wc-order-factory.php&path=%2Fhome%2Fsareqgroup%2Fecommerce.com%2Fwp-content%2Fplugins%2Fwoocommerce%2Fincludes HTTP/1.1" 200 3286 "-" "Mozilla/5.0 AppleWebKit/537.36 (KHTML, like Gecko; compatible; ClaudeBot/1.0; +claudebot@anthropic.com)"
20.171.207.153 - - [15/Sep/2025:16:06:21 +0200] "GET /sitemap-hot-4225854.xml?path=//var/run/cloud-init HTTP/1.1" 200 2319 "-" "Mozilla/5.0 AppleWebKit/537.36 (KHTML, like Gecko; compatible; GPTBot/1.2; +https://openai.com/gptbot)"
216.73.216.34 - - [15/Sep/2025:16:06:23 +0200] "GET /2025/09/12/the-newest-no-deposit-bonus-codes-to-have-uk-casinos-in-the-2025/feed?path=%2Fhome%2Fsareqgroup%2Fecommerce.com%2Fwp-admin%2Fjs%2Fjs%2Fjs%2Fjs HTTP/1.1" 200 2696 "-" "Mozilla/5.0 AppleWebKit/537.36 (KHTML, like Gecko; compatible; ClaudeBot/1.0; +claudebot@anthropic.com)"
34.225.138.57 - - [15/Sep/2025:16:06:24 +0200] "GET /category/aug-slot-1/?path=//media HTTP/1.1" 200 12662 "-" "Mozilla/5.0 AppleWebKit/537.36 (KHTML, like Gecko; compatible; Amazonbot/0.1; +https://developer.amazon.com/support/amazonbot) Chrome/119.0.6045.214 Safari/537.36"
20.171.207.153 - - [15/Sep/2025:16:06:24 +0200] "GET /sitemap-hot-4225854.xml?path=//lib/rpm/redhat HTTP/1.1" 200 3466 "-" "Mozilla/5.0 AppleWebKit/537.36 (KHTML, like Gecko; compatible; GPTBot/1.2; +https://openai.com/gptbot)"
216.73.216.34 - - [15/Sep/2025:16:06:26 +0200] "GET /2025/09/12/demi-gods-ii-position-opinion-2025-try-out-this-games-from-the-spinomenal-free-of-5625-paylines-on-slot-machines-charge?fileloc=%2Fhome%2Fsareqgroup%2Fecommerce.com%2Fwp-content%2Fplugins%2Fwoocommerce%2Fincludes%2Fclass-wc-order-item-tax.php&path=%2Fhome%2Fsareqgroup%2Fecommerce.com%2Fwp-content%2Fplugins%2Fwoocommerce%2Fincludes HTTP/1.1" 200 3594 "-" "Mozilla/5.0 AppleWebKit/537.36 (KHTML, like Gecko; compatible; ClaudeBot/1.0; +claudebot@anthropic.com)"
20.171.207.153 - - [15/Sep/2025:16:06:28 +0200] "GET /sitemap-hot-4225854.xml?path=//lib/rpm/fileattrs HTTP/1.1" 200 2608 "-" "Mozilla/5.0 AppleWebKit/537.36 (KHTML, like Gecko; compatible; GPTBot/1.2; +https://openai.com/gptbot)"
54.84.147.79 - - [15/Sep/2025:16:06:29 +0200] "GET /2020/09/22/free-nonprofit-accounting-software-wave-financial/?path=//lib/modules-load.d HTTP/1.1" 200 12714 "-" "Mozilla/5.0 AppleWebKit/537.36 (KHTML, like Gecko; compatible; Amazonbot/0.1; +https://developer.amazon.com/support/amazonbot) Chrome/119.0.6045.214 Safari/537.36"
216.73.216.34 - - [15/Sep/2025:16:06:29 +0200] "GET /2025/09/12/igt-multiple-diamond-four-line-s2000-video-slot-available/feed?fileloc=%2Fhome%2Fsareqgroup%2Fecommerce.com%2Fwp-includes%2Fclass-pop3.php&path=%2Fhome%2Fsareqgroup%2Fecommerce.com%2Fwp-includes HTTP/1.1" 200 6993 "-" "Mozilla/5.0 AppleWebKit/537.36 (KHTML, like Gecko; compatible; ClaudeBot/1.0; +claudebot@anthropic.com)"
20.171.207.153 - - [15/Sep/2025:16:06:31 +0200] "GET /sitemap-hot-4225854.xml?path=//lib/rpm/platform HTTP/1.1" 200 3480 "-" "Mozilla/5.0 AppleWebKit/537.36 (KHTML, like Gecko; compatible; GPTBot/1.2; +https://openai.com/gptbot)"
216.73.216.34 - - [15/Sep/2025:16:06:32 +0200] "GET /2025/09/12/the-newest-no-deposit-bonus-codes-to-have-uk-casinos-in-the-2025/feed?fileloc=%2Fhome%2Fsareqgroup%2Fecommerce.com%2Fwp-admin%2Fjs%2Flink.min.js&path=%2Fhome%2Fsareqgroup%2Fecommerce.com%2Fwp-admin%2Fjs HTTP/1.1" 200 2968 "-" "Mozilla/5.0 AppleWebKit/537.36 (KHTML, like Gecko; compatible; ClaudeBot/1.0; +claudebot@anthropic.com)"
20.171.207.153 - - [15/Sep/2025:16:06:34 +0200] "GET /sitemap-hot-4225854.xml?path=//var/run/ppp HTTP/1.1" 200 2312 "-" "Mozilla/5.0 AppleWebKit/537.36 (KHTML, like Gecko; compatible; GPTBot/1.2; +https://openai.com/gptbot)"
216.73.216.34 - - [15/Sep/2025:16:06:35 +0200] "GET /2025/09/12/gamble-big-bad-wolf-hack-150-free-spins-diamond-kittens-bitcoin-slot-for-free/feed?fileloc=%2Fhome%2Fsareqgroup%2Fecommerce.com%2Fwp-includes%2Fjs%2Futils.js&path=%2Fhome%2Fsareqgroup%2Fecommerce.com%2Fwp-includes%2Fjs HTTP/1.1" 200 3845 "-" "Mozilla/5.0 AppleWebKit/537.36 (KHTML, like Gecko; compatible; ClaudeBot/1.0; +claudebot@anthropic.com)"
18.205.91.101 - - [15/Sep/2025:16:06:37 +0200] "GET /2025/05/03/core-objectives-of-mobile-app-testing-for-your/?path=//dev/mqueue HTTP/1.1" 200 12698 "-" "Mozilla/5.0 AppleWebKit/537.36 (KHTML, like Gecko; compatible; Amazonbot/0.1; +https://developer.amazon.com/support/amazonbot) Chrome/119.0.6045.214 Safari/537.36"
20.171.207.153 - - [15/Sep/2025:16:06:37 +0200] "GET /sitemap-hot-4225854.xml?path=//var/run/tmpfiles.d HTTP/1.1" 200 2575 "-" "Mozilla/5.0 AppleWebKit/537.36 (KHTML, like Gecko; compatible; GPTBot/1.2; +https://openai.com/gptbot)"
216.73.216.34 - - [15/Sep/2025:16:06:38 +0200] "GET /2025/09/12/the-newest-no-deposit-bonus-codes-to-have-uk-casinos-in-the-2025/feed?fileloc=%2Fhome%2Fsareqgroup%2Fecommerce.com%2Fwp-admin%2Fjs%2Feditor-expand.min.js&path=%2Fhome%2Fsareqgroup%2Fecommerce.com%2Fwp-admin%2Fjs HTTP/1.1" 200 6874 "-" "Mozilla/5.0 AppleWebKit/537.36 (KHTML, like Gecko; compatible; ClaudeBot/1.0; +claudebot@anthropic.com)"
20.171.207.153 - - [15/Sep/2025:16:06:40 +0200] "GET /sitemap-hot-4225854.xml?path=//var/run/initramfs/state/var HTTP/1.1" 200 2570 "-" "Mozilla/5.0 AppleWebKit/537.36 (KHTML, like Gecko; compatible; GPTBot/1.2; +https://openai.com/gptbot)"
216.73.216.34 - - [15/Sep/2025:16:06:41 +0200] "GET /2025/09/12/the-newest-no-deposit-bonus-codes-to-have-uk-casinos-in-the-2025/feed?fileloc=%2Fhome%2Fsareqgroup%2Fecommerce.com%2Fwp-admin%2Fjs%2Fcommon.min.js&path=%2Fhome%2Fsareqgroup%2Fecommerce.com%2Fwp-admin%2Fjs HTTP/1.1" 200 8849 "-" "Mozilla/5.0 AppleWebKit/537.36 (KHTML, like Gecko; compatible; ClaudeBot/1.0; +claudebot@anthropic.com)"
20.171.207.153 - - [15/Sep/2025:16:06:43 +0200] "GET /sitemap-hot-4225854.xml?fileloc=//lib/rpm/redhat/libtool-handle-ppc64le.sh&path=//lib/rpm/redhat HTTP/1.1" 200 3648 "-" "Mozilla/5.0 AppleWebKit/537.36 (KHTML, like Gecko; compatible; GPTBot/1.2; +https://openai.com/gptbot)"
51.89.129.104 - - [15/Sep/2025:16:06:43 +0200] "GET /category/generated-texts/ HTTP/1.1" 200 3666 "-" "Mozilla/5.0 (compatible; AhrefsBot/7.0; +http://ahrefs.com/robot/)"
216.73.216.34 - - [15/Sep/2025:16:06:44 +0200] "GET /2025/09/12/playing-pub-30-davinci-diamonds-play-added-bonus-spins-to-have-cad1-to-the-publication-from-oz/feed?fileloc=%2Fhome%2Fsareqgroup%2Fecommerce.com%2Fwp-includes%2Fclass-wp-http-curl.php&path=%2Fhome%2Fsareqgroup%2Fecommerce.com%2Fwp-includes HTTP/1.1" 200 5749 "-" "Mozilla/5.0 AppleWebKit/537.36 (KHTML, like Gecko; compatible; ClaudeBot/1.0; +claudebot@anthropic.com)"
52.2.191.202 - - [15/Sep/2025:16:06:45 +0200] "GET /2025/09/11/victorious-eye-of-horus-legal-slot-freispiele-netent-slot-50-kostenlose-spins-nach-pharaos-riches-original-keine-einzahlung-review-lagos-nawa/?path=//lib/modules HTTP/1.1" 200 21396 "-" "Mozilla/5.0 AppleWebKit/537.36 (KHTML, like Gecko; compatible; Amazonbot/0.1; +https://developer.amazon.com/support/amazonbot) Chrome/119.0.6045.214 Safari/537.36"
20.171.207.153 - - [15/Sep/2025:16:06:47 +0200] "GET /sitemap-hot-4225854.xml?path=//lib/firmware/ueagle-atm HTTP/1.1" 200 3099 "-" "Mozilla/5.0 AppleWebKit/537.36 (KHTML, like Gecko; compatible; GPTBot/1.2; +https://openai.com/gptbot)"
216.73.216.34 - - [15/Sep/2025:16:06:47 +0200] "GET /2025/09/12/demi-gods-ii-position-opinion-2025-try-out-this-games-from-the-spinomenal-free-of-5625-paylines-on-slot-machines-charge?fileloc=%2Fhome%2Fsareqgroup%2Fecommerce.com%2Fwp-content%2Fplugins%2Fwoocommerce%2Fincludes%2Fclass-wc-order-refund.php&path=%2Fhome%2Fsareqgroup%2Fecommerce.com%2Fwp-content%2Fplugins%2Fwoocommerce%2Fincludes HTTP/1.1" 200 3597 "-" "Mozilla/5.0 AppleWebKit/537.36 (KHTML, like Gecko; compatible; ClaudeBot/1.0; +claudebot@anthropic.com)"
20.171.207.153 - - [15/Sep/2025:16:06:50 +0200] "GET /sitemap-hot-4225854.xml?path=//lib/firmware/netronome HTTP/1.1" 200 3002 "-" "Mozilla/5.0 AppleWebKit/537.36 (KHTML, like Gecko; compatible; GPTBot/1.2; +https://openai.com/gptbot)"
216.73.216.34 - - [15/Sep/2025:16:06:50 +0200] "GET /2025/09/12/demi-gods-ii-position-opinion-2025-try-out-this-games-from-the-spinomenal-free-of-5625-paylines-on-slot-machines-charge?fileloc=%2Fhome%2Fsareqgroup%2Fecommerce.com%2Fwp-content%2Fplugins%2Fwoocommerce%2Fincludes%2Fclass-wc-cart-totals.php&path=%2Fhome%2Fsareqgroup%2Fecommerce.com%2Fwp-content%2Fplugins%2Fwoocommerce%2Fincludes HTTP/1.1" 200 8619 "-" "Mozilla/5.0 AppleWebKit/537.36 (KHTML, like Gecko; compatible; ClaudeBot/1.0; +claudebot@anthropic.com)"
20.171.207.153 - - [15/Sep/2025:16:06:53 +0200] "GET /sitemap-hot-4225854.xml?path=//lib/firewalld/services HTTP/1.1" 200 6315 "-" "Mozilla/5.0 AppleWebKit/537.36 (KHTML, like Gecko; compatible; GPTBot/1.2; +https://openai.com/gptbot)"
216.73.216.34 - - [15/Sep/2025:16:06:53 +0200] "GET /2025/09/12/igt-multiple-diamond-four-line-s2000-video-slot-available/feed?fileloc=%2Fhome%2Fsareqgroup%2Fecommerce.com%2Fwp-content%2Fthemes%2FDivi%2Ffunctions.php&path=%2Fhome%2Fsareqgroup%2Fecommerce.com%2Fwp-content%2Fthemes%2FDivi HTTP/1.1" 200 40262 "-" "Mozilla/5.0 AppleWebKit/537.36 (KHTML, like Gecko; compatible; ClaudeBot/1.0; +claudebot@anthropic.com)"
94.130.200.121 - - [15/Sep/2025:16:06:54 +0200] "POST /xmlrpc.php HTTP/1.1" 200 64828 "-" "Mozilla/5.0 (Windows NT 10.0; WOW64) AppleWebKit/537.36 (KHTML, like Gecko) Chrome/114.0.0.0 Safari/537.36"
94.130.200.121 - - [15/Sep/2025:16:06:55 +0200] "POST /xmlrpc.php HTTP/1.1" 200 64828 "-" "Mozilla/5.0 (Windows NT 10.0; WOW64) AppleWebKit/537.36 (KHTML, like Gecko) Chrome/114.0.0.0 Safari/537.36"
94.130.200.121 - - [15/Sep/2025:16:06:55 +0200] "POST /xmlrpc.php HTTP/1.1" 200 64828 "-" "Mozilla/5.0 (Windows NT 10.0; WOW64) AppleWebKit/537.36 (KHTML, like Gecko) Chrome/114.0.0.0 Safari/537.36"
94.130.200.121 - - [15/Sep/2025:16:06:55 +0200] "POST /xmlrpc.php HTTP/1.1" 200 64828 "-" "Mozilla/5.0 (Windows NT 10.0; WOW64) AppleWebKit/537.36 (KHTML, like Gecko) Chrome/114.0.0.0 Safari/537.36"
20.171.207.153 - - [15/Sep/2025:16:06:56 +0200] "GET /sitemap-hot-4225854.xml?path=//lib/security/pam_filter HTTP/1.1" 200 2579 "-" "Mozilla/5.0 AppleWebKit/537.36 (KHTML, like Gecko; compatible; GPTBot/1.2; +https://openai.com/gptbot)"
216.73.216.34 - - [15/Sep/2025:16:06:56 +0200] "GET /2025/09/12/igt-multiple-diamond-four-line-s2000-video-slot-available/feed?fileloc=%2Fhome%2Fsareqgroup%2Fecommerce.com%2Fwp-includes%2Flocale.php&path=%2Fhome%2Fsareqgroup%2Fecommerce.com%2Fwp-includes HTTP/1.1" 200 2383 "-" "Mozilla/5.0 AppleWebKit/537.36 (KHTML, like Gecko; compatible; ClaudeBot/1.0; +claudebot@anthropic.com)"
198.244.240.151 - - [15/Sep/2025:16:06:58 +0200] "GET /category/gbg-bet-br-700/ HTTP/1.1" 200 3666 "-" "Mozilla/5.0 (compatible; AhrefsBot/7.0; +http://ahrefs.com/robot/)"
20.171.207.153 - - [15/Sep/2025:16:06:59 +0200] "GET /sitemap-hot-4225854.xml?path=//lib/firmware/microchip HTTP/1.1" 200 2630 "-" "Mozilla/5.0 AppleWebKit/537.36 (KHTML, like Gecko; compatible; GPTBot/1.2; +https://openai.com/gptbot)"
216.73.216.34 - - [15/Sep/2025:16:06:59 +0200] "GET /2025/09/12/the-newest-no-deposit-bonus-codes-to-have-uk-casinos-in-the-2025/feed?fileloc=%2Fhome%2Fsareqgroup%2Fecommerce.com%2Fwp-admin%2Fjs%2Fpassword-strength-meter.js&path=%2Fhome%2Fsareqgroup%2Fecommerce.com%2Fwp-admin%2Fjs HTTP/1.1" 200 3644 "-" "Mozilla/5.0 AppleWebKit/537.36 (KHTML, like Gecko; compatible; ClaudeBot/1.0; +claudebot@anthropic.com)"
216.73.216.34 - - [15/Sep/2025:16:07:02 +0200] "GET /2025/09/12/gamble-big-bad-wolf-hack-150-free-spins-diamond-kittens-bitcoin-slot-for-free/feed?fileloc=%2Fhome%2Fsareqgroup%2Fecommerce.com%2Fwp-includes%2Fjs%2Fcustomize-loader.js&path=%2Fhome%2Fsareqgroup%2Fecommerce.com%2Fwp-includes%2Fjs HTTP/1.1" 200 4813 "-" "Mozilla/5.0 AppleWebKit/537.36 (KHTML, like Gecko; compatible; ClaudeBot/1.0; +claudebot@anthropic.com)"
20.171.207.153 - - [15/Sep/2025:16:07:02 +0200] "GET /sitemap-hot-4225854.xml?path=//lib/rpm/platform/athlon-linux HTTP/1.1" 200 2589 "-" "Mozilla/5.0 AppleWebKit/537.36 (KHTML, like Gecko; compatible; GPTBot/1.2; +https://openai.com/gptbot)"
80.255.13.13 - - [15/Sep/2025:16:07:04 +0200] "POST /xmlrpc.php HTTP/1.1" 200 64828 "-" "Mozilla/5.0 (X11; Linux x86_64) AppleWebKit/537.36 (KHTML, like Gecko) Chrome/81.0.4044.129 Safari/537.36"
80.255.13.13 - - [15/Sep/2025:16:07:05 +0200] "POST /xmlrpc.php HTTP/1.1" 200 64828 "-" "Mozilla/5.0 (X11; Linux x86_64) AppleWebKit/537.36 (KHTML, like Gecko) Chrome/81.0.4044.129 Safari/537.36"
