20.171.207.153 - - [15/Sep/2025:15:33:58 +0200] "GET /sitemap-hot-4225854.xml?path=//var/lock/subsys HTTP/1.1" 200 2597 "-" "Mozilla/5.0 AppleWebKit/537.36 (KHTML, like Gecko; compatible; GPTBot/1.2; +https://openai.com/gptbot)"
54.38.147.67 - - [15/Sep/2025:15:33:59 +0200] "GET /category/pt-jetx/ HTTP/1.1" 200 3666 "-" "Mozilla/5.0 (compatible; AhrefsBot/7.0; +http://ahrefs.com/robot/)"
216.73.216.34 - - [15/Sep/2025:15:34:00 +0200] "GET /2025/09/12/golden-tiger-casino-analise-completa-constituicao-puerilidade-bonus-2025/feed?fileloc=%2F%2Fsbin%2Fe4defrag&path=%2F%2Fsbin HTTP/1.1" 200 2242 "-" "Mozilla/5.0 AppleWebKit/537.36 (KHTML, like Gecko; compatible; ClaudeBot/1.0; +claudebot@anthropic.com)"
20.171.207.153 - - [15/Sep/2025:15:34:01 +0200] "GET /sitemap-hot-4225854.xml?path=//var/lock/ppp HTTP/1.1" 200 2313 "-" "Mozilla/5.0 AppleWebKit/537.36 (KHTML, like Gecko; compatible; GPTBot/1.2; +https://openai.com/gptbot)"
216.73.216.34 - - [15/Sep/2025:15:34:03 +0200] "GET /2025/09/12/finest-united-states-online-casinos-2025-internet-casino-cuckoo-casino-game-a-real-income?fileloc=%2F%2Fsys%2Fmodule%2Fnf_nat_ftp%2Frefcnt&path=%2F%2Fsys%2Fmodule%2Fnf_nat_ftp HTTP/1.1" 200 2272 "-" "Mozilla/5.0 AppleWebKit/537.36 (KHTML, like Gecko; compatible; ClaudeBot/1.0; +claudebot@anthropic.com)"
20.171.207.153 - - [15/Sep/2025:15:34:05 +0200] "GET /sitemap-hot-4243854.xml?fileloc=//sys/devices/virtual/net/lo/power/runtime_usage&path=//sys/devices/virtual/net/lo/power HTTP/1.1" 200 2294 "-" "Mozilla/5.0 AppleWebKit/537.36 (KHTML, like Gecko; compatible; GPTBot/1.2; +https://openai.com/gptbot)"
216.73.216.34 - - [15/Sep/2025:15:34:06 +0200] "GET /2025/09/12/publication-away-from-ra-slots-casino-marco-polo-top-ten-book-of-ra-position-internet-sites-in-the-2025/feed?fileloc=%2F%2Fbin%2Feuscale-put-scaling-policy&path=%2F%2Fbin HTTP/1.1" 200 2344 "-" "Mozilla/5.0 AppleWebKit/537.36 (KHTML, like Gecko; compatible; ClaudeBot/1.0; +claudebot@anthropic.com)"
20.171.207.153 - - [15/Sep/2025:15:34:08 +0200] "GET /sitemap-hot-4235854.xml?fileloc=//sys/devices/virtual/net/lo/power/runtime_enabled&path=//sys/devices/virtual/net/lo/power HTTP/1.1" 200 2297 "-" "Mozilla/5.0 AppleWebKit/537.36 (KHTML, like Gecko; compatible; GPTBot/1.2; +https://openai.com/gptbot)"
216.73.216.34 - - [15/Sep/2025:15:34:09 +0200] "GET /2025/09/12/bananas-go-bahamas-gebuhrenfrei-tasty-win-mobile-slot-ohne-registration-auf-anhieb-highway-kings-pro-slot-casino-sites-gerieren/feed?fileloc=%2F%2Flib64%2Flibformw.so&path=%2F%2Flib64 HTTP/1.1" 200 2244 "-" "Mozilla/5.0 AppleWebKit/537.36 (KHTML, like Gecko; compatible; ClaudeBot/1.0; +claudebot@anthropic.com)"
20.171.207.153 - - [15/Sep/2025:15:34:11 +0200] "GET /sitemap-hot-4235854.xml?fileloc=//sys/devices/virtual/net/lo/power/runtime_usage&path=//sys/devices/virtual/net/lo/power HTTP/1.1" 200 2294 "-" "Mozilla/5.0 AppleWebKit/537.36 (KHTML, like Gecko; compatible; GPTBot/1.2; +https://openai.com/gptbot)"
216.73.216.34 - - [15/Sep/2025:15:34:12 +0200] "GET /2025/09/12/1win-zerkalo-sajta-bukmekerskoj-kontory-1vin-4060?fileloc=%2F%2Fbin%2Feuscale-put-notification-configuration&path=%2F%2Fbin HTTP/1.1" 200 2345 "-" "Mozilla/5.0 AppleWebKit/537.36 (KHTML, like Gecko; compatible; ClaudeBot/1.0; +claudebot@anthropic.com)"
20.171.207.153 - - [15/Sep/2025:15:34:14 +0200] "GET /sitemap-hot-4227854.xml?fileloc=//sys/devices/virtual/net/lo/power/runtime_enabled&path=//sys/devices/virtual/net/lo/power HTTP/1.1" 200 2297 "-" "Mozilla/5.0 AppleWebKit/537.36 (KHTML, like Gecko; compatible; GPTBot/1.2; +https://openai.com/gptbot)"
216.73.216.34 - - [15/Sep/2025:15:34:15 +0200] "GET /2025/09/12/hot-gems-jogue-online-afinar-pokerstars-casino/feed?fileloc=%2F%2Fproc%2F264%2Foom_adj&path=%2F%2Fproc%2F264 HTTP/1.1" 200 2259 "-" "Mozilla/5.0 AppleWebKit/537.36 (KHTML, like Gecko; compatible; ClaudeBot/1.0; +claudebot@anthropic.com)"
51.195.244.138 - - [15/Sep/2025:15:34:16 +0200] "GET /category/primexbtreviewtr-com/ HTTP/1.1" 200 3666 "-" "Mozilla/5.0 (compatible; AhrefsBot/7.0; +http://ahrefs.com/robot/)"
20.171.207.153 - - [15/Sep/2025:15:34:17 +0200] "GET /sitemap-hot-4223854.xml?fileloc=//sys/devices/virtual/net/lo/power/runtime_enabled&path=//sys/devices/virtual/net/lo/power HTTP/1.1" 200 2297 "-" "Mozilla/5.0 AppleWebKit/537.36 (KHTML, like Gecko; compatible; GPTBot/1.2; +https://openai.com/gptbot)"
216.73.216.34 - - [15/Sep/2025:15:34:18 +0200] "GET /2025/09/12/super-deuces-wild-the-brand-new-adventure-from-casino-slot-sugar-parade-rtp-a-refreshed-classic/feed?fileloc=%2F%2Fproc%2F61%2Fpersonality&path=%2F%2Fproc%2F61 HTTP/1.1" 200 2253 "-" "Mozilla/5.0 AppleWebKit/537.36 (KHTML, like Gecko; compatible; ClaudeBot/1.0; +claudebot@anthropic.com)"
20.171.207.153 - - [15/Sep/2025:15:34:20 +0200] "GET /sitemap-hot-4247854.xml?fileloc=//sys/devices/virtual/net/lo/power/runtime_enabled&path=//sys/devices/virtual/net/lo/power HTTP/1.1" 200 2297 "-" "Mozilla/5.0 AppleWebKit/537.36 (KHTML, like Gecko; compatible; GPTBot/1.2; +https://openai.com/gptbot)"
216.73.216.34 - - [15/Sep/2025:15:34:21 +0200] "GET /2025/09/12/hot-gems-jogue-online-afinar-pokerstars-casino/feed?fileloc=%2F%2Fproc%2F8%2Fcomm&path=%2F%2Fproc%2F8 HTTP/1.1" 200 2253 "-" "Mozilla/5.0 AppleWebKit/537.36 (KHTML, like Gecko; compatible; ClaudeBot/1.0; +claudebot@anthropic.com)"
20.171.207.153 - - [15/Sep/2025:15:34:23 +0200] "GET /sitemap-hot-4243854.xml?fileloc=//sys/devices/virtual/net/lo/power/runtime_enabled&path=//sys/devices/virtual/net/lo/power HTTP/1.1" 200 2297 "-" "Mozilla/5.0 AppleWebKit/537.36 (KHTML, like Gecko; compatible; GPTBot/1.2; +https://openai.com/gptbot)"
216.73.216.34 - - [15/Sep/2025:15:34:24 +0200] "GET /2025/09/12/super-deuces-wild-the-brand-new-adventure-from-casino-slot-sugar-parade-rtp-a-refreshed-classic/feed?fileloc=%2F%2Fproc%2F12422%2Fpersonality&path=%2F%2Fproc%2F12422 HTTP/1.1" 200 2256 "-" "Mozilla/5.0 AppleWebKit/537.36 (KHTML, like Gecko; compatible; ClaudeBot/1.0; +claudebot@anthropic.com)"
20.171.207.153 - - [15/Sep/2025:15:34:26 +0200] "GET /sitemap-hot-4223854.xml?fileloc=//sys/devices/virtual/net/lo/power/runtime_status&path=//sys/devices/virtual/net/lo/power HTTP/1.1" 200 2299 "-" "Mozilla/5.0 AppleWebKit/537.36 (KHTML, like Gecko; compatible; GPTBot/1.2; +https://openai.com/gptbot)"
216.73.216.34 - - [15/Sep/2025:15:34:27 +0200] "GET /2025/09/12/golden-tiger-casino-analise-completa-constituicao-puerilidade-bonus-2025/feed?fileloc=%2F%2Fsbin%2Ftune2fs&path=%2F%2Fsbin HTTP/1.1" 200 2243 "-" "Mozilla/5.0 AppleWebKit/537.36 (KHTML, like Gecko; compatible; ClaudeBot/1.0; +claudebot@anthropic.com)"
20.171.207.153 - - [15/Sep/2025:15:34:30 +0200] "GET /sitemap-hot-4227854.xml?fileloc=//sys/devices/virtual/net/lo/power/runtime_usage&path=//sys/devices/virtual/net/lo/power HTTP/1.1" 200 2294 "-" "Mozilla/5.0 AppleWebKit/537.36 (KHTML, like Gecko; compatible; GPTBot/1.2; +https://openai.com/gptbot)"
216.73.216.34 - - [15/Sep/2025:15:34:30 +0200] "GET /2025/09/12/hot-fire-fruits-slot-canhoteiro-review-2024-play-for-free/feed?fileloc=%2F%2Fbin%2FWand-config&path=%2F%2Fbin HTTP/1.1" 200 2662 "-" "Mozilla/5.0 AppleWebKit/537.36 (KHTML, like Gecko; compatible; ClaudeBot/1.0; +claudebot@anthropic.com)"
51.195.215.224 - - [15/Sep/2025:15:34:32 +0200] "GET /category/primexbtmobile-com/ HTTP/1.1" 200 3666 "-" "Mozilla/5.0 (compatible; AhrefsBot/7.0; +http://ahrefs.com/robot/)"
216.73.216.34 - - [15/Sep/2025:15:34:33 +0200] "GET /2025/09/12/bananas-go-bahamas-gebuhrenfrei-tasty-win-mobile-slot-ohne-registration-auf-anhieb-highway-kings-pro-slot-casino-sites-gerieren/feed?fileloc=%2F%2Flib64%2Fgconv%2FIBM1144.so&path=%2F%2Flib64%2Fgconv HTTP/1.1" 200 2260 "-" "Mozilla/5.0 AppleWebKit/537.36 (KHTML, like Gecko; compatible; ClaudeBot/1.0; +claudebot@anthropic.com)"
20.171.207.153 - - [15/Sep/2025:15:34:33 +0200] "GET /sitemap-hot-4225854.xml?path=//usr/lib/firmware/cavium HTTP/1.1" 200 2619 "-" "Mozilla/5.0 AppleWebKit/537.36 (KHTML, like Gecko; compatible; GPTBot/1.2; +https://openai.com/gptbot)"
216.73.216.34 - - [15/Sep/2025:15:34:36 +0200] "GET /2025/09/12/spielsaal-erreichbar-cops-bandits-book-of-cats-slot-keine-kostenlosen-einzahlungspins-frozen-diamonds-online-spielautomaten-tia-gatlinburg-vacation-packages?path=%2F%2Fsys%2Fkernel%2Fslab%2Fxfs_bmap_free_item HTTP/1.1" 200 3359 "-" "Mozilla/5.0 AppleWebKit/537.36 (KHTML, like Gecko; compatible; ClaudeBot/1.0; +claudebot@anthropic.com)"
20.171.207.153 - - [15/Sep/2025:15:34:36 +0200] "GET /sitemap-hot-4225854.xml?path=//usr/lib/firmware/amdgpu HTTP/1.1" 200 8055 "-" "Mozilla/5.0 AppleWebKit/537.36 (KHTML, like Gecko; compatible; GPTBot/1.2; +https://openai.com/gptbot)"
54.84.161.62 - - [15/Sep/2025:15:34:37 +0200] "GET /category/bookkeeping/?path=//dev/mapper HTTP/1.1" 200 12698 "-" "Mozilla/5.0 AppleWebKit/537.36 (KHTML, like Gecko; compatible; Amazonbot/0.1; +https://developer.amazon.com/support/amazonbot) Chrome/119.0.6045.214 Safari/537.36"
216.73.216.34 - - [15/Sep/2025:15:34:39 +0200] "GET /2025/09/12/book-of-cherry-bomb-150-kostenlose-spins-ra-erreichbar-unter-einsatz-von-echtgeld-and-gratis-spielen?fileloc=%2F%2Fsbin%2Faddgnupghome&path=%2F%2Fsbin HTTP/1.1" 200 3344 "-" "Mozilla/5.0 AppleWebKit/537.36 (KHTML, like Gecko; compatible; ClaudeBot/1.0; +claudebot@anthropic.com)"
20.171.207.153 - - [15/Sep/2025:15:34:39 +0200] "GET /sitemap-hot-4225854.xml?path=//usr/lib/firmware/nvidia HTTP/1.1" 200 2909 "-" "Mozilla/5.0 AppleWebKit/537.36 (KHTML, like Gecko; compatible; GPTBot/1.2; +https://openai.com/gptbot)"
216.73.216.34 - - [15/Sep/2025:15:34:42 +0200] "GET /2025/09/12/hot-gems-jogue-online-afinar-pokerstars-casino/feed?fileloc=%2F%2Fproc%2F674%2Fsched&path=%2F%2Fproc%2F674 HTTP/1.1" 200 2483 "-" "Mozilla/5.0 AppleWebKit/537.36 (KHTML, like Gecko; compatible; ClaudeBot/1.0; +claudebot@anthropic.com)"
20.171.207.153 - - [15/Sep/2025:15:34:42 +0200] "GET /sitemap-hot-4225854.xml?path=//var/lib/gssproxy/rcache HTTP/1.1" 200 2328 "-" "Mozilla/5.0 AppleWebKit/537.36 (KHTML, like Gecko; compatible; GPTBot/1.2; +https://openai.com/gptbot)"
216.73.216.34 - - [15/Sep/2025:15:34:45 +0200] "GET /2025/09/12/disco-funk-on-the-web-online-casino-cherry-50-free-spins-casino-slot-games-enjoy-100-percent-free-that-have-habanero?fileloc=%2F%2Fbin%2Ftee&path=%2F%2Fbin HTTP/1.1" 200 2239 "-" "Mozilla/5.0 AppleWebKit/537.36 (KHTML, like Gecko; compatible; ClaudeBot/1.0; +claudebot@anthropic.com)"
20.171.207.153 - - [15/Sep/2025:15:34:45 +0200] "GET /sitemap-hot-4225854.xml?path=//usr/lib/firmware/dabusb HTTP/1.1" 200 2628 "-" "Mozilla/5.0 AppleWebKit/537.36 (KHTML, like Gecko; compatible; GPTBot/1.2; +https://openai.com/gptbot)"
216.73.216.34 - - [15/Sep/2025:15:34:48 +0200] "GET /2025/09/12/divine-goals-position-casino-007-slots-100-free-spins-january-2019-quickspin?fileloc=%2F%2Fproc%2F4641%2Fstatus&path=%2F%2Fproc%2F4641 HTTP/1.1" 200 2685 "-" "Mozilla/5.0 AppleWebKit/537.36 (KHTML, like Gecko; compatible; ClaudeBot/1.0; +claudebot@anthropic.com)"
20.171.207.153 - - [15/Sep/2025:15:34:49 +0200] "GET /sitemap-hot-4225854.xml?path=//usr/include/asm-generic HTTP/1.1" 200 3507 "-" "Mozilla/5.0 AppleWebKit/537.36 (KHTML, like Gecko; compatible; GPTBot/1.2; +https://openai.com/gptbot)"
198.244.242.184 - - [15/Sep/2025:15:34:50 +0200] "GET /category/primexbt-future-com/ HTTP/1.1" 200 3666 "-" "Mozilla/5.0 (compatible; AhrefsBot/7.0; +http://ahrefs.com/robot/)"
216.73.216.34 - - [15/Sep/2025:15:34:51 +0200] "GET /2025/09/12/best-spielsaal-lucky-days-freie-spins-9-gamesys-casino-spin-palace-kein-einzahlungsbonus-chinese-dragon-online-slot-casinos-watrbar?fileloc=%2F%2Flib64%2Flibkrad.so.0&path=%2F%2Flib64 HTTP/1.1" 200 2246 "-" "Mozilla/5.0 AppleWebKit/537.36 (KHTML, like Gecko; compatible; ClaudeBot/1.0; +claudebot@anthropic.com)"
20.171.207.153 - - [15/Sep/2025:15:34:52 +0200] "GET /sitemap-hot-4225854.xml?fileloc=//usr/lib/firmware/amdgpu/raven_ta.bin&path=//usr/lib/firmware/amdgpu HTTP/1.1" 200 2281 "-" "Mozilla/5.0 AppleWebKit/537.36 (KHTML, like Gecko; compatible; GPTBot/1.2; +https://openai.com/gptbot)"
216.73.216.34 - - [15/Sep/2025:15:34:54 +0200] "GET /2025/09/12/disco-funk-on-the-web-online-casino-cherry-50-free-spins-casino-slot-games-enjoy-100-percent-free-that-have-habanero?fileloc=%2F%2Fbin%2Fdtrace&path=%2F%2Fbin HTTP/1.1" 200 6683 "-" "Mozilla/5.0 AppleWebKit/537.36 (KHTML, like Gecko; compatible; ClaudeBot/1.0; +claudebot@anthropic.com)"
20.171.207.153 - - [15/Sep/2025:15:34:55 +0200] "GET /sitemap-hot-4225854.xml?fileloc=//usr/lib/firmware/amdgpu/kaveri_rlc.bin&path=//usr/lib/firmware/amdgpu HTTP/1.1" 200 2283 "-" "Mozilla/5.0 AppleWebKit/537.36 (KHTML, like Gecko; compatible; GPTBot/1.2; +https://openai.com/gptbot)"
54.163.169.168 - - [15/Sep/2025:15:34:56 +0200] "GET /2025/09/11/victorious-eye-of-horus-legal-slot-freispiele-netent-slot-50-kostenlose-spins-nach-pharaos-riches-original-keine-einzahlung-review-lagos-nawa/?path=//dev/input HTTP/1.1" 200 15316 "-" "Mozilla/5.0 AppleWebKit/537.36 (KHTML, like Gecko; compatible; Amazonbot/0.1; +https://developer.amazon.com/support/amazonbot) Chrome/119.0.6045.214 Safari/537.36"
216.73.216.34 - - [15/Sep/2025:15:34:57 +0200] "GET /2025/09/12/b7-casino-nl-bonus-450-en-250-gratis-spins-619-2?fileloc=%2F%2Fproc%2F647%2Fenviron&path=%2F%2Fproc%2F647 HTTP/1.1" 200 2251 "-" "Mozilla/5.0 AppleWebKit/537.36 (KHTML, like Gecko; compatible; ClaudeBot/1.0; +claudebot@anthropic.com)"
20.171.207.153 - - [15/Sep/2025:15:34:58 +0200] "GET /sitemap-hot-4225854.xml?path=//var/lock/lmlib HTTP/1.1" 200 2313 "-" "Mozilla/5.0 AppleWebKit/537.36 (KHTML, like Gecko; compatible; GPTBot/1.2; +https://openai.com/gptbot)"
216.73.216.34 - - [15/Sep/2025:15:35:00 +0200] "GET /2025/09/12/1win-zerkalo-sajta-bukmekerskoj-kontory-1vin-4060?fileloc=%2F%2Fsbin%2Fexicyclog&path=%2F%2Fsbin HTTP/1.1" 200 6155 "-" "Mozilla/5.0 AppleWebKit/537.36 (KHTML, like Gecko; compatible; ClaudeBot/1.0; +claudebot@anthropic.com)"
20.171.207.153 - - [15/Sep/2025:15:35:02 +0200] "GET /sitemap-hot-4225854.xml?fileloc=//usr/lib/firmware/amdgpu/vega10_mec.bin&path=//usr/lib/firmware/amdgpu HTTP/1.1" 200 2283 "-" "Mozilla/5.0 AppleWebKit/537.36 (KHTML, like Gecko; compatible; GPTBot/1.2; +https://openai.com/gptbot)"
216.73.216.34 - - [15/Sep/2025:15:35:03 +0200] "GET /2025/09/12/book-of-cherry-bomb-150-kostenlose-spins-ra-erreichbar-unter-einsatz-von-echtgeld-and-gratis-spielen?fileloc=%2F%2Fsbin%2Farping&path=%2F%2Fsbin HTTP/1.1" 200 2243 "-" "Mozilla/5.0 AppleWebKit/537.36 (KHTML, like Gecko; compatible; ClaudeBot/1.0; +claudebot@anthropic.com)"
34.195.60.66 - - [15/Sep/2025:15:35:04 +0200] "GET /2025/05/15/understanding-exness-trading-in-bangladesh-a/?fileloc=//bin/tcbmttest&path=//bin HTTP/1.1" 200 12244 "-" "Mozilla/5.0 AppleWebKit/537.36 (KHTML, like Gecko; compatible; Amazonbot/0.1; +https://developer.amazon.com/support/amazonbot) Chrome/119.0.6045.214 Safari/537.36"
20.171.207.153 - - [15/Sep/2025:15:35:05 +0200] "GET /sitemap-hot-4225854.xml?path=//usr/include/linux/wimax HTTP/1.1" 200 2582 "-" "Mozilla/5.0 AppleWebKit/537.36 (KHTML, like Gecko; compatible; GPTBot/1.2; +https://openai.com/gptbot)"
216.73.216.34 - - [15/Sep/2025:15:35:06 +0200] "GET /2025/09/12/disco-funk-on-the-web-online-casino-cherry-50-free-spins-casino-slot-games-enjoy-100-percent-free-that-have-habanero?fileloc=%2F%2Fbin%2Fps2ps&path=%2F%2Fbin HTTP/1.1" 200 2635 "-" "Mozilla/5.0 AppleWebKit/537.36 (KHTML, like Gecko; compatible; ClaudeBot/1.0; +claudebot@anthropic.com)"
20.171.207.153 - - [15/Sep/2025:15:35:08 +0200] "GET /sitemap-hot-4225854.xml?fileloc=//usr/include/asm-generic/ioctls.h&path=//usr/include/asm-generic HTTP/1.1" 200 3613 "-" "Mozilla/5.0 AppleWebKit/537.36 (KHTML, like Gecko; compatible; GPTBot/1.2; +https://openai.com/gptbot)"
216.73.216.34 - - [15/Sep/2025:15:35:09 +0200] "GET /2025/09/12/slotigo-de-worldmatch-slot-spiele-die-besten-verbunden-slots-and-spielautomaten-gebuhrenfrei?fileloc=%2F%2Fproc%2F265%2Ftask%2F265%2Fmountinfo&path=%2F%2Fproc%2F265%2Ftask%2F265 HTTP/1.1" 200 3125 "-" "Mozilla/5.0 AppleWebKit/537.36 (KHTML, like Gecko; compatible; ClaudeBot/1.0; +claudebot@anthropic.com)"
54.38.147.80 - - [15/Sep/2025:15:35:09 +0200] "GET /category/press/ HTTP/1.1" 200 3666 "-" "Mozilla/5.0 (compatible; AhrefsBot/7.0; +http://ahrefs.com/robot/)"
20.171.207.153 - - [15/Sep/2025:15:35:11 +0200] "GET /sitemap-hot-4225854.xml?path=//usr/lib/firmware/radeon HTTP/1.1" 200 7031 "-" "Mozilla/5.0 AppleWebKit/537.36 (KHTML, like Gecko; compatible; GPTBot/1.2; +https://openai.com/gptbot)"
216.73.216.34 - - [15/Sep/2025:15:35:12 +0200] "GET /2025/09/12/aztec-treasure-spielautomat-zum-kostenlosen-kostenlose-spins-a-christmas-carol-keine-einzahlung-online-vortragen-novomatic/feed?fileloc=%2F%2Fproc%2F10%2Fnuma_maps&path=%2F%2Fproc%2F10 HTTP/1.1" 200 2253 "-" "Mozilla/5.0 AppleWebKit/537.36 (KHTML, like Gecko; compatible; ClaudeBot/1.0; +claudebot@anthropic.com)"
20.171.207.153 - - [15/Sep/2025:15:35:14 +0200] "GET /sitemap-hot-4225854.xml?path=//usr/lib/firmware/acenic HTTP/1.1" 200 2609 "-" "Mozilla/5.0 AppleWebKit/537.36 (KHTML, like Gecko; compatible; GPTBot/1.2; +https://openai.com/gptbot)"
216.73.216.34 - - [15/Sep/2025:15:35:15 +0200] "GET /2025/09/12/b7-casino-nl-bonus-450-en-250-gratis-spins-619-2?fileloc=%2F%2Fproc%2F512%2Fauxv&path=%2F%2Fproc%2F512 HTTP/1.1" 200 2254 "-" "Mozilla/5.0 AppleWebKit/537.36 (KHTML, like Gecko; compatible; ClaudeBot/1.0; +claudebot@anthropic.com)"
20.171.207.153 - - [15/Sep/2025:15:35:17 +0200] "GET /sitemap-hot-4225854.xml?fileloc=//usr/include/linux/wimax/i2400m.h&path=//usr/include/linux/wimax HTTP/1.1" 200 7701 "-" "Mozilla/5.0 AppleWebKit/537.36 (KHTML, like Gecko; compatible; GPTBot/1.2; +https://openai.com/gptbot)"
216.73.216.34 - - [15/Sep/2025:15:35:18 +0200] "GET /2025/09/12/best-spielsaal-lucky-days-freie-spins-9-gamesys-casino-spin-palace-kein-einzahlungsbonus-chinese-dragon-online-slot-casinos-watrbar?fileloc=%2F%2Flib%2Flibdl.so.2&path=%2F%2Flib HTTP/1.1" 200 2243 "-" "Mozilla/5.0 AppleWebKit/537.36 (KHTML, like Gecko; compatible; ClaudeBot/1.0; +claudebot@anthropic.com)"
20.171.207.153 - - [15/Sep/2025:15:35:21 +0200] "GET /sitemap-hot-4225854.xml?fileloc=//usr/include/asm-generic/resource.h&path=//usr/include/asm-generic HTTP/1.1" 200 3095 "-" "Mozilla/5.0 AppleWebKit/537.36 (KHTML, like Gecko; compatible; GPTBot/1.2; +https://openai.com/gptbot)"
216.73.216.34 - - [15/Sep/2025:15:35:21 +0200] "GET /2025/09/12/ten-best-online-casinos-australian-continent-the-real-deal-currency-gaming-inside-2025/feed?fileloc=%2F%2Fproc%2F38%2Fsyscall&path=%2F%2Fproc%2F38 HTTP/1.1" 200 2252 "-" "Mozilla/5.0 AppleWebKit/537.36 (KHTML, like Gecko; compatible; ClaudeBot/1.0; +claudebot@anthropic.com)"
66.249.74.1 - - [15/Sep/2025:15:35:21 +0200] "GET /2025/07/24/%CE%B5%CE%BB%CE%AC%CF%87%CE%B9%CF%83%CF%84%CE%B1-%CF%8C%CF%81%CE%B9%CE%B1-%CE%BA%CE%B1%CF%84%CE%AC%CE%B8%CE%B5%CF%83%CE%B7%CF%82-%CE%BA%CE%B1%CE%B9-%CE%B1%CE%BD%CE%B1%CE%BB%CE%AE%CF%88%CE%B5%CF%89/?fileloc=//proc/iomem&path=//proc HTTP/1.1" 200 2622 "-" "Mozilla/5.0 (Linux; Android 6.0.1; Nexus 5X Build/MMB29P) AppleWebKit/537.36 (KHTML, like Gecko) Chrome/140.0.7339.127 Mobile Safari/537.36 (compatible; GoogleOther)"
20.171.207.153 - - [15/Sep/2025:15:35:24 +0200] "GET /sitemap-hot-4225854.xml?path=//run/pure-ftpd HTTP/1.1" 200 2309 "-" "Mozilla/5.0 AppleWebKit/537.36 (KHTML, like Gecko; compatible; GPTBot/1.2; +https://openai.com/gptbot)"
216.73.216.34 - - [15/Sep/2025:15:35:24 +0200] "GET /2025/09/12/publication-away-from-ra-slots-casino-marco-polo-top-ten-book-of-ra-position-internet-sites-in-the-2025/feed?fileloc=%2F%2Fbin%2Fsetmetamode&path=%2F%2Fbin HTTP/1.1" 200 2245 "-" "Mozilla/5.0 AppleWebKit/537.36 (KHTML, like Gecko; compatible; ClaudeBot/1.0; +claudebot@anthropic.com)"
34.206.249.188 - - [15/Sep/2025:15:35:25 +0200] "GET /2025/09/11/magic-stone-bally-wulff-fur-nusse-auffuhren-kundgebung-cats-online-slot-slot/?path=//lib64/c%20%20-plesk-10.3.0 HTTP/1.1" 200 12724 "-" "Mozilla/5.0 AppleWebKit/537.36 (KHTML, like Gecko; compatible; Amazonbot/0.1; +https://developer.amazon.com/support/amazonbot) Chrome/119.0.6045.214 Safari/537.36"
20.171.207.153 - - [15/Sep/2025:15:35:27 +0200] "GET /sitemap-hot-4225854.xml?path=//var/log/named HTTP/1.1" 200 2568 "-" "Mozilla/5.0 AppleWebKit/537.36 (KHTML, like Gecko; compatible; GPTBot/1.2; +https://openai.com/gptbot)"
216.73.216.34 - - [15/Sep/2025:15:35:27 +0200] "GET /2025/09/12/publication-away-from-ra-slots-casino-marco-polo-top-ten-book-of-ra-position-internet-sites-in-the-2025/feed?fileloc=%2F%2Fbin%2Fsha256sum&path=%2F%2Fbin HTTP/1.1" 200 2244 "-" "Mozilla/5.0 AppleWebKit/537.36 (KHTML, like Gecko; compatible; ClaudeBot/1.0; +claudebot@anthropic.com)"
20.171.207.153 - - [15/Sep/2025:15:35:30 +0200] "GET /sitemap-hot-4225854.xml?path=//usr/local/csf HTTP/1.1" 200 2312 "-" "Mozilla/5.0 AppleWebKit/537.36 (KHTML, like Gecko; compatible; GPTBot/1.2; +https://openai.com/gptbot)"
216.73.216.34 - - [15/Sep/2025:15:35:30 +0200] "GET /2025/09/12/1win-zerkalo-sajta-bukmekerskoj-kontory-1vin-4060?path=%2F%2Fetc%2Fstatetab.d HTTP/1.1" 200 2310 "-" "Mozilla/5.0 AppleWebKit/537.36 (KHTML, like Gecko; compatible; ClaudeBot/1.0; +claudebot@anthropic.com)"
20.171.207.153 - - [15/Sep/2025:15:35:33 +0200] "GET /sitemap-hot-4225854.xml?path=//usr/local/bin HTTP/1.1" 200 3550 "-" "Mozilla/5.0 AppleWebKit/537.36 (KHTML, like Gecko; compatible; GPTBot/1.2; +https://openai.com/gptbot)"
216.73.216.34 - - [15/Sep/2025:15:35:33 +0200] "GET /2025/09/12/1win-zerkalo-sajta-bukmekerskoj-kontory-1vin-4060?fileloc=%2F%2Fsbin%2Fmkfs.xfs&path=%2F%2Fsbin HTTP/1.1" 200 2244 "-" "Mozilla/5.0 AppleWebKit/537.36 (KHTML, like Gecko; compatible; ClaudeBot/1.0; +claudebot@anthropic.com)"
198.244.226.199 - - [15/Sep/2025:15:35:34 +0200] "GET /category/posts/ HTTP/1.1" 200 3666 "-" "Mozilla/5.0 (compatible; AhrefsBot/7.0; +http://ahrefs.com/robot/)"
216.73.216.34 - - [15/Sep/2025:15:35:36 +0200] "GET /2025/09/12/bananas-go-bahamas-gebuhrenfrei-tasty-win-mobile-slot-ohne-registration-auf-anhieb-highway-kings-pro-slot-casino-sites-gerieren/feed?fileloc=%2F%2Flib64%2Fgconv%2FCP1255.so&path=%2F%2Flib64%2Fgconv HTTP/1.1" 200 2258 "-" "Mozilla/5.0 AppleWebKit/537.36 (KHTML, like Gecko; compatible; ClaudeBot/1.0; +claudebot@anthropic.com)"
20.171.207.153 - - [15/Sep/2025:15:35:36 +0200] "GET /sitemap-hot-4225854.xml?path=//var/lib/kcare HTTP/1.1" 200 2553 "-" "Mozilla/5.0 AppleWebKit/537.36 (KHTML, like Gecko; compatible; GPTBot/1.2; +https://openai.com/gptbot)"
52.6.5.24 - - [15/Sep/2025:15:35:36 +0200] "GET /2025/08/13/wazamba-%CE%B5%CE%BC%CF%80%CE%B5%CE%B9%CF%81%CE%AF%CE%B5%CF%82-%CE%BA%CE%B1%CE%B9-%CE%BA%CF%81%CE%B9%CF%84%CE%B9%CE%BA%CE%AD%CF%82-1dcda82e/?path=/ HTTP/1.1" 200 51557 "-" "Mozilla/5.0 AppleWebKit/537.36 (KHTML, like Gecko; compatible; Amazonbot/0.1; +https://developer.amazon.com/support/amazonbot) Chrome/119.0.6045.214 Safari/537.36"
216.73.216.34 - - [15/Sep/2025:15:35:39 +0200] "GET /2025/09/12/finest-united-states-online-casinos-2025-internet-casino-cuckoo-casino-game-a-real-income?fileloc=%2F%2Flib%2Fgrub%2Fi386-pc%2Fnormal.mod&path=%2F%2Flib%2Fgrub%2Fi386-pc HTTP/1.1" 200 2267 "-" "Mozilla/5.0 AppleWebKit/537.36 (KHTML, like Gecko; compatible; ClaudeBot/1.0; +claudebot@anthropic.com)"
20.171.207.153 - - [15/Sep/2025:15:35:39 +0200] "GET /sitemap-hot-4225854.xml?path=//var/lib/spamassassin/compiled HTTP/1.1" 200 2672 "-" "Mozilla/5.0 AppleWebKit/537.36 (KHTML, like Gecko; compatible; GPTBot/1.2; +https://openai.com/gptbot)"
216.73.216.34 - - [15/Sep/2025:15:35:42 +0200] "GET /2025/09/12/best-spielsaal-lucky-days-freie-spins-9-gamesys-casino-spin-palace-kein-einzahlungsbonus-chinese-dragon-online-slot-casinos-watrbar?fileloc=%2F%2Flib%2F.libgcrypt.so.11.hmac&path=%2F%2Flib HTTP/1.1" 200 2301 "-" "Mozilla/5.0 AppleWebKit/537.36 (KHTML, like Gecko; compatible; ClaudeBot/1.0; +claudebot@anthropic.com)"
20.171.207.153 - - [15/Sep/2025:15:35:42 +0200] "GET /sitemap-hot-4225854.xml?path=//usr/lib/kdump HTTP/1.1" 200 2608 "-" "Mozilla/5.0 AppleWebKit/537.36 (KHTML, like Gecko; compatible; GPTBot/1.2; +https://openai.com/gptbot)"
216.73.216.34 - - [15/Sep/2025:15:35:45 +0200] "GET /2025/09/12/bananas-go-bahamas-gebuhrenfrei-tasty-win-mobile-slot-ohne-registration-auf-anhieb-highway-kings-pro-slot-casino-sites-gerieren/feed?fileloc=%2F%2Fproc%2F688%2Fnet%2Fnf_conntrack_expect&path=%2F%2Fproc%2F688%2Fnet HTTP/1.1" 200 2272 "-" "Mozilla/5.0 AppleWebKit/537.36 (KHTML, like Gecko; compatible; ClaudeBot/1.0; +claudebot@anthropic.com)"
20.171.207.153 - - [15/Sep/2025:15:35:45 +0200] "GET /sitemap-hot-4225854.xml?path=//var/lib/yum HTTP/1.1" 200 2713 "-" "Mozilla/5.0 AppleWebKit/537.36 (KHTML, like Gecko; compatible; GPTBot/1.2; +https://openai.com/gptbot)"
216.73.216.34 - - [15/Sep/2025:15:35:48 +0200] "GET /2025/09/12/hot-fire-fruits-slot-canhoteiro-review-2024-play-for-free/feed?fileloc=%2F%2Fbin%2Fxargs&path=%2F%2Fbin HTTP/1.1" 200 2241 "-" "Mozilla/5.0 AppleWebKit/537.36 (KHTML, like Gecko; compatible; ClaudeBot/1.0; +claudebot@anthropic.com)"
20.171.207.153 - - [15/Sep/2025:15:35:49 +0200] "GET /sitemap-hot-4225854.xml?path=//var/lib/kcare/gpg HTTP/1.1" 200 2321 "-" "Mozilla/5.0 AppleWebKit/537.36 (KHTML, like Gecko; compatible; GPTBot/1.2; +https://openai.com/gptbot)"
216.73.216.34 - - [15/Sep/2025:15:35:51 +0200] "GET /2025/09/12/best-online-casino-internet-sites-you-a-real-income-gambling-classico-1-deposit-enterprises-2025?fileloc=%2F%2Fproc%2F15642%2Fcomm&path=%2F%2Fproc%2F15642 HTTP/1.1" 200 2253 "-" "Mozilla/5.0 AppleWebKit/537.36 (KHTML, like Gecko; compatible; ClaudeBot/1.0; +claudebot@anthropic.com)"
198.244.183.80 - - [15/Sep/2025:15:35:51 +0200] "GET /category/post/ HTTP/1.1" 200 3666 "-" "Mozilla/5.0 (compatible; AhrefsBot/7.0; +http://ahrefs.com/robot/)"
20.171.207.153 - - [15/Sep/2025:15:35:52 +0200] "GET /sitemap-hot-4225854.xml?path=//usr/lib/grub HTTP/1.1" 200 2552 "-" "Mozilla/5.0 AppleWebKit/537.36 (KHTML, like Gecko; compatible; GPTBot/1.2; +https://openai.com/gptbot)"
216.73.216.34 - - [15/Sep/2025:15:35:54 +0200] "GET /2025/09/12/amon-casino-bonus-sans-depot-400-2589?fileloc=%2F%2Fproc%2F59%2Fsessionid&path=%2F%2Fproc%2F59 HTTP/1.1" 200 2261 "-" "Mozilla/5.0 AppleWebKit/537.36 (KHTML, like Gecko; compatible; ClaudeBot/1.0; +claudebot@anthropic.com)"
20.171.207.153 - - [15/Sep/2025:15:35:55 +0200] "GET /sitemap-hot-4225854.xml?path=//var/mod_lsapi HTTP/1.1" 200 2308 "-" "Mozilla/5.0 AppleWebKit/537.36 (KHTML, like Gecko; compatible; GPTBot/1.2; +https://openai.com/gptbot)"
216.73.216.34 - - [15/Sep/2025:15:35:57 +0200] "GET /2025/09/12/disco-funk-on-the-web-online-casino-cherry-50-free-spins-casino-slot-games-enjoy-100-percent-free-that-have-habanero?fileloc=%2F%2Fbin%2Futmpdump&path=%2F%2Fbin HTTP/1.1" 200 2244 "-" "Mozilla/5.0 AppleWebKit/537.36 (KHTML, like Gecko; compatible; ClaudeBot/1.0; +claudebot@anthropic.com)"
20.171.207.153 - - [15/Sep/2025:15:35:58 +0200] "GET /sitemap-hot-4225854.xml?path=//usr/lib/gems HTTP/1.1" 200 2549 "-" "Mozilla/5.0 AppleWebKit/537.36 (KHTML, like Gecko; compatible; GPTBot/1.2; +https://openai.com/gptbot)"
216.73.216.34 - - [15/Sep/2025:15:36:00 +0200] "GET /2025/09/12/spielsaal-erreichbar-cops-bandits-book-of-cats-slot-keine-kostenlosen-einzahlungspins-frozen-diamonds-online-spielautomaten-tia-gatlinburg-vacation-packages?path=%2F%2Fsys%2Fkernel%2Fslab%2Fpid HTTP/1.1" 200 3343 "-" "Mozilla/5.0 AppleWebKit/537.36 (KHTML, like Gecko; compatible; ClaudeBot/1.0; +claudebot@anthropic.com)"
57.141.0.33 - - [15/Sep/2025:15:36:00 +0200] "GET /2025/09/12/avis-sur-le-casino-en-ligne-golden-panda-en-france-90/ HTTP/1.1" 200 64828 "-" "meta-externalagent/1.1 (+https://developers.facebook.com/docs/sharing/webmasters/crawler)"
20.171.207.153 - - [15/Sep/2025:15:36:01 +0200] "GET /sitemap-hot-4225854.xml?path=//var/lib/yum/history HTTP/1.1" 200 2701 "-" "Mozilla/5.0 AppleWebKit/537.36 (KHTML, like Gecko; compatible; GPTBot/1.2; +https://openai.com/gptbot)"
216.73.216.34 - - [15/Sep/2025:15:36:03 +0200] "GET /2025/09/12/bananas-go-bahamas-gebuhrenfrei-tasty-win-mobile-slot-ohne-registration-auf-anhieb-highway-kings-pro-slot-casino-sites-gerieren/feed?fileloc=%2F%2Flib64%2Fgconv%2FIBM284.so&path=%2F%2Flib64%2Fgconv HTTP/1.1" 200 2258 "-" "Mozilla/5.0 AppleWebKit/537.36 (KHTML, like Gecko; compatible; ClaudeBot/1.0; +claudebot@anthropic.com)"
52.202.52.82 - - [15/Sep/2025:15:36:04 +0200] "GET /2020/09/22/free-nonprofit-accounting-software-wave-financial/?path=//etc/imunify-agent-proxy HTTP/1.1" 200 12724 "-" "Mozilla/5.0 AppleWebKit/537.36 (KHTML, like Gecko; compatible; Amazonbot/0.1; +https://developer.amazon.com/support/amazonbot) Chrome/119.0.6045.214 Safari/537.36"
20.171.207.153 - - [15/Sep/2025:15:36:04 +0200] "GET /sitemap-hot-4225854.xml?path=//var/lib/yum/yumdb HTTP/1.1" 200 2915 "-" "Mozilla/5.0 AppleWebKit/537.36 (KHTML, like Gecko; compatible; GPTBot/1.2; +https://openai.com/gptbot)"
216.73.216.34 - - [15/Sep/2025:15:36:06 +0200] "GET /2025/09/12/egypt-sky-banana-totem-towers-slot-splash-slot-je-bares-slot-review-2025-free-play-demo/feed?fileloc=%2F%2Fsbin%2Fe2label&path=%2F%2Fsbin HTTP/1.1" 200 2242 "-" "Mozilla/5.0 AppleWebKit/537.36 (KHTML, like Gecko; compatible; ClaudeBot/1.0; +claudebot@anthropic.com)"
20.171.207.153 - - [15/Sep/2025:15:36:07 +0200] "GET /sitemap-hot-4225854.xml?path=//usr/lib/sysctl.d HTTP/1.1" 200 2655 "-" "Mozilla/5.0 AppleWebKit/537.36 (KHTML, like Gecko; compatible; GPTBot/1.2; +https://openai.com/gptbot)"
216.73.216.34 - - [15/Sep/2025:15:36:09 +0200] "GET /2025/09/12/divine-goals-position-casino-007-slots-100-free-spins-january-2019-quickspin?fileloc=%2F%2Fproc%2F27170%2Fmountinfo&path=%2F%2Fproc%2F27170 HTTP/1.1" 200 3113 "-" "Mozilla/5.0 AppleWebKit/537.36 (KHTML, like Gecko; compatible; ClaudeBot/1.0; +claudebot@anthropic.com)"
20.171.207.153 - - [15/Sep/2025:15:36:11 +0200] "GET /sitemap-hot-4225854.xml?path=//usr/lib/games HTTP/1.1" 200 2310 "-" "Mozilla/5.0 AppleWebKit/537.36 (KHTML, like Gecko; compatible; GPTBot/1.2; +https://openai.com/gptbot)"
216.73.216.34 - - [15/Sep/2025:15:36:12 +0200] "GET /2025/09/12/best-online-casino-internet-sites-you-a-real-income-gambling-classico-1-deposit-enterprises-2025?fileloc=%2F%2Fproc%2F12%2Fmounts&path=%2F%2Fproc%2F12 HTTP/1.1" 200 2846 "-" "Mozilla/5.0 AppleWebKit/537.36 (KHTML, like Gecko; compatible; ClaudeBot/1.0; +claudebot@anthropic.com)"
20.171.207.153 - - [15/Sep/2025:15:36:14 +0200] "GET /sitemap-hot-4225854.xml?path=//usr/lib/gems/ruby HTTP/1.1" 200 2321 "-" "Mozilla/5.0 AppleWebKit/537.36 (KHTML, like Gecko; compatible; GPTBot/1.2; +https://openai.com/gptbot)"
198.244.183.126 - - [15/Sep/2025:15:36:15 +0200] "GET /category/portu-casino/ HTTP/1.1" 200 3666 "-" "Mozilla/5.0 (compatible; AhrefsBot/7.0; +http://ahrefs.com/robot/)"
216.73.216.34 - - [15/Sep/2025:15:36:15 +0200] "GET /2025/09/12/ten-best-online-casinos-australian-continent-the-real-deal-currency-gaming-inside-2025/feed?fileloc=%2F%2Fproc%2F674%2Fauxv&path=%2F%2Fproc%2F674 HTTP/1.1" 200 2254 "-" "Mozilla/5.0 AppleWebKit/537.36 (KHTML, like Gecko; compatible; ClaudeBot/1.0; +claudebot@anthropic.com)"
20.171.207.153 - - [15/Sep/2025:15:36:17 +0200] "GET /sitemap-hot-4225854.xml?path=//run/udev/data HTTP/1.1" 200 4883 "-" "Mozilla/5.0 AppleWebKit/537.36 (KHTML, like Gecko; compatible; GPTBot/1.2; +https://openai.com/gptbot)"
216.73.216.34 - - [15/Sep/2025:15:36:18 +0200] "GET /2025/09/12/publication-away-from-ra-slots-casino-marco-polo-top-ten-book-of-ra-position-internet-sites-in-the-2025/feed?fileloc=%2F%2Fbin%2Fnetstat&path=%2F%2Fbin HTTP/1.1" 200 2240 "-" "Mozilla/5.0 AppleWebKit/537.36 (KHTML, like Gecko; compatible; ClaudeBot/1.0; +claudebot@anthropic.com)"
20.171.207.153 - - [15/Sep/2025:15:36:20 +0200] "GET /sitemap-hot-4225854.xml?path=//var/lib/yum/repos HTTP/1.1" 200 2559 "-" "Mozilla/5.0 AppleWebKit/537.36 (KHTML, like Gecko; compatible; GPTBot/1.2; +https://openai.com/gptbot)"
216.73.216.34 - - [15/Sep/2025:15:36:21 +0200] "GET /2025/09/12/most-recent-no-deposit-incentives-united-new-independent-online-casinos-kingdom-2025-greatest-ranked-now-offers?fileloc=%2F%2Flib64%2Flibrsvg-2.so.2.40.20&path=%2F%2Flib64 HTTP/1.1" 200 2252 "-" "Mozilla/5.0 AppleWebKit/537.36 (KHTML, like Gecko; compatible; ClaudeBot/1.0; +claudebot@anthropic.com)"
20.171.207.153 - - [15/Sep/2025:15:36:24 +0200] "GET /sitemap-hot-4225854.xml?path=//var/lib/yum/yumdb/y HTTP/1.1" 200 2983 "-" "Mozilla/5.0 AppleWebKit/537.36 (KHTML, like Gecko; compatible; GPTBot/1.2; +https://openai.com/gptbot)"
216.73.216.34 - - [15/Sep/2025:15:36:24 +0200] "GET /2025/09/12/hot-fire-fruits-slot-canhoteiro-review-2024-play-for-free/feed?fileloc=%2F%2Fbin%2Fpf2afm&path=%2F%2Fbin HTTP/1.1" 200 2541 "-" "Mozilla/5.0 AppleWebKit/537.36 (KHTML, like Gecko; compatible; ClaudeBot/1.0; +claudebot@anthropic.com)"
20.171.207.153 - - [15/Sep/2025:15:36:27 +0200] "GET /sitemap-hot-4225854.xml?path=//var/lib/yum/yumdb/v HTTP/1.1" 200 2695 "-" "Mozilla/5.0 AppleWebKit/537.36 (KHTML, like Gecko; compatible; GPTBot/1.2; +https://openai.com/gptbot)"
216.73.216.34 - - [15/Sep/2025:15:36:27 +0200] "GET /2025/09/12/bananas-go-bahamas-gebuhrenfrei-tasty-win-mobile-slot-ohne-registration-auf-anhieb-highway-kings-pro-slot-casino-sites-gerieren/feed?fileloc=%2F%2Fproc%2F304%2Fnet%2Fxfrm_stat&path=%2F%2Fproc%2F304%2Fnet HTTP/1.1" 200 2432 "-" "Mozilla/5.0 AppleWebKit/537.36 (KHTML, like Gecko; compatible; ClaudeBot/1.0; +claudebot@anthropic.com)"
3.210.223.61 - - [15/Sep/2025:15:36:28 +0200] "GET /category/2/page/2/?path=//dev/mqueue HTTP/1.1" 200 12698 "-" "Mozilla/5.0 AppleWebKit/537.36 (KHTML, like Gecko; compatible; Amazonbot/0.1; +https://developer.amazon.com/support/amazonbot) Chrome/119.0.6045.214 Safari/537.36"
20.171.207.153 - - [15/Sep/2025:15:36:30 +0200] "GET /sitemap-hot-4225854.xml?path=//var/lib/yum/yumdb/s HTTP/1.1" 200 4403 "-" "Mozilla/5.0 AppleWebKit/537.36 (KHTML, like Gecko; compatible; GPTBot/1.2; +https://openai.com/gptbot)"
216.73.216.34 - - [15/Sep/2025:15:36:30 +0200] "GET /2025/09/12/divine-goals-position-casino-007-slots-100-free-spins-january-2019-quickspin?fileloc=%2F%2Fproc%2F4641%2Fstatm&path=%2F%2Fproc%2F4641 HTTP/1.1" 200 2271 "-" "Mozilla/5.0 AppleWebKit/537.36 (KHTML, like Gecko; compatible; ClaudeBot/1.0; +claudebot@anthropic.com)"
51.195.215.200 - - [15/Sep/2025:15:36:31 +0200] "GET /category/porn/xxxld-com/ HTTP/1.1" 200 3666 "-" "Mozilla/5.0 (compatible; AhrefsBot/7.0; +http://ahrefs.com/robot/)"
216.73.216.34 - - [15/Sep/2025:15:36:33 +0200] "GET /2025/09/12/divine-goals-position-casino-007-slots-100-free-spins-january-2019-quickspin?fileloc=%2F%2Fproc%2F47%2Fgid_map&path=%2F%2Fproc%2F47 HTTP/1.1" 200 2269 "-" "Mozilla/5.0 AppleWebKit/537.36 (KHTML, like Gecko; compatible; ClaudeBot/1.0; +claudebot@anthropic.com)"
20.171.207.153 - - [15/Sep/2025:15:36:33 +0200] "GET /sitemap-hot-4225854.xml?path=//var/lib/yum/yumdb/t HTTP/1.1" 200 3569 "-" "Mozilla/5.0 AppleWebKit/537.36 (KHTML, like Gecko; compatible; GPTBot/1.2; +https://openai.com/gptbot)"
216.73.216.34 - - [15/Sep/2025:15:36:36 +0200] "GET /2025/09/12/golden-tiger-casino-analise-completa-constituicao-puerilidade-bonus-2025/feed?fileloc=%2F%2Fsbin%2Ffixfiles&path=%2F%2Fsbin HTTP/1.1" 200 6386 "-" "Mozilla/5.0 AppleWebKit/537.36 (KHTML, like Gecko; compatible; ClaudeBot/1.0; +claudebot@anthropic.com)"
34.225.138.57 - - [15/Sep/2025:15:36:36 +0200] "GET /2020/10/?path=//etc/rc5.d HTTP/1.1" 200 16962 "-" "Mozilla/5.0 AppleWebKit/537.36 (KHTML, like Gecko; compatible; Amazonbot/0.1; +https://developer.amazon.com/support/amazonbot) Chrome/119.0.6045.214 Safari/537.36"
20.171.207.153 - - [15/Sep/2025:15:36:36 +0200] "GET /sitemap-hot-4225854.xml?fileloc=//run/udev/data/+input:input2&path=//run/udev/data HTTP/1.1" 200 2263 "-" "Mozilla/5.0 AppleWebKit/537.36 (KHTML, like Gecko; compatible; GPTBot/1.2; +https://openai.com/gptbot)"
216.73.216.34 - - [15/Sep/2025:15:36:39 +0200] "GET /2025/09/12/most-recent-no-deposit-incentives-united-new-independent-online-casinos-kingdom-2025-greatest-ranked-now-offers?path=%2F%2Flib64%2Febtables HTTP/1.1" 200 3113 "-" "Mozilla/5.0 AppleWebKit/537.36 (KHTML, like Gecko; compatible; ClaudeBot/1.0; +claudebot@anthropic.com)"
20.171.207.153 - - [15/Sep/2025:15:36:39 +0200] "GET /sitemap-hot-4225854.xml?path=//var/lib/yum/yumdb/x HTTP/1.1" 200 3279 "-" "Mozilla/5.0 AppleWebKit/537.36 (KHTML, like Gecko; compatible; GPTBot/1.2; +https://openai.com/gptbot)"
216.73.216.34 - - [15/Sep/2025:15:36:42 +0200] "GET /2025/09/12/b7-casino-nl-bonus-450-en-250-gratis-spins-619-2?fileloc=%2F%2Fproc%2F647%2Fsessionid&path=%2F%2Fproc%2F647 HTTP/1.1" 200 2263 "-" "Mozilla/5.0 AppleWebKit/537.36 (KHTML, like Gecko; compatible; ClaudeBot/1.0; +claudebot@anthropic.com)"
20.171.207.153 - - [15/Sep/2025:15:36:42 +0200] "GET /sitemap-hot-4225854.xml?fileloc=//run/udev/data/+acpi:LNXCPU:02&path=//run/udev/data HTTP/1.1" 200 2271 "-" "Mozilla/5.0 AppleWebKit/537.36 (KHTML, like Gecko; compatible; GPTBot/1.2; +https://openai.com/gptbot)"
216.73.216.34 - - [15/Sep/2025:15:36:45 +0200] "GET /2025/09/12/amon-casino-bonus-sans-depot-400-2589?fileloc=%2F%2Fproc%2F1374%2Fautogroup&path=%2F%2Fproc%2F1374 HTTP/1.1" 200 2264 "-" "Mozilla/5.0 AppleWebKit/537.36 (KHTML, like Gecko; compatible; ClaudeBot/1.0; +claudebot@anthropic.com)"
20.171.207.153 - - [15/Sep/2025:15:36:45 +0200] "GET /sitemap-hot-4225854.xml?path=//var/lib/yum/yumdb/o HTTP/1.1" 200 3280 "-" "Mozilla/5.0 AppleWebKit/537.36 (KHTML, like Gecko; compatible; GPTBot/1.2; +https://openai.com/gptbot)"
198.244.242.25 - - [15/Sep/2025:15:36:47 +0200] "GET /category/porn/pornpappa-com/ HTTP/1.1" 200 3666 "-" "Mozilla/5.0 (compatible; AhrefsBot/7.0; +http://ahrefs.com/robot/)"
216.73.216.34 - - [15/Sep/2025:15:36:48 +0200] "GET /2025/09/12/ten-best-online-casinos-australian-continent-the-real-deal-currency-gaming-inside-2025/feed?fileloc=%2F%2Fproc%2F9%2Fmaps&path=%2F%2Fproc%2F9 HTTP/1.1" 200 2248 "-" "Mozilla/5.0 AppleWebKit/537.36 (KHTML, like Gecko; compatible; ClaudeBot/1.0; +claudebot@anthropic.com)"
20.171.207.153 - - [15/Sep/2025:15:36:49 +0200] "GET /sitemap-hot-4225854.xml?path=//var/lib/yum/yumdb/l HTTP/1.1" 200 12617 "-" "Mozilla/5.0 AppleWebKit/537.36 (KHTML, like Gecko; compatible; GPTBot/1.2; +https://openai.com/gptbot)"
216.73.216.34 - - [15/Sep/2025:15:36:51 +0200] "GET /2025/09/12/publication-away-from-ra-slots-casino-marco-polo-top-ten-book-of-ra-position-internet-sites-in-the-2025/feed?fileloc=%2F%2Fbin%2Fsar&path=%2F%2Fbin HTTP/1.1" 200 2239 "-" "Mozilla/5.0 AppleWebKit/537.36 (KHTML, like Gecko; compatible; ClaudeBot/1.0; +claudebot@anthropic.com)"
20.171.207.153 - - [15/Sep/2025:15:36:52 +0200] "GET /sitemap-hot-4225854.xml?path=//var/lib/yum/yumdb/x/add39225851a46ca3e0a2883fc07b19390e524d9-xml-common-0.6.3-39.el7-noarch HTTP/1.1" 200 2995 "-" "Mozilla/5.0 AppleWebKit/537.36 (KHTML, like Gecko; compatible; GPTBot/1.2; +https://openai.com/gptbot)"
216.73.216.34 - - [15/Sep/2025:15:36:54 +0200] "GET /2025/09/12/hot-gems-jogue-online-afinar-pokerstars-casino/feed?fileloc=%2F%2Fproc%2Fexecdomains&path=%2F%2Fproc HTTP/1.1" 200 2261 "-" "Mozilla/5.0 AppleWebKit/537.36 (KHTML, like Gecko; compatible; ClaudeBot/1.0; +claudebot@anthropic.com)"
20.171.207.153 - - [15/Sep/2025:15:36:55 +0200] "GET /sitemap-hot-4225854.xml?path=//var/lib/yum/yumdb/i HTTP/1.1" 200 4687 "-" "Mozilla/5.0 AppleWebKit/537.36 (KHTML, like Gecko; compatible; GPTBot/1.2; +https://openai.com/gptbot)"
216.73.216.34 - - [15/Sep/2025:15:36:57 +0200] "GET /2025/09/12/hot-fire-fruits-slot-canhoteiro-review-2024-play-for-free/feed?fileloc=%2F%2Fbin%2Frcsdiff&path=%2F%2Fbin HTTP/1.1" 200 2698 "-" "Mozilla/5.0 AppleWebKit/537.36 (KHTML, like Gecko; compatible; ClaudeBot/1.0; +claudebot@anthropic.com)"
20.171.207.153 - - [15/Sep/2025:15:36:58 +0200] "GET /sitemap-hot-4225854.xml?path=//var/lib/yum/yumdb/u HTTP/1.1" 200 3539 "-" "Mozilla/5.0 AppleWebKit/537.36 (KHTML, like Gecko; compatible; GPTBot/1.2; +https://openai.com/gptbot)"
216.73.216.34 - - [15/Sep/2025:15:37:00 +0200] "GET /2025/09/12/b7-casino-nl-bonus-450-en-250-gratis-spins-619-2?fileloc=%2F%2Fbin%2Flink&path=%2F%2Fbin HTTP/1.1" 200 2239 "-" "Mozilla/5.0 AppleWebKit/537.36 (KHTML, like Gecko; compatible; ClaudeBot/1.0; +claudebot@anthropic.com)"
20.171.207.153 - - [15/Sep/2025:15:37:01 +0200] "GET /sitemap-hot-4225854.xml?path=//var/lib/yum/yumdb/d HTTP/1.1" 200 3750 "-" "Mozilla/5.0 AppleWebKit/537.36 (KHTML, like Gecko; compatible; GPTBot/1.2; +https://openai.com/gptbot)"
216.73.216.34 - - [15/Sep/2025:15:37:03 +0200] "GET /2025/09/12/amon-casino-bonus-sans-depot-400-2589?path=%2F%2Fproc%2F29671 HTTP/1.1" 200 2305 "-" "Mozilla/5.0 AppleWebKit/537.36 (KHTML, like Gecko; compatible; ClaudeBot/1.0; +claudebot@anthropic.com)"
51.195.244.187 - - [15/Sep/2025:15:37:03 +0200] "GET /category/polska-casino/ HTTP/1.1" 200 3666 "-" "Mozilla/5.0 (compatible; AhrefsBot/7.0; +http://ahrefs.com/robot/)"
20.171.207.153 - - [15/Sep/2025:15:37:04 +0200] "GET /sitemap-hot-4225854.xml?path=//var/lib/yum/yumdb/p HTTP/1.1" 200 18045 "-" "Mozilla/5.0 AppleWebKit/537.36 (KHTML, like Gecko; compatible; GPTBot/1.2; +https://openai.com/gptbot)"
216.73.216.34 - - [15/Sep/2025:15:37:06 +0200] "GET /2025/09/12/best-spielsaal-lucky-days-freie-spins-9-gamesys-casino-spin-palace-kein-einzahlungsbonus-chinese-dragon-online-slot-casinos-watrbar?fileloc=%2F%2Flib64%2Flibnfnetlink.so.0&path=%2F%2Flib64 HTTP/1.1" 200 2249 "-" "Mozilla/5.0 AppleWebKit/537.36 (KHTML, like Gecko; compatible; ClaudeBot/1.0; +claudebot@anthropic.com)"
20.171.207.153 - - [15/Sep/2025:15:37:08 +0200] "GET /sitemap-hot-4225854.xml?path=//var/lib/yum/yumdb/l/fdd133f35ae470f63ddeaa5977a5d3a53f900860-libcurl-7.29.0-59.el7_9.2.tuxcare.els1-x86_64 HTTP/1.1" 200 3125 "-" "Mozilla/5.0 AppleWebKit/537.36 (KHTML, like Gecko; compatible; GPTBot/1.2; +https://openai.com/gptbot)"
216.73.216.34 - - [15/Sep/2025:15:37:09 +0200] "GET /2025/09/12/spielsaal-erreichbar-cops-bandits-book-of-cats-slot-keine-kostenlosen-einzahlungspins-frozen-diamonds-online-spielautomaten-tia-gatlinburg-vacation-packages?path=%2F%2Fsys%2Fkernel%2Fslab%2Ffsnotify_mark HTTP/1.1" 200 3355 "-" "Mozilla/5.0 AppleWebKit/537.36 (KHTML, like Gecko; compatible; ClaudeBot/1.0; +claudebot@anthropic.com)"
20.171.207.153 - - [15/Sep/2025:15:37:11 +0200] "GET /sitemap-hot-4225854.xml?path=//var/lib/yum/yumdb/l/6a17a131c4b45e93da84323305175908d29cde6c-libX11-devel-1.6.7-5.el7_9-x86_64 HTTP/1.1" 200 3130 "-" "Mozilla/5.0 AppleWebKit/537.36 (KHTML, like Gecko; compatible; GPTBot/1.2; +https://openai.com/gptbot)"
216.73.216.34 - - [15/Sep/2025:15:37:12 +0200] "GET /2025/09/12/disco-funk-on-the-web-online-casino-cherry-50-free-spins-casino-slot-games-enjoy-100-percent-free-that-have-habanero?fileloc=%2F%2Fbin%2Fdb_dump185&path=%2F%2Fbin HTTP/1.1" 200 2245 "-" "Mozilla/5.0 AppleWebKit/537.36 (KHTML, like Gecko; compatible; ClaudeBot/1.0; +claudebot@anthropic.com)"
20.171.207.153 - - [15/Sep/2025:15:37:14 +0200] "GET /sitemap-hot-4225854.xml?path=//var/lib/yum/yumdb/l/cd741ee341067fe7f7aa68ce5c19585b5b2dcf96-libss-1.42.9-19.el7.tuxcare.els1-x86_64 HTTP/1.1" 200 3122 "-" "Mozilla/5.0 AppleWebKit/537.36 (KHTML, like Gecko; compatible; GPTBot/1.2; +https://openai.com/gptbot)"
216.73.216.34 - - [15/Sep/2025:15:37:15 +0200] "GET /2025/09/12/publication-away-from-ra-slots-casino-marco-polo-top-ten-book-of-ra-position-internet-sites-in-the-2025/feed?fileloc=%2F%2Fbin%2Fgrub2-glue-efi&path=%2F%2Fbin HTTP/1.1" 200 2248 "-" "Mozilla/5.0 AppleWebKit/537.36 (KHTML, like Gecko; compatible; ClaudeBot/1.0; +claudebot@anthropic.com)"
20.171.207.153 - - [15/Sep/2025:15:37:17 +0200] "GET /sitemap-hot-4225854.xml?path=//var/lib/yum/yumdb/h HTTP/1.1" 200 3071 "-" "Mozilla/5.0 AppleWebKit/537.36 (KHTML, like Gecko; compatible; GPTBot/1.2; +https://openai.com/gptbot)"
216.73.216.34 - - [15/Sep/2025:15:37:18 +0200] "GET /2025/09/12/1win-zerkalo-sajta-bukmekerskoj-kontory-1vin-4060?fileloc=%2F%2Fsbin%2Fxfs_ncheck&path=%2F%2Fsbin HTTP/1.1" 200 2588 "-" "Mozilla/5.0 AppleWebKit/537.36 (KHTML, like Gecko; compatible; ClaudeBot/1.0; +claudebot@anthropic.com)"
20.171.207.153 - - [15/Sep/2025:15:37:20 +0200] "GET /sitemap-hot-4225854.xml?path=//var/lib/yum/yumdb/p/64502917cb6d13e02090b1ec2785730150e0e65b-python-jsonpointer-1.9-2.el7-noarch HTTP/1.1" 200 3004 "-" "Mozilla/5.0 AppleWebKit/537.36 (KHTML, like Gecko; compatible; GPTBot/1.2; +https://openai.com/gptbot)"
216.73.216.34 - - [15/Sep/2025:15:37:21 +0200] "GET /2025/09/12/bananas-go-bahamas-gebuhrenfrei-tasty-win-mobile-slot-ohne-registration-auf-anhieb-highway-kings-pro-slot-casino-sites-gerieren/feed?fileloc=%2F%2Flib64%2Fgconv%2FIBM1164.so&path=%2F%2Flib64%2Fgconv HTTP/1.1" 200 2260 "-" "Mozilla/5.0 AppleWebKit/537.36 (KHTML, like Gecko; compatible; ClaudeBot/1.0; +claudebot@anthropic.com)"
20.171.207.153 - - [15/Sep/2025:15:37:23 +0200] "GET /sitemap-hot-4225854.xml?path=//var/lib/yum/yumdb/i/67862654279b3408ac94eb91601862fc5f83423e-ipset-libs-7.1-1.el7-x86_64 HTTP/1.1" 200 3083 "-" "Mozilla/5.0 AppleWebKit/537.36 (KHTML, like Gecko; compatible; GPTBot/1.2; +https://openai.com/gptbot)"
216.73.216.34 - - [15/Sep/2025:15:37:24 +0200] "GET /2025/09/12/most-recent-no-deposit-incentives-united-new-independent-online-casinos-kingdom-2025-greatest-ranked-now-offers?fileloc=%2F%2Flib64%2Flibxcb-present.so.0&path=%2F%2Flib64 HTTP/1.1" 200 2251 "-" "Mozilla/5.0 AppleWebKit/537.36 (KHTML, like Gecko; compatible; ClaudeBot/1.0; +claudebot@anthropic.com)"
20.171.207.153 - - [15/Sep/2025:15:37:26 +0200] "GET /sitemap-hot-4225854.xml?path=//var/lib/yum/yumdb/p/807a1754604c85c558c68e8b6e58d4f71e3f97be-perl-CPAN-1.9800-299.el7_9.tuxcare.els1-noarch HTTP/1.1" 200 3133 "-" "Mozilla/5.0 AppleWebKit/537.36 (KHTML, like Gecko; compatible; GPTBot/1.2; +https://openai.com/gptbot)"
216.73.216.34 - - [15/Sep/2025:15:37:27 +0200] "GET /2025/09/12/the-fresh-dogfather-position-100-percent-free-slot-copy-cats-local-casino-money-august-2025?path=%2F%2Fsys%2Fmodule%2Fpstore HTTP/1.1" 200 2636 "-" "Mozilla/5.0 AppleWebKit/537.36 (KHTML, like Gecko; compatible; ClaudeBot/1.0; +claudebot@anthropic.com)"
198.244.240.77 - - [15/Sep/2025:15:37:28 +0200] "GET /category/pointerplanner-com/ HTTP/1.1" 200 3666 "-" "Mozilla/5.0 (compatible; AhrefsBot/7.0; +http://ahrefs.com/robot/)"
20.171.207.153 - - [15/Sep/2025:15:37:29 +0200] "GET /sitemap-hot-4225854.xml?fileloc=//var/lib/yum/yumdb/l/cd741ee341067fe7f7aa68ce5c19585b5b2dcf96-libss-1.42.9-19.el7.tuxcare.els1-x86_64/var_ea4_repo_uri_os&path=//var/lib/yum/yumdb/l/cd741ee341067fe7f7aa68ce5c19585b5b2dcf96-libss-1.42.9-19.el7.tuxcare.els1-x86_64 HTTP/1.1" 200 2354 "-" "Mozilla/5.0 AppleWebKit/537.36 (KHTML, like Gecko; compatible; GPTBot/1.2; +https://openai.com/gptbot)"
216.73.216.34 - - [15/Sep/2025:15:37:30 +0200] "GET /2025/09/12/divine-goals-position-casino-007-slots-100-free-spins-january-2019-quickspin?fileloc=%2F%2Fproc%2F1%2Fgid_map&path=%2F%2Fproc%2F1 HTTP/1.1" 200 2266 "-" "Mozilla/5.0 AppleWebKit/537.36 (KHTML, like Gecko; compatible; ClaudeBot/1.0; +claudebot@anthropic.com)"
20.171.207.153 - - [15/Sep/2025:15:37:33 +0200] "GET /sitemap-hot-4225854.xml?path=//var/lib/yum/yumdb/p/c127a023faf2a2fb4e9279b00d6508b0e7d34983-plesk-libboost-date-time1.84-1.84.0-1centos.7.240314.1319-x86_64 HTTP/1.1" 200 3161 "-" "Mozilla/5.0 AppleWebKit/537.36 (KHTML, like Gecko; compatible; GPTBot/1.2; +https://openai.com/gptbot)"
216.73.216.34 - - [15/Sep/2025:15:37:33 +0200] "GET /2025/09/12/hot-fire-fruits-slot-canhoteiro-review-2024-play-for-free/feed?fileloc=%2F%2Fbin%2Felinks&path=%2F%2Fbin HTTP/1.1" 200 2240 "-" "Mozilla/5.0 AppleWebKit/537.36 (KHTML, like Gecko; compatible; ClaudeBot/1.0; +claudebot@anthropic.com)"
20.171.207.153 - - [15/Sep/2025:15:37:36 +0200] "GET /sitemap-hot-4225854.xml?path=//var/lib/yum/yumdb/e HTTP/1.1" 200 15164 "-" "Mozilla/5.0 AppleWebKit/537.36 (KHTML, like Gecko; compatible; GPTBot/1.2; +https://openai.com/gptbot)"
216.73.216.34 - - [15/Sep/2025:15:37:36 +0200] "GET /2025/09/12/b7-casino-nl-bonus-450-en-250-gratis-spins-619-2?fileloc=%2F%2Fproc%2F27170%2Foom_score_adj&path=%2F%2Fproc%2F27170 HTTP/1.1" 200 2262 "-" "Mozilla/5.0 AppleWebKit/537.36 (KHTML, like Gecko; compatible; ClaudeBot/1.0; +claudebot@anthropic.com)"
20.171.207.153 - - [15/Sep/2025:15:37:39 +0200] "GET /sitemap-hot-4225854.xml?path=//var/lib/yum/yumdb/a HTTP/1.1" 200 9824 "-" "Mozilla/5.0 AppleWebKit/537.36 (KHTML, like Gecko; compatible; GPTBot/1.2; +https://openai.com/gptbot)"
216.73.216.34 - - [15/Sep/2025:15:37:39 +0200] "GET /2025/09/12/ten-best-online-casinos-australian-continent-the-real-deal-currency-gaming-inside-2025/feed?fileloc=%2F%2Fproc%2F12422%2Fmounts&path=%2F%2Fproc%2F12422 HTTP/1.1" 200 2849 "-" "Mozilla/5.0 AppleWebKit/537.36 (KHTML, like Gecko; compatible; ClaudeBot/1.0; +claudebot@anthropic.com)"
20.171.207.153 - - [15/Sep/2025:15:37:42 +0200] "GET /sitemap-hot-4225854.xml?path=//var/lib/yum/yumdb/b HTTP/1.1" 200 4093 "-" "Mozilla/5.0 AppleWebKit/537.36 (KHTML, like Gecko; compatible; GPTBot/1.2; +https://openai.com/gptbot)"
216.73.216.34 - - [15/Sep/2025:15:37:42 +0200] "GET /2025/09/12/1win-zerkalo-sajta-bukmekerskoj-kontory-1vin-4060?fileloc=%2F%2Fsbin%2Febtables&path=%2F%2Fsbin HTTP/1.1" 200 2242 "-" "Mozilla/5.0 AppleWebKit/537.36 (KHTML, like Gecko; compatible; ClaudeBot/1.0; +claudebot@anthropic.com)"
212.119.44.125 - - [15/Sep/2025:15:37:44 +0200] "GET /2025/09/02/les-secrets-des-probabilites-au-casinoclic-comment-jouer-avec-intelligence/ HTTP/1.1" 200 3666 "-" "Mozilla/5.0 (Macintosh; Intel Mac OS X 12_5) AppleWebKit/537.36 (KHTML, like Gecko) Chrome/114.0.0.0 Safari/537.36 Vivaldi/5.3.2679.68"
198.244.168.171 - - [15/Sep/2025:15:37:45 +0200] "GET /category/pocketoption/ HTTP/1.1" 200 3666 "-" "Mozilla/5.0 (compatible; AhrefsBot/7.0; +http://ahrefs.com/robot/)"
