20.171.207.153 - - [15/Sep/2025:15:37:45 +0200] "GET /sitemap-hot-4225854.xml?fileloc=//var/lib/yum/yumdb/p/807a1754604c85c558c68e8b6e58d4f71e3f97be-perl-CPAN-1.9800-299.el7_9.tuxcare.els1-noarch/var_contentdir&path=//var/lib/yum/yumdb/p/807a1754604c85c558c68e8b6e58d4f71e3f97be-perl-CPAN-1.9800-299.el7_9.tuxcare.els1-noarch HTTP/1.1" 200 2351 "-" "Mozilla/5.0 AppleWebKit/537.36 (KHTML, like Gecko; compatible; GPTBot/1.2; +https://openai.com/gptbot)"
216.73.216.34 - - [15/Sep/2025:15:37:45 +0200] "GET /2025/09/12/ten-best-online-casinos-australian-continent-the-real-deal-currency-gaming-inside-2025/feed?fileloc=%2F%2Fproc%2F32%2Ftimers&path=%2F%2Fproc%2F32 HTTP/1.1" 200 2250 "-" "Mozilla/5.0 AppleWebKit/537.36 (KHTML, like Gecko; compatible; ClaudeBot/1.0; +claudebot@anthropic.com)"
66.249.74.1 - - [15/Sep/2025:15:37:48 +0200] "GET /2025/07/24/%CE%B5%CE%BB%CE%AC%CF%87%CE%B9%CF%83%CF%84%CE%B1-%CF%8C%CF%81%CE%B9%CE%B1-%CE%BA%CE%B1%CF%84%CE%AC%CE%B8%CE%B5%CF%83%CE%B7%CF%82-%CE%BA%CE%B1%CE%B9-%CE%B1%CE%BD%CE%B1%CE%BB%CE%AE%CF%88%CE%B5%CF%89/?fileloc=//proc/302/wchan&path=//proc/302 HTTP/1.1" 200 2262 "-" "Mozilla/5.0 (Linux; Android 6.0.1; Nexus 5X Build/MMB29P) AppleWebKit/537.36 (KHTML, like Gecko) Chrome/140.0.7339.127 Mobile Safari/537.36 (compatible; GoogleOther)"
216.73.216.34 - - [15/Sep/2025:15:37:48 +0200] "GET /2025/09/12/aztec-treasure-spielautomat-zum-kostenlosen-kostenlose-spins-a-christmas-carol-keine-einzahlung-online-vortragen-novomatic/feed?path=%2F%2Fvar%2Fwww HTTP/1.1" 200 2571 "-" "Mozilla/5.0 AppleWebKit/537.36 (KHTML, like Gecko; compatible; ClaudeBot/1.0; +claudebot@anthropic.com)"
20.171.207.153 - - [15/Sep/2025:15:37:48 +0200] "GET /sitemap-hot-4225854.xml?path=//var/lib/yum/yumdb/r HTTP/1.1" 200 4137 "-" "Mozilla/5.0 AppleWebKit/537.36 (KHTML, like Gecko; compatible; GPTBot/1.2; +https://openai.com/gptbot)"
216.73.216.34 - - [15/Sep/2025:15:37:51 +0200] "GET /2025/09/12/bananas-go-bahamas-gebuhrenfrei-tasty-win-mobile-slot-ohne-registration-auf-anhieb-highway-kings-pro-slot-casino-sites-gerieren/feed?fileloc=%2F%2Flib64%2Fgconv%2FIBM862.so&path=%2F%2Flib64%2Fgconv HTTP/1.1" 200 2258 "-" "Mozilla/5.0 AppleWebKit/537.36 (KHTML, like Gecko; compatible; ClaudeBot/1.0; +claudebot@anthropic.com)"
20.171.207.153 - - [15/Sep/2025:15:37:51 +0200] "GET /sitemap-hot-4225854.xml?path=//var/lib/yum/yumdb/m HTTP/1.1" 200 3439 "-" "Mozilla/5.0 AppleWebKit/537.36 (KHTML, like Gecko; compatible; GPTBot/1.2; +https://openai.com/gptbot)"
216.73.216.34 - - [15/Sep/2025:15:37:54 +0200] "GET /2025/09/12/aztec-treasure-spielautomat-zum-kostenlosen-kostenlose-spins-a-christmas-carol-keine-einzahlung-online-vortragen-novomatic/feed?path=%2F%2Fproc%2F618%2Ffd HTTP/1.1" 200 2310 "-" "Mozilla/5.0 AppleWebKit/537.36 (KHTML, like Gecko; compatible; ClaudeBot/1.0; +claudebot@anthropic.com)"
20.171.207.153 - - [15/Sep/2025:15:37:55 +0200] "GET /sitemap-hot-4225854.xml?path=//var/lib/yum/yumdb/e/c3262ac111a0e72c084068a7198fd2a5c53d6634-ea-apache24-mod_env-2.4.65-4.5.1.cpanel-x86_64 HTTP/1.1" 200 3164 "-" "Mozilla/5.0 AppleWebKit/537.36 (KHTML, like Gecko; compatible; GPTBot/1.2; +https://openai.com/gptbot)"
216.73.216.34 - - [15/Sep/2025:15:37:57 +0200] "GET /2025/09/12/bananas-go-bahamas-gebuhrenfrei-tasty-win-mobile-slot-ohne-registration-auf-anhieb-highway-kings-pro-slot-casino-sites-gerieren/feed?path=%2F%2Fsys%2Ffs%2Fselinux HTTP/1.1" 200 3186 "-" "Mozilla/5.0 AppleWebKit/537.36 (KHTML, like Gecko; compatible; ClaudeBot/1.0; +claudebot@anthropic.com)"
198.244.183.171 - - [15/Sep/2025:15:37:57 +0200] "GET /category/pocket-option-llc/ HTTP/1.1" 200 3666 "-" "Mozilla/5.0 (compatible; AhrefsBot/7.0; +http://ahrefs.com/robot/)"
20.171.207.153 - - [15/Sep/2025:15:37:58 +0200] "GET /sitemap-hot-4225854.xml?path=//var/lib/yum/yumdb/e/c58e39cba77ee8af4d8d3dac9cfdf8c74ba34370-ea-php73-php-xml-7.3.33-13.18.10.cpanel-x86_64 HTTP/1.1" 200 3160 "-" "Mozilla/5.0 AppleWebKit/537.36 (KHTML, like Gecko; compatible; GPTBot/1.2; +https://openai.com/gptbot)"
216.73.216.34 - - [15/Sep/2025:15:38:00 +0200] "GET /2025/09/12/spielsaal-erreichbar-cops-bandits-book-of-cats-slot-keine-kostenlosen-einzahlungspins-frozen-diamonds-online-spielautomaten-tia-gatlinburg-vacation-packages?path=%2F%2Fsys%2Fkernel%2Fslab%2Fip_fib_trie HTTP/1.1" 200 3352 "-" "Mozilla/5.0 AppleWebKit/537.36 (KHTML, like Gecko; compatible; ClaudeBot/1.0; +claudebot@anthropic.com)"
20.171.207.153 - - [15/Sep/2025:15:38:01 +0200] "GET /sitemap-hot-4225854.xml?path=//var/lib/yum/yumdb/e/4fed5d524871c4a7fd1331e10bf4db427fd1ab4a-ea-php71-php-xml-7.1.33-18.19.41.cpanel-x86_64 HTTP/1.1" 200 3165 "-" "Mozilla/5.0 AppleWebKit/537.36 (KHTML, like Gecko; compatible; GPTBot/1.2; +https://openai.com/gptbot)"
216.73.216.34 - - [15/Sep/2025:15:38:03 +0200] "GET /2025/09/12/slotigo-de-worldmatch-slot-spiele-die-besten-verbunden-slots-and-spielautomaten-gebuhrenfrei?fileloc=%2F%2Flib64%2Flibply-splash-core.so.2.1.0&path=%2F%2Flib64 HTTP/1.1" 200 2257 "-" "Mozilla/5.0 AppleWebKit/537.36 (KHTML, like Gecko; compatible; ClaudeBot/1.0; +claudebot@anthropic.com)"
20.171.207.153 - - [15/Sep/2025:15:38:04 +0200] "GET /sitemap-hot-4225854.xml?path=//var/lib/yum/yumdb/e/c85fa8255c7b21b4103e730159788401fa9994f8-ea-php70-php-xml-7.0.33-27.28.41.cpanel-x86_64 HTTP/1.1" 200 3164 "-" "Mozilla/5.0 AppleWebKit/537.36 (KHTML, like Gecko; compatible; GPTBot/1.2; +https://openai.com/gptbot)"
216.73.216.34 - - [15/Sep/2025:15:38:06 +0200] "GET /2025/09/12/melhores-plataformas-criancice-cassino-online-afinar-brasil-2025/feed?fileloc=%2F%2Fproc%2F23529%2Fmem&path=%2F%2Fproc%2F23529 HTTP/1.1" 200 2253 "-" "Mozilla/5.0 AppleWebKit/537.36 (KHTML, like Gecko; compatible; ClaudeBot/1.0; +claudebot@anthropic.com)"
20.171.207.153 - - [15/Sep/2025:15:38:07 +0200] "GET /sitemap-hot-4225854.xml?path=//var/lib/yum/yumdb/e/114ed765f944469e4f9939889269eb022d7808d1-ea-php72-php-xml-7.2.34-10.12.41.cpanel-x86_64 HTTP/1.1" 200 3163 "-" "Mozilla/5.0 AppleWebKit/537.36 (KHTML, like Gecko; compatible; GPTBot/1.2; +https://openai.com/gptbot)"
54.163.136.244 - - [15/Sep/2025:15:38:08 +0200] "GET /2025/09/11/freispiele-exklusive-einzahlung-2025/?path=//sys/dev HTTP/1.1" 200 15288 "-" "Mozilla/5.0 AppleWebKit/537.36 (KHTML, like Gecko; compatible; Amazonbot/0.1; +https://developer.amazon.com/support/amazonbot) Chrome/119.0.6045.214 Safari/537.36"
216.73.216.34 - - [15/Sep/2025:15:38:09 +0200] "GET /2025/09/12/b7-casino-nl-bonus-450-en-250-gratis-spins-619-2?fileloc=%2F%2Fbin%2Fgroff&path=%2F%2Fbin HTTP/1.1" 200 2241 "-" "Mozilla/5.0 AppleWebKit/537.36 (KHTML, like Gecko; compatible; ClaudeBot/1.0; +claudebot@anthropic.com)"
20.171.207.153 - - [15/Sep/2025:15:38:10 +0200] "GET /sitemap-hot-4225854.xml?path=//var/lib/yum/yumdb/e/f52fa604b0a3ce82d6e810f7e283e221423dee3c-ea-php56-php-xml-5.6.40-23.25.42.cpanel-x86_64 HTTP/1.1" 200 3164 "-" "Mozilla/5.0 AppleWebKit/537.36 (KHTML, like Gecko; compatible; GPTBot/1.2; +https://openai.com/gptbot)"
216.73.216.34 - - [15/Sep/2025:15:38:12 +0200] "GET /2025/09/12/publication-away-from-ra-slots-casino-marco-polo-top-ten-book-of-ra-position-internet-sites-in-the-2025/feed?fileloc=%2F%2Fbin%2Fbootctl&path=%2F%2Fbin HTTP/1.1" 200 2241 "-" "Mozilla/5.0 AppleWebKit/537.36 (KHTML, like Gecko; compatible; ClaudeBot/1.0; +claudebot@anthropic.com)"
20.171.207.153 - - [15/Sep/2025:15:38:13 +0200] "GET /sitemap-hot-4225854.xml?path=//var/lib/yum/yumdb/e/6e88fa15b6f9d3f51b7e17504e5cd4108d5ed7ab-ea-php56-php-ldap-5.6.40-23.25.42.cpanel-x86_64 HTTP/1.1" 200 3166 "-" "Mozilla/5.0 AppleWebKit/537.36 (KHTML, like Gecko; compatible; GPTBot/1.2; +https://openai.com/gptbot)"
216.73.216.34 - - [15/Sep/2025:15:38:15 +0200] "GET /2025/09/12/bananas-go-bahamas-gebuhrenfrei-tasty-win-mobile-slot-ohne-registration-auf-anhieb-highway-kings-pro-slot-casino-sites-gerieren/feed?fileloc=%2F%2Flib64%2FlibXau.so&path=%2F%2Flib64 HTTP/1.1" 200 2245 "-" "Mozilla/5.0 AppleWebKit/537.36 (KHTML, like Gecko; compatible; ClaudeBot/1.0; +claudebot@anthropic.com)"
34.192.67.98 - - [15/Sep/2025:15:38:16 +0200] "GET /2020/09/22/free-nonprofit-accounting-software-wave-financial/?path=//var/gopher HTTP/1.1" 200 12698 "-" "Mozilla/5.0 AppleWebKit/537.36 (KHTML, like Gecko; compatible; Amazonbot/0.1; +https://developer.amazon.com/support/amazonbot) Chrome/119.0.6045.214 Safari/537.36"
20.171.207.153 - - [15/Sep/2025:15:38:16 +0200] "GET /sitemap-hot-4225854.xml?path=//var/lib/yum/yumdb/e/4bce1c25c6f4a1448aa1d2a1aea797ecfd2028bf-ea-php71-php-common-7.1.33-18.19.41.cpanel-x86_64 HTTP/1.1" 200 3167 "-" "Mozilla/5.0 AppleWebKit/537.36 (KHTML, like Gecko; compatible; GPTBot/1.2; +https://openai.com/gptbot)"
198.244.226.29 - - [15/Sep/2025:15:38:18 +0200] "GET /category/pnco/ HTTP/1.1" 200 3666 "-" "Mozilla/5.0 (compatible; AhrefsBot/7.0; +http://ahrefs.com/robot/)"
216.73.216.34 - - [15/Sep/2025:15:38:18 +0200] "GET /2025/09/12/most-recent-no-deposit-incentives-united-new-independent-online-casinos-kingdom-2025-greatest-ranked-now-offers?fileloc=%2F%2Flib64%2Flibthread_db.so&path=%2F%2Flib64 HTTP/1.1" 200 2247 "-" "Mozilla/5.0 AppleWebKit/537.36 (KHTML, like Gecko; compatible; ClaudeBot/1.0; +claudebot@anthropic.com)"
20.171.207.153 - - [15/Sep/2025:15:38:20 +0200] "GET /sitemap-hot-4225854.xml?path=//var/lib/yum/yumdb/e/d9aa2fa2e8dd84155ef0e02eaa8d97d7f862e72e-ea-php73-php-fileinfo-7.3.33-13.18.10.cpanel-x86_64 HTTP/1.1" 200 3164 "-" "Mozilla/5.0 AppleWebKit/537.36 (KHTML, like Gecko; compatible; GPTBot/1.2; +https://openai.com/gptbot)"
216.73.216.34 - - [15/Sep/2025:15:38:21 +0200] "GET /2025/09/12/hot-fire-fruits-slot-canhoteiro-review-2024-play-for-free/feed?fileloc=%2F%2Fbin%2Fprove&path=%2F%2Fbin HTTP/1.1" 200 7369 "-" "Mozilla/5.0 AppleWebKit/537.36 (KHTML, like Gecko; compatible; ClaudeBot/1.0; +claudebot@anthropic.com)"
20.171.207.153 - - [15/Sep/2025:15:38:23 +0200] "GET /sitemap-hot-4225854.xml?path=//var/lib/yum/yumdb/e/f62bb32b48c8827b761287066491592c73dd6477-ea-php71-php-mysqlnd-7.1.33-18.19.41.cpanel-x86_64 HTTP/1.1" 200 3174 "-" "Mozilla/5.0 AppleWebKit/537.36 (KHTML, like Gecko; compatible; GPTBot/1.2; +https://openai.com/gptbot)"
216.73.216.34 - - [15/Sep/2025:15:38:24 +0200] "GET /2025/09/12/amon-casino-bonus-sans-depot-400-2589?fileloc=%2F%2Fproc%2F301%2Fsched&path=%2F%2Fproc%2F301 HTTP/1.1" 200 2459 "-" "Mozilla/5.0 AppleWebKit/537.36 (KHTML, like Gecko; compatible; ClaudeBot/1.0; +claudebot@anthropic.com)"
20.171.207.153 - - [15/Sep/2025:15:38:26 +0200] "GET /sitemap-hot-4225854.xml?fileloc=//var/lib/yum/yumdb/e/f52fa604b0a3ce82d6e810f7e283e221423dee3c-ea-php56-php-xml-5.6.40-23.25.42.cpanel-x86_64/from_repo&path=//var/lib/yum/yumdb/e/f52fa604b0a3ce82d6e810f7e283e221423dee3c-ea-php56-php-xml-5.6.40-23.25.42.cpanel-x86_64 HTTP/1.1" 200 2350 "-" "Mozilla/5.0 AppleWebKit/537.36 (KHTML, like Gecko; compatible; GPTBot/1.2; +https://openai.com/gptbot)"
216.73.216.34 - - [15/Sep/2025:15:38:27 +0200] "GET /2025/09/12/twin-spin-netent-slot-slot-tornado-farm-escape-review?fileloc=%2F%2Fetc%2Fgshadow&path=%2F%2Fetc HTTP/1.1" 200 2240 "-" "Mozilla/5.0 AppleWebKit/537.36 (KHTML, like Gecko; compatible; ClaudeBot/1.0; +claudebot@anthropic.com)"
54.204.12.115 - - [15/Sep/2025:15:38:28 +0200] "GET /2025/09/12/the-best-fifty-free-revolves-no-deposit-slot-book-of-ra-extra-inside-2025/?path=//sys/dev HTTP/1.1" 200 15288 "-" "Mozilla/5.0 AppleWebKit/537.36 (KHTML, like Gecko; compatible; Amazonbot/0.1; +https://developer.amazon.com/support/amazonbot) Chrome/119.0.6045.214 Safari/537.36"
20.171.207.153 - - [15/Sep/2025:15:38:29 +0200] "GET /sitemap-hot-4225854.xml?path=//var/lib/yum/yumdb/e/5d6446fb38b2f57219074ebc64371fd3094c9c8d-ea-php71-php-bcmath-7.1.33-18.19.41.cpanel-x86_64 HTTP/1.1" 200 3167 "-" "Mozilla/5.0 AppleWebKit/537.36 (KHTML, like Gecko; compatible; GPTBot/1.2; +https://openai.com/gptbot)"
216.73.216.34 - - [15/Sep/2025:15:38:30 +0200] "GET /2025/09/12/best-spielsaal-lucky-days-freie-spins-9-gamesys-casino-spin-palace-kein-einzahlungsbonus-chinese-dragon-online-slot-casinos-watrbar?fileloc=%2F%2Flib64%2FlibMagickCore-6.Q16.so&path=%2F%2Flib64 HTTP/1.1" 200 2254 "-" "Mozilla/5.0 AppleWebKit/537.36 (KHTML, like Gecko; compatible; ClaudeBot/1.0; +claudebot@anthropic.com)"
20.171.207.153 - - [15/Sep/2025:15:38:32 +0200] "GET /sitemap-hot-4225854.xml?path=//var/lib/yum/yumdb/e/d917a2da6dc091d9d3aa6a02069c905451eb8636-ea-php71-php-sockets-7.1.33-18.19.41.cpanel-x86_64 HTTP/1.1" 200 3172 "-" "Mozilla/5.0 AppleWebKit/537.36 (KHTML, like Gecko; compatible; GPTBot/1.2; +https://openai.com/gptbot)"
216.73.216.34 - - [15/Sep/2025:15:38:33 +0200] "GET /2025/09/12/b7-casino-nl-bonus-450-en-250-gratis-spins-619-2?fileloc=%2F%2Fbin%2Ffmt&path=%2F%2Fbin HTTP/1.1" 200 2239 "-" "Mozilla/5.0 AppleWebKit/537.36 (KHTML, like Gecko; compatible; ClaudeBot/1.0; +claudebot@anthropic.com)"
20.171.207.153 - - [15/Sep/2025:15:38:35 +0200] "GET /sitemap-hot-4225854.xml?path=//var/lib/yum/yumdb/e/a348cc021addbec936796158dcfef93f61458406-ea-php72-php-calendar-7.2.34-10.12.41.cpanel-x86_64 HTTP/1.1" 200 3170 "-" "Mozilla/5.0 AppleWebKit/537.36 (KHTML, like Gecko; compatible; GPTBot/1.2; +https://openai.com/gptbot)"
216.73.216.34 - - [15/Sep/2025:15:38:36 +0200] "GET /2025/09/12/disco-funk-on-the-web-online-casino-cherry-50-free-spins-casino-slot-games-enjoy-100-percent-free-that-have-habanero?fileloc=%2F%2Fbin%2Feuare-groupgetpolicy&path=%2F%2Fbin HTTP/1.1" 200 2335 "-" "Mozilla/5.0 AppleWebKit/537.36 (KHTML, like Gecko; compatible; ClaudeBot/1.0; +claudebot@anthropic.com)"
20.171.207.153 - - [15/Sep/2025:15:38:39 +0200] "GET /sitemap-hot-4225854.xml?path=//var/lib/yum/yumdb/e/2976e9b476db5a0831efe36ea2956a4af4cb8192-ea-php56-php-mbstring-5.6.40-23.25.42.cpanel-x86_64 HTTP/1.1" 200 3171 "-" "Mozilla/5.0 AppleWebKit/537.36 (KHTML, like Gecko; compatible; GPTBot/1.2; +https://openai.com/gptbot)"
216.73.216.34 - - [15/Sep/2025:15:38:39 +0200] "GET /2025/09/12/bananas-go-bahamas-gebuhrenfrei-tasty-win-mobile-slot-ohne-registration-auf-anhieb-highway-kings-pro-slot-casino-sites-gerieren/feed?fileloc=%2F%2Fbin%2Fsystemd-detect-virt&path=%2F%2Fbin HTTP/1.1" 200 2249 "-" "Mozilla/5.0 AppleWebKit/537.36 (KHTML, like Gecko; compatible; ClaudeBot/1.0; +claudebot@anthropic.com)"
198.244.226.3 - - [15/Sep/2025:15:38:40 +0200] "GET /category/plinko/ HTTP/1.1" 200 3666 "-" "Mozilla/5.0 (compatible; AhrefsBot/7.0; +http://ahrefs.com/robot/)"
20.171.207.153 - - [15/Sep/2025:15:38:42 +0200] "GET /sitemap-hot-4225854.xml?path=//var/lib/yum/yumdb/e/4aff043835f045e657d4757ebad86e557ae821d9-ea-php70-php-bcmath-7.0.33-27.28.41.cpanel-x86_64 HTTP/1.1" 200 3167 "-" "Mozilla/5.0 AppleWebKit/537.36 (KHTML, like Gecko; compatible; GPTBot/1.2; +https://openai.com/gptbot)"
216.73.216.34 - - [15/Sep/2025:15:38:42 +0200] "GET /2025/09/12/bananas-go-bahamas-gebuhrenfrei-tasty-win-mobile-slot-ohne-registration-auf-anhieb-highway-kings-pro-slot-casino-sites-gerieren/feed?fileloc=%2F%2Fvar%2Flog%2Fboot.log-20190126&path=%2F%2Fvar%2Flog HTTP/1.1" 200 4635 "-" "Mozilla/5.0 AppleWebKit/537.36 (KHTML, like Gecko; compatible; ClaudeBot/1.0; +claudebot@anthropic.com)"
18.207.79.144 - - [15/Sep/2025:15:38:44 +0200] "GET /category/bookkeeping/?path=//opt/cloudlinux HTTP/1.1" 200 14079 "-" "Mozilla/5.0 AppleWebKit/537.36 (KHTML, like Gecko; compatible; Amazonbot/0.1; +https://developer.amazon.com/support/amazonbot) Chrome/119.0.6045.214 Safari/537.36"
20.171.207.153 - - [15/Sep/2025:15:38:45 +0200] "GET /sitemap-hot-4225854.xml?path=//var/lib/yum/yumdb/e/025b97941c8ffe791b80d7f05ee25368c1e1ae28-ea-php71-php-gettext-7.1.33-18.19.41.cpanel-x86_64 HTTP/1.1" 200 3171 "-" "Mozilla/5.0 AppleWebKit/537.36 (KHTML, like Gecko; compatible; GPTBot/1.2; +https://openai.com/gptbot)"
216.73.216.34 - - [15/Sep/2025:15:38:45 +0200] "GET /2025/09/12/amon-casino-bonus-sans-depot-400-2589?fileloc=%2F%2Fproc%2F517%2Foom_adj&path=%2F%2Fproc%2F517 HTTP/1.1" 200 2258 "-" "Mozilla/5.0 AppleWebKit/537.36 (KHTML, like Gecko; compatible; ClaudeBot/1.0; +claudebot@anthropic.com)"
216.73.216.34 - - [15/Sep/2025:15:38:48 +0200] "GET /2025/09/12/best-spielsaal-lucky-days-freie-spins-9-gamesys-casino-spin-palace-kein-einzahlungsbonus-chinese-dragon-online-slot-casinos-watrbar?fileloc=%2F%2Fproc%2F58%2Ftask%2F58%2Foom_score_adj&path=%2F%2Fproc%2F58%2Ftask%2F58 HTTP/1.1" 200 2272 "-" "Mozilla/5.0 AppleWebKit/537.36 (KHTML, like Gecko; compatible; ClaudeBot/1.0; +claudebot@anthropic.com)"
20.171.207.153 - - [15/Sep/2025:15:38:48 +0200] "GET /sitemap-hot-4225854.xml?fileloc=//var/lib/yum/yumdb/e/a348cc021addbec936796158dcfef93f61458406-ea-php72-php-calendar-7.2.34-10.12.41.cpanel-x86_64/checksum_data&path=//var/lib/yum/yumdb/e/a348cc021addbec936796158dcfef93f61458406-ea-php72-php-calendar-7.2.34-10.12.41.cpanel-x86_64 HTTP/1.1" 200 2406 "-" "Mozilla/5.0 AppleWebKit/537.36 (KHTML, like Gecko; compatible; GPTBot/1.2; +https://openai.com/gptbot)"
216.73.216.34 - - [15/Sep/2025:15:38:51 +0200] "GET /2025/09/12/hot-fire-fruits-slot-canhoteiro-review-2024-play-for-free/feed?fileloc=%2F%2Fbin%2Fpwscore&path=%2F%2Fbin HTTP/1.1" 200 2241 "-" "Mozilla/5.0 AppleWebKit/537.36 (KHTML, like Gecko; compatible; ClaudeBot/1.0; +claudebot@anthropic.com)"
20.171.207.153 - - [15/Sep/2025:15:38:51 +0200] "GET /sitemap-hot-4225854.xml?path=//var/lib/yum/yumdb/e/4c60e2ab1eb5fcfac4cf03022a6a63fd7bf0c317-ea-php73-php-xmlrpc-7.3.33-13.18.10.cpanel-x86_64 HTTP/1.1" 200 3166 "-" "Mozilla/5.0 AppleWebKit/537.36 (KHTML, like Gecko; compatible; GPTBot/1.2; +https://openai.com/gptbot)"
216.73.216.34 - - [15/Sep/2025:15:38:54 +0200] "GET /2025/09/12/best-online-casino-internet-sites-you-a-real-income-gambling-classico-1-deposit-enterprises-2025?fileloc=%2F%2Fbin%2Fld.gold&path=%2F%2Fbin HTTP/1.1" 200 2241 "-" "Mozilla/5.0 AppleWebKit/537.36 (KHTML, like Gecko; compatible; ClaudeBot/1.0; +claudebot@anthropic.com)"
20.171.207.153 - - [15/Sep/2025:15:38:54 +0200] "GET /sitemap-hot-4225854.xml?path=//var/lib/yum/yumdb/e/6af5c6ace4070a414e2918d8643b445e242e81a7-ea-php73-php-common-7.3.33-13.18.10.cpanel-x86_64 HTTP/1.1" 200 3164 "-" "Mozilla/5.0 AppleWebKit/537.36 (KHTML, like Gecko; compatible; GPTBot/1.2; +https://openai.com/gptbot)"
216.73.216.34 - - [15/Sep/2025:15:38:57 +0200] "GET /2025/09/12/super-deuces-wild-the-brand-new-adventure-from-casino-slot-sugar-parade-rtp-a-refreshed-classic/feed?fileloc=%2F%2Fetc%2Fredhat-release&path=%2F%2Fetc HTTP/1.1" 200 2269 "-" "Mozilla/5.0 AppleWebKit/537.36 (KHTML, like Gecko; compatible; ClaudeBot/1.0; +claudebot@anthropic.com)"
20.171.207.153 - - [15/Sep/2025:15:38:58 +0200] "GET /sitemap-hot-4225854.xml?path=//var/lib/yum/yumdb/e/22dc14db33ba8211365a9ae8573c820115e42d9c-ea-php72-php-process-7.2.34-10.12.41.cpanel-x86_64 HTTP/1.1" 200 3173 "-" "Mozilla/5.0 AppleWebKit/537.36 (KHTML, like Gecko; compatible; GPTBot/1.2; +https://openai.com/gptbot)"
54.159.18.27 - - [15/Sep/2025:15:39:00 +0200] "GET /2020/09/22/free-nonprofit-accounting-software-wave-financial/?path=//run/udev HTTP/1.1" 200 19245 "-" "Mozilla/5.0 AppleWebKit/537.36 (KHTML, like Gecko; compatible; Amazonbot/0.1; +https://developer.amazon.com/support/amazonbot) Chrome/119.0.6045.214 Safari/537.36"
216.73.216.34 - - [15/Sep/2025:15:39:00 +0200] "GET /2025/09/12/b7-casino-nl-bonus-450-en-250-gratis-spins-619-2?fileloc=%2F%2Fbin%2Fbasename&path=%2F%2Fbin HTTP/1.1" 200 2242 "-" "Mozilla/5.0 AppleWebKit/537.36 (KHTML, like Gecko; compatible; ClaudeBot/1.0; +claudebot@anthropic.com)"
20.171.207.153 - - [15/Sep/2025:15:39:01 +0200] "GET /sitemap-hot-4225854.xml?path=//var/lib/yum/yumdb/e/1b4a1615fc2470e034fb2f0f3118925dfa48025e-ea-php70-php-mcrypt-7.0.33-27.28.41.cpanel-x86_64 HTTP/1.1" 200 3169 "-" "Mozilla/5.0 AppleWebKit/537.36 (KHTML, like Gecko; compatible; GPTBot/1.2; +https://openai.com/gptbot)"
54.38.147.152 - - [15/Sep/2025:15:39:02 +0200] "GET /category/pledoo/ HTTP/1.1" 200 3666 "-" "Mozilla/5.0 (compatible; AhrefsBot/7.0; +http://ahrefs.com/robot/)"
216.73.216.34 - - [15/Sep/2025:15:39:03 +0200] "GET /2025/09/12/amon-casino-bonus-sans-depot-400-2589?fileloc=%2F%2Fproc%2F34%2Fuid_map&path=%2F%2Fproc%2F34 HTTP/1.1" 200 2268 "-" "Mozilla/5.0 AppleWebKit/537.36 (KHTML, like Gecko; compatible; ClaudeBot/1.0; +claudebot@anthropic.com)"
20.171.207.153 - - [15/Sep/2025:15:39:04 +0200] "GET /sitemap-hot-4225854.xml?path=//var/lib/yum/yumdb/e/e65921ab80d3082c4462a795046413e5e57b679d-ea-php56-php-fileinfo-5.6.40-23.25.42.cpanel-x86_64 HTTP/1.1" 200 3170 "-" "Mozilla/5.0 AppleWebKit/537.36 (KHTML, like Gecko; compatible; GPTBot/1.2; +https://openai.com/gptbot)"
44.212.131.50 - - [15/Sep/2025:15:39:04 +0200] "GET /2025/05/26/eth-gas-fee-calculator-351/?path=//lib64/libboost-plesk-1.74 HTTP/1.1" 200 23762 "-" "Mozilla/5.0 AppleWebKit/537.36 (KHTML, like Gecko; compatible; Amazonbot/0.1; +https://developer.amazon.com/support/amazonbot) Chrome/119.0.6045.214 Safari/537.36"
216.73.216.34 - - [15/Sep/2025:15:39:06 +0200] "GET /2025/09/12/best-online-casino-internet-sites-you-a-real-income-gambling-classico-1-deposit-enterprises-2025?fileloc=%2F%2Fproc%2F260%2Fautogroup&path=%2F%2Fproc%2F260 HTTP/1.1" 200 2254 "-" "Mozilla/5.0 AppleWebKit/537.36 (KHTML, like Gecko; compatible; ClaudeBot/1.0; +claudebot@anthropic.com)"
20.171.207.153 - - [15/Sep/2025:15:39:07 +0200] "GET /sitemap-hot-4225854.xml?path=//var/lib/yum/yumdb/e/f671ba7e3ec26ea5e1dc549cce93041397d0e3e3-ea-php56-php-sockets-5.6.40-23.25.42.cpanel-x86_64 HTTP/1.1" 200 3170 "-" "Mozilla/5.0 AppleWebKit/537.36 (KHTML, like Gecko; compatible; GPTBot/1.2; +https://openai.com/gptbot)"
216.73.216.34 - - [15/Sep/2025:15:39:09 +0200] "GET /2025/09/12/b7-casino-nl-bonus-450-en-250-gratis-spins-619-2?fileloc=%2F%2Fbin%2Ftest&path=%2F%2Fbin HTTP/1.1" 200 2240 "-" "Mozilla/5.0 AppleWebKit/537.36 (KHTML, like Gecko; compatible; ClaudeBot/1.0; +claudebot@anthropic.com)"
20.171.207.153 - - [15/Sep/2025:15:39:10 +0200] "GET /sitemap-hot-4225854.xml?path=//var/lib/yum/yumdb/e/3e85533d16a57d66eac4b06ad67ee69cc2c5f7c4-ea-php72-php-litespeed-7.2.34-10.12.41.cpanel-x86_64 HTTP/1.1" 200 3172 "-" "Mozilla/5.0 AppleWebKit/537.36 (KHTML, like Gecko; compatible; GPTBot/1.2; +https://openai.com/gptbot)"
216.73.216.34 - - [15/Sep/2025:15:39:12 +0200] "GET /2025/09/12/best-online-casino-internet-sites-you-a-real-income-gambling-classico-1-deposit-enterprises-2025?fileloc=%2F%2Fproc%2F310%2Fgid_map&path=%2F%2Fproc%2F310 HTTP/1.1" 200 2269 "-" "Mozilla/5.0 AppleWebKit/537.36 (KHTML, like Gecko; compatible; ClaudeBot/1.0; +claudebot@anthropic.com)"
3.232.39.98 - - [15/Sep/2025:15:39:12 +0200] "GET /2025/09/11/spielsaal-freispiele-ohne-einzahlung-im-neunter-monat-des-jahres-2025-%EF%B8%8F-automatenspielex/?fileloc=//bin/pdns_control&path=//bin HTTP/1.1" 200 12247 "-" "Mozilla/5.0 AppleWebKit/537.36 (KHTML, like Gecko; compatible; Amazonbot/0.1; +https://developer.amazon.com/support/amazonbot) Chrome/119.0.6045.214 Safari/537.36"
20.171.207.153 - - [15/Sep/2025:15:39:13 +0200] "GET /sitemap-hot-4225854.xml?path=//var/lib/yum/yumdb/e/9bbf42fd39f64d90fc280101a8f9f4cadee27529-ea-php70-php-mbstring-7.0.33-27.28.41.cpanel-x86_64 HTTP/1.1" 200 3170 "-" "Mozilla/5.0 AppleWebKit/537.36 (KHTML, like Gecko; compatible; GPTBot/1.2; +https://openai.com/gptbot)"
216.73.216.34 - - [15/Sep/2025:15:39:15 +0200] "GET /2025/09/12/most-recent-no-deposit-incentives-united-new-independent-online-casinos-kingdom-2025-greatest-ranked-now-offers?fileloc=%2F%2Flib64%2Flibfontenc.so.1&path=%2F%2Flib64 HTTP/1.1" 200 2248 "-" "Mozilla/5.0 AppleWebKit/537.36 (KHTML, like Gecko; compatible; ClaudeBot/1.0; +claudebot@anthropic.com)"
20.171.207.153 - - [15/Sep/2025:15:39:16 +0200] "GET /sitemap-hot-4225854.xml?path=//var/lib/yum/yumdb/e/bb3361e68cd35c8215a0cc0f4e1c1c434a485e46-ea-php56-php-debuginfo-5.6.40-21.23.63.cpanel-x86_64 HTTP/1.1" 200 3141 "-" "Mozilla/5.0 AppleWebKit/537.36 (KHTML, like Gecko; compatible; GPTBot/1.2; +https://openai.com/gptbot)"
216.73.216.34 - - [15/Sep/2025:15:39:18 +0200] "GET /2025/09/12/1win-zerkalo-sajta-bukmekerskoj-kontory-1vin-4060?fileloc=%2F%2Fproc%2F1290%2Fnet%2Fpacket&path=%2F%2Fproc%2F1290%2Fnet HTTP/1.1" 200 2327 "-" "Mozilla/5.0 AppleWebKit/537.36 (KHTML, like Gecko; compatible; ClaudeBot/1.0; +claudebot@anthropic.com)"
20.171.207.153 - - [15/Sep/2025:15:39:19 +0200] "GET /sitemap-hot-4225854.xml?path=//var/lib/yum/yumdb/e/486ddb0cbff68d14b0eeb966a75b6fa53421682d-ea-php70-php-xmlrpc-7.0.33-27.28.41.cpanel-x86_64 HTTP/1.1" 200 3169 "-" "Mozilla/5.0 AppleWebKit/537.36 (KHTML, like Gecko; compatible; GPTBot/1.2; +https://openai.com/gptbot)"
216.73.216.34 - - [15/Sep/2025:15:39:21 +0200] "GET /2025/09/12/the-fresh-dogfather-position-100-percent-free-slot-copy-cats-local-casino-money-august-2025?path=%2F%2Fsys%2Fmodule%2Fcirrus HTTP/1.1" 200 2910 "-" "Mozilla/5.0 AppleWebKit/537.36 (KHTML, like Gecko; compatible; ClaudeBot/1.0; +claudebot@anthropic.com)"
51.195.215.180 - - [15/Sep/2025:15:39:21 +0200] "GET /category/play-croco-3/ HTTP/1.1" 200 3666 "-" "Mozilla/5.0 (compatible; AhrefsBot/7.0; +http://ahrefs.com/robot/)"
20.171.207.153 - - [15/Sep/2025:15:39:23 +0200] "GET /sitemap-hot-4225854.xml?path=//var/lib/yum/yumdb/e/c2ef1a3a5fd8543a77aa811b59765768bb3a4197-ea-php70-php-mysqlnd-7.0.33-27.28.41.cpanel-x86_64 HTTP/1.1" 200 3174 "-" "Mozilla/5.0 AppleWebKit/537.36 (KHTML, like Gecko; compatible; GPTBot/1.2; +https://openai.com/gptbot)"
216.73.216.34 - - [15/Sep/2025:15:39:24 +0200] "GET /2025/09/12/best-online-casino-internet-sites-you-a-real-income-gambling-classico-1-deposit-enterprises-2025?fileloc=%2F%2Fproc%2Fversion&path=%2F%2Fproc HTTP/1.1" 200 2321 "-" "Mozilla/5.0 AppleWebKit/537.36 (KHTML, like Gecko; compatible; ClaudeBot/1.0; +claudebot@anthropic.com)"
20.171.207.153 - - [15/Sep/2025:15:39:26 +0200] "GET /sitemap-hot-4225854.xml?path=//var/lib/yum/yumdb/e/fc156df9423e44a77345e6812c8ef0ca5b103129-ea-php73-php-litespeed-7.3.33-13.18.10.cpanel-x86_64 HTTP/1.1" 200 3169 "-" "Mozilla/5.0 AppleWebKit/537.36 (KHTML, like Gecko; compatible; GPTBot/1.2; +https://openai.com/gptbot)"
212.119.44.125 - - [15/Sep/2025:15:39:27 +0200] "GET /2025/09/02/les-secrets-des-probabilites-au-casinoclic-comment-jouer-avec-intelligence/ HTTP/1.1" 200 3666 "-" "Mozilla/5.0 (Macintosh; Intel Mac OS X 12_5) AppleWebKit/537.36 (KHTML, like Gecko) Chrome/114.0.0.0 Safari/537.36 Vivaldi/5.3.2679.68"
20.171.207.153 - - [15/Sep/2025:15:39:29 +0200] "GET /sitemap-hot-4225854.xml?path=//var/lib/yum/yumdb/e/446265718149c06826b9587f73a842e54fe4f963-ea-php56-php-calendar-5.6.40-23.25.42.cpanel-x86_64 HTTP/1.1" 200 3170 "-" "Mozilla/5.0 AppleWebKit/537.36 (KHTML, like Gecko; compatible; GPTBot/1.2; +https://openai.com/gptbot)"
20.171.207.153 - - [15/Sep/2025:15:39:32 +0200] "GET /sitemap-hot-4225854.xml?path=//var/lib/yum/yumdb/e/1492e2f10c96bfcf8fdba212fd65d697172971a5-ea-php71-php-xmlrpc-7.1.33-18.19.41.cpanel-x86_64 HTTP/1.1" 200 3167 "-" "Mozilla/5.0 AppleWebKit/537.36 (KHTML, like Gecko; compatible; GPTBot/1.2; +https://openai.com/gptbot)"
20.171.207.153 - - [15/Sep/2025:15:39:35 +0200] "GET /sitemap-hot-4225854.xml?path=//var/lib/yum/yumdb/e/347647560dbd5e5839bf3e34e117413a55dc2ed2-ea-php73-php-bcmath-7.3.33-13.18.10.cpanel-x86_64 HTTP/1.1" 200 3166 "-" "Mozilla/5.0 AppleWebKit/537.36 (KHTML, like Gecko; compatible; GPTBot/1.2; +https://openai.com/gptbot)"
20.171.207.153 - - [15/Sep/2025:15:39:38 +0200] "GET /sitemap-hot-4225854.xml?path=//var/lib/yum/yumdb/e/b5ca5271558e0de785ab2ec723bfcb114a50b1ba-ea-php56-php-mysqlnd-5.6.40-23.25.42.cpanel-x86_64 HTTP/1.1" 200 3170 "-" "Mozilla/5.0 AppleWebKit/537.36 (KHTML, like Gecko; compatible; GPTBot/1.2; +https://openai.com/gptbot)"
20.171.207.153 - - [15/Sep/2025:15:39:41 +0200] "GET /sitemap-hot-4225854.xml?path=//var/lib/yum/yumdb/e/c63c6d448035784efaa96df0aca4430027524773-ea-php71-php-litespeed-7.1.33-18.19.41.cpanel-x86_64 HTTP/1.1" 200 3171 "-" "Mozilla/5.0 AppleWebKit/537.36 (KHTML, like Gecko; compatible; GPTBot/1.2; +https://openai.com/gptbot)"
51.195.244.88 - - [15/Sep/2025:15:39:41 +0200] "GET /category/pixbet-palpite-448/ HTTP/1.1" 200 3666 "-" "Mozilla/5.0 (compatible; AhrefsBot/7.0; +http://ahrefs.com/robot/)"
20.171.207.153 - - [15/Sep/2025:15:39:45 +0200] "GET /sitemap-hot-4225854.xml?path=//var/lib/yum/yumdb/e/916dfda0052ef311dbc392f106960b81f2b50542-ea-php56-php-gettext-5.6.40-23.25.42.cpanel-x86_64 HTTP/1.1" 200 3169 "-" "Mozilla/5.0 AppleWebKit/537.36 (KHTML, like Gecko; compatible; GPTBot/1.2; +https://openai.com/gptbot)"
20.171.207.153 - - [15/Sep/2025:15:39:48 +0200] "GET /sitemap-hot-4225854.xml?path=//var/lib/yum/yumdb/e/0e4d1527d0f5aca726c7d97e316bb9831e46699a-ea-php70-php-opcache-7.0.33-27.28.41.cpanel-x86_64 HTTP/1.1" 200 3171 "-" "Mozilla/5.0 AppleWebKit/537.36 (KHTML, like Gecko; compatible; GPTBot/1.2; +https://openai.com/gptbot)"
52.54.249.218 - - [15/Sep/2025:15:39:48 +0200] "GET /2025/05/18/exploring-the-excitement-of-live-bet/?path=//etc/sysctl.d HTTP/1.1" 200 15626 "-" "Mozilla/5.0 AppleWebKit/537.36 (KHTML, like Gecko; compatible; Amazonbot/0.1; +https://developer.amazon.com/support/amazonbot) Chrome/119.0.6045.214 Safari/537.36"
20.171.207.153 - - [15/Sep/2025:15:39:51 +0200] "GET /sitemap-hot-4225854.xml?path=//var/lib/yum/yumdb/e/6d455b26dd3fa9cf9fa49a91ddcd09518519dbbe-ea-php72-php-mysqlnd-7.2.34-10.12.41.cpanel-x86_64 HTTP/1.1" 200 3174 "-" "Mozilla/5.0 AppleWebKit/537.36 (KHTML, like Gecko; compatible; GPTBot/1.2; +https://openai.com/gptbot)"
20.171.207.153 - - [15/Sep/2025:15:39:54 +0200] "GET /sitemap-hot-4225854.xml?fileloc=//var/lib/yum/yumdb/e/1492e2f10c96bfcf8fdba212fd65d697172971a5-ea-php71-php-xmlrpc-7.1.33-18.19.41.cpanel-x86_64/command_line&path=//var/lib/yum/yumdb/e/1492e2f10c96bfcf8fdba212fd65d697172971a5-ea-php71-php-xmlrpc-7.1.33-18.19.41.cpanel-x86_64 HTTP/1.1" 200 2395 "-" "Mozilla/5.0 AppleWebKit/537.36 (KHTML, like Gecko; compatible; GPTBot/1.2; +https://openai.com/gptbot)"
20.171.207.153 - - [15/Sep/2025:15:39:57 +0200] "GET /sitemap-hot-4225854.xml?fileloc=//var/lib/yum/yumdb/e/916dfda0052ef311dbc392f106960b81f2b50542-ea-php56-php-gettext-5.6.40-23.25.42.cpanel-x86_64/from_repo&path=//var/lib/yum/yumdb/e/916dfda0052ef311dbc392f106960b81f2b50542-ea-php56-php-gettext-5.6.40-23.25.42.cpanel-x86_64 HTTP/1.1" 200 2353 "-" "Mozilla/5.0 AppleWebKit/537.36 (KHTML, like Gecko; compatible; GPTBot/1.2; +https://openai.com/gptbot)"
198.244.183.129 - - [15/Sep/2025:15:39:57 +0200] "GET /category/pinup/ HTTP/1.1" 200 3666 "-" "Mozilla/5.0 (compatible; AhrefsBot/7.0; +http://ahrefs.com/robot/)"
20.171.207.153 - - [15/Sep/2025:15:40:00 +0200] "GET /sitemap-hot-4225854.xml?path=//var/lib/yum/yumdb/e/a5e91526dba45a660a7c263b4332f9d7bddcac56-ea-php73-php-gettext-7.3.33-13.18.10.cpanel-x86_64 HTTP/1.1" 200 3166 "-" "Mozilla/5.0 AppleWebKit/537.36 (KHTML, like Gecko; compatible; GPTBot/1.2; +https://openai.com/gptbot)"
20.171.207.153 - - [15/Sep/2025:15:40:03 +0200] "GET /sitemap-hot-4225854.xml?fileloc=//var/lib/yum/yumdb/e/916dfda0052ef311dbc392f106960b81f2b50542-ea-php56-php-gettext-5.6.40-23.25.42.cpanel-x86_64/var_uuid&path=//var/lib/yum/yumdb/e/916dfda0052ef311dbc392f106960b81f2b50542-ea-php56-php-gettext-5.6.40-23.25.42.cpanel-x86_64 HTTP/1.1" 200 2375 "-" "Mozilla/5.0 AppleWebKit/537.36 (KHTML, like Gecko; compatible; GPTBot/1.2; +https://openai.com/gptbot)"
20.171.207.153 - - [15/Sep/2025:15:40:06 +0200] "GET /sitemap-hot-4225854.xml?fileloc=//var/lib/yum/yumdb/e/0e4d1527d0f5aca726c7d97e316bb9831e46699a-ea-php70-php-opcache-7.0.33-27.28.41.cpanel-x86_64/var_uuid&path=//var/lib/yum/yumdb/e/0e4d1527d0f5aca726c7d97e316bb9831e46699a-ea-php70-php-opcache-7.0.33-27.28.41.cpanel-x86_64 HTTP/1.1" 200 2377 "-" "Mozilla/5.0 AppleWebKit/537.36 (KHTML, like Gecko; compatible; GPTBot/1.2; +https://openai.com/gptbot)"
20.171.207.153 - - [15/Sep/2025:15:40:09 +0200] "GET /sitemap-hot-4225854.xml?path=//var/lib/yum/yumdb/e/a7975cc3bce2280b1068c52035ead2b01ccbe2f3-ea-php71-php-fileinfo-7.1.33-18.19.41.cpanel-x86_64 HTTP/1.1" 200 3169 "-" "Mozilla/5.0 AppleWebKit/537.36 (KHTML, like Gecko; compatible; GPTBot/1.2; +https://openai.com/gptbot)"
20.171.207.153 - - [15/Sep/2025:15:40:13 +0200] "GET /sitemap-hot-4225854.xml?path=//var/lib/yum/yumdb/e/3c5446d4511fa93d644d8eebede935d960c8bf78-ea-php71-php-mcrypt-7.1.33-18.19.41.cpanel-x86_64 HTTP/1.1" 200 3169 "-" "Mozilla/5.0 AppleWebKit/537.36 (KHTML, like Gecko; compatible; GPTBot/1.2; +https://openai.com/gptbot)"
51.195.244.46 - - [15/Sep/2025:15:40:15 +0200] "GET /category/pinup-giri/ HTTP/1.1" 200 3666 "-" "Mozilla/5.0 (compatible; AhrefsBot/7.0; +http://ahrefs.com/robot/)"
20.171.207.153 - - [15/Sep/2025:15:40:16 +0200] "GET /sitemap-hot-4225854.xml?path=//var/lib/yum/yumdb/e/b735c48772734b6a78a41a3731bdd12349ff262d-ea-php71-php-calendar-7.1.33-18.19.41.cpanel-x86_64 HTTP/1.1" 200 3171 "-" "Mozilla/5.0 AppleWebKit/537.36 (KHTML, like Gecko; compatible; GPTBot/1.2; +https://openai.com/gptbot)"
3.221.50.71 - - [15/Sep/2025:15:40:16 +0200] "GET /2025/09/11/spielsaal-freispiele-ohne-einzahlung-im-neunter-monat-des-jahres-2025-%EF%B8%8F-automatenspielex/?path=//etc/imunify-agent-proxy HTTP/1.1" 200 12724 "-" "Mozilla/5.0 AppleWebKit/537.36 (KHTML, like Gecko; compatible; Amazonbot/0.1; +https://developer.amazon.com/support/amazonbot) Chrome/119.0.6045.214 Safari/537.36"
20.171.207.153 - - [15/Sep/2025:15:40:19 +0200] "GET /sitemap-hot-4225854.xml?path=//var/lib/yum/yumdb/e/17eb7fd5e569774e9f8ce0847e0a496aff6f62dd-ea-php70-php-process-7.0.33-27.28.41.cpanel-x86_64 HTTP/1.1" 200 3169 "-" "Mozilla/5.0 AppleWebKit/537.36 (KHTML, like Gecko; compatible; GPTBot/1.2; +https://openai.com/gptbot)"
52.204.89.12 - - [15/Sep/2025:15:40:20 +0200] "GET /category/paribahis/?path=//etc HTTP/1.1" 200 535525 "-" "Mozilla/5.0 AppleWebKit/537.36 (KHTML, like Gecko; compatible; Amazonbot/0.1; +https://developer.amazon.com/support/amazonbot) Chrome/119.0.6045.214 Safari/537.36"
20.171.207.153 - - [15/Sep/2025:15:40:22 +0200] "GET /sitemap-hot-4225854.xml?path=//var/lib/yum/yumdb/e/f0b738e7b5a7bfa238ac39c4c6b2364db11f914e-ea-php72-php-mbstring-7.2.34-10.12.41.cpanel-x86_64 HTTP/1.1" 200 3169 "-" "Mozilla/5.0 AppleWebKit/537.36 (KHTML, like Gecko; compatible; GPTBot/1.2; +https://openai.com/gptbot)"
100.29.128.75 - - [15/Sep/2025:15:40:24 +0200] "GET /2025/06/04/mother-your-children-are-like-birds-2/?path=//lib64/libboost-plesk-1.84 HTTP/1.1" 200 23759 "-" "Mozilla/5.0 AppleWebKit/537.36 (KHTML, like Gecko; compatible; Amazonbot/0.1; +https://developer.amazon.com/support/amazonbot) Chrome/119.0.6045.214 Safari/537.36"
20.171.207.153 - - [15/Sep/2025:15:40:25 +0200] "GET /sitemap-hot-4225854.xml?path=//var/lib/yum/yumdb/e/7b313929f928b8f4b0939cf54e4c4fad87e816e5-ea-php73-php-process-7.3.33-13.18.10.cpanel-x86_64 HTTP/1.1" 200 3165 "-" "Mozilla/5.0 AppleWebKit/537.36 (KHTML, like Gecko; compatible; GPTBot/1.2; +https://openai.com/gptbot)"
54.197.82.195 - - [15/Sep/2025:15:40:28 +0200] "GET /2025/05/15/understanding-exness-trading-in-bangladesh-a/?path=//opt/cloudlinux HTTP/1.1" 200 14079 "-" "Mozilla/5.0 AppleWebKit/537.36 (KHTML, like Gecko; compatible; Amazonbot/0.1; +https://developer.amazon.com/support/amazonbot) Chrome/119.0.6045.214 Safari/537.36"
20.171.207.153 - - [15/Sep/2025:15:40:29 +0200] "GET /sitemap-hot-4225854.xml?path=//var/lib/yum/yumdb/e/43d26f2e45d0eb917f3158e70ae62fc69bff761d-ea-php70-php-sockets-7.0.33-27.28.41.cpanel-x86_64 HTTP/1.1" 200 3173 "-" "Mozilla/5.0 AppleWebKit/537.36 (KHTML, like Gecko; compatible; GPTBot/1.2; +https://openai.com/gptbot)"
20.171.207.153 - - [15/Sep/2025:15:40:32 +0200] "GET /sitemap-hot-4225854.xml?path=//var/lib/yum/yumdb/e/499051376dbe48d735144c93c4cb9e0c9b93deae-ea-php72-php-fileinfo-7.2.34-10.12.41.cpanel-x86_64 HTTP/1.1" 200 3169 "-" "Mozilla/5.0 AppleWebKit/537.36 (KHTML, like Gecko; compatible; GPTBot/1.2; +https://openai.com/gptbot)"
3.225.45.252 - - [15/Sep/2025:15:40:32 +0200] "GET /2025/09/11/top-angeschlossen-eye-of-horus-app-kostenlos-online-slot-spielbank-maklercourtage-angebote-inside-deutschland-2025/?fileloc=//bin/tcfmttest&path=//bin HTTP/1.1" 200 12244 "-" "Mozilla/5.0 AppleWebKit/537.36 (KHTML, like Gecko; compatible; Amazonbot/0.1; +https://developer.amazon.com/support/amazonbot) Chrome/119.0.6045.214 Safari/537.36"
51.89.129.129 - - [15/Sep/2025:15:40:33 +0200] "GET /category/pinup-casino/ HTTP/1.1" 200 3666 "-" "Mozilla/5.0 (compatible; AhrefsBot/7.0; +http://ahrefs.com/robot/)"
20.171.207.153 - - [15/Sep/2025:15:40:35 +0200] "GET /sitemap-hot-4225854.xml?path=//var/lib/yum/yumdb/e/b8b9b4d891e5ded3894a5a8a0d5202b7d96833bf-ea-php73-php-mysqlnd-7.3.33-13.18.10.cpanel-x86_64 HTTP/1.1" 200 3168 "-" "Mozilla/5.0 AppleWebKit/537.36 (KHTML, like Gecko; compatible; GPTBot/1.2; +https://openai.com/gptbot)"
216.73.216.34 - - [15/Sep/2025:15:40:37 +0200] "GET /2025/09/12/best-real-cash-web-based-casinos-in-america-play-and-you-will-earn-a-real-income/feed?fileloc=%2Fhome%2Fsareqgroup%2Fecommerce.com%2Fwp-includes%2Fms-site.php&path=%2Fhome%2Fsareqgroup%2Fecommerce.com%2Fwp-includes HTTP/1.1" 200 12092 "-" "Mozilla/5.0 AppleWebKit/537.36 (KHTML, like Gecko; compatible; ClaudeBot/1.0; +claudebot@anthropic.com)"
20.171.207.153 - - [15/Sep/2025:15:40:38 +0200] "GET /sitemap-hot-4225854.xml?fileloc=//var/lib/yum/yumdb/e/f0b738e7b5a7bfa238ac39c4c6b2364db11f914e-ea-php72-php-mbstring-7.2.34-10.12.41.cpanel-x86_64/var_uuid&path=//var/lib/yum/yumdb/e/f0b738e7b5a7bfa238ac39c4c6b2364db11f914e-ea-php72-php-mbstring-7.2.34-10.12.41.cpanel-x86_64 HTTP/1.1" 200 2376 "-" "Mozilla/5.0 AppleWebKit/537.36 (KHTML, like Gecko; compatible; GPTBot/1.2; +https://openai.com/gptbot)"
216.73.216.34 - - [15/Sep/2025:15:40:39 +0200] "GET /2025/09/12/amon-casino-bonus-sans-depot-400-2589?fileloc=%2Fhome%2Fsareqgroup%2Fecommerce.com%2Fwp-includes%2Fcertificates%2F.htaccess&path=%2Fhome%2Fsareqgroup%2Fecommerce.com%2Fwp-includes%2Fcertificates HTTP/1.1" 200 2376 "-" "Mozilla/5.0 AppleWebKit/537.36 (KHTML, like Gecko; compatible; ClaudeBot/1.0; +claudebot@anthropic.com)"
20.171.207.153 - - [15/Sep/2025:15:40:41 +0200] "GET /sitemap-hot-4225854.xml?path=//var/lib/yum/yumdb/e/b6b69f32cded1e14c946b4d5b1074fed0d65dab2-ea-php56-php-xmlrpc-5.6.40-23.25.42.cpanel-x86_64 HTTP/1.1" 200 3169 "-" "Mozilla/5.0 AppleWebKit/537.36 (KHTML, like Gecko; compatible; GPTBot/1.2; +https://openai.com/gptbot)"
216.73.216.34 - - [15/Sep/2025:15:40:42 +0200] "GET /2025/09/12/enjoy-play-double-exposure-blackjack-pro-series-low-limit-for-real-money-online-book-from-dead-a-thousand-bonus-2-hundred-added-bonus-revolves/feed?fileloc=%2Fhome%2Fsareqgroup%2Fecommerce.com%2Fwp-includes%2Ftheme-compat%2Fsidebar.php&path=%2Fhome%2Fsareqgroup%2Fecommerce.com%2Fwp-includes%2Ftheme-compat HTTP/1.1" 200 3545 "-" "Mozilla/5.0 AppleWebKit/537.36 (KHTML, like Gecko; compatible; ClaudeBot/1.0; +claudebot@anthropic.com)"
23.22.105.143 - - [15/Sep/2025:15:40:44 +0200] "GET /2025/09/11/spielsaal-freispiele-ohne-einzahlung-im-neunter-monat-des-jahres-2025-%EF%B8%8F-automatenspielex/?fileloc=//bin/nl-monitor&path=//bin HTTP/1.1" 200 12245 "-" "Mozilla/5.0 AppleWebKit/537.36 (KHTML, like Gecko; compatible; Amazonbot/0.1; +https://developer.amazon.com/support/amazonbot) Chrome/119.0.6045.214 Safari/537.36"
20.171.207.153 - - [15/Sep/2025:15:40:44 +0200] "GET /sitemap-hot-4225854.xml?path=//var/lib/yum/yumdb/e/1f670ea48bdc68c11c4e50f224b47e1f16c86b93-ea-php71-php-opcache-7.1.33-18.19.41.cpanel-x86_64 HTTP/1.1" 200 3169 "-" "Mozilla/5.0 AppleWebKit/537.36 (KHTML, like Gecko; compatible; GPTBot/1.2; +https://openai.com/gptbot)"
57.141.0.47 - - [15/Sep/2025:15:40:45 +0200] "GET /2025/09/02/mejores-lugares-sobre-casino-que-aceptan-criptomonedas/ HTTP/1.1" 200 64828 "-" "meta-externalagent/1.1 (+https://developers.facebook.com/docs/sharing/webmasters/crawler)"
216.73.216.34 - - [15/Sep/2025:15:40:45 +0200] "GET /2025/09/12/hot-fire-fruits-slot-canhoteiro-review-2024-play-for-free/feed?fileloc=%2Fhome%2Fsareqgroup%2Fecommerce.com%2Fwp-admin%2Fnetwork%2Fplugin-install.php&path=%2Fhome%2Fsareqgroup%2Fecommerce.com%2Fwp-admin%2Fnetwork HTTP/1.1" 200 2506 "-" "Mozilla/5.0 AppleWebKit/537.36 (KHTML, like Gecko; compatible; ClaudeBot/1.0; +claudebot@anthropic.com)"
20.171.207.153 - - [15/Sep/2025:15:40:47 +0200] "GET /sitemap-hot-4225854.xml?path=//var/lib/yum/yumdb/e/b9f049e11faf3c94014918f1480bf8ff6f54f016-ea-php70-php-gettext-7.0.33-27.28.41.cpanel-x86_64 HTTP/1.1" 200 3172 "-" "Mozilla/5.0 AppleWebKit/537.36 (KHTML, like Gecko; compatible; GPTBot/1.2; +https://openai.com/gptbot)"
216.73.216.34 - - [15/Sep/2025:15:40:48 +0200] "GET /2025/09/12/el-herdade-mas-animado-para-classificar-esteroides-anabolicos-en-linea/feed?fileloc=%2Fhome%2Fsareqgroup%2Fecommerce.com%2Fwp-includes%2Fblocks%2Fquote%2F.htaccess&path=%2Fhome%2Fsareqgroup%2Fecommerce.com%2Fwp-includes%2Fblocks%2Fquote HTTP/1.1" 200 2386 "-" "Mozilla/5.0 AppleWebKit/537.36 (KHTML, like Gecko; compatible; ClaudeBot/1.0; +claudebot@anthropic.com)"
20.171.207.153 - - [15/Sep/2025:15:40:50 +0200] "GET /sitemap-hot-4225854.xml?path=//var/lib/yum/yumdb/e/348049a82d79fdcf233a272d74922d270150d86b-ea-php56-php-enchant-5.6.40-23.25.42.cpanel-x86_64 HTTP/1.1" 200 3169 "-" "Mozilla/5.0 AppleWebKit/537.36 (KHTML, like Gecko; compatible; GPTBot/1.2; +https://openai.com/gptbot)"
51.195.244.179 - - [15/Sep/2025:15:40:51 +0200] "GET /category/pinco-turkiye/ HTTP/1.1" 200 3666 "-" "Mozilla/5.0 (compatible; AhrefsBot/7.0; +http://ahrefs.com/robot/)"
216.73.216.34 - - [15/Sep/2025:15:40:51 +0200] "GET /2025/09/12/divine-goals-position-casino-007-slots-100-free-spins-january-2019-quickspin?fileloc=%2Fhome%2Fsareqgroup%2Fecommerce.com%2Fwp-includes%2Fclass-requests.php&path=%2Fhome%2Fsareqgroup%2Fecommerce.com%2Fwp-includes HTTP/1.1" 200 10231 "-" "Mozilla/5.0 AppleWebKit/537.36 (KHTML, like Gecko; compatible; ClaudeBot/1.0; +claudebot@anthropic.com)"
20.171.207.153 - - [15/Sep/2025:15:40:53 +0200] "GET /sitemap-hot-4225854.xml?path=//var/lib/yum/yumdb/e/89cec898717263a4cd6b653938e535987ec29418-ea-php73-php-calendar-7.3.33-13.18.10.cpanel-x86_64 HTTP/1.1" 200 3168 "-" "Mozilla/5.0 AppleWebKit/537.36 (KHTML, like Gecko; compatible; GPTBot/1.2; +https://openai.com/gptbot)"
216.73.216.34 - - [15/Sep/2025:15:40:54 +0200] "GET /2025/09/12/divine-goals-position-casino-007-slots-100-free-spins-january-2019-quickspin?fileloc=%2Fhome%2Fsareqgroup%2Fecommerce.com%2Fwp-admin%2Fnetwork%2Fplugin-install.php&path=%2Fhome%2Fsareqgroup%2Fecommerce.com%2Fwp-admin%2Fnetwork HTTP/1.1" 200 2506 "-" "Mozilla/5.0 AppleWebKit/537.36 (KHTML, like Gecko; compatible; ClaudeBot/1.0; +claudebot@anthropic.com)"
20.171.207.153 - - [15/Sep/2025:15:40:57 +0200] "GET /sitemap-hot-4225854.xml?path=//var/lib/yum/yumdb/e/3c60109afe35fbf32719d0f093137450173930b0-ea-php70-php-common-7.0.33-27.28.41.cpanel-x86_64 HTTP/1.1" 200 3165 "-" "Mozilla/5.0 AppleWebKit/537.36 (KHTML, like Gecko; compatible; GPTBot/1.2; +https://openai.com/gptbot)"
216.73.216.34 - - [15/Sep/2025:15:40:57 +0200] "GET /2025/09/12/enjoy-play-double-exposure-blackjack-pro-series-low-limit-for-real-money-online-book-from-dead-a-thousand-bonus-2-hundred-added-bonus-revolves/feed?fileloc=%2Fhome%2Fsareqgroup%2Fecommerce.com%2Fwp-includes%2Fclass-walker-comment.php&path=%2Fhome%2Fsareqgroup%2Fecommerce.com%2Fwp-includes HTTP/1.1" 200 5256 "-" "Mozilla/5.0 AppleWebKit/537.36 (KHTML, like Gecko; compatible; ClaudeBot/1.0; +claudebot@anthropic.com)"
20.171.207.153 - - [15/Sep/2025:15:41:00 +0200] "GET /sitemap-hot-4225854.xml?fileloc=//var/lib/yum/yumdb/e/1f670ea48bdc68c11c4e50f224b47e1f16c86b93-ea-php71-php-opcache-7.1.33-18.19.41.cpanel-x86_64/checksum_data&path=//var/lib/yum/yumdb/e/1f670ea48bdc68c11c4e50f224b47e1f16c86b93-ea-php71-php-opcache-7.1.33-18.19.41.cpanel-x86_64 HTTP/1.1" 200 2397 "-" "Mozilla/5.0 AppleWebKit/537.36 (KHTML, like Gecko; compatible; GPTBot/1.2; +https://openai.com/gptbot)"
216.73.216.34 - - [15/Sep/2025:15:41:00 +0200] "GET /2025/09/12/que-aparelhar-roleta-online-como-melhores-cassinos-abicar-brasil/feed?fileloc=%2Fhome%2Fsareqgroup%2Fecommerce.com%2Fwp-admin%2Fjs%2Fupdates.min.js&path=%2Fhome%2Fsareqgroup%2Fecommerce.com%2Fwp-admin%2Fjs HTTP/1.1" 200 11451 "-" "Mozilla/5.0 AppleWebKit/537.36 (KHTML, like Gecko; compatible; ClaudeBot/1.0; +claudebot@anthropic.com)"
20.171.207.153 - - [15/Sep/2025:15:41:03 +0200] "GET /sitemap-hot-4225854.xml?fileloc=//var/lib/yum/yumdb/e/1f670ea48bdc68c11c4e50f224b47e1f16c86b93-ea-php71-php-opcache-7.1.33-18.19.41.cpanel-x86_64/var_elstoken&path=//var/lib/yum/yumdb/e/1f670ea48bdc68c11c4e50f224b47e1f16c86b93-ea-php71-php-opcache-7.1.33-18.19.41.cpanel-x86_64 HTTP/1.1" 200 2351 "-" "Mozilla/5.0 AppleWebKit/537.36 (KHTML, like Gecko; compatible; GPTBot/1.2; +https://openai.com/gptbot)"
20.171.207.153 - - [15/Sep/2025:15:41:06 +0200] "GET /sitemap-hot-4225854.xml?path=//var/lib/yum/yumdb/e/1f57ba8d02755982bae9c5fcb45eb93299b4bff1-ea-php56-php-common-5.6.40-23.25.42.cpanel-x86_64 HTTP/1.1" 200 3167 "-" "Mozilla/5.0 AppleWebKit/537.36 (KHTML, like Gecko; compatible; GPTBot/1.2; +https://openai.com/gptbot)"
198.244.183.85 - - [15/Sep/2025:15:41:07 +0200] "GET /category/pinco-ikayet/ HTTP/1.1" 200 3666 "-" "Mozilla/5.0 (compatible; AhrefsBot/7.0; +http://ahrefs.com/robot/)"
20.171.207.153 - - [15/Sep/2025:15:41:09 +0200] "GET /sitemap-hot-4225854.xml?path=//var/lib/yum/yumdb/e/0deeb6243297ed7648a1d6722e6e07e21b83b357-ea-php72-php-gettext-7.2.34-10.12.41.cpanel-x86_64 HTTP/1.1" 200 3172 "-" "Mozilla/5.0 AppleWebKit/537.36 (KHTML, like Gecko; compatible; GPTBot/1.2; +https://openai.com/gptbot)"
20.171.207.153 - - [15/Sep/2025:15:41:12 +0200] "GET /sitemap-hot-4225854.xml?path=//var/lib/yum/yumdb/e/561140a401185b09696e2e9dcbe1566b24b752d0-ea-php72-php-xmlrpc-7.2.34-10.12.41.cpanel-x86_64 HTTP/1.1" 200 3168 "-" "Mozilla/5.0 AppleWebKit/537.36 (KHTML, like Gecko; compatible; GPTBot/1.2; +https://openai.com/gptbot)"
20.171.207.153 - - [15/Sep/2025:15:41:16 +0200] "GET /sitemap-hot-4225854.xml?path=//var/lib/yum/yumdb/e/32192a6b38401eb150a06a25f7c8f8652a4881b9-ea-php71-php-mbstring-7.1.33-18.19.41.cpanel-x86_64 HTTP/1.1" 200 3171 "-" "Mozilla/5.0 AppleWebKit/537.36 (KHTML, like Gecko; compatible; GPTBot/1.2; +https://openai.com/gptbot)"
20.171.207.153 - - [15/Sep/2025:15:41:19 +0200] "GET /sitemap-hot-4225854.xml?path=//var/lib/yum/yumdb/a/b4f9c06e3c6b06246ad71a66ebb7c3f715144879-alt-php-internal-mysqlnd-8.2.28-6.el7-x86_64 HTTP/1.1" 200 3161 "-" "Mozilla/5.0 AppleWebKit/537.36 (KHTML, like Gecko; compatible; GPTBot/1.2; +https://openai.com/gptbot)"
20.171.207.153 - - [15/Sep/2025:15:41:22 +0200] "GET /sitemap-hot-4225854.xml?path=//var/lib/yum/yumdb/a/f911b5c0447c545f4e166591d36a3a1f9c51b186-alt-php-internal-mbstring-8.2.28-6.el7-x86_64 HTTP/1.1" 200 3160 "-" "Mozilla/5.0 AppleWebKit/537.36 (KHTML, like Gecko; compatible; GPTBot/1.2; +https://openai.com/gptbot)"
20.171.207.153 - - [15/Sep/2025:15:41:25 +0200] "GET /sitemap-hot-4225854.xml?path=//var/lib/yum/yumdb/a/b49e410289811fd0af012d60ef69454bd194bc20-alt-php-internal-8.2.28-6.el7-x86_64 HTTP/1.1" 200 3151 "-" "Mozilla/5.0 AppleWebKit/537.36 (KHTML, like Gecko; compatible; GPTBot/1.2; +https://openai.com/gptbot)"
23.20.178.124 - - [15/Sep/2025:15:41:28 +0200] "GET /2025/09/11/freispiele-exklusive-einzahlung-2025/?path=//lib/oracle HTTP/1.1" 200 14003 "-" "Mozilla/5.0 AppleWebKit/537.36 (KHTML, like Gecko; compatible; Amazonbot/0.1; +https://developer.amazon.com/support/amazonbot) Chrome/119.0.6045.214 Safari/537.36"
20.171.207.153 - - [15/Sep/2025:15:41:28 +0200] "GET /sitemap-hot-4225854.xml?path=//var/lib/yum/yumdb/e/2bad8d1df477aa7204f8bb96f0ae0c82cfcea53e-ea-php71-php-process-7.1.33-18.19.41.cpanel-x86_64 HTTP/1.1" 200 3168 "-" "Mozilla/5.0 AppleWebKit/537.36 (KHTML, like Gecko; compatible; GPTBot/1.2; +https://openai.com/gptbot)"
198.244.240.84 - - [15/Sep/2025:15:41:28 +0200] "GET /category/pinco-giri/ HTTP/1.1" 200 3666 "-" "Mozilla/5.0 (compatible; AhrefsBot/7.0; +http://ahrefs.com/robot/)"
20.171.207.153 - - [15/Sep/2025:15:41:31 +0200] "GET /sitemap-hot-4225854.xml?path=//var/lib/yum/yumdb/a/98f07a2d3c96b3a4879493f99df05868dce74873-alt-php-hyperscan-5.4.0-17.el7-x86_64 HTTP/1.1" 200 3128 "-" "Mozilla/5.0 AppleWebKit/537.36 (KHTML, like Gecko; compatible; GPTBot/1.2; +https://openai.com/gptbot)"
54.83.180.239 - - [15/Sep/2025:15:41:32 +0200] "GET /2025/09/11/aktuelle-cat-jewels-kostenlose-80-spins-spielbank-boni-exklusive-einzahlung-treasure-island-mobiler-slot-inoffizieller-mitarbeiter-jahr-2025-advent-zadar/?path=//var/log HTTP/1.1" 200 165812 "-" "Mozilla/5.0 AppleWebKit/537.36 (KHTML, like Gecko; compatible; Amazonbot/0.1; +https://developer.amazon.com/support/amazonbot) Chrome/119.0.6045.214 Safari/537.36"
20.171.207.153 - - [15/Sep/2025:15:41:34 +0200] "GET /sitemap-hot-4225854.xml?path=//var/lib/yum/yumdb/e/bb6d35e6512cbab1c06b223dab01aad3af2e64e1-ea-php56-php-pgsql-5.6.40-23.25.42.cpanel-x86_64 HTTP/1.1" 200 3168 "-" "Mozilla/5.0 AppleWebKit/537.36 (KHTML, like Gecko; compatible; GPTBot/1.2; +https://openai.com/gptbot)"
3.216.13.10 - - [15/Sep/2025:15:41:36 +0200] "GET /2025/09/11/aktuelle-cat-jewels-kostenlose-80-spins-spielbank-boni-exklusive-einzahlung-treasure-island-mobiler-slot-inoffizieller-mitarbeiter-jahr-2025-advent-zadar/?path=//etc/init.d HTTP/1.1" 200 22578 "-" "Mozilla/5.0 AppleWebKit/537.36 (KHTML, like Gecko; compatible; Amazonbot/0.1; +https://developer.amazon.com/support/amazonbot) Chrome/119.0.6045.214 Safari/537.36"
20.171.207.153 - - [15/Sep/2025:15:41:37 +0200] "GET /sitemap-hot-4225854.xml?path=//var/lib/yum/yumdb/e/d871bcc20eb7f1a3d3ed245e808f21f21900a05a-ea-php70-php-imap-7.0.33-27.28.41.cpanel-x86_64 HTTP/1.1" 200 3165 "-" "Mozilla/5.0 AppleWebKit/537.36 (KHTML, like Gecko; compatible; GPTBot/1.2; +https://openai.com/gptbot)"
20.171.207.153 - - [15/Sep/2025:15:41:41 +0200] "GET /sitemap-hot-4225854.xml?path=//var/lib/yum/yumdb/e/fdbc833d12db49a1a8ed26f3ba814f98cdf5b192-ea-php73-php-soap-7.3.33-13.18.10.cpanel-x86_64 HTTP/1.1" 200 3162 "-" "Mozilla/5.0 AppleWebKit/537.36 (KHTML, like Gecko; compatible; GPTBot/1.2; +https://openai.com/gptbot)"
