216.73.216.34 - - [15/Sep/2025:14:52:51 +0200] "GET /2025/09/12/tpobet-canli-casno-gncel-gr-2025-9995?path=%2F%2Fsbin HTTP/1.1" 200 15570 "-" "Mozilla/5.0 AppleWebKit/537.36 (KHTML, like Gecko; compatible; ClaudeBot/1.0; +claudebot@anthropic.com)"
20.171.207.153 - - [15/Sep/2025:14:52:52 +0200] "GET /sitemap-hot-4245854.xml?fileloc=//proc/self/root/proc/1/net/snmp&path=//proc/self/root/proc/1/net HTTP/1.1" 200 2882 "-" "Mozilla/5.0 AppleWebKit/537.36 (KHTML, like Gecko; compatible; GPTBot/1.2; +https://openai.com/gptbot)"
216.73.216.34 - - [15/Sep/2025:14:52:53 +0200] "GET /2025/09/12/amon-casino-2025-jusqu-400-100-tours-gratuits-822?fileloc=%2F%2Fusr%2Fbin%2Fbzip2recover&path=%2F%2Fusr%2Fbin HTTP/1.1" 200 2258 "-" "Mozilla/5.0 AppleWebKit/537.36 (KHTML, like Gecko; compatible; ClaudeBot/1.0; +claudebot@anthropic.com)"
20.171.207.153 - - [15/Sep/2025:14:52:55 +0200] "GET /sitemap-hot-4245854.xml?fileloc=//proc/self/root/proc/7/net/connector&path=//proc/self/root/proc/7/net HTTP/1.1" 200 2300 "-" "Mozilla/5.0 AppleWebKit/537.36 (KHTML, like Gecko; compatible; GPTBot/1.2; +https://openai.com/gptbot)"
216.73.216.34 - - [15/Sep/2025:14:52:56 +0200] "GET /2025/09/12/twin-spin-netent-slot-slot-tornado-farm-escape-review?path=%2F%2Fsys%2Fdevices%2Fvirtual%2Fmsr HTTP/1.1" 200 2604 "-" "Mozilla/5.0 AppleWebKit/537.36 (KHTML, like Gecko; compatible; ClaudeBot/1.0; +claudebot@anthropic.com)"
20.171.207.153 - - [15/Sep/2025:14:52:58 +0200] "GET /sitemap-hot-4245854.xml?fileloc=//proc/self/root/proc/7/net/snmp&path=//proc/self/root/proc/7/net HTTP/1.1" 200 2885 "-" "Mozilla/5.0 AppleWebKit/537.36 (KHTML, like Gecko; compatible; GPTBot/1.2; +https://openai.com/gptbot)"
216.73.216.34 - - [15/Sep/2025:14:52:59 +0200] "GET /2025/09/12/best-real-cash-web-based-casinos-in-america-play-and-you-will-earn-a-real-income/feed?path=%2F%2Frun%2Fpdns HTTP/1.1" 200 2302 "-" "Mozilla/5.0 AppleWebKit/537.36 (KHTML, like Gecko; compatible; ClaudeBot/1.0; +claudebot@anthropic.com)"
54.163.136.244 - - [15/Sep/2025:14:53:00 +0200] "GET /2025/09/12/freispiele-ohne-einzahlung-spielautomaten-aloha-cluster-pays-online-2025/?path=//etc/logrotate.d HTTP/1.1" 200 45780 "-" "Mozilla/5.0 AppleWebKit/537.36 (KHTML, like Gecko; compatible; Amazonbot/0.1; +https://developer.amazon.com/support/amazonbot) Chrome/119.0.6045.214 Safari/537.36"
20.171.207.153 - - [15/Sep/2025:14:53:01 +0200] "GET /sitemap-hot-4245854.xml?fileloc=//proc/self/root/proc/9/net/snmp&path=//proc/self/root/proc/9/net HTTP/1.1" 200 2881 "-" "Mozilla/5.0 AppleWebKit/537.36 (KHTML, like Gecko; compatible; GPTBot/1.2; +https://openai.com/gptbot)"
216.73.216.34 - - [15/Sep/2025:14:53:02 +0200] "GET /2025/09/12/super-deuces-wild-the-brand-new-adventure-from-casino-slot-sugar-parade-rtp-a-refreshed-classic/feed?fileloc=%2F%2Fproc%2F252%2Fnet%2Fnf_conntrack_expect&path=%2F%2Fproc%2F252%2Fnet HTTP/1.1" 200 2273 "-" "Mozilla/5.0 AppleWebKit/537.36 (KHTML, like Gecko; compatible; ClaudeBot/1.0; +claudebot@anthropic.com)"
20.171.207.153 - - [15/Sep/2025:14:53:04 +0200] "GET /sitemap-hot-4245854.xml?fileloc=//proc/self/root/proc/7/net/netstat&path=//proc/self/root/proc/7/net HTTP/1.1" 200 3547 "-" "Mozilla/5.0 AppleWebKit/537.36 (KHTML, like Gecko; compatible; GPTBot/1.2; +https://openai.com/gptbot)"
216.73.216.34 - - [15/Sep/2025:14:53:05 +0200] "GET /2025/09/12/demi-gods-ii-position-opinion-2025-try-out-this-games-from-the-spinomenal-free-of-5625-paylines-on-slot-machines-charge?fileloc=%2F%2Fsbin%2Fnfsdcltrack&path=%2F%2Fsbin HTTP/1.1" 200 2245 "-" "Mozilla/5.0 AppleWebKit/537.36 (KHTML, like Gecko; compatible; ClaudeBot/1.0; +claudebot@anthropic.com)"
50.19.102.70 - - [15/Sep/2025:14:53:05 +0200] "GET /category/aug-slot-1/?path=//scripts HTTP/1.1" 200 680071 "-" "Mozilla/5.0 AppleWebKit/537.36 (KHTML, like Gecko; compatible; Amazonbot/0.1; +https://developer.amazon.com/support/amazonbot) Chrome/119.0.6045.214 Safari/537.36"
20.171.207.153 - - [15/Sep/2025:14:53:08 +0200] "GET /sitemap-hot-4245854.xml?fileloc=//proc/self/root/proc/6/net/ptype&path=//proc/self/root/proc/6/net HTTP/1.1" 200 2335 "-" "Mozilla/5.0 AppleWebKit/537.36 (KHTML, like Gecko; compatible; GPTBot/1.2; +https://openai.com/gptbot)"
216.73.216.34 - - [15/Sep/2025:14:53:08 +0200] "GET /2025/09/12/cyrus-the-herpes-virus-gokkast-speel-gratis-from-voor-echt-geld-seasons-rtp-slot-yggdrasil/feed?fileloc=%2F%2Flib%2Flibnss_hesiod-2.17.so&path=%2F%2Flib HTTP/1.1" 200 2252 "-" "Mozilla/5.0 AppleWebKit/537.36 (KHTML, like Gecko; compatible; ClaudeBot/1.0; +claudebot@anthropic.com)"
84.17.52.250 - - [15/Sep/2025:14:53:09 +0200] "POST /xmlrpc.php HTTP/1.1" 200 64828 "-" "Mozilla/5.0 (X11; Linux x86_64) AppleWebKit/537.36 (KHTML, like Gecko) Chrome/114.0.0.0 Safari/537.36"
84.17.52.250 - - [15/Sep/2025:14:53:10 +0200] "POST /xmlrpc.php HTTP/1.1" 200 64828 "-" "Mozilla/5.0 (X11; Linux x86_64) AppleWebKit/537.36 (KHTML, like Gecko) Chrome/114.0.0.0 Safari/537.36"
84.17.52.250 - - [15/Sep/2025:14:53:10 +0200] "POST /xmlrpc.php HTTP/1.1" 200 64828 "-" "Mozilla/5.0 (X11; Linux x86_64) AppleWebKit/537.36 (KHTML, like Gecko) Chrome/114.0.0.0 Safari/537.36"
84.17.52.250 - - [15/Sep/2025:14:53:10 +0200] "POST /xmlrpc.php HTTP/1.1" 200 64828 "-" "Mozilla/5.0 (X11; Linux x86_64) AppleWebKit/537.36 (KHTML, like Gecko) Chrome/114.0.0.0 Safari/537.36"
84.17.52.250 - - [15/Sep/2025:14:53:10 +0200] "POST /xmlrpc.php HTTP/1.1" 200 64828 "-" "Mozilla/5.0 (X11; Linux x86_64) AppleWebKit/537.36 (KHTML, like Gecko) Chrome/114.0.0.0 Safari/537.36"
84.17.52.250 - - [15/Sep/2025:14:53:10 +0200] "POST /xmlrpc.php HTTP/1.1" 200 64828 "-" "Mozilla/5.0 (X11; Linux x86_64) AppleWebKit/537.36 (KHTML, like Gecko) Chrome/114.0.0.0 Safari/537.36"
20.171.207.153 - - [15/Sep/2025:14:53:11 +0200] "GET /sitemap-hot-4245854.xml?fileloc=//proc/self/root/proc/9/net/route&path=//proc/self/root/proc/9/net HTTP/1.1" 200 2390 "-" "Mozilla/5.0 AppleWebKit/537.36 (KHTML, like Gecko; compatible; GPTBot/1.2; +https://openai.com/gptbot)"
84.17.52.250 - - [15/Sep/2025:14:53:11 +0200] "POST /xmlrpc.php HTTP/1.1" 200 64828 "-" "Mozilla/5.0 (X11; Linux x86_64) AppleWebKit/537.36 (KHTML, like Gecko) Chrome/114.0.0.0 Safari/537.36"
84.17.52.250 - - [15/Sep/2025:14:53:11 +0200] "POST /xmlrpc.php HTTP/1.1" 200 64828 "-" "Mozilla/5.0 (X11; Linux x86_64) AppleWebKit/537.36 (KHTML, like Gecko) Chrome/114.0.0.0 Safari/537.36"
216.73.216.34 - - [15/Sep/2025:14:53:11 +0200] "GET /2025/09/12/gamble-dj-nuts-gambling-establishment-game-free-spins-on-stinkin-rich-savibet-online-slots-local-casino-real-money-demonstration?fileloc=%2F%2Flib%2Fdracut%2Fdracut-install&path=%2F%2Flib%2Fdracut HTTP/1.1" 200 2256 "-" "Mozilla/5.0 AppleWebKit/537.36 (KHTML, like Gecko; compatible; ClaudeBot/1.0; +claudebot@anthropic.com)"
84.17.52.250 - - [15/Sep/2025:14:53:11 +0200] "POST /xmlrpc.php HTTP/1.1" 200 64828 "-" "Mozilla/5.0 (X11; Linux x86_64) AppleWebKit/537.36 (KHTML, like Gecko) Chrome/114.0.0.0 Safari/537.36"
52.3.104.214 - - [15/Sep/2025:14:53:12 +0200] "GET /2025/05/15/how-to-bet-on-basketball-and-make-money-7/?path=//opt/app-version-detector HTTP/1.1" 200 15820 "-" "Mozilla/5.0 AppleWebKit/537.36 (KHTML, like Gecko; compatible; Amazonbot/0.1; +https://developer.amazon.com/support/amazonbot) Chrome/119.0.6045.214 Safari/537.36"
20.171.207.153 - - [15/Sep/2025:14:53:14 +0200] "GET /sitemap-hot-4245854.xml?fileloc=//proc/self/root/proc/9/net/mcfilter&path=//proc/self/root/proc/9/net HTTP/1.1" 200 2310 "-" "Mozilla/5.0 AppleWebKit/537.36 (KHTML, like Gecko; compatible; GPTBot/1.2; +https://openai.com/gptbot)"
216.73.216.34 - - [15/Sep/2025:14:53:14 +0200] "GET /2025/09/12/disco-funk-on-the-web-online-casino-cherry-50-free-spins-casino-slot-games-enjoy-100-percent-free-that-have-habanero?fileloc=%2F%2Fscripts%2Fjetbackup-check&path=%2F%2Fscripts HTTP/1.1" 200 3586 "-" "Mozilla/5.0 AppleWebKit/537.36 (KHTML, like Gecko; compatible; ClaudeBot/1.0; +claudebot@anthropic.com)"
18.215.112.101 - - [15/Sep/2025:14:53:16 +0200] "GET /2025/09/11/victorious-eye-of-horus-legal-slot-freispiele-netent-slot-50-kostenlose-spins-nach-pharaos-riches-original-keine-einzahlung-review-lagos-nawa/?path=//boot/efi HTTP/1.1" 200 13990 "-" "Mozilla/5.0 AppleWebKit/537.36 (KHTML, like Gecko; compatible; Amazonbot/0.1; +https://developer.amazon.com/support/amazonbot) Chrome/119.0.6045.214 Safari/537.36"
20.171.207.153 - - [15/Sep/2025:14:53:17 +0200] "GET /sitemap-hot-4245854.xml?fileloc=//proc/self/root/proc/1/net/protocols&path=//proc/self/root/proc/1/net HTTP/1.1" 200 2592 "-" "Mozilla/5.0 AppleWebKit/537.36 (KHTML, like Gecko; compatible; GPTBot/1.2; +https://openai.com/gptbot)"
216.73.216.34 - - [15/Sep/2025:14:53:17 +0200] "GET /2025/09/12/super-deuces-wild-the-brand-new-adventure-from-casino-slot-sugar-parade-rtp-a-refreshed-classic/feed?path=%2F%2Fsys%2Fkernel%2Fslab%2F%3At-0000216 HTTP/1.1" 200 3351 "-" "Mozilla/5.0 AppleWebKit/537.36 (KHTML, like Gecko; compatible; ClaudeBot/1.0; +claudebot@anthropic.com)"
216.73.216.34 - - [15/Sep/2025:14:53:20 +0200] "GET /2025/09/12/super-deuces-wild-the-brand-new-adventure-from-casino-slot-sugar-parade-rtp-a-refreshed-classic/feed?fileloc=%2F%2Fproc%2F15219%2Fnet%2Fprotocols&path=%2F%2Fproc%2F15219%2Fnet HTTP/1.1" 200 2573 "-" "Mozilla/5.0 AppleWebKit/537.36 (KHTML, like Gecko; compatible; ClaudeBot/1.0; +claudebot@anthropic.com)"
20.171.207.153 - - [15/Sep/2025:14:53:20 +0200] "GET /sitemap-hot-4245854.xml?fileloc=//proc/self/root/proc/9/net/netstat&path=//proc/self/root/proc/9/net HTTP/1.1" 200 3558 "-" "Mozilla/5.0 AppleWebKit/537.36 (KHTML, like Gecko; compatible; GPTBot/1.2; +https://openai.com/gptbot)"
216.73.216.34 - - [15/Sep/2025:14:53:23 +0200] "GET /2025/09/12/b7-casino-nl-bonus-450-en-250-gratis-spins-1069?path=%2F%2Fsys%2Ffirmware%2Fmemmap%2F2 HTTP/1.1" 200 2631 "-" "Mozilla/5.0 AppleWebKit/537.36 (KHTML, like Gecko; compatible; ClaudeBot/1.0; +claudebot@anthropic.com)"
20.171.207.153 - - [15/Sep/2025:14:53:24 +0200] "GET /sitemap-hot-4245854.xml?fileloc=//proc/self/root/proc/6/net/connector&path=//proc/self/root/proc/6/net HTTP/1.1" 200 2300 "-" "Mozilla/5.0 AppleWebKit/537.36 (KHTML, like Gecko; compatible; GPTBot/1.2; +https://openai.com/gptbot)"
216.73.216.34 - - [15/Sep/2025:14:53:26 +0200] "GET /2025/09/12/finest-20-casinos-on-the-internet-inside-the-usa-greatest-gambling-enterprise-web-sites-to-possess-2025?fileloc=%2F%2Fbin%2Fmysqlcheck&path=%2F%2Fbin HTTP/1.1" 200 2243 "-" "Mozilla/5.0 AppleWebKit/537.36 (KHTML, like Gecko; compatible; ClaudeBot/1.0; +claudebot@anthropic.com)"
20.171.207.153 - - [15/Sep/2025:14:53:27 +0200] "GET /sitemap-hot-4245854.xml?fileloc=//proc/self/root/proc/9/net/ptype&path=//proc/self/root/proc/9/net HTTP/1.1" 200 2336 "-" "Mozilla/5.0 AppleWebKit/537.36 (KHTML, like Gecko; compatible; GPTBot/1.2; +https://openai.com/gptbot)"
52.6.5.24 - - [15/Sep/2025:14:53:29 +0200] "GET /2025/09/11/victorious-eye-of-horus-legal-slot-freispiele-netent-slot-50-kostenlose-spins-nach-pharaos-riches-original-keine-einzahlung-review-lagos-nawa/?path=//lib64/libxslt-plugins HTTP/1.1" 200 12722 "-" "Mozilla/5.0 AppleWebKit/537.36 (KHTML, like Gecko; compatible; Amazonbot/0.1; +https://developer.amazon.com/support/amazonbot) Chrome/119.0.6045.214 Safari/537.36"
216.73.216.34 - - [15/Sep/2025:14:53:29 +0200] "GET /2025/09/12/demi-gods-ii-position-opinion-2025-try-out-this-games-from-the-spinomenal-free-of-5625-paylines-on-slot-machines-charge?fileloc=%2F%2Fsbin%2Fwpa_passphrase&path=%2F%2Fsbin HTTP/1.1" 200 2249 "-" "Mozilla/5.0 AppleWebKit/537.36 (KHTML, like Gecko; compatible; ClaudeBot/1.0; +claudebot@anthropic.com)"
20.171.207.153 - - [15/Sep/2025:14:53:30 +0200] "GET /sitemap-hot-4245854.xml?fileloc=//proc/self/root/proc/9/net/connector&path=//proc/self/root/proc/9/net HTTP/1.1" 200 2300 "-" "Mozilla/5.0 AppleWebKit/537.36 (KHTML, like Gecko; compatible; GPTBot/1.2; +https://openai.com/gptbot)"
216.73.216.34 - - [15/Sep/2025:14:53:32 +0200] "GET /2025/09/12/super-deuces-wild-the-brand-new-adventure-from-casino-slot-sugar-parade-rtp-a-refreshed-classic/feed?fileloc=%2F%2Flib64%2Flibenchant.so.1&path=%2F%2Flib64 HTTP/1.1" 200 2248 "-" "Mozilla/5.0 AppleWebKit/537.36 (KHTML, like Gecko; compatible; ClaudeBot/1.0; +claudebot@anthropic.com)"
98.82.214.73 - - [15/Sep/2025:14:53:33 +0200] "GET /2025/09/11/top-ten-on-the-web-roulette-web-sites-for-real-money-in-2025/?path=//var/www HTTP/1.1" 200 15296 "-" "Mozilla/5.0 AppleWebKit/537.36 (KHTML, like Gecko; compatible; Amazonbot/0.1; +https://developer.amazon.com/support/amazonbot) Chrome/119.0.6045.214 Safari/537.36"
57.141.0.55 - - [15/Sep/2025:14:53:33 +0200] "GET /2025/09/12/que-aparelhar-roleta-online-como-melhores-cassinos-abicar-brasil/?fileloc=//aquota.user&path=/ HTTP/1.1" 200 12212 "-" "meta-externalagent/1.1 (+https://developers.facebook.com/docs/sharing/webmasters/crawler)"
20.171.207.153 - - [15/Sep/2025:14:53:33 +0200] "GET /sitemap-hot-4245854.xml?fileloc=//proc/self/root/proc/7/net/ptype&path=//proc/self/root/proc/7/net HTTP/1.1" 200 2336 "-" "Mozilla/5.0 AppleWebKit/537.36 (KHTML, like Gecko; compatible; GPTBot/1.2; +https://openai.com/gptbot)"
20.171.207.153 - - [15/Sep/2025:14:53:36 +0200] "GET /sitemap-hot-4245854.xml?fileloc=//proc/self/root/proc/9/net/rt_acct&path=//proc/self/root/proc/9/net HTTP/1.1" 200 2296 "-" "Mozilla/5.0 AppleWebKit/537.36 (KHTML, like Gecko; compatible; GPTBot/1.2; +https://openai.com/gptbot)"
216.73.216.34 - - [15/Sep/2025:14:53:37 +0200] "GET /2025/09/12/review-dos-melhores-cassinos-online-esfogiteado-brasil-acimade-2025/feed?fileloc=%2F%2Fusr%2Fsbin%2Ftry-from&path=%2F%2Fusr%2Fsbin HTTP/1.1" 200 2253 "-" "Mozilla/5.0 AppleWebKit/537.36 (KHTML, like Gecko; compatible; ClaudeBot/1.0; +claudebot@anthropic.com)"
146.174.181.146 - - [15/Sep/2025:14:53:38 +0200] "GET /category/cossac-org/?path=/home/sareqgroup/ecommerce.com/wp-admin HTTP/1.1" 200 173459 "-" "Mozilla/5.0 (Windows; U; Windows NT 6.1; en-US) AppleWebKit/533.9 (KHTML, like Gecko) Chrome/6.0.400.0 Safari/533.9"
216.73.216.34 - - [15/Sep/2025:14:53:39 +0200] "GET /2025/09/12/review-dos-melhores-cassinos-online-esfogiteado-brasil-acimade-2025/feed?fileloc=%2F%2Fusr%2Fsbin%2Fpam_console_apply&path=%2F%2Fusr%2Fsbin HTTP/1.1" 200 2262 "-" "Mozilla/5.0 AppleWebKit/537.36 (KHTML, like Gecko; compatible; ClaudeBot/1.0; +claudebot@anthropic.com)"
20.171.207.153 - - [15/Sep/2025:14:53:39 +0200] "GET /sitemap-hot-4245854.xml?fileloc=//proc/self/root/proc/1/net/mcfilter&path=//proc/self/root/proc/1/net HTTP/1.1" 200 2309 "-" "Mozilla/5.0 AppleWebKit/537.36 (KHTML, like Gecko; compatible; GPTBot/1.2; +https://openai.com/gptbot)"
216.73.216.34 - - [15/Sep/2025:14:53:42 +0200] "GET /2025/09/12/shell-out-by-the-cellular-casinos-2025-british-web-sites-you-to-take-on-spend-by-the-cell-phone-auto-roulette-online-casino-costs?fileloc=%2F%2Fscripts%2Fsetup_systemd_timer_for_plugins&path=%2F%2Fscripts HTTP/1.1" 200 2259 "-" "Mozilla/5.0 AppleWebKit/537.36 (KHTML, like Gecko; compatible; ClaudeBot/1.0; +claudebot@anthropic.com)"
20.171.207.153 - - [15/Sep/2025:14:53:42 +0200] "GET /sitemap-hot-4245854.xml?fileloc=//proc/self/root/proc/6/net/netstat&path=//proc/self/root/proc/6/net HTTP/1.1" 200 3549 "-" "Mozilla/5.0 AppleWebKit/537.36 (KHTML, like Gecko; compatible; GPTBot/1.2; +https://openai.com/gptbot)"
216.73.216.34 - - [15/Sep/2025:14:53:45 +0200] "GET /2025/09/12/gamble-dj-nuts-gambling-establishment-game-free-spins-on-stinkin-rich-savibet-online-slots-local-casino-real-money-demonstration?fileloc=%2F%2Fusr%2Fbin%2Feuca-modify-snapshot-attribute&path=%2F%2Fusr%2Fbin HTTP/1.1" 200 2350 "-" "Mozilla/5.0 AppleWebKit/537.36 (KHTML, like Gecko; compatible; ClaudeBot/1.0; +claudebot@anthropic.com)"
20.171.207.153 - - [15/Sep/2025:14:53:46 +0200] "GET /sitemap-hot-4245854.xml?fileloc=//proc/self/root/proc/7/net/rt_acct&path=//proc/self/root/proc/7/net HTTP/1.1" 200 2296 "-" "Mozilla/5.0 AppleWebKit/537.36 (KHTML, like Gecko; compatible; GPTBot/1.2; +https://openai.com/gptbot)"
66.249.74.1 - - [15/Sep/2025:14:53:48 +0200] "GET /2025/07/22/%D0%BA%D0%B0%D0%BA%D0%B8%D0%BC-%D1%81%D0%BF%D0%BE%D1%81%D0%BE%D0%B1%D0%BE%D0%BC-%D1%81%D1%82%D0%B0%D1%80%D1%82%D0%BE%D0%B2%D0%B0%D1%82%D1%8C-%D1%80%D0%B0%D0%B7%D0%B2%D0%BB%D0%B5%D1%87%D0%B5%D0%BD/?fileloc=//boot/config-3.10.0-1160.119.1.el7.tuxcare.els20.x86_64&path=//boot HTTP/1.1" 200 39005 "-" "Mozilla/5.0 (Linux; Android 6.0.1; Nexus 5X Build/MMB29P) AppleWebKit/537.36 (KHTML, like Gecko) Chrome/140.0.7339.127 Mobile Safari/537.36 (compatible; GoogleOther)"
216.73.216.34 - - [15/Sep/2025:14:53:48 +0200] "GET /2025/09/12/slotigo-de-worldmatch-slot-spiele-die-besten-verbunden-slots-and-spielautomaten-gebuhrenfrei?fileloc=%2F%2Flib64%2Fpython2.7%2Fshutil.pyc&path=%2F%2Flib64%2Fpython2.7 HTTP/1.1" 200 2261 "-" "Mozilla/5.0 AppleWebKit/537.36 (KHTML, like Gecko; compatible; ClaudeBot/1.0; +claudebot@anthropic.com)"
20.171.207.153 - - [15/Sep/2025:14:53:49 +0200] "GET /sitemap-hot-4245854.xml?fileloc=//proc/self/root/proc/6/net/route&path=//proc/self/root/proc/6/net HTTP/1.1" 200 2389 "-" "Mozilla/5.0 AppleWebKit/537.36 (KHTML, like Gecko; compatible; GPTBot/1.2; +https://openai.com/gptbot)"
35.169.240.53 - - [15/Sep/2025:14:53:49 +0200] "GET /2025/09/11/top-ten-on-the-web-roulette-web-sites-for-real-money-in-2025/?path=//lib/audit HTTP/1.1" 200 14127 "-" "Mozilla/5.0 AppleWebKit/537.36 (KHTML, like Gecko; compatible; Amazonbot/0.1; +https://developer.amazon.com/support/amazonbot) Chrome/119.0.6045.214 Safari/537.36"
216.73.216.34 - - [15/Sep/2025:14:53:51 +0200] "GET /2025/09/12/que-aparelhar-roleta-online-como-melhores-cassinos-abicar-brasil/feed?fileloc=%2F%2Fopt%2Fpcre%2Fbin%2Fpcregrep&path=%2F%2Fopt%2Fpcre%2Fbin HTTP/1.1" 200 2262 "-" "Mozilla/5.0 AppleWebKit/537.36 (KHTML, like Gecko; compatible; ClaudeBot/1.0; +claudebot@anthropic.com)"
20.171.207.153 - - [15/Sep/2025:14:53:52 +0200] "GET /sitemap-hot-4245854.xml?fileloc=//proc/self/root/proc/1/net/ptype&path=//proc/self/root/proc/1/net HTTP/1.1" 200 2335 "-" "Mozilla/5.0 AppleWebKit/537.36 (KHTML, like Gecko; compatible; GPTBot/1.2; +https://openai.com/gptbot)"
52.205.222.214 - - [15/Sep/2025:14:53:53 +0200] "GET /2025/09/11/freispiele-exklusive-einzahlung-2025/?path=//var/log HTTP/1.1" 200 165813 "-" "Mozilla/5.0 AppleWebKit/537.36 (KHTML, like Gecko; compatible; Amazonbot/0.1; +https://developer.amazon.com/support/amazonbot) Chrome/119.0.6045.214 Safari/537.36"
216.73.216.34 - - [15/Sep/2025:14:53:54 +0200] "GET /2025/09/12/egypt-sky-banana-totem-towers-slot-splash-slot-je-bares-slot-review-2025-free-play-demo/feed?fileloc=%2F%2Fusr%2Finclude%2Farpa%2Fnameser_compat.h&path=%2F%2Fusr%2Finclude%2Farpa HTTP/1.1" 200 4829 "-" "Mozilla/5.0 AppleWebKit/537.36 (KHTML, like Gecko; compatible; ClaudeBot/1.0; +claudebot@anthropic.com)"
20.171.207.153 - - [15/Sep/2025:14:53:55 +0200] "GET /sitemap-hot-4245854.xml?fileloc=//proc/self/root/proc/1/net/rt_acct&path=//proc/self/root/proc/1/net HTTP/1.1" 200 2295 "-" "Mozilla/5.0 AppleWebKit/537.36 (KHTML, like Gecko; compatible; GPTBot/1.2; +https://openai.com/gptbot)"
54.83.56.1 - - [15/Sep/2025:14:53:57 +0200] "GET /2020/10/?fileloc=//bin/diff3&path=//bin HTTP/1.1" 200 12240 "-" "Mozilla/5.0 AppleWebKit/537.36 (KHTML, like Gecko; compatible; Amazonbot/0.1; +https://developer.amazon.com/support/amazonbot) Chrome/119.0.6045.214 Safari/537.36"
216.73.216.34 - - [15/Sep/2025:14:53:57 +0200] "GET /2025/09/12/twin-spin-netent-slot-slot-tornado-farm-escape-review?fileloc=%2F%2Flib64%2Flibboost_thread-mt.so.1.53.0&path=%2F%2Flib64 HTTP/1.1" 200 2256 "-" "Mozilla/5.0 AppleWebKit/537.36 (KHTML, like Gecko; compatible; ClaudeBot/1.0; +claudebot@anthropic.com)"
20.171.207.153 - - [15/Sep/2025:14:53:58 +0200] "GET /sitemap-hot-4245854.xml?fileloc=//proc/self/root/proc/7/net/mcfilter&path=//proc/self/root/proc/7/net HTTP/1.1" 200 2310 "-" "Mozilla/5.0 AppleWebKit/537.36 (KHTML, like Gecko; compatible; GPTBot/1.2; +https://openai.com/gptbot)"
216.73.216.34 - - [15/Sep/2025:14:54:00 +0200] "GET /2025/09/12/bananas-go-bahamas-gebuhrenfrei-tasty-win-mobile-slot-ohne-registration-auf-anhieb-highway-kings-pro-slot-casino-sites-gerieren/feed?fileloc=%2Fhome%2Fsareqgroup%2Fmail%2F.claude_ndiaye%40sareqgroup_com%2F.Sent%2Fdovecot.index.log&path=%2Fhome%2Fsareqgroup%2Fmail%2F.claude_ndiaye%40sareqgroup_com%2F.Sent HTTP/1.1" 200 2301 "-" "Mozilla/5.0 AppleWebKit/537.36 (KHTML, like Gecko; compatible; ClaudeBot/1.0; +claudebot@anthropic.com)"
20.171.207.153 - - [15/Sep/2025:14:54:01 +0200] "GET /sitemap-hot-4245854.xml?fileloc=//proc/self/root/proc/6/net/snmp&path=//proc/self/root/proc/6/net HTTP/1.1" 200 2885 "-" "Mozilla/5.0 AppleWebKit/537.36 (KHTML, like Gecko; compatible; GPTBot/1.2; +https://openai.com/gptbot)"
216.73.216.34 - - [15/Sep/2025:14:54:03 +0200] "GET /2025/09/12/best-online-casino-internet-sites-you-a-real-income-gambling-classico-1-deposit-enterprises-2025?fileloc=%2F%2Fusr%2Flib64%2Flibrt-2.17.so&path=%2F%2Fusr%2Flib64 HTTP/1.1" 200 2258 "-" "Mozilla/5.0 AppleWebKit/537.36 (KHTML, like Gecko; compatible; ClaudeBot/1.0; +claudebot@anthropic.com)"
20.171.207.153 - - [15/Sep/2025:14:54:04 +0200] "GET /sitemap-hot-4245854.xml?fileloc=//proc/self/root/proc/9/net/protocols&path=//proc/self/root/proc/9/net HTTP/1.1" 200 2592 "-" "Mozilla/5.0 AppleWebKit/537.36 (KHTML, like Gecko; compatible; GPTBot/1.2; +https://openai.com/gptbot)"
216.73.216.34 - - [15/Sep/2025:14:54:06 +0200] "GET /2025/09/12/cyrus-the-herpes-virus-gokkast-speel-gratis-from-voor-echt-geld-seasons-rtp-slot-yggdrasil/feed?fileloc=%2F%2Fusr%2Flib%2Fgconv%2FIBM1156.so&path=%2F%2Fusr%2Flib%2Fgconv HTTP/1.1" 200 2268 "-" "Mozilla/5.0 AppleWebKit/537.36 (KHTML, like Gecko; compatible; ClaudeBot/1.0; +claudebot@anthropic.com)"
20.171.207.153 - - [15/Sep/2025:14:54:08 +0200] "GET /sitemap-hot-4245854.xml?fileloc=//proc/self/root/proc/9/net/packet&path=//proc/self/root/proc/9/net HTTP/1.1" 200 2347 "-" "Mozilla/5.0 AppleWebKit/537.36 (KHTML, like Gecko; compatible; GPTBot/1.2; +https://openai.com/gptbot)"
216.73.216.34 - - [15/Sep/2025:14:54:09 +0200] "GET /2025/09/12/cyrus-the-herpes-virus-gokkast-speel-gratis-from-voor-echt-geld-seasons-rtp-slot-yggdrasil/feed?fileloc=%2F%2Fusr%2Flib%2Fgconv%2FIBM1154.so&path=%2F%2Fusr%2Flib%2Fgconv HTTP/1.1" 200 2268 "-" "Mozilla/5.0 AppleWebKit/537.36 (KHTML, like Gecko; compatible; ClaudeBot/1.0; +claudebot@anthropic.com)"
20.171.207.153 - - [15/Sep/2025:14:54:11 +0200] "GET /sitemap-hot-4245854.xml?fileloc=//proc/self/root/proc/1/net/igmp&path=//proc/self/root/proc/1/net HTTP/1.1" 200 2359 "-" "Mozilla/5.0 AppleWebKit/537.36 (KHTML, like Gecko; compatible; GPTBot/1.2; +https://openai.com/gptbot)"
216.73.216.34 - - [15/Sep/2025:14:54:12 +0200] "GET /2025/09/12/real-user-reviews-away-from-amorbingo-gambling-enterprise/feed?fileloc=%2F%2Flib64%2FlibMagickCore-6.Q16.so.6&path=%2F%2Flib64 HTTP/1.1" 200 2256 "-" "Mozilla/5.0 AppleWebKit/537.36 (KHTML, like Gecko; compatible; ClaudeBot/1.0; +claudebot@anthropic.com)"
35.173.18.61 - - [15/Sep/2025:14:54:13 +0200] "GET /category/generated-texts/?path=//dev/input HTTP/1.1" 200 15316 "-" "Mozilla/5.0 AppleWebKit/537.36 (KHTML, like Gecko; compatible; Amazonbot/0.1; +https://developer.amazon.com/support/amazonbot) Chrome/119.0.6045.214 Safari/537.36"
20.171.207.153 - - [15/Sep/2025:14:54:14 +0200] "GET /sitemap-hot-4245854.xml?fileloc=//proc/self/root/proc/6/net/sockstat&path=//proc/self/root/proc/6/net HTTP/1.1" 200 2365 "-" "Mozilla/5.0 AppleWebKit/537.36 (KHTML, like Gecko; compatible; GPTBot/1.2; +https://openai.com/gptbot)"
216.73.216.34 - - [15/Sep/2025:14:54:15 +0200] "GET /2025/09/12/hot-fire-fruits-slot-canhoteiro-review-2024-play-for-free/feed?fileloc=%2F%2Fusr%2Finclude%2Ffam.h&path=%2F%2Fusr%2Finclude HTTP/1.1" 200 4690 "-" "Mozilla/5.0 AppleWebKit/537.36 (KHTML, like Gecko; compatible; ClaudeBot/1.0; +claudebot@anthropic.com)"
20.171.207.153 - - [15/Sep/2025:14:54:17 +0200] "GET /sitemap-hot-4245854.xml?fileloc=//proc/self/root/proc/9/net/sockstat&path=//proc/self/root/proc/9/net HTTP/1.1" 200 2365 "-" "Mozilla/5.0 AppleWebKit/537.36 (KHTML, like Gecko; compatible; GPTBot/1.2; +https://openai.com/gptbot)"
216.73.216.34 - - [15/Sep/2025:14:54:18 +0200] "GET /2025/09/12/lil-devil-slot-free-online-slot-game-mega-moolah-mobile-slot-rtp-playing-on-the-internet-no-download/feed?fileloc=%2F%2Flib%2Fgconv%2FCWI.so&path=%2F%2Flib%2Fgconv HTTP/1.1" 200 2258 "-" "Mozilla/5.0 AppleWebKit/537.36 (KHTML, like Gecko; compatible; ClaudeBot/1.0; +claudebot@anthropic.com)"
20.171.207.153 - - [15/Sep/2025:14:54:20 +0200] "GET /sitemap-hot-4245854.xml?fileloc=//proc/self/root/proc/7/net/netlink&path=//proc/self/root/proc/7/net HTTP/1.1" 200 2571 "-" "Mozilla/5.0 AppleWebKit/537.36 (KHTML, like Gecko; compatible; GPTBot/1.2; +https://openai.com/gptbot)"
216.73.216.34 - - [15/Sep/2025:14:54:21 +0200] "GET /2025/09/12/b7-casino-nl-bonus-450-en-250-gratis-spins-619-2?fileloc=%2F%2Flib%2Ffirmware%2Fueagle-atm%2FCMV4p.bin.v2&path=%2F%2Flib%2Ffirmware%2Fueagle-atm HTTP/1.1" 200 2278 "-" "Mozilla/5.0 AppleWebKit/537.36 (KHTML, like Gecko; compatible; ClaudeBot/1.0; +claudebot@anthropic.com)"
20.171.207.153 - - [15/Sep/2025:14:54:23 +0200] "GET /sitemap-hot-4245854.xml?fileloc=//proc/self/root/proc/9/net/igmp&path=//proc/self/root/proc/9/net HTTP/1.1" 200 2360 "-" "Mozilla/5.0 AppleWebKit/537.36 (KHTML, like Gecko; compatible; GPTBot/1.2; +https://openai.com/gptbot)"
216.73.216.34 - - [15/Sep/2025:14:54:26 +0200] "GET /2025/09/12/b7-casino-nl-bonus-450-en-250-gratis-spins-619-2?fileloc=%2F%2Flib%2Ffirmware%2Fbnx2%2Fbnx2-rv2p-06-5.0.0.j3.fw&path=%2F%2Flib%2Ffirmware%2Fbnx2 HTTP/1.1" 200 2277 "-" "Mozilla/5.0 AppleWebKit/537.36 (KHTML, like Gecko; compatible; ClaudeBot/1.0; +claudebot@anthropic.com)"
20.171.207.153 - - [15/Sep/2025:14:54:27 +0200] "GET /sitemap-hot-4245854.xml?fileloc=//proc/self/root/proc/1/net/psched&path=//proc/self/root/proc/1/net HTTP/1.1" 200 2302 "-" "Mozilla/5.0 AppleWebKit/537.36 (KHTML, like Gecko; compatible; GPTBot/1.2; +https://openai.com/gptbot)"
216.73.216.34 - - [15/Sep/2025:14:54:27 +0200] "GET /2025/09/12/finest-20-casinos-on-the-internet-inside-the-usa-greatest-gambling-enterprise-web-sites-to-possess-2025?fileloc=%2F%2Fopt%2Fpcre%2Fhas_lookbehind_fix&path=%2F%2Fopt%2Fpcre HTTP/1.1" 200 2261 "-" "Mozilla/5.0 AppleWebKit/537.36 (KHTML, like Gecko; compatible; ClaudeBot/1.0; +claudebot@anthropic.com)"
20.171.207.153 - - [15/Sep/2025:14:54:30 +0200] "GET /sitemap-hot-4245854.xml?fileloc=//proc/self/root/proc/1/net/sockstat&path=//proc/self/root/proc/1/net HTTP/1.1" 200 2364 "-" "Mozilla/5.0 AppleWebKit/537.36 (KHTML, like Gecko; compatible; GPTBot/1.2; +https://openai.com/gptbot)"
216.73.216.34 - - [15/Sep/2025:14:54:30 +0200] "GET /2025/09/12/real-user-reviews-away-from-amorbingo-gambling-enterprise/feed?fileloc=%2F%2Flib64%2Flibijs.so&path=%2F%2Flib64 HTTP/1.1" 200 2244 "-" "Mozilla/5.0 AppleWebKit/537.36 (KHTML, like Gecko; compatible; ClaudeBot/1.0; +claudebot@anthropic.com)"
45.148.232.88 - - [15/Sep/2025:14:54:31 +0200] "GET /2025/09/02/les-secrets-des-probabilites-au-casinoclic-comment-jouer-avec-intelligence/ HTTP/1.1" 200 3666 "-" "Mozilla/5.0 (Macintosh; Intel Mac OS X 12_5) AppleWebKit/537.36 (KHTML, like Gecko) Chrome/114.0.0.0 Safari/537.36 Vivaldi/5.3.2679.68"
54.147.182.90 - - [15/Sep/2025:14:54:32 +0200] "GET /2025/09/11/sunnyplayer-2015-uber-innerster-planet-zum-diese-seite-besten-geben-book-of-ra-manipulieren-had-been-ist-davon-zu-transportieren/?fileloc=//bin/tcfmttest&path=//bin HTTP/1.1" 200 12244 "-" "Mozilla/5.0 AppleWebKit/537.36 (KHTML, like Gecko; compatible; Amazonbot/0.1; +https://developer.amazon.com/support/amazonbot) Chrome/119.0.6045.214 Safari/537.36"
20.171.207.153 - - [15/Sep/2025:14:54:33 +0200] "GET /sitemap-hot-4245854.xml?fileloc=//proc/self/root/proc/7/net/sockstat&path=//proc/self/root/proc/7/net HTTP/1.1" 200 2365 "-" "Mozilla/5.0 AppleWebKit/537.36 (KHTML, like Gecko; compatible; GPTBot/1.2; +https://openai.com/gptbot)"
216.73.216.34 - - [15/Sep/2025:14:54:33 +0200] "GET /2025/09/12/kap-ultimat-mastercard-casino-ino-sverige-2025?fileloc=%2F%2Fsys%2Fmodule%2Fmbcache%2Fsections%2F.note.gnu.build-id&path=%2F%2Fsys%2Fmodule%2Fmbcache%2Fsections HTTP/1.1" 200 2287 "-" "Mozilla/5.0 AppleWebKit/537.36 (KHTML, like Gecko; compatible; ClaudeBot/1.0; +claudebot@anthropic.com)"
20.171.207.153 - - [15/Sep/2025:14:54:36 +0200] "GET /sitemap-hot-4245854.xml?fileloc=//proc/self/root/proc/6/net/netlink&path=//proc/self/root/proc/6/net HTTP/1.1" 200 2570 "-" "Mozilla/5.0 AppleWebKit/537.36 (KHTML, like Gecko; compatible; GPTBot/1.2; +https://openai.com/gptbot)"
216.73.216.34 - - [15/Sep/2025:14:54:36 +0200] "GET /2025/09/12/best-real-cash-web-based-casinos-in-america-play-and-you-will-earn-a-real-income/feed?fileloc=%2F%2Flib64%2Flibsystemd-daemon.so.0.0.12&path=%2F%2Flib64 HTTP/1.1" 200 2254 "-" "Mozilla/5.0 AppleWebKit/537.36 (KHTML, like Gecko; compatible; ClaudeBot/1.0; +claudebot@anthropic.com)"
216.73.216.34 - - [15/Sep/2025:14:54:39 +0200] "GET /2025/09/12/real-user-reviews-away-from-amorbingo-gambling-enterprise/feed?fileloc=%2F%2Flib64%2Flibtasn1.so.6.5.3&path=%2F%2Flib64 HTTP/1.1" 200 2249 "-" "Mozilla/5.0 AppleWebKit/537.36 (KHTML, like Gecko; compatible; ClaudeBot/1.0; +claudebot@anthropic.com)"
20.171.207.153 - - [15/Sep/2025:14:54:39 +0200] "GET /sitemap-hot-4245854.xml?fileloc=//proc/self/root/proc/1/net/netlink&path=//proc/self/root/proc/1/net HTTP/1.1" 200 2570 "-" "Mozilla/5.0 AppleWebKit/537.36 (KHTML, like Gecko; compatible; GPTBot/1.2; +https://openai.com/gptbot)"
98.83.178.66 - - [15/Sep/2025:14:54:40 +0200] "GET /2020/10/?path=//dev/mqueue HTTP/1.1" 200 12698 "-" "Mozilla/5.0 AppleWebKit/537.36 (KHTML, like Gecko; compatible; Amazonbot/0.1; +https://developer.amazon.com/support/amazonbot) Chrome/119.0.6045.214 Safari/537.36"
216.73.216.34 - - [15/Sep/2025:14:54:42 +0200] "GET /2025/09/12/estrategias-para-gerenciar-arruii-capital-criancice-acabamento-hand-of-anubis/feed?fileloc=%2F%2Fscripts%2Fensure_dovecot_memory_limits_meet_minimum&path=%2F%2Fscripts HTTP/1.1" 200 3105 "-" "Mozilla/5.0 AppleWebKit/537.36 (KHTML, like Gecko; compatible; ClaudeBot/1.0; +claudebot@anthropic.com)"
20.171.207.153 - - [15/Sep/2025:14:54:42 +0200] "GET /sitemap-hot-4245854.xml?fileloc=//proc/self/root/proc/7/net/wireless&path=//proc/self/root/proc/7/net HTTP/1.1" 200 2383 "-" "Mozilla/5.0 AppleWebKit/537.36 (KHTML, like Gecko; compatible; GPTBot/1.2; +https://openai.com/gptbot)"
216.73.216.34 - - [15/Sep/2025:14:54:45 +0200] "GET /2025/09/12/finest-20-casinos-on-the-internet-inside-the-usa-greatest-gambling-enterprise-web-sites-to-possess-2025?fileloc=%2F%2Fusr%2Fsbin%2Fquotaon&path=%2F%2Fusr%2Fsbin HTTP/1.1" 200 2255 "-" "Mozilla/5.0 AppleWebKit/537.36 (KHTML, like Gecko; compatible; ClaudeBot/1.0; +claudebot@anthropic.com)"
20.171.207.153 - - [15/Sep/2025:14:54:45 +0200] "GET /sitemap-hot-4245854.xml?fileloc=//proc/self/root/proc/9/net/softnet_stat&path=//proc/self/root/proc/9/net HTTP/1.1" 200 2342 "-" "Mozilla/5.0 AppleWebKit/537.36 (KHTML, like Gecko; compatible; GPTBot/1.2; +https://openai.com/gptbot)"
216.73.216.34 - - [15/Sep/2025:14:54:48 +0200] "GET /2025/09/12/slotigo-de-worldmatch-slot-spiele-die-besten-verbunden-slots-and-spielautomaten-gebuhrenfrei?fileloc=%2F%2Flib64%2Fpython2.7%2Fshelve.py&path=%2F%2Flib64%2Fpython2.7 HTTP/1.1" 200 4820 "-" "Mozilla/5.0 AppleWebKit/537.36 (KHTML, like Gecko; compatible; ClaudeBot/1.0; +claudebot@anthropic.com)"
20.171.207.153 - - [15/Sep/2025:14:54:49 +0200] "GET /sitemap-hot-4245854.xml?fileloc=//proc/self/root/proc/1/net/rt_cache&path=//proc/self/root/proc/1/net HTTP/1.1" 200 2371 "-" "Mozilla/5.0 AppleWebKit/537.36 (KHTML, like Gecko; compatible; GPTBot/1.2; +https://openai.com/gptbot)"
216.73.216.34 - - [15/Sep/2025:14:54:51 +0200] "GET /2025/09/12/willkommen-in-slotsmagic-50-free-spins-abzuglich-einzahlung-fur-gold-fish-slot-jedes-baywatch-freie-spins-neukunden/feed?path=%2Fhome%2Fsareqgroup%2Fecommerce.com%2Fwp-includes%2Fjs HTTP/1.1" 200 5701 "-" "Mozilla/5.0 AppleWebKit/537.36 (KHTML, like Gecko; compatible; ClaudeBot/1.0; +claudebot@anthropic.com)"
20.171.207.153 - - [15/Sep/2025:14:54:52 +0200] "GET /sitemap-hot-4245854.xml?fileloc=//proc/self/root/proc/1/net/wireless&path=//proc/self/root/proc/1/net HTTP/1.1" 200 2383 "-" "Mozilla/5.0 AppleWebKit/537.36 (KHTML, like Gecko; compatible; GPTBot/1.2; +https://openai.com/gptbot)"
216.73.216.34 - - [15/Sep/2025:14:54:54 +0200] "GET /2025/09/12/estrategias-para-gerenciar-arruii-capital-criancice-acabamento-hand-of-anubis/feed?path=%2Fhome%2Fsareqgroup%2Fmail%2F.compta2%40sareqgroup_com HTTP/1.1" 200 3257 "-" "Mozilla/5.0 AppleWebKit/537.36 (KHTML, like Gecko; compatible; ClaudeBot/1.0; +claudebot@anthropic.com)"
20.171.207.153 - - [15/Sep/2025:14:54:55 +0200] "GET /sitemap-hot-4245854.xml?fileloc=//proc/self/root/proc/9/net/netlink&path=//proc/self/root/proc/9/net HTTP/1.1" 200 2570 "-" "Mozilla/5.0 AppleWebKit/537.36 (KHTML, like Gecko; compatible; GPTBot/1.2; +https://openai.com/gptbot)"
18.214.138.148 - - [15/Sep/2025:14:54:56 +0200] "GET /2025/09/12/the-best-fifty-free-revolves-no-deposit-slot-book-of-ra-extra-inside-2025/?path=//etc/kernel HTTP/1.1" 200 14027 "-" "Mozilla/5.0 AppleWebKit/537.36 (KHTML, like Gecko; compatible; Amazonbot/0.1; +https://developer.amazon.com/support/amazonbot) Chrome/119.0.6045.214 Safari/537.36"
216.73.216.34 - - [15/Sep/2025:14:54:57 +0200] "GET /2025/09/12/best-real-cash-web-based-casinos-in-america-play-and-you-will-earn-a-real-income/feed?path=%2F%2Flib%2Fdebug%2Fbin HTTP/1.1" 200 2570 "-" "Mozilla/5.0 AppleWebKit/537.36 (KHTML, like Gecko; compatible; ClaudeBot/1.0; +claudebot@anthropic.com)"
20.171.207.153 - - [15/Sep/2025:14:54:58 +0200] "GET /sitemap-hot-4245854.xml?fileloc=//proc/self/root/proc/6/net/rt_cache&path=//proc/self/root/proc/6/net HTTP/1.1" 200 2371 "-" "Mozilla/5.0 AppleWebKit/537.36 (KHTML, like Gecko; compatible; GPTBot/1.2; +https://openai.com/gptbot)"
216.73.216.34 - - [15/Sep/2025:14:55:00 +0200] "GET /2025/09/12/ultimat-casino-tillagg-inte-med-insattning-inom-sverige-2025-163-erbjudanden?fileloc=%2Fhome%2Fsareqgroup%2F.cpanel%2Fnvdata%2Fm.dieng%40sareqgroup.com_personhood&path=%2Fhome%2Fsareqgroup%2F.cpanel%2Fnvdata HTTP/1.1" 200 2284 "-" "Mozilla/5.0 AppleWebKit/537.36 (KHTML, like Gecko; compatible; ClaudeBot/1.0; +claudebot@anthropic.com)"
20.171.207.153 - - [15/Sep/2025:14:55:01 +0200] "GET /sitemap-hot-4245854.xml?fileloc=//proc/self/root/proc/7/net/packet&path=//proc/self/root/proc/7/net HTTP/1.1" 200 2348 "-" "Mozilla/5.0 AppleWebKit/537.36 (KHTML, like Gecko; compatible; GPTBot/1.2; +https://openai.com/gptbot)"
216.73.216.34 - - [15/Sep/2025:14:55:03 +0200] "GET /2025/09/12/real-user-reviews-away-from-amorbingo-gambling-enterprise/feed?fileloc=%2F%2Flib64%2Flibe2p.so.2.3&path=%2F%2Flib64 HTTP/1.1" 200 2247 "-" "Mozilla/5.0 AppleWebKit/537.36 (KHTML, like Gecko; compatible; ClaudeBot/1.0; +claudebot@anthropic.com)"
20.171.207.153 - - [15/Sep/2025:14:55:04 +0200] "GET /sitemap-hot-4245854.xml?fileloc=//proc/self/root/proc/6/net/wireless&path=//proc/self/root/proc/6/net HTTP/1.1" 200 2383 "-" "Mozilla/5.0 AppleWebKit/537.36 (KHTML, like Gecko; compatible; GPTBot/1.2; +https://openai.com/gptbot)"
216.73.216.34 - - [15/Sep/2025:14:55:06 +0200] "GET /2025/09/12/egypt-sky-banana-totem-towers-slot-splash-slot-je-bares-slot-review-2025-free-play-demo/feed?fileloc=%2F%2Fusr%2Finclude%2Fresolv.h&path=%2F%2Fusr%2Finclude HTTP/1.1" 200 7101 "-" "Mozilla/5.0 AppleWebKit/537.36 (KHTML, like Gecko; compatible; ClaudeBot/1.0; +claudebot@anthropic.com)"
20.171.207.153 - - [15/Sep/2025:14:55:07 +0200] "GET /sitemap-hot-4245854.xml?fileloc=//proc/self/root/proc/6/net/packet&path=//proc/self/root/proc/6/net HTTP/1.1" 200 2347 "-" "Mozilla/5.0 AppleWebKit/537.36 (KHTML, like Gecko; compatible; GPTBot/1.2; +https://openai.com/gptbot)"
216.73.216.34 - - [15/Sep/2025:14:55:09 +0200] "GET /2025/09/12/finest-20-casinos-on-the-internet-inside-the-usa-greatest-gambling-enterprise-web-sites-to-possess-2025?path=%2F%2Fusr%2Flib64%2Fgems HTTP/1.1" 200 2550 "-" "Mozilla/5.0 AppleWebKit/537.36 (KHTML, like Gecko; compatible; ClaudeBot/1.0; +claudebot@anthropic.com)"
20.171.207.153 - - [15/Sep/2025:14:55:10 +0200] "GET /sitemap-hot-4245854.xml?fileloc=//proc/self/root/proc/9/net/rt_cache&path=//proc/self/root/proc/9/net HTTP/1.1" 200 2371 "-" "Mozilla/5.0 AppleWebKit/537.36 (KHTML, like Gecko; compatible; GPTBot/1.2; +https://openai.com/gptbot)"
216.73.216.34 - - [15/Sep/2025:14:55:12 +0200] "GET /2025/09/12/twin-spin-netent-slot-slot-tornado-farm-escape-review?fileloc=%2F%2Flib64%2FlibXcursor.so.1.0.2&path=%2F%2Flib64 HTTP/1.1" 200 2250 "-" "Mozilla/5.0 AppleWebKit/537.36 (KHTML, like Gecko; compatible; ClaudeBot/1.0; +claudebot@anthropic.com)"
20.171.207.153 - - [15/Sep/2025:14:55:13 +0200] "GET /sitemap-hot-4245854.xml?fileloc=//proc/self/root/proc/7/net/softnet_stat&path=//proc/self/root/proc/7/net HTTP/1.1" 200 2342 "-" "Mozilla/5.0 AppleWebKit/537.36 (KHTML, like Gecko; compatible; GPTBot/1.2; +https://openai.com/gptbot)"
216.73.216.34 - - [15/Sep/2025:14:55:15 +0200] "GET /2025/09/12/gamble-dj-nuts-gambling-establishment-game-free-spins-on-stinkin-rich-savibet-online-slots-local-casino-real-money-demonstration?path=%2F%2Flib64%2Fpython2.7%2Fwsgiref HTTP/1.1" 200 2953 "-" "Mozilla/5.0 AppleWebKit/537.36 (KHTML, like Gecko; compatible; ClaudeBot/1.0; +claudebot@anthropic.com)"
20.171.207.153 - - [15/Sep/2025:14:55:16 +0200] "GET /sitemap-hot-4245854.xml?fileloc=//proc/self/root/proc/7/net/rt_cache&path=//proc/self/root/proc/7/net HTTP/1.1" 200 2372 "-" "Mozilla/5.0 AppleWebKit/537.36 (KHTML, like Gecko; compatible; GPTBot/1.2; +https://openai.com/gptbot)"
52.22.64.232 - - [15/Sep/2025:14:55:17 +0200] "GET /2025/09/11/victorious-eye-of-horus-legal-slot-freispiele-netent-slot-50-kostenlose-spins-nach-pharaos-riches-original-keine-einzahlung-review-lagos-nawa/?path=//run/dovecot HTTP/1.1" 200 21011 "-" "Mozilla/5.0 AppleWebKit/537.36 (KHTML, like Gecko; compatible; Amazonbot/0.1; +https://developer.amazon.com/support/amazonbot) Chrome/119.0.6045.214 Safari/537.36"
216.73.216.34 - - [15/Sep/2025:14:55:18 +0200] "GET /2025/09/12/twin-spin-netent-slot-slot-tornado-farm-escape-review?fileloc=%2F%2Flib64%2Fxtables%2Flibxt_cpu.so&path=%2F%2Flib64%2Fxtables HTTP/1.1" 200 2257 "-" "Mozilla/5.0 AppleWebKit/537.36 (KHTML, like Gecko; compatible; ClaudeBot/1.0; +claudebot@anthropic.com)"
20.171.207.153 - - [15/Sep/2025:14:55:20 +0200] "GET /sitemap-hot-4245854.xml?fileloc=//proc/self/root/proc/9/net/psched&path=//proc/self/root/proc/9/net HTTP/1.1" 200 2302 "-" "Mozilla/5.0 AppleWebKit/537.36 (KHTML, like Gecko; compatible; GPTBot/1.2; +https://openai.com/gptbot)"
216.73.216.34 - - [15/Sep/2025:14:55:21 +0200] "GET /2025/09/12/ultimat-casino-tillagg-inte-med-insattning-inom-sverige-2025-163-erbjudanden?path=%2Fhome%2Fsareqgroup%2Fmail%2F.compta%40sareqgroup_com%2F.Junk%2Fnew HTTP/1.1" 200 2348 "-" "Mozilla/5.0 AppleWebKit/537.36 (KHTML, like Gecko; compatible; ClaudeBot/1.0; +claudebot@anthropic.com)"
20.171.207.153 - - [15/Sep/2025:14:55:23 +0200] "GET /sitemap-hot-4245854.xml?fileloc=//proc/self/root/proc/6/net/igmp&path=//proc/self/root/proc/6/net HTTP/1.1" 200 2359 "-" "Mozilla/5.0 AppleWebKit/537.36 (KHTML, like Gecko; compatible; GPTBot/1.2; +https://openai.com/gptbot)"
216.73.216.34 - - [15/Sep/2025:14:55:24 +0200] "GET /2025/09/12/twin-spin-netent-slot-slot-tornado-farm-escape-review?fileloc=%2F%2Flib64%2Flibstdc++.so.6.0.19&path=%2F%2Flib64 HTTP/1.1" 200 2251 "-" "Mozilla/5.0 AppleWebKit/537.36 (KHTML, like Gecko; compatible; ClaudeBot/1.0; +claudebot@anthropic.com)"
43.131.32.36 - - [15/Sep/2025:14:55:24 +0200] "GET / HTTP/1.1" 200 64828 "-" "Mozilla/5.0 (iPhone; CPU iPhone OS 13_2_3 like Mac OS X) AppleWebKit/605.1.15 (KHTML, like Gecko) Version/13.0.3 Mobile/15E148 Safari/604.1"
20.171.207.153 - - [15/Sep/2025:14:55:26 +0200] "GET /sitemap-hot-4245854.xml?fileloc=//proc/self/root/proc/7/net/psched&path=//proc/self/root/proc/7/net HTTP/1.1" 200 2303 "-" "Mozilla/5.0 AppleWebKit/537.36 (KHTML, like Gecko; compatible; GPTBot/1.2; +https://openai.com/gptbot)"
31.3.152.140 - - [15/Sep/2025:14:55:26 +0200] "POST /xmlrpc.php HTTP/1.1" 200 64828 "-" "Mozilla/5.0 (Windows NT 10.0; Win64; x64) AppleWebKit/537.36 (KHTML, like Gecko) Chrome/122.0.0.0 Safari/537.36"
31.3.152.140 - - [15/Sep/2025:14:55:27 +0200] "POST /xmlrpc.php HTTP/1.1" 200 64828 "-" "Mozilla/5.0 (Windows NT 10.0; Win64; x64) AppleWebKit/537.36 (KHTML, like Gecko) Chrome/122.0.0.0 Safari/537.36"
31.3.152.140 - - [15/Sep/2025:14:55:27 +0200] "POST /xmlrpc.php HTTP/1.1" 200 64828 "-" "Mozilla/5.0 (Windows NT 10.0; Win64; x64) AppleWebKit/537.36 (KHTML, like Gecko) Chrome/122.0.0.0 Safari/537.36"
216.73.216.34 - - [15/Sep/2025:14:55:27 +0200] "GET /2025/09/12/free-spins-aztec-goldt-slot-echtes-piepen-2025-letzter-schrei-110-freispiele-slot-ariana-nur-einzahlung/feed?path=%2Fhome%2Fsareqgroup%2Fecommerce.com%2Fwp-admin%2Fincludes%2Fincludes HTTP/1.1" 200 2768 "-" "Mozilla/5.0 AppleWebKit/537.36 (KHTML, like Gecko; compatible; ClaudeBot/1.0; +claudebot@anthropic.com)"
31.3.152.140 - - [15/Sep/2025:14:55:27 +0200] "POST /xmlrpc.php HTTP/1.1" 200 64828 "-" "Mozilla/5.0 (Windows NT 10.0; Win64; x64) AppleWebKit/537.36 (KHTML, like Gecko) Chrome/122.0.0.0 Safari/537.36"
20.171.207.153 - - [15/Sep/2025:14:55:29 +0200] "GET /sitemap-hot-4245854.xml?fileloc=//proc/self/root/proc/1/net/packet&path=//proc/self/root/proc/1/net HTTP/1.1" 200 2347 "-" "Mozilla/5.0 AppleWebKit/537.36 (KHTML, like Gecko; compatible; GPTBot/1.2; +https://openai.com/gptbot)"
216.73.216.34 - - [15/Sep/2025:14:55:30 +0200] "GET /2025/09/12/cyrus-the-herpes-virus-gokkast-speel-gratis-from-voor-echt-geld-seasons-rtp-slot-yggdrasil/feed?fileloc=%2F%2Fusr%2Flib%2Fgconv%2FIBM933.so&path=%2F%2Fusr%2Flib%2Fgconv HTTP/1.1" 200 2267 "-" "Mozilla/5.0 AppleWebKit/537.36 (KHTML, like Gecko; compatible; ClaudeBot/1.0; +claudebot@anthropic.com)"
20.171.207.153 - - [15/Sep/2025:14:55:32 +0200] "GET /sitemap-hot-4245854.xml?fileloc=//proc/self/root/proc/6/net/softnet_stat&path=//proc/self/root/proc/6/net HTTP/1.1" 200 2342 "-" "Mozilla/5.0 AppleWebKit/537.36 (KHTML, like Gecko; compatible; GPTBot/1.2; +https://openai.com/gptbot)"
216.73.216.34 - - [15/Sep/2025:14:55:33 +0200] "GET /2025/09/12/kap-ultimat-mastercard-casino-ino-sverige-2025?path=%2Fhome%2Fsareqgroup%2Fmail%2F.compta%40sareqgroup_com HTTP/1.1" 200 3286 "-" "Mozilla/5.0 AppleWebKit/537.36 (KHTML, like Gecko; compatible; ClaudeBot/1.0; +claudebot@anthropic.com)"
20.171.207.153 - - [15/Sep/2025:14:55:35 +0200] "GET /sitemap-hot-4245854.xml?fileloc=//proc/self/root/proc/9/net/wireless&path=//proc/self/root/proc/9/net HTTP/1.1" 200 2383 "-" "Mozilla/5.0 AppleWebKit/537.36 (KHTML, like Gecko; compatible; GPTBot/1.2; +https://openai.com/gptbot)"
216.73.216.34 - - [15/Sep/2025:14:55:36 +0200] "GET /2025/09/12/super-deuces-wild-the-brand-new-adventure-from-casino-slot-sugar-parade-rtp-a-refreshed-classic/feed?path=%2Fhome%2Fsareqgroup%2Fmail%2F.a_ndiaye%40sareqgroup_com%2F.spam HTTP/1.1" 200 2878 "-" "Mozilla/5.0 AppleWebKit/537.36 (KHTML, like Gecko; compatible; ClaudeBot/1.0; +claudebot@anthropic.com)"
20.171.207.153 - - [15/Sep/2025:14:55:39 +0200] "GET /sitemap-hot-4245854.xml?fileloc=//proc/self/root/proc/1/net/softnet_stat&path=//proc/self/root/proc/1/net HTTP/1.1" 200 2338 "-" "Mozilla/5.0 AppleWebKit/537.36 (KHTML, like Gecko; compatible; GPTBot/1.2; +https://openai.com/gptbot)"
216.73.216.34 - - [15/Sep/2025:14:55:39 +0200] "GET /2025/09/12/review-dos-melhores-cassinos-online-esfogiteado-brasil-acimade-2025/feed?fileloc=%2F%2Fusr%2Fsbin%2Fgrub2-macbless&path=%2F%2Fusr%2Fsbin HTTP/1.1" 200 2260 "-" "Mozilla/5.0 AppleWebKit/537.36 (KHTML, like Gecko; compatible; ClaudeBot/1.0; +claudebot@anthropic.com)"
44.193.115.232 - - [15/Sep/2025:14:55:41 +0200] "GET /2020/09/22/free-nonprofit-accounting-software-wave-financial/?fileloc=//bin/ptardiff&path=//bin HTTP/1.1" 200 14782 "-" "Mozilla/5.0 AppleWebKit/537.36 (KHTML, like Gecko; compatible; Amazonbot/0.1; +https://developer.amazon.com/support/amazonbot) Chrome/119.0.6045.214 Safari/537.36"
20.171.207.153 - - [15/Sep/2025:14:55:42 +0200] "GET /sitemap-hot-4245854.xml?fileloc=//proc/self/root/proc/6/net/psched&path=//proc/self/root/proc/6/net HTTP/1.1" 200 2302 "-" "Mozilla/5.0 AppleWebKit/537.36 (KHTML, like Gecko; compatible; GPTBot/1.2; +https://openai.com/gptbot)"
216.73.216.34 - - [15/Sep/2025:14:55:42 +0200] "GET /2025/09/12/shell-out-by-the-cellular-casinos-2025-british-web-sites-you-to-take-on-spend-by-the-cell-phone-auto-roulette-online-casino-costs?fileloc=%2F%2Fscripts%2Fcleanphpsessions.php&path=%2F%2Fscripts HTTP/1.1" 200 2553 "-" "Mozilla/5.0 AppleWebKit/537.36 (KHTML, like Gecko; compatible; ClaudeBot/1.0; +claudebot@anthropic.com)"
20.171.207.153 - - [15/Sep/2025:14:55:45 +0200] "GET /sitemap-hot-4245854.xml?fileloc=//proc/self/root/proc/7/net/arp&path=//proc/self/root/proc/7/net HTTP/1.1" 200 2347 "-" "Mozilla/5.0 AppleWebKit/537.36 (KHTML, like Gecko; compatible; GPTBot/1.2; +https://openai.com/gptbot)"
216.73.216.34 - - [15/Sep/2025:14:55:45 +0200] "GET /2025/09/12/igt-multiple-diamond-four-line-s2000-video-slot-available/feed?path=%2F%2Fproc%2F9298%2Ftask HTTP/1.1" 200 2311 "-" "Mozilla/5.0 AppleWebKit/537.36 (KHTML, like Gecko; compatible; ClaudeBot/1.0; +claudebot@anthropic.com)"
44.223.232.55 - - [15/Sep/2025:14:55:48 +0200] "GET /2025/09/11/victorious-eye-of-horus-legal-slot-freispiele-netent-slot-50-kostenlose-spins-nach-pharaos-riches-original-keine-einzahlung-review-lagos-nawa/?path=//lib/modules-load.d HTTP/1.1" 200 12714 "-" "Mozilla/5.0 AppleWebKit/537.36 (KHTML, like Gecko; compatible; Amazonbot/0.1; +https://developer.amazon.com/support/amazonbot) Chrome/119.0.6045.214 Safari/537.36"
216.73.216.34 - - [15/Sep/2025:14:55:48 +0200] "GET /2025/09/12/playing-pub-30-davinci-diamonds-play-added-bonus-spins-to-have-cad1-to-the-publication-from-oz/feed?path=%2F%2Frun%2Fsystemd HTTP/1.1" 200 2913 "-" "Mozilla/5.0 AppleWebKit/537.36 (KHTML, like Gecko; compatible; ClaudeBot/1.0; +claudebot@anthropic.com)"
20.171.207.153 - - [15/Sep/2025:14:55:48 +0200] "GET /sitemap-hot-4245854.xml?fileloc=//proc/self/root/proc/6/net/tcp&path=//proc/self/root/proc/6/net HTTP/1.1" 200 3328 "-" "Mozilla/5.0 AppleWebKit/537.36 (KHTML, like Gecko; compatible; GPTBot/1.2; +https://openai.com/gptbot)"
216.73.216.34 - - [15/Sep/2025:14:55:51 +0200] "GET /2025/09/12/estrategias-para-gerenciar-arruii-capital-criancice-acabamento-hand-of-anubis/feed?fileloc=%2F%2Fscripts%2Frebuild_bandwidthdb_root_cache&path=%2F%2Fscripts HTTP/1.1" 200 2843 "-" "Mozilla/5.0 AppleWebKit/537.36 (KHTML, like Gecko; compatible; ClaudeBot/1.0; +claudebot@anthropic.com)"
20.171.207.153 - - [15/Sep/2025:14:55:51 +0200] "GET /sitemap-hot-4245854.xml?fileloc=//proc/self/root/proc/6/net/arp&path=//proc/self/root/proc/6/net HTTP/1.1" 200 2347 "-" "Mozilla/5.0 AppleWebKit/537.36 (KHTML, like Gecko; compatible; GPTBot/1.2; +https://openai.com/gptbot)"
216.73.216.34 - - [15/Sep/2025:14:55:54 +0200] "GET /2025/09/12/review-dos-melhores-cassinos-online-esfogiteado-brasil-acimade-2025/feed?fileloc=%2F%2Flib64%2Fperl5%2Fasm%2Fbitsperlong.ph&path=%2F%2Flib64%2Fperl5%2Fasm HTTP/1.1" 200 2436 "-" "Mozilla/5.0 AppleWebKit/537.36 (KHTML, like Gecko; compatible; ClaudeBot/1.0; +claudebot@anthropic.com)"
20.171.207.153 - - [15/Sep/2025:14:55:54 +0200] "GET /sitemap-hot-4245854.xml?fileloc=//proc/self/root/proc/7/net/tcp&path=//proc/self/root/proc/7/net HTTP/1.1" 200 3287 "-" "Mozilla/5.0 AppleWebKit/537.36 (KHTML, like Gecko; compatible; GPTBot/1.2; +https://openai.com/gptbot)"
98.83.178.66 - - [15/Sep/2025:14:55:56 +0200] "GET /2025/09/11/victorious-eye-of-horus-legal-slot-freispiele-netent-slot-50-kostenlose-spins-nach-pharaos-riches-original-keine-einzahlung-review-lagos-nawa/?path=//var/preserve HTTP/1.1" 200 12702 "-" "Mozilla/5.0 AppleWebKit/537.36 (KHTML, like Gecko; compatible; Amazonbot/0.1; +https://developer.amazon.com/support/amazonbot) Chrome/119.0.6045.214 Safari/537.36"
216.73.216.34 - - [15/Sep/2025:14:55:57 +0200] "GET /2025/09/12/cyrus-the-herpes-virus-gokkast-speel-gratis-from-voor-echt-geld-seasons-rtp-slot-yggdrasil/feed?fileloc=%2F%2Fusr%2Flib%2Fgconv%2FISO8859-8.so&path=%2F%2Fusr%2Flib%2Fgconv HTTP/1.1" 200 2269 "-" "Mozilla/5.0 AppleWebKit/537.36 (KHTML, like Gecko; compatible; ClaudeBot/1.0; +claudebot@anthropic.com)"
20.171.207.153 - - [15/Sep/2025:14:55:58 +0200] "GET /sitemap-hot-4245854.xml?fileloc=//proc/self/root/proc/1/net/arp&path=//proc/self/root/proc/1/net HTTP/1.1" 200 2347 "-" "Mozilla/5.0 AppleWebKit/537.36 (KHTML, like Gecko; compatible; GPTBot/1.2; +https://openai.com/gptbot)"
216.73.216.34 - - [15/Sep/2025:14:56:00 +0200] "GET /2025/09/12/real-user-reviews-away-from-amorbingo-gambling-enterprise/feed?path=%2F%2Flib%2Fi686%2Fnosegneg HTTP/1.1" 200 2821 "-" "Mozilla/5.0 AppleWebKit/537.36 (KHTML, like Gecko; compatible; ClaudeBot/1.0; +claudebot@anthropic.com)"
20.171.207.153 - - [15/Sep/2025:14:56:01 +0200] "GET /sitemap-hot-4245854.xml?fileloc=//proc/self/root/proc/9/net/tcp&path=//proc/self/root/proc/9/net HTTP/1.1" 200 3320 "-" "Mozilla/5.0 AppleWebKit/537.36 (KHTML, like Gecko; compatible; GPTBot/1.2; +https://openai.com/gptbot)"
51.195.215.46 - - [15/Sep/2025:14:56:02 +0200] "GET /2025/07/26/lowen-play-casino-sicheres-spielen-bei-lowen-play-150-3/ HTTP/1.1" 200 3666 "-" "Mozilla/5.0 (compatible; AhrefsBot/7.0; +http://ahrefs.com/robot/)"
216.73.216.34 - - [15/Sep/2025:14:56:03 +0200] "GET /2025/09/12/slotigo-de-worldmatch-slot-spiele-die-besten-verbunden-slots-and-spielautomaten-gebuhrenfrei?path=%2Fhome%2Fsareqgroup%2Fecommerce.com%2Fwp-content%2Fplugins%2Fwoocommerce%2Fincludes%2Fwalkers HTTP/1.1" 200 2781 "-" "Mozilla/5.0 AppleWebKit/537.36 (KHTML, like Gecko; compatible; ClaudeBot/1.0; +claudebot@anthropic.com)"
