20.171.207.153 - - [15/Sep/2025:15:14:27 +0200] "GET /sitemap-hot-4225854.xml?fileloc=//usr/lib/firmware/intelliport2.bin&path=//usr/lib/firmware HTTP/1.1" 200 2273 "-" "Mozilla/5.0 AppleWebKit/537.36 (KHTML, like Gecko; compatible; GPTBot/1.2; +https://openai.com/gptbot)"
216.73.216.34 - - [15/Sep/2025:15:14:30 +0200] "GET /2025/09/12/best-online-casino-internet-sites-you-a-real-income-gambling-classico-1-deposit-enterprises-2025?fileloc=%2F%2Flib64%2Flibkrb5support.so.0.1&path=%2F%2Flib64 HTTP/1.1" 200 2249 "-" "Mozilla/5.0 AppleWebKit/537.36 (KHTML, like Gecko; compatible; ClaudeBot/1.0; +claudebot@anthropic.com)"
20.171.207.153 - - [15/Sep/2025:15:14:30 +0200] "GET /sitemap-hot-4225854.xml?path=//usr/lib/firmware/vx HTTP/1.1" 200 2898 "-" "Mozilla/5.0 AppleWebKit/537.36 (KHTML, like Gecko; compatible; GPTBot/1.2; +https://openai.com/gptbot)"
216.73.216.34 - - [15/Sep/2025:15:14:33 +0200] "GET /2025/09/12/b7-casino-nl-bonus-450-en-250-gratis-spins-619-2?path=%2F%2Flib%2Ffirmware%2Fath10k%2FQCA9888 HTTP/1.1" 200 2570 "-" "Mozilla/5.0 AppleWebKit/537.36 (KHTML, like Gecko; compatible; ClaudeBot/1.0; +claudebot@anthropic.com)"
20.171.207.153 - - [15/Sep/2025:15:14:34 +0200] "GET /sitemap-hot-4225854.xml?path=//usr/lib/firmware/yam HTTP/1.1" 200 2608 "-" "Mozilla/5.0 AppleWebKit/537.36 (KHTML, like Gecko; compatible; GPTBot/1.2; +https://openai.com/gptbot)"
216.73.216.34 - - [15/Sep/2025:15:14:36 +0200] "GET /2025/09/12/playing-pub-30-davinci-diamonds-play-added-bonus-spins-to-have-cad1-to-the-publication-from-oz/feed?fileloc=%2F%2Fproc%2F27167%2Ftimers&path=%2F%2Fproc%2F27167 HTTP/1.1" 200 2254 "-" "Mozilla/5.0 AppleWebKit/537.36 (KHTML, like Gecko; compatible; ClaudeBot/1.0; +claudebot@anthropic.com)"
20.171.207.153 - - [15/Sep/2025:15:14:37 +0200] "GET /sitemap-hot-4225854.xml?path=//usr/lib/firmware/rsi HTTP/1.1" 200 2739 "-" "Mozilla/5.0 AppleWebKit/537.36 (KHTML, like Gecko; compatible; GPTBot/1.2; +https://openai.com/gptbot)"
216.73.216.34 - - [15/Sep/2025:15:14:39 +0200] "GET /2025/09/12/disco-funk-on-the-web-online-casino-cherry-50-free-spins-casino-slot-games-enjoy-100-percent-free-that-have-habanero?fileloc=%2F%2Fscripts%2Fsync-mysql-users-from-grants&path=%2F%2Fscripts HTTP/1.1" 200 2839 "-" "Mozilla/5.0 AppleWebKit/537.36 (KHTML, like Gecko; compatible; ClaudeBot/1.0; +claudebot@anthropic.com)"
20.171.207.153 - - [15/Sep/2025:15:14:40 +0200] "GET /sitemap-hot-4225854.xml?path=//usr/lib/firmware/imx HTTP/1.1" 200 2563 "-" "Mozilla/5.0 AppleWebKit/537.36 (KHTML, like Gecko; compatible; GPTBot/1.2; +https://openai.com/gptbot)"
216.73.216.34 - - [15/Sep/2025:15:14:42 +0200] "GET /2025/09/12/real-user-reviews-away-from-amorbingo-gambling-enterprise/feed?path=%2F%2Fproc%2F28443 HTTP/1.1" 200 2305 "-" "Mozilla/5.0 AppleWebKit/537.36 (KHTML, like Gecko; compatible; ClaudeBot/1.0; +claudebot@anthropic.com)"
20.171.207.153 - - [15/Sep/2025:15:14:43 +0200] "GET /sitemap-hot-4225854.xml?path=//usr/lib/firmware/ess HTTP/1.1" 200 2633 "-" "Mozilla/5.0 AppleWebKit/537.36 (KHTML, like Gecko; compatible; GPTBot/1.2; +https://openai.com/gptbot)"
98.83.177.42 - - [15/Sep/2025:15:14:44 +0200] "GET /2025/05/15/understanding-exness-trading-in-bangladesh-a/?fileloc=//scripts/xfertool&path=//scripts HTTP/1.1" 200 29481 "-" "Mozilla/5.0 AppleWebKit/537.36 (KHTML, like Gecko; compatible; Amazonbot/0.1; +https://developer.amazon.com/support/amazonbot) Chrome/119.0.6045.214 Safari/537.36"
216.73.216.34 - - [15/Sep/2025:15:14:45 +0200] "GET /2025/09/12/melhores-plataformas-criancice-cassino-online-afinar-brasil-2025/feed?path=%2F%2Frun%2Fchkservd.services_suspend HTTP/1.1" 200 2318 "-" "Mozilla/5.0 AppleWebKit/537.36 (KHTML, like Gecko; compatible; ClaudeBot/1.0; +claudebot@anthropic.com)"
20.171.207.153 - - [15/Sep/2025:15:14:46 +0200] "GET /sitemap-hot-4225854.xml?path=//usr/lib/firmware/emu HTTP/1.1" 200 2739 "-" "Mozilla/5.0 AppleWebKit/537.36 (KHTML, like Gecko; compatible; GPTBot/1.2; +https://openai.com/gptbot)"
216.73.216.34 - - [15/Sep/2025:15:14:48 +0200] "GET /2025/09/12/casino-inget-konto-kasino-mobil-tillsammans-swish-2024?fileloc=%2F%2Flib64%2Flibevent-2.0.so.5.1.9&path=%2F%2Flib64 HTTP/1.1" 200 2250 "-" "Mozilla/5.0 AppleWebKit/537.36 (KHTML, like Gecko; compatible; ClaudeBot/1.0; +claudebot@anthropic.com)"
20.171.207.153 - - [15/Sep/2025:15:14:49 +0200] "GET /sitemap-hot-4225854.xml?path=//usr/lib/firmware/amd HTTP/1.1" 200 2597 "-" "Mozilla/5.0 AppleWebKit/537.36 (KHTML, like Gecko; compatible; GPTBot/1.2; +https://openai.com/gptbot)"
216.73.216.34 - - [15/Sep/2025:15:14:51 +0200] "GET /2025/09/12/b7-casino-nl-bonus-450-en-250-gratis-spins-619-2?fileloc=%2F%2Flib64%2Flibnss_files.so&path=%2F%2Flib64 HTTP/1.1" 200 2247 "-" "Mozilla/5.0 AppleWebKit/537.36 (KHTML, like Gecko; compatible; ClaudeBot/1.0; +claudebot@anthropic.com)"
23.23.104.107 - - [15/Sep/2025:15:14:52 +0200] "GET /2025/09/11/spielsaal-freispiele-ohne-einzahlung-im-neunter-monat-des-jahres-2025-%EF%B8%8F-automatenspielex/?fileloc=//bin/sessreg&path=//bin HTTP/1.1" 200 12242 "-" "Mozilla/5.0 AppleWebKit/537.36 (KHTML, like Gecko; compatible; Amazonbot/0.1; +https://developer.amazon.com/support/amazonbot) Chrome/119.0.6045.214 Safari/537.36"
20.171.207.153 - - [15/Sep/2025:15:14:52 +0200] "GET /sitemap-hot-4225854.xml?path=//usr/lib/firmware/cis HTTP/1.1" 200 3031 "-" "Mozilla/5.0 AppleWebKit/537.36 (KHTML, like Gecko; compatible; GPTBot/1.2; +https://openai.com/gptbot)"
198.244.240.129 - - [15/Sep/2025:15:14:53 +0200] "GET /category/zerkalo-pocket-ru/ HTTP/1.1" 200 3666 "-" "Mozilla/5.0 (compatible; AhrefsBot/7.0; +http://ahrefs.com/robot/)"
216.73.216.34 - - [15/Sep/2025:15:14:54 +0200] "GET /2025/09/12/irish-jogue-online-instant-roulette-aparelho-eyes-jogue-em-exemplar-navegante-infantilidade-celular-ou-laptop-extra-supermarket/feed?path=%2Fhome%2Fsareqgroup%2Fpublic_ftp HTTP/1.1" 200 2585 "-" "Mozilla/5.0 AppleWebKit/537.36 (KHTML, like Gecko; compatible; ClaudeBot/1.0; +claudebot@anthropic.com)"
20.171.207.153 - - [15/Sep/2025:15:14:55 +0200] "GET /sitemap-hot-4225854.xml?path=//usr/lib/firmware/sun HTTP/1.1" 200 2583 "-" "Mozilla/5.0 AppleWebKit/537.36 (KHTML, like Gecko; compatible; GPTBot/1.2; +https://openai.com/gptbot)"
34.239.197.197 - - [15/Sep/2025:15:14:56 +0200] "GET /2020/09/22/free-nonprofit-accounting-software-wave-financial/?fileloc=//bin/eulb-deregister-instances-from-lb&path=//bin HTTP/1.1" 200 12525 "-" "Mozilla/5.0 AppleWebKit/537.36 (KHTML, like Gecko; compatible; Amazonbot/0.1; +https://developer.amazon.com/support/amazonbot) Chrome/119.0.6045.214 Safari/537.36"
216.73.216.34 - - [15/Sep/2025:15:14:57 +0200] "GET /2025/09/12/latest-play-sweet-life-real-money-no-deposit-incentives-british-2025-best-ranked-now-offers?fileloc=%2F%2Flib64%2Flibref_array.so.1.2.1&path=%2F%2Flib64 HTTP/1.1" 200 2252 "-" "Mozilla/5.0 AppleWebKit/537.36 (KHTML, like Gecko; compatible; ClaudeBot/1.0; +claudebot@anthropic.com)"
20.171.207.153 - - [15/Sep/2025:15:14:58 +0200] "GET /sitemap-hot-4225854.xml?path=//usr/lib/firmware/sxg HTTP/1.1" 200 2617 "-" "Mozilla/5.0 AppleWebKit/537.36 (KHTML, like Gecko; compatible; GPTBot/1.2; +https://openai.com/gptbot)"
98.82.39.241 - - [15/Sep/2025:15:15:00 +0200] "GET /2025/09/11/victorious-eye-of-horus-legal-slot-freispiele-netent-slot-50-kostenlose-spins-nach-pharaos-riches-original-keine-einzahlung-review-lagos-nawa/?fileloc=//bin/tzselect&path=//bin HTTP/1.1" 200 20395 "-" "Mozilla/5.0 AppleWebKit/537.36 (KHTML, like Gecko; compatible; Amazonbot/0.1; +https://developer.amazon.com/support/amazonbot) Chrome/119.0.6045.214 Safari/537.36"
216.73.216.34 - - [15/Sep/2025:15:15:00 +0200] "GET /2025/09/12/the-newest-no-deposit-bonus-codes-to-have-uk-casinos-in-the-2025/feed?path=%2F%2Fproc%2F18%2Fattr HTTP/1.1" 200 2707 "-" "Mozilla/5.0 AppleWebKit/537.36 (KHTML, like Gecko; compatible; ClaudeBot/1.0; +claudebot@anthropic.com)"
20.171.207.153 - - [15/Sep/2025:15:15:02 +0200] "GET /sitemap-hot-4225854.xml?fileloc=//usr/lib/firmware/emu/emu1010b.fw&path=//usr/lib/firmware/emu HTTP/1.1" 200 2278 "-" "Mozilla/5.0 AppleWebKit/537.36 (KHTML, like Gecko; compatible; GPTBot/1.2; +https://openai.com/gptbot)"
216.73.216.34 - - [15/Sep/2025:15:15:03 +0200] "GET /2025/09/12/twin-spin-netent-slot-slot-tornado-farm-escape-review?fileloc=%2F%2Flib64%2Flibunwind.so.8&path=%2F%2Flib64 HTTP/1.1" 200 2247 "-" "Mozilla/5.0 AppleWebKit/537.36 (KHTML, like Gecko; compatible; ClaudeBot/1.0; +claudebot@anthropic.com)"
44.215.231.15 - - [15/Sep/2025:15:15:04 +0200] "GET /2025/09/11/spielsaal-freispiele-ohne-einzahlung-im-neunter-monat-des-jahres-2025-%EF%B8%8F-automatenspielex/?fileloc=//bin/euare-servercertlistbypath&path=//bin HTTP/1.1" 200 12445 "-" "Mozilla/5.0 AppleWebKit/537.36 (KHTML, like Gecko; compatible; Amazonbot/0.1; +https://developer.amazon.com/support/amazonbot) Chrome/119.0.6045.214 Safari/537.36"
20.171.207.153 - - [15/Sep/2025:15:15:05 +0200] "GET /sitemap-hot-4225854.xml?path=//usr/lib/firmware/qca HTTP/1.1" 200 3141 "-" "Mozilla/5.0 AppleWebKit/537.36 (KHTML, like Gecko; compatible; GPTBot/1.2; +https://openai.com/gptbot)"
216.73.216.34 - - [15/Sep/2025:15:15:06 +0200] "GET /2025/09/12/casino-inget-konto-kasino-mobil-tillsammans-swish-2024?fileloc=%2F%2Flib64%2Flibodbccr.so.2&path=%2F%2Flib64 HTTP/1.1" 200 2246 "-" "Mozilla/5.0 AppleWebKit/537.36 (KHTML, like Gecko; compatible; ClaudeBot/1.0; +claudebot@anthropic.com)"
100.28.204.82 - - [15/Sep/2025:15:15:08 +0200] "GET /2025/09/11/nextgen-medusa-ii-slot-la-dolce-vita-slot-fur-nusse-auffuhren-ohne-registrierung/?path=//dev/mqueue HTTP/1.1" 200 12698 "-" "Mozilla/5.0 AppleWebKit/537.36 (KHTML, like Gecko; compatible; Amazonbot/0.1; +https://developer.amazon.com/support/amazonbot) Chrome/119.0.6045.214 Safari/537.36"
20.171.207.153 - - [15/Sep/2025:15:15:08 +0200] "GET /sitemap-hot-4225854.xml?path=//usr/lib/firmware/qed HTTP/1.1" 200 3055 "-" "Mozilla/5.0 AppleWebKit/537.36 (KHTML, like Gecko; compatible; GPTBot/1.2; +https://openai.com/gptbot)"
216.73.216.34 - - [15/Sep/2025:15:15:09 +0200] "GET /2025/09/12/bugsn-bees-spielautomat-umsetzbar-bugsn-klassische-world-football-stars-slot-fur-echtes-geld-spielautomaten-verbunden-bees-gemein-slot-2021?path=%2Fhome%2Fsareqgroup%2Fecommerce.com%2Fwp-includes%2Fcss HTTP/1.1" 200 3744 "-" "Mozilla/5.0 AppleWebKit/537.36 (KHTML, like Gecko; compatible; ClaudeBot/1.0; +claudebot@anthropic.com)"
20.171.207.153 - - [15/Sep/2025:15:15:11 +0200] "GET /sitemap-hot-4225854.xml?path=//usr/lib/firmware/meson HTTP/1.1" 200 2563 "-" "Mozilla/5.0 AppleWebKit/537.36 (KHTML, like Gecko; compatible; GPTBot/1.2; +https://openai.com/gptbot)"
216.73.216.34 - - [15/Sep/2025:15:15:12 +0200] "GET /2025/09/12/egypt-sky-banana-totem-towers-slot-splash-slot-je-bares-slot-review-2025-free-play-demo/feed?fileloc=%2F%2Fusr%2Fsbin%2Fsgdisk&path=%2F%2Fusr%2Fsbin HTTP/1.1" 200 2255 "-" "Mozilla/5.0 AppleWebKit/537.36 (KHTML, like Gecko; compatible; ClaudeBot/1.0; +claudebot@anthropic.com)"
20.171.207.153 - - [15/Sep/2025:15:15:14 +0200] "GET /sitemap-hot-4225854.xml?path=//usr/lib/firmware/atmel HTTP/1.1" 200 2685 "-" "Mozilla/5.0 AppleWebKit/537.36 (KHTML, like Gecko; compatible; GPTBot/1.2; +https://openai.com/gptbot)"
216.73.216.34 - - [15/Sep/2025:15:15:15 +0200] "GET /2025/09/12/b7-casino-nl-bonus-450-en-250-gratis-spins-619-2?path=%2F%2Flib%2Ffirmware%2Fmediatek HTTP/1.1" 200 3033 "-" "Mozilla/5.0 AppleWebKit/537.36 (KHTML, like Gecko; compatible; ClaudeBot/1.0; +claudebot@anthropic.com)"
20.171.207.153 - - [15/Sep/2025:15:15:17 +0200] "GET /sitemap-hot-4225854.xml?path=//usr/lib/firmware/intel HTTP/1.1" 200 4319 "-" "Mozilla/5.0 AppleWebKit/537.36 (KHTML, like Gecko; compatible; GPTBot/1.2; +https://openai.com/gptbot)"
216.73.216.34 - - [15/Sep/2025:15:15:18 +0200] "GET /2025/09/12/latest-play-sweet-life-real-money-no-deposit-incentives-british-2025-best-ranked-now-offers?fileloc=%2F%2Flib64%2Flibpath_utils.so.1.0.1&path=%2F%2Flib64 HTTP/1.1" 200 2252 "-" "Mozilla/5.0 AppleWebKit/537.36 (KHTML, like Gecko; compatible; ClaudeBot/1.0; +claudebot@anthropic.com)"
51.195.244.22 - - [15/Sep/2025:15:15:20 +0200] "GET /category/yyyyy/ HTTP/1.1" 200 3666 "-" "Mozilla/5.0 (compatible; AhrefsBot/7.0; +http://ahrefs.com/robot/)"
20.171.207.153 - - [15/Sep/2025:15:15:21 +0200] "GET /sitemap-hot-4225854.xml?path=//usr/lib/firmware/atusb HTTP/1.1" 200 2640 "-" "Mozilla/5.0 AppleWebKit/537.36 (KHTML, like Gecko; compatible; GPTBot/1.2; +https://openai.com/gptbot)"
216.73.216.34 - - [15/Sep/2025:15:15:21 +0200] "GET /2025/09/12/best-real-cash-web-based-casinos-in-america-play-and-you-will-earn-a-real-income/feed?fileloc=%2F%2Flib%2Fliblzma.so.5.2.2&path=%2F%2Flib HTTP/1.1" 200 2248 "-" "Mozilla/5.0 AppleWebKit/537.36 (KHTML, like Gecko; compatible; ClaudeBot/1.0; +claudebot@anthropic.com)"
20.171.207.153 - - [15/Sep/2025:15:15:24 +0200] "GET /sitemap-hot-4225854.xml?path=//usr/lib/rtkaio HTTP/1.1" 200 2667 "-" "Mozilla/5.0 AppleWebKit/537.36 (KHTML, like Gecko; compatible; GPTBot/1.2; +https://openai.com/gptbot)"
216.73.216.34 - - [15/Sep/2025:15:15:24 +0200] "GET /2025/09/12/finest-20-casinos-on-the-internet-inside-the-usa-greatest-gambling-enterprise-web-sites-to-possess-2025?fileloc=%2F%2Fbin%2Fmysql_fix_extensions&path=%2F%2Fbin HTTP/1.1" 200 2962 "-" "Mozilla/5.0 AppleWebKit/537.36 (KHTML, like Gecko; compatible; ClaudeBot/1.0; +claudebot@anthropic.com)"
20.171.207.153 - - [15/Sep/2025:15:15:27 +0200] "GET /sitemap-hot-4225854.xml?path=//usr/lib/kernel HTTP/1.1" 200 2551 "-" "Mozilla/5.0 AppleWebKit/537.36 (KHTML, like Gecko; compatible; GPTBot/1.2; +https://openai.com/gptbot)"
216.73.216.34 - - [15/Sep/2025:15:15:27 +0200] "GET /2025/09/12/gamble-dj-nuts-gambling-establishment-game-free-spins-on-stinkin-rich-savibet-online-slots-local-casino-real-money-demonstration?path=%2F%2Fusr%2Flib HTTP/1.1" 200 6503 "-" "Mozilla/5.0 AppleWebKit/537.36 (KHTML, like Gecko; compatible; ClaudeBot/1.0; +claudebot@anthropic.com)"
216.73.216.34 - - [15/Sep/2025:15:15:30 +0200] "GET /2025/09/12/best-online-casino-internet-sites-you-a-real-income-gambling-classico-1-deposit-enterprises-2025?fileloc=%2F%2Flib64%2FlibesoobS.so.2.0.0&path=%2F%2Flib64 HTTP/1.1" 200 2251 "-" "Mozilla/5.0 AppleWebKit/537.36 (KHTML, like Gecko; compatible; ClaudeBot/1.0; +claudebot@anthropic.com)"
20.171.207.153 - - [15/Sep/2025:15:15:30 +0200] "GET /sitemap-hot-4225854.xml?path=//usr/src/kernels HTTP/1.1" 200 2314 "-" "Mozilla/5.0 AppleWebKit/537.36 (KHTML, like Gecko; compatible; GPTBot/1.2; +https://openai.com/gptbot)"
216.73.216.34 - - [15/Sep/2025:15:15:33 +0200] "GET /2025/09/12/real-user-reviews-away-from-amorbingo-gambling-enterprise/feed?fileloc=%2F%2Fetc%2Fpam.d%2Fremote&path=%2F%2Fetc%2Fpam.d HTTP/1.1" 200 2467 "-" "Mozilla/5.0 AppleWebKit/537.36 (KHTML, like Gecko; compatible; ClaudeBot/1.0; +claudebot@anthropic.com)"
20.171.207.153 - - [15/Sep/2025:15:15:33 +0200] "GET /sitemap-hot-4225854.xml?path=//usr/lib/firmware/pcxhr HTTP/1.1" 200 3127 "-" "Mozilla/5.0 AppleWebKit/537.36 (KHTML, like Gecko; compatible; GPTBot/1.2; +https://openai.com/gptbot)"
54.163.136.244 - - [15/Sep/2025:15:15:36 +0200] "GET /2025/09/11/book-of-gamomat-spiele-ra-classic-fur-nusse-spielen-ohne-registrierung/?path=//lib64/libboost-plesk-1.65 HTTP/1.1" 200 23759 "-" "Mozilla/5.0 AppleWebKit/537.36 (KHTML, like Gecko; compatible; Amazonbot/0.1; +https://developer.amazon.com/support/amazonbot) Chrome/119.0.6045.214 Safari/537.36"
216.73.216.34 - - [15/Sep/2025:15:15:36 +0200] "GET /2025/09/12/1win-zerkalo-sajta-bukmekerskoj-kontory-1vin-4060?fileloc=%2F%2Fscripts%2Fbackups_clean_metadata_for_missing_backups&path=%2F%2Fscripts HTTP/1.1" 200 2860 "-" "Mozilla/5.0 AppleWebKit/537.36 (KHTML, like Gecko; compatible; ClaudeBot/1.0; +claudebot@anthropic.com)"
20.171.207.153 - - [15/Sep/2025:15:15:36 +0200] "GET /sitemap-hot-4225854.xml?path=//usr/lib/dracut HTTP/1.1" 200 2887 "-" "Mozilla/5.0 AppleWebKit/537.36 (KHTML, like Gecko; compatible; GPTBot/1.2; +https://openai.com/gptbot)"
216.73.216.34 - - [15/Sep/2025:15:15:39 +0200] "GET /2025/09/12/the-newest-no-deposit-bonus-codes-to-have-uk-casinos-in-the-2025/feed?fileloc=%2F%2Fsbin%2Fifcfg&path=%2F%2Fsbin HTTP/1.1" 200 3382 "-" "Mozilla/5.0 AppleWebKit/537.36 (KHTML, like Gecko; compatible; ClaudeBot/1.0; +claudebot@anthropic.com)"
20.171.207.153 - - [15/Sep/2025:15:15:40 +0200] "GET /sitemap-hot-4225854.xml?path=//usr/lib/firmware/rtl_bt HTTP/1.1" 200 3035 "-" "Mozilla/5.0 AppleWebKit/537.36 (KHTML, like Gecko; compatible; GPTBot/1.2; +https://openai.com/gptbot)"
18.235.81.246 - - [15/Sep/2025:15:15:40 +0200] "GET /2025/09/11/victorious-eye-of-horus-legal-slot-freispiele-netent-slot-50-kostenlose-spins-nach-pharaos-riches-original-keine-einzahlung-review-lagos-nawa/?path=//etc/dhcp HTTP/1.1" 200 12694 "-" "Mozilla/5.0 AppleWebKit/537.36 (KHTML, like Gecko; compatible; Amazonbot/0.1; +https://developer.amazon.com/support/amazonbot) Chrome/119.0.6045.214 Safari/537.36"
216.73.216.34 - - [15/Sep/2025:15:15:42 +0200] "GET /2025/09/12/b7-casino-nl-bonus-450-en-250-gratis-spins-619-2?fileloc=%2F%2Flib64%2Flibpcre2-posix.so.1&path=%2F%2Flib64 HTTP/1.1" 200 2250 "-" "Mozilla/5.0 AppleWebKit/537.36 (KHTML, like Gecko; compatible; ClaudeBot/1.0; +claudebot@anthropic.com)"
20.171.207.153 - - [15/Sep/2025:15:15:43 +0200] "GET /sitemap-hot-4225854.xml?path=//usr/lib/kernel/install.d HTTP/1.1" 200 2698 "-" "Mozilla/5.0 AppleWebKit/537.36 (KHTML, like Gecko; compatible; GPTBot/1.2; +https://openai.com/gptbot)"
216.73.216.34 - - [15/Sep/2025:15:15:45 +0200] "GET /2025/09/12/best-online-casino-internet-sites-you-a-real-income-gambling-classico-1-deposit-enterprises-2025?fileloc=%2F%2Flib64%2Flibsqlite3.so.0.8.6&path=%2F%2Flib64 HTTP/1.1" 200 2250 "-" "Mozilla/5.0 AppleWebKit/537.36 (KHTML, like Gecko; compatible; ClaudeBot/1.0; +claudebot@anthropic.com)"
20.171.207.153 - - [15/Sep/2025:15:15:46 +0200] "GET /sitemap-hot-4225854.xml?path=//usr/libexec/openldap HTTP/1.1" 200 2583 "-" "Mozilla/5.0 AppleWebKit/537.36 (KHTML, like Gecko; compatible; GPTBot/1.2; +https://openai.com/gptbot)"
198.244.183.10 - - [15/Sep/2025:15:15:47 +0200] "GET /category/xbet-aviator-com/ HTTP/1.1" 200 3666 "-" "Mozilla/5.0 (compatible; AhrefsBot/7.0; +http://ahrefs.com/robot/)"
216.73.216.34 - - [15/Sep/2025:15:15:48 +0200] "GET /2025/09/12/cyrus-the-herpes-virus-gokkast-speel-gratis-from-voor-echt-geld-seasons-rtp-slot-yggdrasil/feed?fileloc=%2F%2Fusr%2Fbin%2Fgsbj&path=%2F%2Fusr%2Fbin HTTP/1.1" 200 2477 "-" "Mozilla/5.0 AppleWebKit/537.36 (KHTML, like Gecko; compatible; ClaudeBot/1.0; +claudebot@anthropic.com)"
20.171.207.153 - - [15/Sep/2025:15:15:49 +0200] "GET /sitemap-hot-4225854.xml?path=//usr/lib/firmware/vicam HTTP/1.1" 200 2582 "-" "Mozilla/5.0 AppleWebKit/537.36 (KHTML, like Gecko; compatible; GPTBot/1.2; +https://openai.com/gptbot)"
216.73.216.34 - - [15/Sep/2025:15:15:51 +0200] "GET /2025/09/12/jogue-online-os-online-majority-rules-speed-blackjack-live-melhores-demanda/feed?path=%2F%2Fproc%2F262%2Ffdinfo HTTP/1.1" 200 2312 "-" "Mozilla/5.0 AppleWebKit/537.36 (KHTML, like Gecko; compatible; ClaudeBot/1.0; +claudebot@anthropic.com)"
52.0.105.244 - - [15/Sep/2025:15:15:52 +0200] "GET /2025/09/11/victorious-eye-of-horus-legal-slot-freispiele-netent-slot-50-kostenlose-spins-nach-pharaos-riches-original-keine-einzahlung-review-lagos-nawa/?fileloc=//bin/timedatectl&path=//bin HTTP/1.1" 200 12246 "-" "Mozilla/5.0 AppleWebKit/537.36 (KHTML, like Gecko; compatible; Amazonbot/0.1; +https://developer.amazon.com/support/amazonbot) Chrome/119.0.6045.214 Safari/537.36"
20.171.207.153 - - [15/Sep/2025:15:15:52 +0200] "GET /sitemap-hot-4225854.xml?path=//usr/lib/firmware/tigon HTTP/1.1" 200 2673 "-" "Mozilla/5.0 AppleWebKit/537.36 (KHTML, like Gecko; compatible; GPTBot/1.2; +https://openai.com/gptbot)"
216.73.216.34 - - [15/Sep/2025:15:15:54 +0200] "GET /2025/09/12/super-deuces-wild-the-brand-new-adventure-from-casino-slot-sugar-parade-rtp-a-refreshed-classic/feed?fileloc=%2F%2Flib%2Fsystemd%2Fcatalog%2Fsystemd.it.catalog&path=%2F%2Flib%2Fsystemd%2Fcatalog HTTP/1.1" 200 5087 "-" "Mozilla/5.0 AppleWebKit/537.36 (KHTML, like Gecko; compatible; ClaudeBot/1.0; +claudebot@anthropic.com)"
20.171.207.153 - - [15/Sep/2025:15:15:56 +0200] "GET /sitemap-hot-4225854.xml?path=//usr/lib/dracut/modules.d HTTP/1.1" 200 4091 "-" "Mozilla/5.0 AppleWebKit/537.36 (KHTML, like Gecko; compatible; GPTBot/1.2; +https://openai.com/gptbot)"
52.2.58.41 - - [15/Sep/2025:15:15:56 +0200] "GET /category/bbrbet-colombia/?path=//run/screen HTTP/1.1" 200 12698 "-" "Mozilla/5.0 AppleWebKit/537.36 (KHTML, like Gecko; compatible; Amazonbot/0.1; +https://developer.amazon.com/support/amazonbot) Chrome/119.0.6045.214 Safari/537.36"
216.73.216.34 - - [15/Sep/2025:15:15:57 +0200] "GET /2025/09/12/b7-casino-nl-bonus-450-en-250-gratis-spins-619-2?path=%2F%2Flib%2Ffirmware%2Fadvansys HTTP/1.1" 200 2670 "-" "Mozilla/5.0 AppleWebKit/537.36 (KHTML, like Gecko; compatible; ClaudeBot/1.0; +claudebot@anthropic.com)"
20.171.207.153 - - [15/Sep/2025:15:15:59 +0200] "GET /sitemap-hot-4225854.xml?path=//usr/libexec/cloud-init HTTP/1.1" 200 2625 "-" "Mozilla/5.0 AppleWebKit/537.36 (KHTML, like Gecko; compatible; GPTBot/1.2; +https://openai.com/gptbot)"
216.73.216.34 - - [15/Sep/2025:15:16:00 +0200] "GET /2025/09/12/best-spielsaal-lucky-days-freie-spins-9-gamesys-casino-spin-palace-kein-einzahlungsbonus-chinese-dragon-online-slot-casinos-watrbar?fileloc=%2F%2Flib64%2Fpython2.7%2Fsha.pyo&path=%2F%2Flib64%2Fpython2.7 HTTP/1.1" 200 2259 "-" "Mozilla/5.0 AppleWebKit/537.36 (KHTML, like Gecko; compatible; ClaudeBot/1.0; +claudebot@anthropic.com)"
20.171.207.153 - - [15/Sep/2025:15:16:02 +0200] "GET /sitemap-hot-4225854.xml?path=//usr/lib/firmware/moxa HTTP/1.1" 200 2806 "-" "Mozilla/5.0 AppleWebKit/537.36 (KHTML, like Gecko; compatible; GPTBot/1.2; +https://openai.com/gptbot)"
216.73.216.34 - - [15/Sep/2025:15:16:03 +0200] "GET /2025/09/12/greatest-on-line-acceptance-online-double-exposure-blackjack-pro-series-low-limit-bonuses-in-america-top-10-ranked/feed?fileloc=%2F%2Fbin%2Feuca-create-volume&path=%2F%2Fbin HTTP/1.1" 200 2328 "-" "Mozilla/5.0 AppleWebKit/537.36 (KHTML, like Gecko; compatible; ClaudeBot/1.0; +claudebot@anthropic.com)"
20.171.207.153 - - [15/Sep/2025:15:16:05 +0200] "GET /sitemap-hot-4225854.xml?path=//usr/libexec/os-probes HTTP/1.1" 200 2669 "-" "Mozilla/5.0 AppleWebKit/537.36 (KHTML, like Gecko; compatible; GPTBot/1.2; +https://openai.com/gptbot)"
216.73.216.34 - - [15/Sep/2025:15:16:06 +0200] "GET /2025/09/12/hot-gems-jogue-online-afinar-pokerstars-casino/feed?path=%2F%2Fopt%2Fxml2%2Fshare HTTP/1.1" 200 2640 "-" "Mozilla/5.0 AppleWebKit/537.36 (KHTML, like Gecko; compatible; ClaudeBot/1.0; +claudebot@anthropic.com)"
20.171.207.153 - - [15/Sep/2025:15:16:08 +0200] "GET /sitemap-hot-4225854.xml?path=//usr/lib/firmware/isci HTTP/1.1" 200 2582 "-" "Mozilla/5.0 AppleWebKit/537.36 (KHTML, like Gecko; compatible; GPTBot/1.2; +https://openai.com/gptbot)"
216.73.216.34 - - [15/Sep/2025:15:16:09 +0200] "GET /2025/09/12/the-newest-no-deposit-bonus-codes-to-have-uk-casinos-in-the-2025/feed?fileloc=%2F%2Fsys%2Fbus%2Fmdio_bus%2Fdrivers_probe&path=%2F%2Fsys%2Fbus%2Fmdio_bus HTTP/1.1" 200 2269 "-" "Mozilla/5.0 AppleWebKit/537.36 (KHTML, like Gecko; compatible; ClaudeBot/1.0; +claudebot@anthropic.com)"
20.171.207.153 - - [15/Sep/2025:15:16:11 +0200] "GET /sitemap-hot-4225854.xml?path=//usr/local/apache/conf HTTP/1.1" 200 2717 "-" "Mozilla/5.0 AppleWebKit/537.36 (KHTML, like Gecko; compatible; GPTBot/1.2; +https://openai.com/gptbot)"
216.73.216.34 - - [15/Sep/2025:15:16:12 +0200] "GET /2025/09/12/greatest-on-line-acceptance-online-double-exposure-blackjack-pro-series-low-limit-bonuses-in-america-top-10-ranked/feed?fileloc=%2F%2Fbin%2Fyum-debug-dump&path=%2F%2Fbin HTTP/1.1" 200 5325 "-" "Mozilla/5.0 AppleWebKit/537.36 (KHTML, like Gecko; compatible; ClaudeBot/1.0; +claudebot@anthropic.com)"
198.244.240.197 - - [15/Sep/2025:15:16:13 +0200] "GET /category/xarelto/ HTTP/1.1" 200 3666 "-" "Mozilla/5.0 (compatible; AhrefsBot/7.0; +http://ahrefs.com/robot/)"
20.171.207.153 - - [15/Sep/2025:15:16:14 +0200] "GET /sitemap-hot-4225854.xml?path=//usr/lib/firmware/mrvl HTTP/1.1" 200 3043 "-" "Mozilla/5.0 AppleWebKit/537.36 (KHTML, like Gecko; compatible; GPTBot/1.2; +https://openai.com/gptbot)"
216.73.216.34 - - [15/Sep/2025:15:16:15 +0200] "GET /2025/09/12/avis-sur-le-casino-en-ligne-golden-panda-en-france-90?path=%2Fhome%2Fsareqgroup%2Fwww%2F.well-known%2Facme-challenge HTTP/1.1" 200 2339 "-" "Mozilla/5.0 AppleWebKit/537.36 (KHTML, like Gecko; compatible; ClaudeBot/1.0; +claudebot@anthropic.com)"
44.223.193.255 - - [15/Sep/2025:15:16:16 +0200] "GET /category/austria/?path=//srv HTTP/1.1" 200 12658 "-" "Mozilla/5.0 AppleWebKit/537.36 (KHTML, like Gecko; compatible; Amazonbot/0.1; +https://developer.amazon.com/support/amazonbot) Chrome/119.0.6045.214 Safari/537.36"
20.171.207.153 - - [15/Sep/2025:15:16:17 +0200] "GET /sitemap-hot-4225854.xml?path=//usr/lib/firmware/brcm HTTP/1.1" 200 4066 "-" "Mozilla/5.0 AppleWebKit/537.36 (KHTML, like Gecko; compatible; GPTBot/1.2; +https://openai.com/gptbot)"
216.73.216.34 - - [15/Sep/2025:15:16:18 +0200] "GET /2025/09/12/jogue-online-os-online-majority-rules-speed-blackjack-live-melhores-demanda/feed?path=%2F%2Fproc%2F686%2Ffdinfo HTTP/1.1" 200 2311 "-" "Mozilla/5.0 AppleWebKit/537.36 (KHTML, like Gecko; compatible; ClaudeBot/1.0; +claudebot@anthropic.com)"
20.171.207.153 - - [15/Sep/2025:15:16:21 +0200] "GET /sitemap-hot-4225854.xml?path=//usr/include HTTP/1.1" 200 9172 "-" "Mozilla/5.0 AppleWebKit/537.36 (KHTML, like Gecko; compatible; GPTBot/1.2; +https://openai.com/gptbot)"
216.73.216.34 - - [15/Sep/2025:15:16:21 +0200] "GET /2025/09/12/super-deuces-wild-the-brand-new-adventure-from-casino-slot-sugar-parade-rtp-a-refreshed-classic/feed?path=%2F%2Fetc%2Frwtab.d HTTP/1.1" 200 2632 "-" "Mozilla/5.0 AppleWebKit/537.36 (KHTML, like Gecko; compatible; ClaudeBot/1.0; +claudebot@anthropic.com)"
20.171.207.153 - - [15/Sep/2025:15:16:24 +0200] "GET /sitemap-hot-4225854.xml?path=//usr/libexec/awk HTTP/1.1" 200 2600 "-" "Mozilla/5.0 AppleWebKit/537.36 (KHTML, like Gecko; compatible; GPTBot/1.2; +https://openai.com/gptbot)"
216.73.216.34 - - [15/Sep/2025:15:16:24 +0200] "GET /2025/09/12/cyrus-the-herpes-virus-gokkast-speel-gratis-from-voor-echt-geld-seasons-rtp-slot-yggdrasil/feed?fileloc=%2F%2Fusr%2Fbin%2Fscl&path=%2F%2Fusr%2Fbin HTTP/1.1" 200 2251 "-" "Mozilla/5.0 AppleWebKit/537.36 (KHTML, like Gecko; compatible; ClaudeBot/1.0; +claudebot@anthropic.com)"
20.171.207.153 - - [15/Sep/2025:15:16:27 +0200] "GET /sitemap-hot-4225854.xml?path=//usr/libexec/sudo HTTP/1.1" 200 2803 "-" "Mozilla/5.0 AppleWebKit/537.36 (KHTML, like Gecko; compatible; GPTBot/1.2; +https://openai.com/gptbot)"
216.73.216.34 - - [15/Sep/2025:15:16:27 +0200] "GET /2025/09/12/hot-fire-fruits-slot-canhoteiro-review-2024-play-for-free/feed?fileloc=%2F%2Fscripts%2Fupdateuserdatacache&path=%2F%2Fscripts HTTP/1.1" 200 3251 "-" "Mozilla/5.0 AppleWebKit/537.36 (KHTML, like Gecko; compatible; ClaudeBot/1.0; +claudebot@anthropic.com)"
20.171.207.153 - - [15/Sep/2025:15:16:30 +0200] "GET /sitemap-hot-4225854.xml?path=//usr/lib/firmware/korg HTTP/1.1" 200 2587 "-" "Mozilla/5.0 AppleWebKit/537.36 (KHTML, like Gecko; compatible; GPTBot/1.2; +https://openai.com/gptbot)"
216.73.216.34 - - [15/Sep/2025:15:16:30 +0200] "GET /2025/09/12/best-a-real-income-casinos-on-the-internet/feed?fileloc=%2F%2Fbin%2Feuca-delete-dhcp-options&path=%2F%2Fbin HTTP/1.1" 200 2336 "-" "Mozilla/5.0 AppleWebKit/537.36 (KHTML, like Gecko; compatible; ClaudeBot/1.0; +claudebot@anthropic.com)"
198.244.168.4 - - [15/Sep/2025:15:16:31 +0200] "GET /category/www-newsvoir-com/ HTTP/1.1" 200 3666 "-" "Mozilla/5.0 (compatible; AhrefsBot/7.0; +http://ahrefs.com/robot/)"
216.73.216.34 - - [15/Sep/2025:15:16:33 +0200] "GET /category/kosi-restaurant-de1?fileloc=%2F%2Flib64%2Fgconv%2FIBM5347.so&path=%2F%2Flib64%2Fgconv HTTP/1.1" 200 2260 "-" "Mozilla/5.0 AppleWebKit/537.36 (KHTML, like Gecko; compatible; ClaudeBot/1.0; +claudebot@anthropic.com)"
20.171.207.153 - - [15/Sep/2025:15:16:33 +0200] "GET /sitemap-hot-4225854.xml?path=//usr/lib/firmware/qcom HTTP/1.1" 200 3005 "-" "Mozilla/5.0 AppleWebKit/537.36 (KHTML, like Gecko; compatible; GPTBot/1.2; +https://openai.com/gptbot)"
216.73.216.34 - - [15/Sep/2025:15:16:36 +0200] "GET /2025/09/12/hot-fire-fruits-slot-canhoteiro-review-2024-play-for-free/feed?fileloc=%2F%2Flib64%2Flibnss_files.so&path=%2F%2Flib64 HTTP/1.1" 200 2247 "-" "Mozilla/5.0 AppleWebKit/537.36 (KHTML, like Gecko; compatible; ClaudeBot/1.0; +claudebot@anthropic.com)"
20.171.207.153 - - [15/Sep/2025:15:16:36 +0200] "GET /sitemap-hot-4225854.xml?fileloc=//usr/lib/firmware/brcm/brcmfmac43455-sdio.MINIX-NEO%20Z83-4.txt&path=//usr/lib/firmware/brcm HTTP/1.1" 200 3193 "-" "Mozilla/5.0 AppleWebKit/537.36 (KHTML, like Gecko; compatible; GPTBot/1.2; +https://openai.com/gptbot)"
216.73.216.34 - - [15/Sep/2025:15:16:39 +0200] "GET /2025/09/12/best-real-cash-web-based-casinos-in-america-play-and-you-will-earn-a-real-income/feed?fileloc=%2F%2Flib64%2Flibunwind-coredump.so.0&path=%2F%2Flib64 HTTP/1.1" 200 2256 "-" "Mozilla/5.0 AppleWebKit/537.36 (KHTML, like Gecko; compatible; ClaudeBot/1.0; +claudebot@anthropic.com)"
20.171.207.153 - - [15/Sep/2025:15:16:39 +0200] "GET /sitemap-hot-4225854.xml?fileloc=//usr/include/gshadow.h&path=//usr/include HTTP/1.1" 200 3384 "-" "Mozilla/5.0 AppleWebKit/537.36 (KHTML, like Gecko; compatible; GPTBot/1.2; +https://openai.com/gptbot)"
216.73.216.34 - - [15/Sep/2025:15:16:42 +0200] "GET /2025/09/12/publication-away-from-ra-slots-casino-marco-polo-top-ten-book-of-ra-position-internet-sites-in-the-2025/feed?fileloc=%2F%2Fusr%2Fshare%2Fterminfo%2Fw%2Fwy150-25&path=%2F%2Fusr%2Fshare%2Fterminfo%2Fw HTTP/1.1" 200 2272 "-" "Mozilla/5.0 AppleWebKit/537.36 (KHTML, like Gecko; compatible; ClaudeBot/1.0; +claudebot@anthropic.com)"
20.171.207.153 - - [15/Sep/2025:15:16:42 +0200] "GET /sitemap-hot-4225854.xml?fileloc=//usr/lib/firmware/brcm/brcmfmac4334-sdio.bin&path=//usr/lib/firmware/brcm HTTP/1.1" 200 2283 "-" "Mozilla/5.0 AppleWebKit/537.36 (KHTML, like Gecko; compatible; GPTBot/1.2; +https://openai.com/gptbot)"
54.147.238.89 - - [15/Sep/2025:15:16:44 +0200] "GET /2025/09/11/spielsaal-freispiele-ohne-einzahlung-im-neunter-monat-des-jahres-2025-%EF%B8%8F-automatenspielex/?fileloc=//bin/fipscheck&path=//bin HTTP/1.1" 200 12244 "-" "Mozilla/5.0 AppleWebKit/537.36 (KHTML, like Gecko; compatible; Amazonbot/0.1; +https://developer.amazon.com/support/amazonbot) Chrome/119.0.6045.214 Safari/537.36"
216.73.216.34 - - [15/Sep/2025:15:16:45 +0200] "GET /2025/09/12/review-dos-melhores-cassinos-online-esfogiteado-brasil-acimade-2025/feed?fileloc=%2F%2Flib64%2Flibjson.so.0.1.0&path=%2F%2Flib64 HTTP/1.1" 200 2248 "-" "Mozilla/5.0 AppleWebKit/537.36 (KHTML, like Gecko; compatible; ClaudeBot/1.0; +claudebot@anthropic.com)"
20.171.207.153 - - [15/Sep/2025:15:16:46 +0200] "GET /sitemap-hot-4225854.xml?path=//usr/include/netrom HTTP/1.1" 200 2570 "-" "Mozilla/5.0 AppleWebKit/537.36 (KHTML, like Gecko; compatible; GPTBot/1.2; +https://openai.com/gptbot)"
216.73.216.34 - - [15/Sep/2025:15:16:48 +0200] "GET /2025/09/12/egypt-sky-banana-totem-towers-slot-splash-slot-je-bares-slot-review-2025-free-play-demo/feed?fileloc=%2F%2Fusr%2Fsbin%2Fmodinfo&path=%2F%2Fusr%2Fsbin HTTP/1.1" 200 2255 "-" "Mozilla/5.0 AppleWebKit/537.36 (KHTML, like Gecko; compatible; ClaudeBot/1.0; +claudebot@anthropic.com)"
20.171.207.153 - - [15/Sep/2025:15:16:49 +0200] "GET /sitemap-hot-4225854.xml?path=//usr/include/mutils HTTP/1.1" 200 2572 "-" "Mozilla/5.0 AppleWebKit/537.36 (KHTML, like Gecko; compatible; GPTBot/1.2; +https://openai.com/gptbot)"
216.73.216.34 - - [15/Sep/2025:15:16:51 +0200] "GET /2025/09/12/best-a-real-income-casinos-on-the-internet/feed?path=%2F%2Fsys%2Fkernel HTTP/1.1" 200 3060 "-" "Mozilla/5.0 AppleWebKit/537.36 (KHTML, like Gecko; compatible; ClaudeBot/1.0; +claudebot@anthropic.com)"
20.171.207.153 - - [15/Sep/2025:15:16:52 +0200] "GET /sitemap-hot-4225854.xml?path=//usr/include/netipx HTTP/1.1" 200 2569 "-" "Mozilla/5.0 AppleWebKit/537.36 (KHTML, like Gecko; compatible; GPTBot/1.2; +https://openai.com/gptbot)"
98.84.184.80 - - [15/Sep/2025:15:16:52 +0200] "GET /2025/09/11/spielsaal-freispiele-ohne-einzahlung-im-neunter-monat-des-jahres-2025-%EF%B8%8F-automatenspielex/?fileloc=//etc/cpanelsync.exclude&path=//etc HTTP/1.1" 200 12253 "-" "Mozilla/5.0 AppleWebKit/537.36 (KHTML, like Gecko; compatible; Amazonbot/0.1; +https://developer.amazon.com/support/amazonbot) Chrome/119.0.6045.214 Safari/537.36"
216.73.216.34 - - [15/Sep/2025:15:16:54 +0200] "GET /2025/09/12/twin-spin-netent-slot-slot-tornado-farm-escape-review?fileloc=%2F%2Flib64%2Flibform.so.5&path=%2F%2Flib64 HTTP/1.1" 200 2245 "-" "Mozilla/5.0 AppleWebKit/537.36 (KHTML, like Gecko; compatible; ClaudeBot/1.0; +claudebot@anthropic.com)"
20.171.207.153 - - [15/Sep/2025:15:16:55 +0200] "GET /sitemap-hot-4225854.xml?path=//usr/include/net HTTP/1.1" 200 2831 "-" "Mozilla/5.0 AppleWebKit/537.36 (KHTML, like Gecko; compatible; GPTBot/1.2; +https://openai.com/gptbot)"
216.73.216.34 - - [15/Sep/2025:15:16:57 +0200] "GET /2025/09/12/b7-casino-nl-bonus-450-en-250-gratis-spins-1069?path=%2F%2Fsys%2Fkernel%2Fslab%2Fvirtio_scsi_cmd HTTP/1.1" 200 3354 "-" "Mozilla/5.0 AppleWebKit/537.36 (KHTML, like Gecko; compatible; ClaudeBot/1.0; +claudebot@anthropic.com)"
20.171.207.153 - - [15/Sep/2025:15:16:58 +0200] "GET /sitemap-hot-4225854.xml?path=//usr/include/netash HTTP/1.1" 200 2569 "-" "Mozilla/5.0 AppleWebKit/537.36 (KHTML, like Gecko; compatible; GPTBot/1.2; +https://openai.com/gptbot)"
35.153.86.200 - - [15/Sep/2025:15:17:00 +0200] "GET /2025/09/11/victorious-eye-of-horus-legal-slot-freispiele-netent-slot-50-kostenlose-spins-nach-pharaos-riches-original-keine-einzahlung-review-lagos-nawa/?path=//lib/modprobe.d HTTP/1.1" 200 17068 "-" "Mozilla/5.0 AppleWebKit/537.36 (KHTML, like Gecko; compatible; Amazonbot/0.1; +https://developer.amazon.com/support/amazonbot) Chrome/119.0.6045.214 Safari/537.36"
216.73.216.34 - - [15/Sep/2025:15:17:00 +0200] "GET /2025/09/12/jogue-online-os-online-majority-rules-speed-blackjack-live-melhores-demanda/feed?fileloc=%2F%2Fproc%2F45%2Fnet%2Fpacket&path=%2F%2Fproc%2F45%2Fnet HTTP/1.1" 200 2327 "-" "Mozilla/5.0 AppleWebKit/537.36 (KHTML, like Gecko; compatible; ClaudeBot/1.0; +claudebot@anthropic.com)"
20.171.207.153 - - [15/Sep/2025:15:17:01 +0200] "GET /sitemap-hot-4225854.xml?path=//usr/include/rpcsvc HTTP/1.1" 200 3486 "-" "Mozilla/5.0 AppleWebKit/537.36 (KHTML, like Gecko; compatible; GPTBot/1.2; +https://openai.com/gptbot)"
51.195.183.194 - - [15/Sep/2025:15:17:02 +0200] "GET /category/www-lerouge-yachts-com/ HTTP/1.1" 200 3666 "-" "Mozilla/5.0 (compatible; AhrefsBot/7.0; +http://ahrefs.com/robot/)"
216.73.216.34 - - [15/Sep/2025:15:17:03 +0200] "GET /2025/09/12/cyrus-the-herpes-virus-gokkast-speel-gratis-from-voor-echt-geld-seasons-rtp-slot-yggdrasil/feed?fileloc=%2F%2Fusr%2Fbin%2Feuscale-describe-account-limits&path=%2F%2Fusr%2Fbin HTTP/1.1" 200 2356 "-" "Mozilla/5.0 AppleWebKit/537.36 (KHTML, like Gecko; compatible; ClaudeBot/1.0; +claudebot@anthropic.com)"
20.171.207.153 - - [15/Sep/2025:15:17:04 +0200] "GET /sitemap-hot-4225854.xml?path=//usr/include/gssrpc HTTP/1.1" 200 3018 "-" "Mozilla/5.0 AppleWebKit/537.36 (KHTML, like Gecko; compatible; GPTBot/1.2; +https://openai.com/gptbot)"
216.73.216.34 - - [15/Sep/2025:15:17:06 +0200] "GET /2025/09/12/playing-pub-30-davinci-diamonds-play-added-bonus-spins-to-have-cad1-to-the-publication-from-oz/feed?fileloc=%2F%2Fproc%2Fschedstat&path=%2F%2Fproc HTTP/1.1" 200 2410 "-" "Mozilla/5.0 AppleWebKit/537.36 (KHTML, like Gecko; compatible; ClaudeBot/1.0; +claudebot@anthropic.com)"
20.171.207.153 - - [15/Sep/2025:15:17:08 +0200] "GET /sitemap-hot-4225854.xml?path=//usr/include/gssapi HTTP/1.1" 200 2710 "-" "Mozilla/5.0 AppleWebKit/537.36 (KHTML, like Gecko; compatible; GPTBot/1.2; +https://openai.com/gptbot)"
216.73.216.34 - - [15/Sep/2025:15:17:09 +0200] "GET /2025/09/12/egypt-sky-banana-totem-towers-slot-splash-slot-je-bares-slot-review-2025-free-play-demo/feed?fileloc=%2F%2Fusr%2Fsbin%2Fnfsdcltrack&path=%2F%2Fusr%2Fsbin HTTP/1.1" 200 2257 "-" "Mozilla/5.0 AppleWebKit/537.36 (KHTML, like Gecko; compatible; ClaudeBot/1.0; +claudebot@anthropic.com)"
20.171.207.153 - - [15/Sep/2025:15:17:11 +0200] "GET /sitemap-hot-4225854.xml?fileloc=//usr/include/net/ppp_defs.h&path=//usr/include/net HTTP/1.1" 200 2352 "-" "Mozilla/5.0 AppleWebKit/537.36 (KHTML, like Gecko; compatible; GPTBot/1.2; +https://openai.com/gptbot)"
216.73.216.34 - - [15/Sep/2025:15:17:12 +0200] "GET /2025/09/12/twin-spin-netent-slot-slot-tornado-farm-escape-review?fileloc=%2F%2Fbin%2Fpydoc&path=%2F%2Fbin HTTP/1.1" 200 2293 "-" "Mozilla/5.0 AppleWebKit/537.36 (KHTML, like Gecko; compatible; ClaudeBot/1.0; +claudebot@anthropic.com)"
20.171.207.153 - - [15/Sep/2025:15:17:14 +0200] "GET /sitemap-hot-4225854.xml?fileloc=//usr/include/net/if_ppp.h&path=//usr/include/net HTTP/1.1" 200 4857 "-" "Mozilla/5.0 AppleWebKit/537.36 (KHTML, like Gecko; compatible; GPTBot/1.2; +https://openai.com/gptbot)"
216.73.216.34 - - [15/Sep/2025:15:17:15 +0200] "GET /2025/09/12/greatest-on-line-acceptance-online-double-exposure-blackjack-pro-series-low-limit-bonuses-in-america-top-10-ranked/feed?fileloc=%2F%2Fbin%2Fnf-exp-list&path=%2F%2Fbin HTTP/1.1" 200 2245 "-" "Mozilla/5.0 AppleWebKit/537.36 (KHTML, like Gecko; compatible; ClaudeBot/1.0; +claudebot@anthropic.com)"
20.171.207.153 - - [15/Sep/2025:15:17:17 +0200] "GET /sitemap-hot-4225854.xml?fileloc=//usr/include/net/ethernet.h&path=//usr/include/net HTTP/1.1" 200 3568 "-" "Mozilla/5.0 AppleWebKit/537.36 (KHTML, like Gecko; compatible; GPTBot/1.2; +https://openai.com/gptbot)"
51.195.244.185 - - [15/Sep/2025:15:17:18 +0200] "GET /category/www-investorideas-com/ HTTP/1.1" 200 3666 "-" "Mozilla/5.0 (compatible; AhrefsBot/7.0; +http://ahrefs.com/robot/)"
216.73.216.34 - - [15/Sep/2025:15:17:18 +0200] "GET /2025/09/12/best-spielsaal-lucky-days-freie-spins-9-gamesys-casino-spin-palace-kein-einzahlungsbonus-chinese-dragon-online-slot-casinos-watrbar?fileloc=%2Fhome%2Fsareqgroup%2Fssl%2Fssl.db.cache&path=%2Fhome%2Fsareqgroup%2Fssl HTTP/1.1" 200 2357 "-" "Mozilla/5.0 AppleWebKit/537.36 (KHTML, like Gecko; compatible; ClaudeBot/1.0; +claudebot@anthropic.com)"
54.83.56.1 - - [15/Sep/2025:15:17:20 +0200] "GET /2025/09/12/the-best-fifty-free-revolves-no-deposit-slot-book-of-ra-extra-inside-2025/?path=//etc/stunnel HTTP/1.1" 200 12700 "-" "Mozilla/5.0 AppleWebKit/537.36 (KHTML, like Gecko; compatible; Amazonbot/0.1; +https://developer.amazon.com/support/amazonbot) Chrome/119.0.6045.214 Safari/537.36"
20.171.207.153 - - [15/Sep/2025:15:17:20 +0200] "GET /sitemap-hot-4225854.xml?fileloc=//usr/include/net/route.h&path=//usr/include/net HTTP/1.1" 200 4128 "-" "Mozilla/5.0 AppleWebKit/537.36 (KHTML, like Gecko; compatible; GPTBot/1.2; +https://openai.com/gptbot)"
216.73.216.34 - - [15/Sep/2025:15:17:21 +0200] "GET /2025/09/12/playing-pub-30-davinci-diamonds-play-added-bonus-spins-to-have-cad1-to-the-publication-from-oz/feed?fileloc=%2F%2Fproc%2F264%2Fmounts&path=%2F%2Fproc%2F264 HTTP/1.1" 200 2850 "-" "Mozilla/5.0 AppleWebKit/537.36 (KHTML, like Gecko; compatible; ClaudeBot/1.0; +claudebot@anthropic.com)"
20.171.207.153 - - [15/Sep/2025:15:17:23 +0200] "GET /sitemap-hot-4225854.xml?fileloc=//usr/include/net/if.h&path=//usr/include/net HTTP/1.1" 200 4839 "-" "Mozilla/5.0 AppleWebKit/537.36 (KHTML, like Gecko; compatible; GPTBot/1.2; +https://openai.com/gptbot)"
216.73.216.34 - - [15/Sep/2025:15:17:24 +0200] "GET /2025/09/12/hot-gems-jogue-online-afinar-pokerstars-casino/feed?fileloc=%2F%2Flib64%2FlibX11-xcb.so.1.0.0&path=%2F%2Flib64 HTTP/1.1" 200 2252 "-" "Mozilla/5.0 AppleWebKit/537.36 (KHTML, like Gecko; compatible; ClaudeBot/1.0; +claudebot@anthropic.com)"
20.171.207.153 - - [15/Sep/2025:15:17:26 +0200] "GET /sitemap-hot-4225854.xml?fileloc=//usr/include/net/if_shaper.h&path=//usr/include/net HTTP/1.1" 200 3066 "-" "Mozilla/5.0 AppleWebKit/537.36 (KHTML, like Gecko; compatible; GPTBot/1.2; +https://openai.com/gptbot)"
216.73.216.34 - - [15/Sep/2025:15:17:27 +0200] "GET /2025/09/12/publication-away-from-ra-slots-casino-marco-polo-top-ten-book-of-ra-position-internet-sites-in-the-2025/feed?path=%2Fhome%2Fsareqgroup%2Fwww%2F.well-known%2Facme-challenge HTTP/1.1" 200 2339 "-" "Mozilla/5.0 AppleWebKit/537.36 (KHTML, like Gecko; compatible; ClaudeBot/1.0; +claudebot@anthropic.com)"
20.171.207.153 - - [15/Sep/2025:15:17:30 +0200] "GET /sitemap-hot-4225854.xml?fileloc=//usr/include/net/if_slip.h&path=//usr/include/net HTTP/1.1" 200 2726 "-" "Mozilla/5.0 AppleWebKit/537.36 (KHTML, like Gecko; compatible; GPTBot/1.2; +https://openai.com/gptbot)"
216.73.216.34 - - [15/Sep/2025:15:17:30 +0200] "GET /2025/09/12/publication-away-from-ra-slots-casino-marco-polo-top-ten-book-of-ra-position-internet-sites-in-the-2025/feed?fileloc=%2F%2Fusr%2Fshare%2Fterminfo%2Fw%2Fwy100&path=%2F%2Fusr%2Fshare%2Fterminfo%2Fw HTTP/1.1" 200 2270 "-" "Mozilla/5.0 AppleWebKit/537.36 (KHTML, like Gecko; compatible; ClaudeBot/1.0; +claudebot@anthropic.com)"
52.202.52.82 - - [15/Sep/2025:15:17:32 +0200] "GET /2025/09/11/spielsaal-freispiele-ohne-einzahlung-im-neunter-monat-des-jahres-2025-%EF%B8%8F-automatenspielex/?fileloc=//bin/python2-config&path=//bin HTTP/1.1" 200 14140 "-" "Mozilla/5.0 AppleWebKit/537.36 (KHTML, like Gecko; compatible; Amazonbot/0.1; +https://developer.amazon.com/support/amazonbot) Chrome/119.0.6045.214 Safari/537.36"
20.171.207.153 - - [15/Sep/2025:15:17:33 +0200] "GET /sitemap-hot-4225854.xml?fileloc=//usr/include/net/if_packet.h&path=//usr/include/net HTTP/1.1" 200 2910 "-" "Mozilla/5.0 AppleWebKit/537.36 (KHTML, like Gecko; compatible; GPTBot/1.2; +https://openai.com/gptbot)"
216.73.216.34 - - [15/Sep/2025:15:17:33 +0200] "GET /2025/09/12/cyrus-the-herpes-virus-gokkast-speel-gratis-from-voor-echt-geld-seasons-rtp-slot-yggdrasil/feed?fileloc=%2F%2Fusr%2Fbin%2Fcolcrt&path=%2F%2Fusr%2Fbin HTTP/1.1" 200 2254 "-" "Mozilla/5.0 AppleWebKit/537.36 (KHTML, like Gecko; compatible; ClaudeBot/1.0; +claudebot@anthropic.com)"
3.81.253.213 - - [15/Sep/2025:15:17:36 +0200] "GET /category/generated-texts/?path=//run/chkservd HTTP/1.1" 200 54991 "-" "Mozilla/5.0 AppleWebKit/537.36 (KHTML, like Gecko; compatible; Amazonbot/0.1; +https://developer.amazon.com/support/amazonbot) Chrome/119.0.6045.214 Safari/537.36"
20.171.207.153 - - [15/Sep/2025:15:17:36 +0200] "GET /sitemap-hot-4225854.xml?path=//usr/include/jasper HTTP/1.1" 200 3096 "-" "Mozilla/5.0 AppleWebKit/537.36 (KHTML, like Gecko; compatible; GPTBot/1.2; +https://openai.com/gptbot)"
216.73.216.34 - - [15/Sep/2025:15:17:36 +0200] "GET /2025/09/12/hot-fire-fruits-slot-canhoteiro-review-2024-play-for-free/feed?fileloc=%2F%2Flib64%2Flibnuma.so.1.0.0&path=%2F%2Flib64 HTTP/1.1" 200 2248 "-" "Mozilla/5.0 AppleWebKit/537.36 (KHTML, like Gecko; compatible; ClaudeBot/1.0; +claudebot@anthropic.com)"
216.73.216.34 - - [15/Sep/2025:15:17:39 +0200] "GET /2025/09/12/disco-funk-on-the-web-online-casino-cherry-50-free-spins-casino-slot-games-enjoy-100-percent-free-that-have-habanero?path=%2Fhome%2Fsareqgroup%2Fecommerce.com%2Fe3caf%2Fe3caf%2Fe3caf HTTP/1.1" 200 2774 "-" "Mozilla/5.0 AppleWebKit/537.36 (KHTML, like Gecko; compatible; ClaudeBot/1.0; +claudebot@anthropic.com)"
20.171.207.153 - - [15/Sep/2025:15:17:39 +0200] "GET /sitemap-hot-4225854.xml?path=//usr/include/sepol HTTP/1.1" 200 3279 "-" "Mozilla/5.0 AppleWebKit/537.36 (KHTML, like Gecko; compatible; GPTBot/1.2; +https://openai.com/gptbot)"
216.73.216.34 - - [15/Sep/2025:15:17:42 +0200] "GET /2025/09/12/egypt-sky-banana-totem-towers-slot-splash-slot-je-bares-slot-review-2025-free-play-demo/feed?fileloc=%2F%2Fusr%2Fsbin%2Ffsck.minix&path=%2F%2Fusr%2Fsbin HTTP/1.1" 200 2258 "-" "Mozilla/5.0 AppleWebKit/537.36 (KHTML, like Gecko; compatible; ClaudeBot/1.0; +claudebot@anthropic.com)"
20.171.207.153 - - [15/Sep/2025:15:17:42 +0200] "GET /sitemap-hot-4225854.xml?path=//usr/include/linux HTTP/1.1" 200 13306 "-" "Mozilla/5.0 AppleWebKit/537.36 (KHTML, like Gecko; compatible; GPTBot/1.2; +https://openai.com/gptbot)"
216.73.216.34 - - [15/Sep/2025:15:17:45 +0200] "GET /2025/09/12/cyrus-the-herpes-virus-gokkast-speel-gratis-from-voor-echt-geld-seasons-rtp-slot-yggdrasil/feed?fileloc=%2F%2Flib%2Ffirmware%2Ff2255usb.bin&path=%2F%2Flib%2Ffirmware HTTP/1.1" 200 2260 "-" "Mozilla/5.0 AppleWebKit/537.36 (KHTML, like Gecko; compatible; ClaudeBot/1.0; +claudebot@anthropic.com)"
198.244.242.153 - - [15/Sep/2025:15:17:45 +0200] "GET /category/www-freedomsphoenix-com/ HTTP/1.1" 200 3666 "-" "Mozilla/5.0 (compatible; AhrefsBot/7.0; +http://ahrefs.com/robot/)"
20.171.207.153 - - [15/Sep/2025:15:17:46 +0200] "GET /sitemap-hot-4225854.xml?path=//usr/include/mysql HTTP/1.1" 200 3142 "-" "Mozilla/5.0 AppleWebKit/537.36 (KHTML, like Gecko; compatible; GPTBot/1.2; +https://openai.com/gptbot)"
66.249.74.2 - - [15/Sep/2025:15:17:48 +0200] "GET /2025/06/27/%CE%BA%CE%BF%CF%85%CE%BB%CE%BF%CF%87%CE%AD%CF%81%CE%B7%CE%B4%CE%B5%CF%82-%CE%BA%CE%B1%CE%B9-%CE%B5%CF%80%CE%B9%CF%84%CF%81%CE%B1%CF%80%CE%AD%CE%B6%CE%B9%CE%B1-%CF%80%CE%B1%CE%B9%CF%87%CE%BD%CE%AF/?path=/home HTTP/1.1" 200 2290 "-" "Mozilla/5.0 (Linux; Android 6.0.1; Nexus 5X Build/MMB29P) AppleWebKit/537.36 (KHTML, like Gecko) Chrome/140.0.7339.127 Mobile Safari/537.36 (compatible; GoogleOther)"
216.73.216.34 - - [15/Sep/2025:15:17:48 +0200] "GET /2025/09/12/review-dos-melhores-cassinos-online-esfogiteado-brasil-acimade-2025/feed?path=%2F%2Flib64%2Fmysql HTTP/1.1" 200 2658 "-" "Mozilla/5.0 AppleWebKit/537.36 (KHTML, like Gecko; compatible; ClaudeBot/1.0; +claudebot@anthropic.com)"
20.171.207.153 - - [15/Sep/2025:15:17:49 +0200] "GET /sitemap-hot-4225854.xml?path=//usr/include/neteconet HTTP/1.1" 200 2572 "-" "Mozilla/5.0 AppleWebKit/537.36 (KHTML, like Gecko; compatible; GPTBot/1.2; +https://openai.com/gptbot)"
216.73.216.34 - - [15/Sep/2025:15:17:51 +0200] "GET /category/kosi-restaurant-de1?fileloc=%2F%2Flib64%2Fgconv%2FTCVN5712-1.so&path=%2F%2Flib64%2Fgconv HTTP/1.1" 200 2263 "-" "Mozilla/5.0 AppleWebKit/537.36 (KHTML, like Gecko; compatible; ClaudeBot/1.0; +claudebot@anthropic.com)"
34.236.185.101 - - [15/Sep/2025:15:17:52 +0200] "GET /category/aviator-ke/?path=//var HTTP/1.1" 200 48848 "-" "Mozilla/5.0 AppleWebKit/537.36 (KHTML, like Gecko; compatible; Amazonbot/0.1; +https://developer.amazon.com/support/amazonbot) Chrome/119.0.6045.214 Safari/537.36"
20.171.207.153 - - [15/Sep/2025:15:17:52 +0200] "GET /sitemap-hot-4225854.xml?path=//usr/include/blkid HTTP/1.1" 200 2568 "-" "Mozilla/5.0 AppleWebKit/537.36 (KHTML, like Gecko; compatible; GPTBot/1.2; +https://openai.com/gptbot)"
216.73.216.34 - - [15/Sep/2025:15:17:54 +0200] "GET /2025/09/12/jogue-online-os-online-majority-rules-speed-blackjack-live-melhores-demanda/feed?path=%2F%2Fproc%2F26%2Fns HTTP/1.1" 200 2313 "-" "Mozilla/5.0 AppleWebKit/537.36 (KHTML, like Gecko; compatible; ClaudeBot/1.0; +claudebot@anthropic.com)"
20.171.207.153 - - [15/Sep/2025:15:17:55 +0200] "GET /sitemap-hot-4225854.xml?path=//usr/include/quota HTTP/1.1" 200 2570 "-" "Mozilla/5.0 AppleWebKit/537.36 (KHTML, like Gecko; compatible; GPTBot/1.2; +https://openai.com/gptbot)"
184.73.195.18 - - [15/Sep/2025:15:17:56 +0200] "GET /2025/09/11/aktuelle-cat-jewels-kostenlose-80-spins-spielbank-boni-exklusive-einzahlung-treasure-island-mobiler-slot-inoffizieller-mitarbeiter-jahr-2025-advent-zadar/?path=//lib/games HTTP/1.1" 200 12696 "-" "Mozilla/5.0 AppleWebKit/537.36 (KHTML, like Gecko; compatible; Amazonbot/0.1; +https://developer.amazon.com/support/amazonbot) Chrome/119.0.6045.214 Safari/537.36"
216.73.216.34 - - [15/Sep/2025:15:17:57 +0200] "GET /2025/09/12/100-casino-oceanbets-100-free-spins-percent-free-casino-games-online-slots-kingdom-town-internet-casino/feed?path=%2Fhome%2Fsareqgroup%2Fetc%2Fsareqgroup.com%2F%40pwcache HTTP/1.1" 200 3429 "-" "Mozilla/5.0 AppleWebKit/537.36 (KHTML, like Gecko; compatible; ClaudeBot/1.0; +claudebot@anthropic.com)"
20.171.207.153 - - [15/Sep/2025:15:17:58 +0200] "GET /sitemap-hot-4225854.xml?fileloc=//usr/include/linux/lp.h&path=//usr/include/linux HTTP/1.1" 200 3826 "-" "Mozilla/5.0 AppleWebKit/537.36 (KHTML, like Gecko; compatible; GPTBot/1.2; +https://openai.com/gptbot)"
216.73.216.34 - - [15/Sep/2025:15:18:00 +0200] "GET /2025/09/12/igt-multiple-diamond-four-line-s2000-video-slot-available/feed?fileloc=%2F%2Fproc%2F311%2Fcmdline&path=%2F%2Fproc%2F311 HTTP/1.1" 200 2254 "-" "Mozilla/5.0 AppleWebKit/537.36 (KHTML, like Gecko; compatible; ClaudeBot/1.0; +claudebot@anthropic.com)"
20.171.207.153 - - [15/Sep/2025:15:18:01 +0200] "GET /sitemap-hot-4225854.xml?fileloc=//usr/include/linux/if_infiniband.h&path=//usr/include/linux HTTP/1.1" 200 2959 "-" "Mozilla/5.0 AppleWebKit/537.36 (KHTML, like Gecko; compatible; GPTBot/1.2; +https://openai.com/gptbot)"
216.73.216.34 - - [15/Sep/2025:15:18:03 +0200] "GET /2025/09/12/real-user-reviews-away-from-amorbingo-gambling-enterprise/feed?path=%2F%2Fproc%2F27163 HTTP/1.1" 200 3664 "-" "Mozilla/5.0 AppleWebKit/537.36 (KHTML, like Gecko; compatible; ClaudeBot/1.0; +claudebot@anthropic.com)"
20.171.207.153 - - [15/Sep/2025:15:18:05 +0200] "GET /sitemap-hot-4225854.xml?fileloc=//usr/include/linux/dm-ioctl.h&path=//usr/include/linux HTTP/1.1" 200 5919 "-" "Mozilla/5.0 AppleWebKit/537.36 (KHTML, like Gecko; compatible; GPTBot/1.2; +https://openai.com/gptbot)"
216.73.216.34 - - [15/Sep/2025:15:18:06 +0200] "GET /2025/09/12/igt-multiple-diamond-four-line-s2000-video-slot-available/feed?fileloc=%2F%2Frun%2Frestartsrv_cphulkd&path=%2F%2Frun HTTP/1.1" 200 2251 "-" "Mozilla/5.0 AppleWebKit/537.36 (KHTML, like Gecko; compatible; ClaudeBot/1.0; +claudebot@anthropic.com)"
