216.73.216.143 - - [20/Sep/2025:14:42:55 +0200] "GET /2025/09/12/slotigo-de-worldmatch-slot-spiele-die-besten-verbunden-slots-and-spielautomaten-gebuhrenfrei?fileloc=%2F%2Fsys%2Fbus%2Fmemory%2Fdevices%2Fmemory12%2Fsubsystem%2Fdevices%2Fmemory62%2Fnode0%2Fmemory43%2Fnode0%2Fcompact&path=%2F%2Fsys%2Fbus%2Fmemory%2Fdevices%2Fmemory12%2Fsubsystem%2Fdevices%2Fmemory62%2Fnode0%2Fmemory43%2Fnode0 HTTP/1.1" 200 2335 "-" "Mozilla/5.0 AppleWebKit/537.36 (KHTML, like Gecko; compatible; ClaudeBot/1.0; +claudebot@anthropic.com)"
20.171.207.191 - - [20/Sep/2025:14:42:58 +0200] "GET /sitemap-hot-4233854.xml?path=//proc/self/root/proc/39/fd HTTP/1.1" 200 2330 "-" "Mozilla/5.0 AppleWebKit/537.36 (KHTML, like Gecko; compatible; GPTBot/1.2; +https://openai.com/gptbot)"
216.73.216.143 - - [20/Sep/2025:14:42:58 +0200] "GET /2025/09/12/slotigo-de-worldmatch-slot-spiele-die-besten-verbunden-slots-and-spielautomaten-gebuhrenfrei?fileloc=%2F%2Fsys%2Fbus%2Fmemory%2Fdevices%2Fmemory22%2Fnode0%2Fmemory55%2Fnode0%2Fmemory3%2Fnode0%2Fmemory48%2Fonline&path=%2F%2Fsys%2Fbus%2Fmemory%2Fdevices%2Fmemory22%2Fnode0%2Fmemory55%2Fnode0%2Fmemory3%2Fnode0%2Fmemory48 HTTP/1.1" 200 2327 "-" "Mozilla/5.0 AppleWebKit/537.36 (KHTML, like Gecko; compatible; ClaudeBot/1.0; +claudebot@anthropic.com)"
57.141.0.5 - - [20/Sep/2025:14:42:58 +0200] "GET /wp-json/wp/v2/posts/13634?path=/home/sareqgroup/ecommerce.com/wp-includes HTTP/1.1" 200 370613 "-" "meta-externalagent/1.1 (+https://developers.facebook.com/docs/sharing/webmasters/crawler)"
216.73.216.143 - - [20/Sep/2025:14:43:01 +0200] "GET /2025/09/12/slotigo-de-worldmatch-slot-spiele-die-besten-verbunden-slots-and-spielautomaten-gebuhrenfrei?path=%2F%2Fsys%2Fbus%2Fnode%2Fdevices%2Fnode0%2Fmemory2%2Fnode0%2Fmemory13%2Fnode0%2Fmemory55%2Fnode0%2Fmemory2 HTTP/1.1" 200 2904 "-" "Mozilla/5.0 AppleWebKit/537.36 (KHTML, like Gecko; compatible; ClaudeBot/1.0; +claudebot@anthropic.com)"
20.171.207.191 - - [20/Sep/2025:14:43:02 +0200] "GET /sitemap-hot-4229854.xml?path=//proc/self/root/proc/34/fd HTTP/1.1" 200 2330 "-" "Mozilla/5.0 AppleWebKit/537.36 (KHTML, like Gecko; compatible; GPTBot/1.2; +https://openai.com/gptbot)"
216.73.216.143 - - [20/Sep/2025:14:43:04 +0200] "GET /2025/09/12/slotigo-de-worldmatch-slot-spiele-die-besten-verbunden-slots-and-spielautomaten-gebuhrenfrei?path=%2F%2Fsys%2Fbus%2Fmemory%2Fdevices%2Fmemory58%2Fnode0%2Fmemory38%2Fnode0%2Fmemory42%2Fnode0%2Fmemory46%2Fnode0%2Fmemory2 HTTP/1.1" 200 2929 "-" "Mozilla/5.0 AppleWebKit/537.36 (KHTML, like Gecko; compatible; ClaudeBot/1.0; +claudebot@anthropic.com)"
20.171.207.191 - - [20/Sep/2025:14:43:05 +0200] "GET /sitemap-hot-4243854.xml?path=//proc/self/root/proc/16/fd HTTP/1.1" 200 2331 "-" "Mozilla/5.0 AppleWebKit/537.36 (KHTML, like Gecko; compatible; GPTBot/1.2; +https://openai.com/gptbot)"
216.73.216.143 - - [20/Sep/2025:14:43:07 +0200] "GET /2025/09/12/slotigo-de-worldmatch-slot-spiele-die-besten-verbunden-slots-and-spielautomaten-gebuhrenfrei?path=%2F%2Fsys%2Fbus%2Fmemory%2Fdevices%2Fmemory21%2Fnode0%2Fmemory48%2Fsubsystem%2Fdevices%2Fmemory5%2Fnode0%2Fcpu2%2Fdriver%2Fcpu3 HTTP/1.1" 200 2983 "-" "Mozilla/5.0 AppleWebKit/537.36 (KHTML, like Gecko; compatible; ClaudeBot/1.0; +claudebot@anthropic.com)"
20.171.207.191 - - [20/Sep/2025:14:43:08 +0200] "GET /sitemap-hot-4233854.xml?path=//proc/self/root/proc/46/fd HTTP/1.1" 200 2331 "-" "Mozilla/5.0 AppleWebKit/537.36 (KHTML, like Gecko; compatible; GPTBot/1.2; +https://openai.com/gptbot)"
216.73.216.143 - - [20/Sep/2025:14:43:10 +0200] "GET /2025/09/12/slotigo-de-worldmatch-slot-spiele-die-besten-verbunden-slots-and-spielautomaten-gebuhrenfrei?fileloc=%2F%2Fsys%2Fbus%2Fmemory%2Fdevices%2Fmemory22%2Fnode0%2Fmemory43%2Fnode0%2Fmemory60%2Fnode0%2Fvmstat&path=%2F%2Fsys%2Fbus%2Fmemory%2Fdevices%2Fmemory22%2Fnode0%2Fmemory43%2Fnode0%2Fmemory60%2Fnode0 HTTP/1.1" 200 2682 "-" "Mozilla/5.0 AppleWebKit/537.36 (KHTML, like Gecko; compatible; ClaudeBot/1.0; +claudebot@anthropic.com)"
20.171.207.191 - - [20/Sep/2025:14:43:11 +0200] "GET /sitemap-hot-4233854.xml?path=//proc/self/root/proc/16/fd HTTP/1.1" 200 2331 "-" "Mozilla/5.0 AppleWebKit/537.36 (KHTML, like Gecko; compatible; GPTBot/1.2; +https://openai.com/gptbot)"
216.73.216.143 - - [20/Sep/2025:14:43:13 +0200] "GET /2025/09/12/slotigo-de-worldmatch-slot-spiele-die-besten-verbunden-slots-and-spielautomaten-gebuhrenfrei?fileloc=%2F%2Fsys%2Fbus%2Fmemory%2Fdevices%2Fmemory22%2Fnode0%2Fmemory68%2Fnode0%2Fmemory47%2Fnode0%2Fmemory56%2Fsubsystem%2Fuevent&path=%2F%2Fsys%2Fbus%2Fmemory%2Fdevices%2Fmemory22%2Fnode0%2Fmemory68%2Fnode0%2Fmemory47%2Fnode0%2Fmemory56%2Fsubsystem HTTP/1.1" 200 2341 "-" "Mozilla/5.0 AppleWebKit/537.36 (KHTML, like Gecko; compatible; ClaudeBot/1.0; +claudebot@anthropic.com)"
20.171.207.191 - - [20/Sep/2025:14:43:14 +0200] "GET /sitemap-hot-4233854.xml?path=//proc/self/root/proc/12/fd HTTP/1.1" 200 2330 "-" "Mozilla/5.0 AppleWebKit/537.36 (KHTML, like Gecko; compatible; GPTBot/1.2; +https://openai.com/gptbot)"
216.73.216.143 - - [20/Sep/2025:14:43:16 +0200] "GET /2025/09/12/slotigo-de-worldmatch-slot-spiele-die-besten-verbunden-slots-and-spielautomaten-gebuhrenfrei?fileloc=%2F%2Fsys%2Fbus%2Fmemory%2Fdevices%2Fmemory23%2Fnode0%2Fmemory62%2Fnode0%2Fmemory53%2Fnode0%2Fvmstat&path=%2F%2Fsys%2Fbus%2Fmemory%2Fdevices%2Fmemory23%2Fnode0%2Fmemory62%2Fnode0%2Fmemory53%2Fnode0 HTTP/1.1" 200 2684 "-" "Mozilla/5.0 AppleWebKit/537.36 (KHTML, like Gecko; compatible; ClaudeBot/1.0; +claudebot@anthropic.com)"
20.171.207.191 - - [20/Sep/2025:14:43:17 +0200] "GET /sitemap-hot-4233854.xml?path=//proc/self/root/proc/irq/30 HTTP/1.1" 200 2786 "-" "Mozilla/5.0 AppleWebKit/537.36 (KHTML, like Gecko; compatible; GPTBot/1.2; +https://openai.com/gptbot)"
216.73.216.143 - - [20/Sep/2025:14:43:19 +0200] "GET /2025/09/12/slotigo-de-worldmatch-slot-spiele-die-besten-verbunden-slots-and-spielautomaten-gebuhrenfrei?fileloc=%2F%2Fsys%2Fbus%2Fmemory%2Fdevices%2Fmemory23%2Fnode0%2Fmemory17%2Fnode0%2Fmemory14%2Fnode0%2Fmemory53%2Fnode0%2Fmemory5%2Fonline&path=%2F%2Fsys%2Fbus%2Fmemory%2Fdevices%2Fmemory23%2Fnode0%2Fmemory17%2Fnode0%2Fmemory14%2Fnode0%2Fmemory53%2Fnode0%2Fmemory5 HTTP/1.1" 200 2337 "-" "Mozilla/5.0 AppleWebKit/537.36 (KHTML, like Gecko; compatible; ClaudeBot/1.0; +claudebot@anthropic.com)"
20.171.207.191 - - [20/Sep/2025:14:43:20 +0200] "GET /sitemap-hot-4229854.xml?path=//proc/self/root/proc/16/fd HTTP/1.1" 200 2331 "-" "Mozilla/5.0 AppleWebKit/537.36 (KHTML, like Gecko; compatible; GPTBot/1.2; +https://openai.com/gptbot)"
216.73.216.143 - - [20/Sep/2025:14:43:22 +0200] "GET /2025/09/12/slotigo-de-worldmatch-slot-spiele-die-besten-verbunden-slots-and-spielautomaten-gebuhrenfrei?fileloc=%2F%2Fsys%2Fbus%2Fmemory%2Fdevices%2Fmemory5%2Fnode0%2Fmemory42%2Fsubsystem%2Fdevices%2Fmemory16%2Fnode0%2Fmemory68%2Fonline&path=%2F%2Fsys%2Fbus%2Fmemory%2Fdevices%2Fmemory5%2Fnode0%2Fmemory42%2Fsubsystem%2Fdevices%2Fmemory16%2Fnode0%2Fmemory68 HTTP/1.1" 200 2345 "-" "Mozilla/5.0 AppleWebKit/537.36 (KHTML, like Gecko; compatible; ClaudeBot/1.0; +claudebot@anthropic.com)"
20.171.207.191 - - [20/Sep/2025:14:43:24 +0200] "GET /sitemap-hot-4229854.xml?path=//proc/self/root/proc/47/fd HTTP/1.1" 200 2331 "-" "Mozilla/5.0 AppleWebKit/537.36 (KHTML, like Gecko; compatible; GPTBot/1.2; +https://openai.com/gptbot)"
216.73.216.143 - - [20/Sep/2025:14:43:26 +0200] "GET /2025/09/12/slotigo-de-worldmatch-slot-spiele-die-besten-verbunden-slots-and-spielautomaten-gebuhrenfrei?path=%2F%2Fsys%2Fdevices%2Fsystem%2Fmemory%2Fmemory34%2Fnode0%2Fmemory55%2Fnode0%2Fmemory19%2Fnode0%2Fmemory13%2Fnode0%2Fmemory8 HTTP/1.1" 200 2931 "-" "Mozilla/5.0 AppleWebKit/537.36 (KHTML, like Gecko; compatible; ClaudeBot/1.0; +claudebot@anthropic.com)"
57.141.0.28 - - [20/Sep/2025:14:43:27 +0200] "GET /wp-json/oembed/1.0/embed?url=http%3A%2F%2Fecommerce.sareqgroup.com%2F2025%2F08%2F25%2Ffortuna-a-vzrueni-v-online-svt-kde-betonred-nabizi%2F HTTP/1.1" 200 67849 "-" "meta-externalagent/1.1 (+https://developers.facebook.com/docs/sharing/webmasters/crawler)"
20.171.207.191 - - [20/Sep/2025:14:43:27 +0200] "GET /sitemap-hot-4221854.xml?path=//proc/self/root/proc/36/ns HTTP/1.1" 200 2331 "-" "Mozilla/5.0 AppleWebKit/537.36 (KHTML, like Gecko; compatible; GPTBot/1.2; +https://openai.com/gptbot)"
216.73.216.143 - - [20/Sep/2025:14:43:28 +0200] "GET /2025/09/12/slotigo-de-worldmatch-slot-spiele-die-besten-verbunden-slots-and-spielautomaten-gebuhrenfrei?fileloc=%2F%2Fsys%2Fbus%2Fmemory%2Fdevices%2Fmemory6%2Fnode0%2Fmemory37%2Fnode0%2Fmemory66%2Fnode0%2Fnumastat&path=%2F%2Fsys%2Fbus%2Fmemory%2Fdevices%2Fmemory6%2Fnode0%2Fmemory37%2Fnode0%2Fmemory66%2Fnode0 HTTP/1.1" 200 2371 "-" "Mozilla/5.0 AppleWebKit/537.36 (KHTML, like Gecko; compatible; ClaudeBot/1.0; +claudebot@anthropic.com)"
57.141.0.45 - - [20/Sep/2025:14:43:29 +0200] "GET /wp-json/wp/v2/posts/4733?fileloc=/home/sareqgroup/ecommerce.com/wp-settings.php&path=/home/sareqgroup/ecommerce.com HTTP/1.1" 200 33418 "-" "meta-externalagent/1.1 (+https://developers.facebook.com/docs/sharing/webmasters/crawler)"
20.171.207.191 - - [20/Sep/2025:14:43:30 +0200] "GET /sitemap-hot-4251854.xml?path=//proc/self/root/proc/irq/13 HTTP/1.1" 200 2717 "-" "Mozilla/5.0 AppleWebKit/537.36 (KHTML, like Gecko; compatible; GPTBot/1.2; +https://openai.com/gptbot)"
216.73.216.143 - - [20/Sep/2025:14:43:31 +0200] "GET /2025/09/12/slotigo-de-worldmatch-slot-spiele-die-besten-verbunden-slots-and-spielautomaten-gebuhrenfrei?fileloc=%2F%2Fsys%2Fbus%2Fmemory%2Fdevices%2Fmemory23%2Fsubsystem%2Fdevices%2Fmemory0%2Fnode0%2Fmemory18%2Fpower%2Fcontrol&path=%2F%2Fsys%2Fbus%2Fmemory%2Fdevices%2Fmemory23%2Fsubsystem%2Fdevices%2Fmemory0%2Fnode0%2Fmemory18%2Fpower HTTP/1.1" 200 2343 "-" "Mozilla/5.0 AppleWebKit/537.36 (KHTML, like Gecko; compatible; ClaudeBot/1.0; +claudebot@anthropic.com)"
20.171.207.191 - - [20/Sep/2025:14:43:33 +0200] "GET /sitemap-hot-4223854.xml?path=//proc/self/root/proc/irq/26 HTTP/1.1" 200 2789 "-" "Mozilla/5.0 AppleWebKit/537.36 (KHTML, like Gecko; compatible; GPTBot/1.2; +https://openai.com/gptbot)"
216.73.216.143 - - [20/Sep/2025:14:43:34 +0200] "GET /2025/09/12/slotigo-de-worldmatch-slot-spiele-die-besten-verbunden-slots-and-spielautomaten-gebuhrenfrei?fileloc=%2F%2Fsys%2Fbus%2Fmemory%2Fdevices%2Fmemory23%2Fnode0%2Fmemory50%2Fnode0%2Fmemory56%2Fnode0%2Fmemory54%2Fnode0%2Fuevent&path=%2F%2Fsys%2Fbus%2Fmemory%2Fdevices%2Fmemory23%2Fnode0%2Fmemory50%2Fnode0%2Fmemory56%2Fnode0%2Fmemory54%2Fnode0 HTTP/1.1" 200 2328 "-" "Mozilla/5.0 AppleWebKit/537.36 (KHTML, like Gecko; compatible; ClaudeBot/1.0; +claudebot@anthropic.com)"
20.171.207.191 - - [20/Sep/2025:14:43:36 +0200] "GET /sitemap-hot-4225854.xml?path=//proc/self/root/proc/61/fd HTTP/1.1" 200 2331 "-" "Mozilla/5.0 AppleWebKit/537.36 (KHTML, like Gecko; compatible; GPTBot/1.2; +https://openai.com/gptbot)"
216.73.216.143 - - [20/Sep/2025:14:43:37 +0200] "GET /2025/09/12/slotigo-de-worldmatch-slot-spiele-die-besten-verbunden-slots-and-spielautomaten-gebuhrenfrei?fileloc=%2F%2Fsys%2Fbus%2Fmemory%2Fdevices%2Fmemory22%2Fnode0%2Fmemory43%2Fnode0%2Fmemory12%2Fnode0%2Fmemory67%2Fphys_device&path=%2F%2Fsys%2Fbus%2Fmemory%2Fdevices%2Fmemory22%2Fnode0%2Fmemory43%2Fnode0%2Fmemory12%2Fnode0%2Fmemory67 HTTP/1.1" 200 2333 "-" "Mozilla/5.0 AppleWebKit/537.36 (KHTML, like Gecko; compatible; ClaudeBot/1.0; +claudebot@anthropic.com)"
20.171.207.191 - - [20/Sep/2025:14:43:39 +0200] "GET /sitemap-hot-4233854.xml?path=//proc/self/root/proc/16/ns HTTP/1.1" 200 2331 "-" "Mozilla/5.0 AppleWebKit/537.36 (KHTML, like Gecko; compatible; GPTBot/1.2; +https://openai.com/gptbot)"
216.73.216.143 - - [20/Sep/2025:14:43:40 +0200] "GET /2025/09/12/slotigo-de-worldmatch-slot-spiele-die-besten-verbunden-slots-and-spielautomaten-gebuhrenfrei?fileloc=%2F%2Fsys%2Fbus%2Fnode%2Fdevices%2Fnode0%2Fmemory57%2Fnode0%2Fdistance&path=%2F%2Fsys%2Fbus%2Fnode%2Fdevices%2Fnode0%2Fmemory57%2Fnode0 HTTP/1.1" 200 2300 "-" "Mozilla/5.0 AppleWebKit/537.36 (KHTML, like Gecko; compatible; ClaudeBot/1.0; +claudebot@anthropic.com)"
57.141.0.50 - - [20/Sep/2025:14:43:43 +0200] "GET /2025/09/12/feather-madness-trial-spin-casino-new-zealand-login-play-totally-free-slot-video-game/?fileloc=/home/sareqgroup/ecommerce.com/wp-mail.php&path=/home/sareqgroup/ecommerce.com HTTP/1.1" 200 21128 "-" "meta-externalagent/1.1 (+https://developers.facebook.com/docs/sharing/webmasters/crawler)"
20.171.207.191 - - [20/Sep/2025:14:43:43 +0200] "GET /sitemap-hot-4229854.xml?path=//proc/self/root/proc/57/fd HTTP/1.1" 200 2331 "-" "Mozilla/5.0 AppleWebKit/537.36 (KHTML, like Gecko; compatible; GPTBot/1.2; +https://openai.com/gptbot)"
66.249.74.1 - - [20/Sep/2025:14:43:43 +0200] "GET /2025/06/21/%CE%B5%CF%80%CE%B9%CF%83%CE%BA%CF%8C%CF%80%CE%B7%CF%83%CE%B7-%CE%B1%CE%B4%CE%B5%CE%B9%CE%BF%CE%B4%CF%8C%CF%84%CE%B7%CF%83%CE%B7%CF%82-%CE%BA%CE%B1%CE%B9-%CE%B1%CF%83%CF%86%CE%AC%CE%BB%CE%B5%CE%B9/?fileloc=//bin/funzip&path=//bin HTTP/1.1" 200 2243 "-" "Mozilla/5.0 (Linux; Android 6.0.1; Nexus 5X Build/MMB29P) AppleWebKit/537.36 (KHTML, like Gecko) Chrome/140.0.7339.127 Mobile Safari/537.36 (compatible; GoogleOther)"
216.73.216.143 - - [20/Sep/2025:14:43:43 +0200] "GET /2025/09/12/slotigo-de-worldmatch-slot-spiele-die-besten-verbunden-slots-and-spielautomaten-gebuhrenfrei?fileloc=%2F%2Fsys%2Fbus%2Fmemory%2Fdevices%2Fmemory22%2Fnode0%2Fmemory22%2Fnode0%2Fmemory65%2Fnode0%2Fmemory20%2Fend_phys_index&path=%2F%2Fsys%2Fbus%2Fmemory%2Fdevices%2Fmemory22%2Fnode0%2Fmemory22%2Fnode0%2Fmemory65%2Fnode0%2Fmemory20 HTTP/1.1" 200 2332 "-" "Mozilla/5.0 AppleWebKit/537.36 (KHTML, like Gecko; compatible; ClaudeBot/1.0; +claudebot@anthropic.com)"
20.171.207.191 - - [20/Sep/2025:14:43:46 +0200] "GET /sitemap-hot-4247854.xml?path=//proc/self/root/proc/29/fd HTTP/1.1" 200 2330 "-" "Mozilla/5.0 AppleWebKit/537.36 (KHTML, like Gecko; compatible; GPTBot/1.2; +https://openai.com/gptbot)"
216.73.216.143 - - [20/Sep/2025:14:43:46 +0200] "GET /2025/09/12/slotigo-de-worldmatch-slot-spiele-die-besten-verbunden-slots-and-spielautomaten-gebuhrenfrei?path=%2F%2Fsys%2Fbus%2Fmemory%2Fdevices%2Fmemory23%2Fsubsystem%2Fdevices%2Fmemory0%2Fnode0%2Fmemory18%2Fnode0%2Fcpu2%2Fdriver%2Fcpu3 HTTP/1.1" 200 2987 "-" "Mozilla/5.0 AppleWebKit/537.36 (KHTML, like Gecko; compatible; ClaudeBot/1.0; +claudebot@anthropic.com)"
146.174.184.116 - - [20/Sep/2025:14:43:48 +0200] "GET /2021/04/?path=//scripts HTTP/1.1" 200 680071 "-" "Mozilla/5.0 (Windows; U; Windows NT 5.1; en-US) AppleWebKit/534.3 (KHTML, like Gecko) Chrome/6.0.461.0 Safari/534.3"
20.171.207.191 - - [20/Sep/2025:14:43:49 +0200] "GET /sitemap-hot-4227854.xml?path=//proc/self/root/proc/29/fd HTTP/1.1" 200 2330 "-" "Mozilla/5.0 AppleWebKit/537.36 (KHTML, like Gecko; compatible; GPTBot/1.2; +https://openai.com/gptbot)"
216.73.216.143 - - [20/Sep/2025:14:43:49 +0200] "GET /2025/09/12/slotigo-de-worldmatch-slot-spiele-die-besten-verbunden-slots-and-spielautomaten-gebuhrenfrei?fileloc=%2F%2Fsys%2Fbus%2Fmemory%2Fdevices%2Fmemory34%2Fnode0%2Fmemory42%2Fnode0%2Fmemory13%2Fnode0%2Fmemory66%2Fstate&path=%2F%2Fsys%2Fbus%2Fmemory%2Fdevices%2Fmemory34%2Fnode0%2Fmemory42%2Fnode0%2Fmemory13%2Fnode0%2Fmemory66 HTTP/1.1" 200 2332 "-" "Mozilla/5.0 AppleWebKit/537.36 (KHTML, like Gecko; compatible; ClaudeBot/1.0; +claudebot@anthropic.com)"
34.196.6.199 - - [20/Sep/2025:14:43:50 +0200] "GET /2020/10/?path=//sys/class/tty/console/subsystem/ptmx/subsystem HTTP/1.1" 200 113558 "-" "Mozilla/5.0 AppleWebKit/537.36 (KHTML, like Gecko; compatible; Amazonbot/0.1; +https://developer.amazon.com/support/amazonbot) Chrome/119.0.6045.214 Safari/537.36"
20.171.207.191 - - [20/Sep/2025:14:43:52 +0200] "GET /sitemap-hot-4249854.xml?path=//proc/self/root/proc/13/fd HTTP/1.1" 200 2330 "-" "Mozilla/5.0 AppleWebKit/537.36 (KHTML, like Gecko; compatible; GPTBot/1.2; +https://openai.com/gptbot)"
216.73.216.143 - - [20/Sep/2025:14:43:52 +0200] "GET /2025/09/12/slotigo-de-worldmatch-slot-spiele-die-besten-verbunden-slots-and-spielautomaten-gebuhrenfrei?fileloc=%2F%2Fsys%2Fbus%2Fmemory%2Fdevices%2Fmemory5%2Fnode0%2Fmemory9%2Fnode0%2Fmemory10%2Fend_phys_index&path=%2F%2Fsys%2Fbus%2Fmemory%2Fdevices%2Fmemory5%2Fnode0%2Fmemory9%2Fnode0%2Fmemory10 HTTP/1.1" 200 2323 "-" "Mozilla/5.0 AppleWebKit/537.36 (KHTML, like Gecko; compatible; ClaudeBot/1.0; +claudebot@anthropic.com)"
20.171.207.191 - - [20/Sep/2025:14:43:55 +0200] "GET /sitemap-hot-4221854.xml?path=//proc/self/cwd/e3caf/e3caf HTTP/1.1" 200 2804 "-" "Mozilla/5.0 AppleWebKit/537.36 (KHTML, like Gecko; compatible; GPTBot/1.2; +https://openai.com/gptbot)"
216.73.216.143 - - [20/Sep/2025:14:43:55 +0200] "GET /2025/09/12/slotigo-de-worldmatch-slot-spiele-die-besten-verbunden-slots-and-spielautomaten-gebuhrenfrei?path=%2F%2Fsys%2Fdevices%2Fvirtual%2Ftty%2Ftty50%2Fsubsystem%2Ftty40%2Fsubsystem%2Ftty2%2Fsubsystem%2Ftty18%2Fsubsystem%2Ftty6 HTTP/1.1" 200 2765 "-" "Mozilla/5.0 AppleWebKit/537.36 (KHTML, like Gecko; compatible; ClaudeBot/1.0; +claudebot@anthropic.com)"
20.171.207.191 - - [20/Sep/2025:14:43:58 +0200] "GET /sitemap-hot-4223854.xml?path=//proc/self/root/proc/13/fd HTTP/1.1" 200 2330 "-" "Mozilla/5.0 AppleWebKit/537.36 (KHTML, like Gecko; compatible; GPTBot/1.2; +https://openai.com/gptbot)"
216.73.216.143 - - [20/Sep/2025:14:43:58 +0200] "GET /2025/09/12/slotigo-de-worldmatch-slot-spiele-die-besten-verbunden-slots-and-spielautomaten-gebuhrenfrei?fileloc=%2F%2Fsys%2Fbus%2Fmemory%2Fdevices%2Fmemory23%2Fsubsystem%2Fdevices%2Fmemory0%2Fnode0%2Fmemory1%2Fphys_device&path=%2F%2Fsys%2Fbus%2Fmemory%2Fdevices%2Fmemory23%2Fsubsystem%2Fdevices%2Fmemory0%2Fnode0%2Fmemory1 HTTP/1.1" 200 2332 "-" "Mozilla/5.0 AppleWebKit/537.36 (KHTML, like Gecko; compatible; ClaudeBot/1.0; +claudebot@anthropic.com)"
57.141.0.28 - - [20/Sep/2025:14:43:58 +0200] "GET /category/vovan-casino/feed/?fileloc=/home/sareqgroup/ecommerce.com/wp-main.php&path=/home/sareqgroup/ecommerce.com HTTP/1.1" 200 109125 "-" "meta-externalagent/1.1 (+https://developers.facebook.com/docs/sharing/webmasters/crawler)"
40.77.167.4 - - [20/Sep/2025:14:44:00 +0200] "GET /2025/04/27/pin-up-login-30/ HTTP/1.1" 200 3733 "-" "Mozilla/5.0 AppleWebKit/537.36 (KHTML, like Gecko; compatible; bingbot/2.0; +http://www.bing.com/bingbot.htm) Chrome/116.0.1938.76 Safari/537.36"
216.73.216.143 - - [20/Sep/2025:14:44:01 +0200] "GET /2025/09/12/slotigo-de-worldmatch-slot-spiele-die-besten-verbunden-slots-and-spielautomaten-gebuhrenfrei?fileloc=%2F%2Fsys%2Fbus%2Fmemory%2Fdevices%2Fmemory64%2Fnode0%2Fmemory66%2Fnode0%2Fmemory15%2Fstate&path=%2F%2Fsys%2Fbus%2Fmemory%2Fdevices%2Fmemory64%2Fnode0%2Fmemory66%2Fnode0%2Fmemory15 HTTP/1.1" 200 2317 "-" "Mozilla/5.0 AppleWebKit/537.36 (KHTML, like Gecko; compatible; ClaudeBot/1.0; +claudebot@anthropic.com)"
20.171.207.191 - - [20/Sep/2025:14:44:02 +0200] "GET /sitemap-hot-4243854.xml?path=//proc/self/root/proc/18/fd HTTP/1.1" 200 2330 "-" "Mozilla/5.0 AppleWebKit/537.36 (KHTML, like Gecko; compatible; GPTBot/1.2; +https://openai.com/gptbot)"
216.73.216.143 - - [20/Sep/2025:14:44:05 +0200] "GET /2025/09/12/slotigo-de-worldmatch-slot-spiele-die-besten-verbunden-slots-and-spielautomaten-gebuhrenfrei?fileloc=%2F%2Fsys%2Fbus%2Fmemory%2Fdevices%2Fmemory22%2Fnode0%2Fmemory23%2Fnode0%2Fmemory45%2Fnode0%2Fmemory23%2Fnode0%2Fmemory4%2Fstate&path=%2F%2Fsys%2Fbus%2Fmemory%2Fdevices%2Fmemory22%2Fnode0%2Fmemory23%2Fnode0%2Fmemory45%2Fnode0%2Fmemory23%2Fnode0%2Fmemory4 HTTP/1.1" 200 2335 "-" "Mozilla/5.0 AppleWebKit/537.36 (KHTML, like Gecko; compatible; ClaudeBot/1.0; +claudebot@anthropic.com)"
20.171.207.191 - - [20/Sep/2025:14:44:05 +0200] "GET /sitemap-hot-4245854.xml?path=//proc/self/root/proc/16/fd HTTP/1.1" 200 2331 "-" "Mozilla/5.0 AppleWebKit/537.36 (KHTML, like Gecko; compatible; GPTBot/1.2; +https://openai.com/gptbot)"
44.195.145.102 - - [20/Sep/2025:14:44:07 +0200] "GET /2020/10/?path=//sys/dev/char/5:1/subsystem/ttyS1/device HTTP/1.1" 200 21596 "-" "Mozilla/5.0 AppleWebKit/537.36 (KHTML, like Gecko; compatible; Amazonbot/0.1; +https://developer.amazon.com/support/amazonbot) Chrome/119.0.6045.214 Safari/537.36"
216.73.216.143 - - [20/Sep/2025:14:44:08 +0200] "GET /2025/09/12/slotigo-de-worldmatch-slot-spiele-die-besten-verbunden-slots-and-spielautomaten-gebuhrenfrei?fileloc=%2F%2Fsys%2Fbus%2Fmemory%2Fdevices%2Fmemory19%2Fnode0%2Fmemory10%2Fnode0%2Fmemory56%2Fphys_index&path=%2F%2Fsys%2Fbus%2Fmemory%2Fdevices%2Fmemory19%2Fnode0%2Fmemory10%2Fnode0%2Fmemory56 HTTP/1.1" 200 2321 "-" "Mozilla/5.0 AppleWebKit/537.36 (KHTML, like Gecko; compatible; ClaudeBot/1.0; +claudebot@anthropic.com)"
20.171.207.191 - - [20/Sep/2025:14:44:08 +0200] "GET /sitemap-hot-4227854.xml?path=//proc/self/root/proc/18/fd HTTP/1.1" 200 2330 "-" "Mozilla/5.0 AppleWebKit/537.36 (KHTML, like Gecko; compatible; GPTBot/1.2; +https://openai.com/gptbot)"
44.210.213.220 - - [20/Sep/2025:14:44:10 +0200] "GET /2020/10/?path=//sys/class/input/input3/subsystem/input2/device HTTP/1.1" 200 37177 "-" "Mozilla/5.0 AppleWebKit/537.36 (KHTML, like Gecko; compatible; Amazonbot/0.1; +https://developer.amazon.com/support/amazonbot) Chrome/119.0.6045.214 Safari/537.36"
216.73.216.143 - - [20/Sep/2025:14:44:11 +0200] "GET /2025/09/12/slotigo-de-worldmatch-slot-spiele-die-besten-verbunden-slots-and-spielautomaten-gebuhrenfrei?fileloc=%2F%2Fsys%2Fbus%2Fmemory%2Fdevices%2Fmemory68%2Fnode0%2Fmemory16%2Fnode0%2Fvmstat&path=%2F%2Fsys%2Fbus%2Fmemory%2Fdevices%2Fmemory68%2Fnode0%2Fmemory16%2Fnode0 HTTP/1.1" 200 2669 "-" "Mozilla/5.0 AppleWebKit/537.36 (KHTML, like Gecko; compatible; ClaudeBot/1.0; +claudebot@anthropic.com)"
20.171.207.191 - - [20/Sep/2025:14:44:11 +0200] "GET /sitemap-hot-4221854.xml?path=//proc/self/root/proc/26/fd HTTP/1.1" 200 2331 "-" "Mozilla/5.0 AppleWebKit/537.36 (KHTML, like Gecko; compatible; GPTBot/1.2; +https://openai.com/gptbot)"
216.73.216.143 - - [20/Sep/2025:14:44:14 +0200] "GET /2025/09/12/slotigo-de-worldmatch-slot-spiele-die-besten-verbunden-slots-and-spielautomaten-gebuhrenfrei?path=%2F%2Fsys%2Fbus%2Fnode%2Fdevices%2Fnode0%2Fmemory56%2Fnode0%2Fmemory49%2Fnode0%2Fmemory54%2Fnode0%2Fmemory69%2Fpower HTTP/1.1" 200 2887 "-" "Mozilla/5.0 AppleWebKit/537.36 (KHTML, like Gecko; compatible; ClaudeBot/1.0; +claudebot@anthropic.com)"
20.171.207.191 - - [20/Sep/2025:14:44:14 +0200] "GET /sitemap-hot-4221854.xml?path=//proc/self/root/proc/30/ns HTTP/1.1" 200 2330 "-" "Mozilla/5.0 AppleWebKit/537.36 (KHTML, like Gecko; compatible; GPTBot/1.2; +https://openai.com/gptbot)"
216.73.216.143 - - [20/Sep/2025:14:44:17 +0200] "GET /2025/09/12/slotigo-de-worldmatch-slot-spiele-die-besten-verbunden-slots-and-spielautomaten-gebuhrenfrei?path=%2F%2Fsys%2Fbus%2Fmemory%2Fdevices%2Fmemory23%2Fnode0%2Fmemory70%2Fnode0%2Fmemory36%2Fnode0%2Fmemory64%2Fnode0%2Fmemory37%2Fpower HTTP/1.1" 200 2911 "-" "Mozilla/5.0 AppleWebKit/537.36 (KHTML, like Gecko; compatible; ClaudeBot/1.0; +claudebot@anthropic.com)"
20.171.207.191 - - [20/Sep/2025:14:44:17 +0200] "GET /sitemap-hot-4221854.xml?path=//proc/self/root/proc/33/ns HTTP/1.1" 200 2331 "-" "Mozilla/5.0 AppleWebKit/537.36 (KHTML, like Gecko; compatible; GPTBot/1.2; +https://openai.com/gptbot)"
207.46.13.6 - - [20/Sep/2025:14:44:18 +0200] "GET /2025/08/19/kak-bystro-i-legko-osushhestvit-vavada-vhod-dlja/ HTTP/1.1" 200 3733 "-" "Mozilla/5.0 AppleWebKit/537.36 (KHTML, like Gecko; compatible; bingbot/2.0; +http://www.bing.com/bingbot.htm) Chrome/116.0.1938.76 Safari/537.36"
216.73.216.143 - - [20/Sep/2025:14:44:20 +0200] "GET /2025/09/12/slotigo-de-worldmatch-slot-spiele-die-besten-verbunden-slots-and-spielautomaten-gebuhrenfrei?fileloc=%2F%2Fsys%2Fbus%2Fmemory%2Fdevices%2Fmemory35%2Fnode0%2Fmemory17%2Fnode0%2Fmemory21%2Fphys_index&path=%2F%2Fsys%2Fbus%2Fmemory%2Fdevices%2Fmemory35%2Fnode0%2Fmemory17%2Fnode0%2Fmemory21 HTTP/1.1" 200 2325 "-" "Mozilla/5.0 AppleWebKit/537.36 (KHTML, like Gecko; compatible; ClaudeBot/1.0; +claudebot@anthropic.com)"
20.171.207.191 - - [20/Sep/2025:14:44:20 +0200] "GET /sitemap-hot-4233854.xml?path=//proc/self/root/proc/21/fd HTTP/1.1" 200 2330 "-" "Mozilla/5.0 AppleWebKit/537.36 (KHTML, like Gecko; compatible; GPTBot/1.2; +https://openai.com/gptbot)"
216.73.216.143 - - [20/Sep/2025:14:44:23 +0200] "GET /2025/09/12/slotigo-de-worldmatch-slot-spiele-die-besten-verbunden-slots-and-spielautomaten-gebuhrenfrei?fileloc=%2F%2Fsys%2Fbus%2Fnode%2Fdevices%2Fnode0%2Fmemory62%2Fnode0%2Fmemory22%2Fnode0%2Fmemory22%2Fnode0%2Fdistance&path=%2F%2Fsys%2Fbus%2Fnode%2Fdevices%2Fnode0%2Fmemory62%2Fnode0%2Fmemory22%2Fnode0%2Fmemory22%2Fnode0 HTTP/1.1" 200 2317 "-" "Mozilla/5.0 AppleWebKit/537.36 (KHTML, like Gecko; compatible; ClaudeBot/1.0; +claudebot@anthropic.com)"
20.171.207.191 - - [20/Sep/2025:14:44:23 +0200] "GET /sitemap-hot-4227854.xml?path=//proc/self/root/proc/irq/14 HTTP/1.1" 200 2783 "-" "Mozilla/5.0 AppleWebKit/537.36 (KHTML, like Gecko; compatible; GPTBot/1.2; +https://openai.com/gptbot)"
216.73.216.143 - - [20/Sep/2025:14:44:26 +0200] "GET /2025/09/12/slotigo-de-worldmatch-slot-spiele-die-besten-verbunden-slots-and-spielautomaten-gebuhrenfrei?fileloc=%2F%2Fsys%2Fbus%2Fmemory%2Fdevices%2Fmemory8%2Fnode0%2Fmemory20%2Fnode0%2Fmemory62%2Fnode0%2Fuevent&path=%2F%2Fsys%2Fbus%2Fmemory%2Fdevices%2Fmemory8%2Fnode0%2Fmemory20%2Fnode0%2Fmemory62%2Fnode0 HTTP/1.1" 200 2317 "-" "Mozilla/5.0 AppleWebKit/537.36 (KHTML, like Gecko; compatible; ClaudeBot/1.0; +claudebot@anthropic.com)"
44.212.106.171 - - [20/Sep/2025:14:44:26 +0200] "GET /2020/10/?path=//sys/class/input/input2/subsystem/input5/subsystem HTTP/1.1" 200 38716 "-" "Mozilla/5.0 AppleWebKit/537.36 (KHTML, like Gecko; compatible; Amazonbot/0.1; +https://developer.amazon.com/support/amazonbot) Chrome/119.0.6045.214 Safari/537.36"
20.171.207.191 - - [20/Sep/2025:14:44:26 +0200] "GET /sitemap-hot-4233854.xml?path=//proc/self/root/proc/47/fd HTTP/1.1" 200 2331 "-" "Mozilla/5.0 AppleWebKit/537.36 (KHTML, like Gecko; compatible; GPTBot/1.2; +https://openai.com/gptbot)"
216.73.216.143 - - [20/Sep/2025:14:44:29 +0200] "GET /2025/09/12/slotigo-de-worldmatch-slot-spiele-die-besten-verbunden-slots-and-spielautomaten-gebuhrenfrei?path=%2F%2Fsys%2Fdevices%2Fsystem%2Fmemory%2Fmemory67%2Fnode0%2Fmemory70%2Fnode0%2Fmemory11%2Fnode0 HTTP/1.1" 200 3713 "-" "Mozilla/5.0 AppleWebKit/537.36 (KHTML, like Gecko; compatible; ClaudeBot/1.0; +claudebot@anthropic.com)"
20.171.207.191 - - [20/Sep/2025:14:44:29 +0200] "GET /sitemap-hot-4235854.xml?path=//sys/class/input/input4/js1 HTTP/1.1" 200 2725 "-" "Mozilla/5.0 AppleWebKit/537.36 (KHTML, like Gecko; compatible; GPTBot/1.2; +https://openai.com/gptbot)"
216.73.216.143 - - [20/Sep/2025:14:44:32 +0200] "GET /2025/09/12/slotigo-de-worldmatch-slot-spiele-die-besten-verbunden-slots-and-spielautomaten-gebuhrenfrei?fileloc=%2F%2Fsys%2Fbus%2Fmemory%2Fdevices%2Fmemory23%2Fnode0%2Fmemory22%2Fnode0%2Fmemory36%2Fnode0%2Fmemory49%2Fend_phys_index&path=%2F%2Fsys%2Fbus%2Fmemory%2Fdevices%2Fmemory23%2Fnode0%2Fmemory22%2Fnode0%2Fmemory36%2Fnode0%2Fmemory49 HTTP/1.1" 200 2339 "-" "Mozilla/5.0 AppleWebKit/537.36 (KHTML, like Gecko; compatible; ClaudeBot/1.0; +claudebot@anthropic.com)"
20.171.207.191 - - [20/Sep/2025:14:44:33 +0200] "GET /sitemap-hot-4235854.xml?path=//proc/self/root/proc/14/fd HTTP/1.1" 200 2330 "-" "Mozilla/5.0 AppleWebKit/537.36 (KHTML, like Gecko; compatible; GPTBot/1.2; +https://openai.com/gptbot)"
216.73.216.143 - - [20/Sep/2025:14:44:35 +0200] "GET /2025/09/12/slotigo-de-worldmatch-slot-spiele-die-besten-verbunden-slots-and-spielautomaten-gebuhrenfrei?path=%2F%2Fsys%2Fclass%2Ftty%2Ftty20%2Fsubsystem%2Ftty16%2Fsubsystem%2Ftty46%2Fsubsystem%2Ftty21 HTTP/1.1" 200 2743 "-" "Mozilla/5.0 AppleWebKit/537.36 (KHTML, like Gecko; compatible; ClaudeBot/1.0; +claudebot@anthropic.com)"
20.171.207.191 - - [20/Sep/2025:14:44:36 +0200] "GET /sitemap-hot-4227854.xml?path=//proc/self/root/proc/46/fd HTTP/1.1" 200 2331 "-" "Mozilla/5.0 AppleWebKit/537.36 (KHTML, like Gecko; compatible; GPTBot/1.2; +https://openai.com/gptbot)"
216.73.216.143 - - [20/Sep/2025:14:44:38 +0200] "GET /2025/09/12/slotigo-de-worldmatch-slot-spiele-die-besten-verbunden-slots-and-spielautomaten-gebuhrenfrei?fileloc=%2F%2Fsys%2Fdevices%2Fsystem%2Fmemory%2Fmemory67%2Fsubsystem%2Fdevices%2Fmemory44%2Fonline&path=%2F%2Fsys%2Fdevices%2Fsystem%2Fmemory%2Fmemory67%2Fsubsystem%2Fdevices%2Fmemory44 HTTP/1.1" 200 2312 "-" "Mozilla/5.0 AppleWebKit/537.36 (KHTML, like Gecko; compatible; ClaudeBot/1.0; +claudebot@anthropic.com)"
20.171.207.191 - - [20/Sep/2025:14:44:39 +0200] "GET /sitemap-hot-4225854.xml?path=//proc/self/root/proc/16/fd HTTP/1.1" 200 2331 "-" "Mozilla/5.0 AppleWebKit/537.36 (KHTML, like Gecko; compatible; GPTBot/1.2; +https://openai.com/gptbot)"
216.73.216.143 - - [20/Sep/2025:14:44:41 +0200] "GET /2025/09/12/slotigo-de-worldmatch-slot-spiele-die-besten-verbunden-slots-and-spielautomaten-gebuhrenfrei?path=%2F%2Fsys%2Fdevices%2Fvirtual%2Ftty%2Ftty24%2Fsubsystem%2Ftty50%2Fsubsystem%2Ftty62%2Fsubsystem%2FttyS3 HTTP/1.1" 200 3136 "-" "Mozilla/5.0 AppleWebKit/537.36 (KHTML, like Gecko; compatible; ClaudeBot/1.0; +claudebot@anthropic.com)"
52.202.233.37 - - [20/Sep/2025:14:44:42 +0200] "GET /2020/10/?path=//sys/bus/acpi/devices/device:0a/subsystem/drivers HTTP/1.1" 200 24446 "-" "Mozilla/5.0 AppleWebKit/537.36 (KHTML, like Gecko; compatible; Amazonbot/0.1; +https://developer.amazon.com/support/amazonbot) Chrome/119.0.6045.214 Safari/537.36"
20.171.207.191 - - [20/Sep/2025:14:44:42 +0200] "GET /sitemap-hot-4227854.xml?fileloc=//proc/self/root/proc/irq/14/affinity_hint&path=//proc/self/root/proc/irq/14 HTTP/1.1" 200 2290 "-" "Mozilla/5.0 AppleWebKit/537.36 (KHTML, like Gecko; compatible; GPTBot/1.2; +https://openai.com/gptbot)"
216.73.216.143 - - [20/Sep/2025:14:44:44 +0200] "GET /2025/09/12/slotigo-de-worldmatch-slot-spiele-die-besten-verbunden-slots-and-spielautomaten-gebuhrenfrei?fileloc=%2F%2Fsys%2Fbus%2Fmemory%2Fdevices%2Fmemory9%2Fnode0%2Fmemory5%2Fnode0%2Fmemory10%2Fend_phys_index&path=%2F%2Fsys%2Fbus%2Fmemory%2Fdevices%2Fmemory9%2Fnode0%2Fmemory5%2Fnode0%2Fmemory10 HTTP/1.1" 200 2323 "-" "Mozilla/5.0 AppleWebKit/537.36 (KHTML, like Gecko; compatible; ClaudeBot/1.0; +claudebot@anthropic.com)"
20.171.207.191 - - [20/Sep/2025:14:44:45 +0200] "GET /sitemap-hot-4229854.xml?path=//proc/self/root/proc/61/fd HTTP/1.1" 200 2331 "-" "Mozilla/5.0 AppleWebKit/537.36 (KHTML, like Gecko; compatible; GPTBot/1.2; +https://openai.com/gptbot)"
54.84.93.8 - - [20/Sep/2025:14:44:46 +0200] "GET /2020/10/?path=//sys/class/tty/ttyS2/subsystem/ptmx/subsystem HTTP/1.1" 200 113122 "-" "Mozilla/5.0 AppleWebKit/537.36 (KHTML, like Gecko; compatible; Amazonbot/0.1; +https://developer.amazon.com/support/amazonbot) Chrome/119.0.6045.214 Safari/537.36"
216.73.216.143 - - [20/Sep/2025:14:44:47 +0200] "GET /2025/09/12/slotigo-de-worldmatch-slot-spiele-die-besten-verbunden-slots-and-spielautomaten-gebuhrenfrei?fileloc=%2F%2Fsys%2Fbus%2Fmemory%2Fdevices%2Fmemory22%2Fnode0%2Fmemory23%2Fnode0%2Fmemory67%2Fnode0%2Fmemory67%2Fend_phys_index&path=%2F%2Fsys%2Fbus%2Fmemory%2Fdevices%2Fmemory22%2Fnode0%2Fmemory23%2Fnode0%2Fmemory67%2Fnode0%2Fmemory67 HTTP/1.1" 200 2332 "-" "Mozilla/5.0 AppleWebKit/537.36 (KHTML, like Gecko; compatible; ClaudeBot/1.0; +claudebot@anthropic.com)"
20.171.207.191 - - [20/Sep/2025:14:44:49 +0200] "GET /sitemap-hot-4235854.xml?path=//sys/class/input/input4/js1/power HTTP/1.1" 200 2828 "-" "Mozilla/5.0 AppleWebKit/537.36 (KHTML, like Gecko; compatible; GPTBot/1.2; +https://openai.com/gptbot)"
216.73.216.143 - - [20/Sep/2025:14:44:50 +0200] "GET /2025/09/12/slotigo-de-worldmatch-slot-spiele-die-besten-verbunden-slots-and-spielautomaten-gebuhrenfrei?fileloc=%2F%2Fsys%2Fbus%2Fmemory%2Fdevices%2Fmemory34%2Fnode0%2Fmemory37%2Fnode0%2Fmemory59%2Fnode0%2Fmemory44%2Fuevent&path=%2F%2Fsys%2Fbus%2Fmemory%2Fdevices%2Fmemory34%2Fnode0%2Fmemory37%2Fnode0%2Fmemory59%2Fnode0%2Fmemory44 HTTP/1.1" 200 2327 "-" "Mozilla/5.0 AppleWebKit/537.36 (KHTML, like Gecko; compatible; ClaudeBot/1.0; +claudebot@anthropic.com)"
57.141.0.7 - - [20/Sep/2025:14:44:52 +0200] "GET /wp-json/wp/v2/posts/12488?fileloc=/home/sareqgroup/ecommerce.com/wp-activate.php&path=/home/sareqgroup/ecommerce.com HTTP/1.1" 200 20491 "-" "meta-externalagent/1.1 (+https://developers.facebook.com/docs/sharing/webmasters/crawler)"
20.171.207.191 - - [20/Sep/2025:14:44:52 +0200] "GET /sitemap-hot-4235854.xml?path=//sys/class/input/input4/js1/device HTTP/1.1" 200 2973 "-" "Mozilla/5.0 AppleWebKit/537.36 (KHTML, like Gecko; compatible; GPTBot/1.2; +https://openai.com/gptbot)"
216.73.216.143 - - [20/Sep/2025:14:44:53 +0200] "GET /2025/09/12/slotigo-de-worldmatch-slot-spiele-die-besten-verbunden-slots-and-spielautomaten-gebuhrenfrei?fileloc=%2F%2Fsys%2Fbus%2Fmemory%2Fdevices%2Fmemory57%2Fnode0%2Fmemory44%2Fnode0%2Fmemory51%2Fnode0%2Fmemory37%2Fonline&path=%2F%2Fsys%2Fbus%2Fmemory%2Fdevices%2Fmemory57%2Fnode0%2Fmemory44%2Fnode0%2Fmemory51%2Fnode0%2Fmemory37 HTTP/1.1" 200 2327 "-" "Mozilla/5.0 AppleWebKit/537.36 (KHTML, like Gecko; compatible; ClaudeBot/1.0; +claudebot@anthropic.com)"
20.171.207.191 - - [20/Sep/2025:14:44:55 +0200] "GET /sitemap-hot-4227854.xml?path=//proc/self/root/proc/34/fd HTTP/1.1" 200 2330 "-" "Mozilla/5.0 AppleWebKit/537.36 (KHTML, like Gecko; compatible; GPTBot/1.2; +https://openai.com/gptbot)"
216.73.216.143 - - [20/Sep/2025:14:44:56 +0200] "GET /2025/09/12/slotigo-de-worldmatch-slot-spiele-die-besten-verbunden-slots-and-spielautomaten-gebuhrenfrei?fileloc=%2F%2Fsys%2Fbus%2Fmemory%2Fdevices%2Fmemory34%2Fnode0%2Fmemory64%2Fnode0%2Fmemory32%2Fremovable&path=%2F%2Fsys%2Fbus%2Fmemory%2Fdevices%2Fmemory34%2Fnode0%2Fmemory64%2Fnode0%2Fmemory32 HTTP/1.1" 200 2317 "-" "Mozilla/5.0 AppleWebKit/537.36 (KHTML, like Gecko; compatible; ClaudeBot/1.0; +claudebot@anthropic.com)"
20.171.207.191 - - [20/Sep/2025:14:44:58 +0200] "GET /sitemap-hot-4235854.xml?path=//proc/self/root/proc/37/ns HTTP/1.1" 200 2331 "-" "Mozilla/5.0 AppleWebKit/537.36 (KHTML, like Gecko; compatible; GPTBot/1.2; +https://openai.com/gptbot)"
216.73.216.143 - - [20/Sep/2025:14:44:59 +0200] "GET /2025/09/12/slotigo-de-worldmatch-slot-spiele-die-besten-verbunden-slots-and-spielautomaten-gebuhrenfrei?path=%2F%2Fsys%2Fbus%2Fnode%2Fdevices%2Fnode0%2Fmemory59%2Fnode0%2Fmemory36%2Fsubsystem%2Fdevices%2Fmemory1%2Fnode0%2Fhugepages HTTP/1.1" 200 2681 "-" "Mozilla/5.0 AppleWebKit/537.36 (KHTML, like Gecko; compatible; ClaudeBot/1.0; +claudebot@anthropic.com)"
20.171.207.191 - - [20/Sep/2025:14:45:01 +0200] "GET /sitemap-hot-4229854.xml?path=//proc/self/root/proc/31/ns HTTP/1.1" 200 2330 "-" "Mozilla/5.0 AppleWebKit/537.36 (KHTML, like Gecko; compatible; GPTBot/1.2; +https://openai.com/gptbot)"
216.73.216.143 - - [20/Sep/2025:14:45:02 +0200] "GET /2025/09/12/slotigo-de-worldmatch-slot-spiele-die-besten-verbunden-slots-and-spielautomaten-gebuhrenfrei?fileloc=%2F%2Fsys%2Fbus%2Fmemory%2Fdevices%2Fmemory14%2Fnode0%2Fmemory71%2Fsubsystem%2Fdevices%2Fmemory34%2Fremovable&path=%2F%2Fsys%2Fbus%2Fmemory%2Fdevices%2Fmemory14%2Fnode0%2Fmemory71%2Fsubsystem%2Fdevices%2Fmemory34 HTTP/1.1" 200 2333 "-" "Mozilla/5.0 AppleWebKit/537.36 (KHTML, like Gecko; compatible; ClaudeBot/1.0; +claudebot@anthropic.com)"
20.171.207.191 - - [20/Sep/2025:14:45:04 +0200] "GET /sitemap-hot-4241854.xml?path=//proc/self/root/proc/30/ns HTTP/1.1" 200 2330 "-" "Mozilla/5.0 AppleWebKit/537.36 (KHTML, like Gecko; compatible; GPTBot/1.2; +https://openai.com/gptbot)"
216.73.216.143 - - [20/Sep/2025:14:45:05 +0200] "GET /2025/09/12/slotigo-de-worldmatch-slot-spiele-die-besten-verbunden-slots-and-spielautomaten-gebuhrenfrei?fileloc=%2F%2Fsys%2Fbus%2Fmemory%2Fdevices%2Fmemory23%2Fnode0%2Fmemory22%2Fnode0%2Fmemory45%2Fnode0%2Fmemory50%2Fnode0%2Fmemory0%2Fonline&path=%2F%2Fsys%2Fbus%2Fmemory%2Fdevices%2Fmemory23%2Fnode0%2Fmemory22%2Fnode0%2Fmemory45%2Fnode0%2Fmemory50%2Fnode0%2Fmemory0 HTTP/1.1" 200 2336 "-" "Mozilla/5.0 AppleWebKit/537.36 (KHTML, like Gecko; compatible; ClaudeBot/1.0; +claudebot@anthropic.com)"
57.141.0.40 - - [20/Sep/2025:14:45:05 +0200] "GET /2025/09/11/5-euro-einzahlungsbonus-casinos-unter-einsatz-von-weniger-bedeutend-einzahlung-2025/?fileloc=//proc/27159/oom_score_adj&path=//proc/27159 HTTP/1.1" 200 12296 "-" "meta-externalagent/1.1 (+https://developers.facebook.com/docs/sharing/webmasters/crawler)"
20.171.207.191 - - [20/Sep/2025:14:45:07 +0200] "GET /sitemap-hot-4235854.xml?path=//proc/self/root/proc/irq/14 HTTP/1.1" 200 2783 "-" "Mozilla/5.0 AppleWebKit/537.36 (KHTML, like Gecko; compatible; GPTBot/1.2; +https://openai.com/gptbot)"
216.73.216.143 - - [20/Sep/2025:14:45:08 +0200] "GET /2025/09/12/slotigo-de-worldmatch-slot-spiele-die-besten-verbunden-slots-and-spielautomaten-gebuhrenfrei?fileloc=%2F%2Fsys%2Fbus%2Fmemory%2Fdevices%2Fmemory23%2Fnode0%2Fmemory38%2Fsubsystem%2Fdevices%2Fmemory17%2Fend_phys_index&path=%2F%2Fsys%2Fbus%2Fmemory%2Fdevices%2Fmemory23%2Fnode0%2Fmemory38%2Fsubsystem%2Fdevices%2Fmemory17 HTTP/1.1" 200 2343 "-" "Mozilla/5.0 AppleWebKit/537.36 (KHTML, like Gecko; compatible; ClaudeBot/1.0; +claudebot@anthropic.com)"
20.171.207.191 - - [20/Sep/2025:14:45:10 +0200] "GET /sitemap-hot-4235854.xml?path=//sys/class/input/input4/js1/device/id HTTP/1.1" 200 2671 "-" "Mozilla/5.0 AppleWebKit/537.36 (KHTML, like Gecko; compatible; GPTBot/1.2; +https://openai.com/gptbot)"
216.73.216.143 - - [20/Sep/2025:14:45:11 +0200] "GET /2025/09/12/slotigo-de-worldmatch-slot-spiele-die-besten-verbunden-slots-and-spielautomaten-gebuhrenfrei?fileloc=%2F%2Fsys%2Fbus%2Fmemory%2Fdevices%2Fmemory22%2Fnode0%2Fmemory43%2Fnode0%2Fmemory0%2Fnode0%2Fmemory13%2Fremovable&path=%2F%2Fsys%2Fbus%2Fmemory%2Fdevices%2Fmemory22%2Fnode0%2Fmemory43%2Fnode0%2Fmemory0%2Fnode0%2Fmemory13 HTTP/1.1" 200 2326 "-" "Mozilla/5.0 AppleWebKit/537.36 (KHTML, like Gecko; compatible; ClaudeBot/1.0; +claudebot@anthropic.com)"
20.171.207.191 - - [20/Sep/2025:14:45:14 +0200] "GET /sitemap-hot-4235854.xml?path=//proc/self/root/proc/18/fd HTTP/1.1" 200 2330 "-" "Mozilla/5.0 AppleWebKit/537.36 (KHTML, like Gecko; compatible; GPTBot/1.2; +https://openai.com/gptbot)"
216.73.216.143 - - [20/Sep/2025:14:45:14 +0200] "GET /2025/09/12/slotigo-de-worldmatch-slot-spiele-die-besten-verbunden-slots-and-spielautomaten-gebuhrenfrei?fileloc=%2F%2Fsys%2Fbus%2Fmemory%2Fdevices%2Fmemory23%2Fnode0%2Fmemory17%2Fnode0%2Fmemory39%2Fnode0%2Fmemory66%2Fphys_device&path=%2F%2Fsys%2Fbus%2Fmemory%2Fdevices%2Fmemory23%2Fnode0%2Fmemory17%2Fnode0%2Fmemory39%2Fnode0%2Fmemory66 HTTP/1.1" 200 2333 "-" "Mozilla/5.0 AppleWebKit/537.36 (KHTML, like Gecko; compatible; ClaudeBot/1.0; +claudebot@anthropic.com)"
146.174.170.47 - - [20/Sep/2025:14:45:14 +0200] "GET /2021/04/?path=/home/sareqgroup/Fraisevent.sareqgroup.com HTTP/1.1" 200 18690 "-" "Mozilla/5.0 (Windows NT 6.1) AppleWebKit/535.2 (KHTML, like Gecko) Chrome/18.6.872.0 Safari/535.2 UNTRUSTED/1.0 3gpp-gba UNTRUSTED/1.0"
57.141.0.75 - - [20/Sep/2025:14:45:15 +0200] "GET /2025/09/08/the-newest-ducks-are-in-the-house-with-duckyluck-casino-on-the-internet-and-mobile/?fileloc=/home/sareqgroup/ecommerce.com/yhioc.php&path=/home/sareqgroup/ecommerce.com HTTP/1.1" 200 42965 "-" "meta-externalagent/1.1 (+https://developers.facebook.com/docs/sharing/webmasters/crawler)"
216.73.216.143 - - [20/Sep/2025:14:45:17 +0200] "GET /2025/09/12/slotigo-de-worldmatch-slot-spiele-die-besten-verbunden-slots-and-spielautomaten-gebuhrenfrei?fileloc=%2F%2Fsys%2Fbus%2Fmemory%2Fdevices%2Fmemory57%2Fnode0%2Fmemory20%2Fnode0%2Fmemory40%2Fphys_device&path=%2F%2Fsys%2Fbus%2Fmemory%2Fdevices%2Fmemory57%2Fnode0%2Fmemory20%2Fnode0%2Fmemory40 HTTP/1.1" 200 2318 "-" "Mozilla/5.0 AppleWebKit/537.36 (KHTML, like Gecko; compatible; ClaudeBot/1.0; +claudebot@anthropic.com)"
20.171.207.191 - - [20/Sep/2025:14:45:17 +0200] "GET /sitemap-hot-4227854.xml?path=//proc/self/root/proc/61/fd HTTP/1.1" 200 2331 "-" "Mozilla/5.0 AppleWebKit/537.36 (KHTML, like Gecko; compatible; GPTBot/1.2; +https://openai.com/gptbot)"
216.73.216.143 - - [20/Sep/2025:14:45:20 +0200] "GET /2025/09/12/slotigo-de-worldmatch-slot-spiele-die-besten-verbunden-slots-and-spielautomaten-gebuhrenfrei?fileloc=%2F%2Fsys%2Fbus%2Fmemory%2Fdevices%2Fmemory22%2Fnode0%2Fmemory37%2Fnode0%2Fmemory49%2Fnode0%2Fmemory32%2Fremovable&path=%2F%2Fsys%2Fbus%2Fmemory%2Fdevices%2Fmemory22%2Fnode0%2Fmemory37%2Fnode0%2Fmemory49%2Fnode0%2Fmemory32 HTTP/1.1" 200 2329 "-" "Mozilla/5.0 AppleWebKit/537.36 (KHTML, like Gecko; compatible; ClaudeBot/1.0; +claudebot@anthropic.com)"
20.171.207.191 - - [20/Sep/2025:14:45:20 +0200] "GET /sitemap-hot-4245854.xml?path=//proc/self/root/proc/19/fd HTTP/1.1" 200 2330 "-" "Mozilla/5.0 AppleWebKit/537.36 (KHTML, like Gecko; compatible; GPTBot/1.2; +https://openai.com/gptbot)"
216.73.216.143 - - [20/Sep/2025:14:45:23 +0200] "GET /2025/09/12/slotigo-de-worldmatch-slot-spiele-die-besten-verbunden-slots-and-spielautomaten-gebuhrenfrei?fileloc=%2F%2Fsys%2Fbus%2Fmemory%2Fdevices%2Fmemory5%2Fnode0%2Fmemory0%2Fnode0%2Fmemory60%2Fnode0%2Fuevent&path=%2F%2Fsys%2Fbus%2Fmemory%2Fdevices%2Fmemory5%2Fnode0%2Fmemory0%2Fnode0%2Fmemory60%2Fnode0 HTTP/1.1" 200 2313 "-" "Mozilla/5.0 AppleWebKit/537.36 (KHTML, like Gecko; compatible; ClaudeBot/1.0; +claudebot@anthropic.com)"
20.171.207.191 - - [20/Sep/2025:14:45:23 +0200] "GET /sitemap-hot-4243854.xml?path=//proc/self/root/proc/irq/11 HTTP/1.1" 200 2784 "-" "Mozilla/5.0 AppleWebKit/537.36 (KHTML, like Gecko; compatible; GPTBot/1.2; +https://openai.com/gptbot)"
216.73.216.143 - - [20/Sep/2025:14:45:26 +0200] "GET /2025/09/12/slotigo-de-worldmatch-slot-spiele-die-besten-verbunden-slots-and-spielautomaten-gebuhrenfrei?path=%2F%2Fsys%2Fbus%2Fmemory%2Fdevices%2Fmemory23%2Fnode0%2Fmemory61%2Fnode0%2Fmemory21%2Fnode0%2Fmemory16%2Fnode0%2Fcpu1%2Ftopology HTTP/1.1" 200 2966 "-" "Mozilla/5.0 AppleWebKit/537.36 (KHTML, like Gecko; compatible; ClaudeBot/1.0; +claudebot@anthropic.com)"
20.171.207.191 - - [20/Sep/2025:14:45:26 +0200] "GET /sitemap-hot-4221854.xml?path=//proc/self/root/proc/10/ns HTTP/1.1" 200 2330 "-" "Mozilla/5.0 AppleWebKit/537.36 (KHTML, like Gecko; compatible; GPTBot/1.2; +https://openai.com/gptbot)"
216.73.216.143 - - [20/Sep/2025:14:45:29 +0200] "GET /2025/09/12/slotigo-de-worldmatch-slot-spiele-die-besten-verbunden-slots-and-spielautomaten-gebuhrenfrei?path=%2F%2Fsys%2Fbus%2Fnode%2Fdevices%2Fnode0%2Fmemory39%2Fnode0%2Fmemory34%2Fnode0%2Fmemory44%2Fnode0%2Fmemory70%2Fsubsystem HTTP/1.1" 200 2806 "-" "Mozilla/5.0 AppleWebKit/537.36 (KHTML, like Gecko; compatible; ClaudeBot/1.0; +claudebot@anthropic.com)"
20.171.207.191 - - [20/Sep/2025:14:45:30 +0200] "GET /sitemap-hot-4251854.xml?path=//proc/self/root/proc/17/ns HTTP/1.1" 200 2331 "-" "Mozilla/5.0 AppleWebKit/537.36 (KHTML, like Gecko; compatible; GPTBot/1.2; +https://openai.com/gptbot)"
52.167.144.18 - - [20/Sep/2025:14:45:31 +0200] "GET /2025/01/28/pin-up-ile-poker-srasnda-sermaye-daresi-ne-vakit-2/ HTTP/1.1" 200 3733 "-" "Mozilla/5.0 AppleWebKit/537.36 (KHTML, like Gecko; compatible; bingbot/2.0; +http://www.bing.com/bingbot.htm) Chrome/116.0.1938.76 Safari/537.36"
216.73.216.143 - - [20/Sep/2025:14:45:32 +0200] "GET /2025/09/12/slotigo-de-worldmatch-slot-spiele-die-besten-verbunden-slots-and-spielautomaten-gebuhrenfrei?fileloc=%2F%2Fsys%2Fbus%2Fmemory%2Fdevices%2Fmemory23%2Fnode0%2Fmemory14%2Fnode0%2Fcpu1%2Fsubsystem%2Fuevent&path=%2F%2Fsys%2Fbus%2Fmemory%2Fdevices%2Fmemory23%2Fnode0%2Fmemory14%2Fnode0%2Fcpu1%2Fsubsystem HTTP/1.1" 200 2329 "-" "Mozilla/5.0 AppleWebKit/537.36 (KHTML, like Gecko; compatible; ClaudeBot/1.0; +claudebot@anthropic.com)"
20.171.207.191 - - [20/Sep/2025:14:45:33 +0200] "GET /sitemap-hot-4249854.xml?path=//proc/self/root/proc/57/fd HTTP/1.1" 200 2331 "-" "Mozilla/5.0 AppleWebKit/537.36 (KHTML, like Gecko; compatible; GPTBot/1.2; +https://openai.com/gptbot)"
216.73.216.143 - - [20/Sep/2025:14:45:35 +0200] "GET /2025/09/12/slotigo-de-worldmatch-slot-spiele-die-besten-verbunden-slots-and-spielautomaten-gebuhrenfrei?fileloc=%2F%2Fsys%2Fbus%2Fmemory%2Fdevices%2Fmemory7%2Fsubsystem%2Fdevices%2Fmemory12%2Fnode0%2Fmemory60%2Fremovable&path=%2F%2Fsys%2Fbus%2Fmemory%2Fdevices%2Fmemory7%2Fsubsystem%2Fdevices%2Fmemory12%2Fnode0%2Fmemory60 HTTP/1.1" 200 2331 "-" "Mozilla/5.0 AppleWebKit/537.36 (KHTML, like Gecko; compatible; ClaudeBot/1.0; +claudebot@anthropic.com)"
20.171.207.191 - - [20/Sep/2025:14:45:36 +0200] "GET /sitemap-hot-4227854.xml?path=//proc/self/root/proc/19/fd HTTP/1.1" 200 2330 "-" "Mozilla/5.0 AppleWebKit/537.36 (KHTML, like Gecko; compatible; GPTBot/1.2; +https://openai.com/gptbot)"
216.73.216.143 - - [20/Sep/2025:14:45:38 +0200] "GET /2025/09/12/slotigo-de-worldmatch-slot-spiele-die-besten-verbunden-slots-and-spielautomaten-gebuhrenfrei?fileloc=%2F%2Fsys%2Fbus%2Fmemory%2Fdevices%2Fmemory58%2Fnode0%2Fmemory18%2Fsubsystem%2Fdevices%2Fmemory50%2Fphys_index&path=%2F%2Fsys%2Fbus%2Fmemory%2Fdevices%2Fmemory58%2Fnode0%2Fmemory18%2Fsubsystem%2Fdevices%2Fmemory50 HTTP/1.1" 200 2337 "-" "Mozilla/5.0 AppleWebKit/537.36 (KHTML, like Gecko; compatible; ClaudeBot/1.0; +claudebot@anthropic.com)"
57.141.0.65 - - [20/Sep/2025:14:45:38 +0200] "GET /2025/09/01/une-experience-de-jeu-sans-pareille-soffre-a-vous/feed/?path=/home/sareqgroup/ecommerce.com HTTP/1.1" 200 67849 "-" "meta-externalagent/1.1 (+https://developers.facebook.com/docs/sharing/webmasters/crawler)"
20.171.207.191 - - [20/Sep/2025:14:45:39 +0200] "GET /sitemap-hot-4247854.xml?path=//proc/self/root/proc/16/ns HTTP/1.1" 200 2331 "-" "Mozilla/5.0 AppleWebKit/537.36 (KHTML, like Gecko; compatible; GPTBot/1.2; +https://openai.com/gptbot)"
216.73.216.143 - - [20/Sep/2025:14:45:41 +0200] "GET /2025/09/12/slotigo-de-worldmatch-slot-spiele-die-besten-verbunden-slots-and-spielautomaten-gebuhrenfrei?fileloc=%2F%2Fsys%2Fbus%2Fmemory%2Fdevices%2Fmemory35%2Fnode0%2Fmemory17%2Fnode0%2Fmemory36%2Fremovable&path=%2F%2Fsys%2Fbus%2Fmemory%2Fdevices%2Fmemory35%2Fnode0%2Fmemory17%2Fnode0%2Fmemory36 HTTP/1.1" 200 2318 "-" "Mozilla/5.0 AppleWebKit/537.36 (KHTML, like Gecko; compatible; ClaudeBot/1.0; +claudebot@anthropic.com)"
20.171.207.191 - - [20/Sep/2025:14:45:42 +0200] "GET /sitemap-hot-4227854.xml?path=//proc/self/root/proc/23/fd HTTP/1.1" 200 2330 "-" "Mozilla/5.0 AppleWebKit/537.36 (KHTML, like Gecko; compatible; GPTBot/1.2; +https://openai.com/gptbot)"
216.73.216.143 - - [20/Sep/2025:14:45:44 +0200] "GET /2025/09/12/slotigo-de-worldmatch-slot-spiele-die-besten-verbunden-slots-and-spielautomaten-gebuhrenfrei?fileloc=%2F%2Fsys%2Fbus%2Fmemory%2Fdevices%2Fmemory17%2Fnode0%2Fmemory71%2Fsubsystem%2Fdevices%2Fmemory41%2Fuevent&path=%2F%2Fsys%2Fbus%2Fmemory%2Fdevices%2Fmemory17%2Fnode0%2Fmemory71%2Fsubsystem%2Fdevices%2Fmemory41 HTTP/1.1" 200 2329 "-" "Mozilla/5.0 AppleWebKit/537.36 (KHTML, like Gecko; compatible; ClaudeBot/1.0; +claudebot@anthropic.com)"
20.171.207.191 - - [20/Sep/2025:14:45:45 +0200] "GET /sitemap-hot-4241854.xml?path=//proc/self/root/proc/59/fd HTTP/1.1" 200 2330 "-" "Mozilla/5.0 AppleWebKit/537.36 (KHTML, like Gecko; compatible; GPTBot/1.2; +https://openai.com/gptbot)"
216.73.216.143 - - [20/Sep/2025:14:45:47 +0200] "GET /2025/09/12/slotigo-de-worldmatch-slot-spiele-die-besten-verbunden-slots-and-spielautomaten-gebuhrenfrei?path=%2F%2Fsys%2Fbus%2Fmemory%2Fdevices%2Fmemory5%2Fnode0%2Fmemory70%2Fnode0%2Fmemory3%2Fnode0%2Fcpu3%2Fpower HTTP/1.1" 200 2895 "-" "Mozilla/5.0 AppleWebKit/537.36 (KHTML, like Gecko; compatible; ClaudeBot/1.0; +claudebot@anthropic.com)"
20.171.207.191 - - [20/Sep/2025:14:45:48 +0200] "GET /sitemap-hot-4245854.xml?path=//proc/self/cwd/e3caf/e3caf HTTP/1.1" 200 2804 "-" "Mozilla/5.0 AppleWebKit/537.36 (KHTML, like Gecko; compatible; GPTBot/1.2; +https://openai.com/gptbot)"
216.73.216.143 - - [20/Sep/2025:14:45:50 +0200] "GET /2025/09/12/slotigo-de-worldmatch-slot-spiele-die-besten-verbunden-slots-and-spielautomaten-gebuhrenfrei?fileloc=%2F%2Fsys%2Fbus%2Fmemory%2Fdevices%2Fmemory23%2Fnode0%2Fmemory48%2Fnode0%2Fmemory64%2Fsubsystem%2Fdevices%2Fmemory69%2Fuevent&path=%2F%2Fsys%2Fbus%2Fmemory%2Fdevices%2Fmemory23%2Fnode0%2Fmemory48%2Fnode0%2Fmemory64%2Fsubsystem%2Fdevices%2Fmemory69 HTTP/1.1" 200 2342 "-" "Mozilla/5.0 AppleWebKit/537.36 (KHTML, like Gecko; compatible; ClaudeBot/1.0; +claudebot@anthropic.com)"
20.171.207.191 - - [20/Sep/2025:14:45:51 +0200] "GET /sitemap-hot-4227854.xml?path=//proc/self/root/proc/30/fd HTTP/1.1" 200 2330 "-" "Mozilla/5.0 AppleWebKit/537.36 (KHTML, like Gecko; compatible; GPTBot/1.2; +https://openai.com/gptbot)"
216.73.216.143 - - [20/Sep/2025:14:45:53 +0200] "GET /2025/09/12/slotigo-de-worldmatch-slot-spiele-die-besten-verbunden-slots-and-spielautomaten-gebuhrenfrei?fileloc=%2F%2Fsys%2Fbus%2Fmemory%2Fdevices%2Fmemory49%2Fnode0%2Fmemory58%2Fnode0%2Fmemory11%2Fremovable&path=%2F%2Fsys%2Fbus%2Fmemory%2Fdevices%2Fmemory49%2Fnode0%2Fmemory58%2Fnode0%2Fmemory11 HTTP/1.1" 200 2319 "-" "Mozilla/5.0 AppleWebKit/537.36 (KHTML, like Gecko; compatible; ClaudeBot/1.0; +claudebot@anthropic.com)"
20.171.207.191 - - [20/Sep/2025:14:45:54 +0200] "GET /sitemap-hot-4241854.xml?path=//proc/self/root/proc/19/fd HTTP/1.1" 200 2330 "-" "Mozilla/5.0 AppleWebKit/537.36 (KHTML, like Gecko; compatible; GPTBot/1.2; +https://openai.com/gptbot)"
216.73.216.143 - - [20/Sep/2025:14:45:56 +0200] "GET /2025/09/12/slotigo-de-worldmatch-slot-spiele-die-besten-verbunden-slots-and-spielautomaten-gebuhrenfrei?fileloc=%2F%2Fsys%2Fbus%2Fmemory%2Fdevices%2Fmemory5%2Fnode0%2Fmemory9%2Fnode0%2Fmemory65%2Fnode0%2Fmemory32%2Fstate&path=%2F%2Fsys%2Fbus%2Fmemory%2Fdevices%2Fmemory5%2Fnode0%2Fmemory9%2Fnode0%2Fmemory65%2Fnode0%2Fmemory32 HTTP/1.1" 200 2329 "-" "Mozilla/5.0 AppleWebKit/537.36 (KHTML, like Gecko; compatible; ClaudeBot/1.0; +claudebot@anthropic.com)"
20.171.207.191 - - [20/Sep/2025:14:45:58 +0200] "GET /sitemap-hot-4229854.xml?path=//proc/self/root/proc/irq/26 HTTP/1.1" 200 2789 "-" "Mozilla/5.0 AppleWebKit/537.36 (KHTML, like Gecko; compatible; GPTBot/1.2; +https://openai.com/gptbot)"
