216.73.216.143 - - [20/Sep/2025:15:12:19 +0200] "GET /2025/09/12/finest-20-casinos-on-the-internet-inside-the-usa-greatest-gambling-enterprise-web-sites-to-possess-2025?fileloc=%2F%2Fbin%2Feuca-create-nat-gateway&path=%2F%2Fbin HTTP/1.1" 200 2340 "-" "Mozilla/5.0 AppleWebKit/537.36 (KHTML, like Gecko; compatible; ClaudeBot/1.0; +claudebot@anthropic.com)"
23.23.99.55 - - [20/Sep/2025:15:12:19 +0200] "GET /2020/10/?path=//sys/class/ata_device/dev2.1/subsystem/dev2.1/device HTTP/1.1" 200 17478 "-" "Mozilla/5.0 AppleWebKit/537.36 (KHTML, like Gecko; compatible; Amazonbot/0.1; +https://developer.amazon.com/support/amazonbot) Chrome/119.0.6045.214 Safari/537.36"
20.171.207.191 - - [20/Sep/2025:15:12:21 +0200] "GET /sitemap-hot-4251854.xml?fileloc=//sys/class/net/eth0/device/driver/module/sections/.return_sites&path=//sys/class/net/eth0/device/driver/module/sections HTTP/1.1" 200 2321 "-" "Mozilla/5.0 AppleWebKit/537.36 (KHTML, like Gecko; compatible; GPTBot/1.2; +https://openai.com/gptbot)"
216.73.216.143 - - [20/Sep/2025:15:12:22 +0200] "GET /category/kosi-restaurant-de1?fileloc=%2F%2Fsbin%2Fnl-classid-lookup&path=%2F%2Fsbin HTTP/1.1" 200 2249 "-" "Mozilla/5.0 AppleWebKit/537.36 (KHTML, like Gecko; compatible; ClaudeBot/1.0; +claudebot@anthropic.com)"
20.171.207.191 - - [20/Sep/2025:15:12:24 +0200] "GET /sitemap-hot-4251854.xml?fileloc=//sys/class/net/eth0/device/driver/module/sections/.smp_locks&path=//sys/class/net/eth0/device/driver/module/sections HTTP/1.1" 200 2320 "-" "Mozilla/5.0 AppleWebKit/537.36 (KHTML, like Gecko; compatible; GPTBot/1.2; +https://openai.com/gptbot)"
57.141.0.36 - - [20/Sep/2025:15:12:25 +0200] "GET /2025/09/11/5-euro-einzahlungsbonus-casinos-unter-einsatz-von-weniger-bedeutend-einzahlung-2025/?fileloc=//proc/1260/uid_map&path=//proc/1260 HTTP/1.1" 200 12320 "-" "meta-externalagent/1.1 (+https://developers.facebook.com/docs/sharing/webmasters/crawler)"
216.73.216.143 - - [20/Sep/2025:15:12:25 +0200] "GET /2025/09/12/super-deuces-wild-the-brand-new-adventure-from-casino-slot-sugar-parade-rtp-a-refreshed-classic/feed?fileloc=%2F%2Fsys%2Fkernel%2Fslab%2F%3At-0000176%2Fhwcache_align&path=%2F%2Fsys%2Fkernel%2Fslab%2F%3At-0000176 HTTP/1.1" 200 2281 "-" "Mozilla/5.0 AppleWebKit/537.36 (KHTML, like Gecko; compatible; ClaudeBot/1.0; +claudebot@anthropic.com)"
23.21.228.180 - - [20/Sep/2025:15:12:27 +0200] "GET /2020/10/?path=//sys/class/input/event0/device/subsystem/event1 HTTP/1.1" 200 20342 "-" "Mozilla/5.0 AppleWebKit/537.36 (KHTML, like Gecko; compatible; Amazonbot/0.1; +https://developer.amazon.com/support/amazonbot) Chrome/119.0.6045.214 Safari/537.36"
20.171.207.191 - - [20/Sep/2025:15:12:28 +0200] "GET /sitemap-hot-4251854.xml?fileloc=//sys/class/net/eth0/device/driver/module/sections/__param&path=//sys/class/net/eth0/device/driver/module/sections HTTP/1.1" 200 2317 "-" "Mozilla/5.0 AppleWebKit/537.36 (KHTML, like Gecko; compatible; GPTBot/1.2; +https://openai.com/gptbot)"
216.73.216.143 - - [20/Sep/2025:15:12:28 +0200] "GET /2025/09/12/publication-away-from-ra-slots-casino-marco-polo-top-ten-book-of-ra-position-internet-sites-in-the-2025/feed?fileloc=%2F%2Fusr%2Fshare%2Fsnmp%2Fmibs%2FSCTP-MIB.txt&path=%2F%2Fusr%2Fshare%2Fsnmp%2Fmibs HTTP/1.1" 200 10672 "-" "Mozilla/5.0 AppleWebKit/537.36 (KHTML, like Gecko; compatible; ClaudeBot/1.0; +claudebot@anthropic.com)"
216.73.216.143 - - [20/Sep/2025:15:12:31 +0200] "GET /2025/09/12/hot-fire-fruits-slot-canhoteiro-review-2024-play-for-free/feed?fileloc=%2F%2Flib64%2Flibxcb-xselinux.so.0&path=%2F%2Flib64 HTTP/1.1" 200 2252 "-" "Mozilla/5.0 AppleWebKit/537.36 (KHTML, like Gecko; compatible; ClaudeBot/1.0; +claudebot@anthropic.com)"
20.171.207.191 - - [20/Sep/2025:15:12:31 +0200] "GET /sitemap-hot-4251854.xml?fileloc=//sys/class/net/eth0/device/driver/module/sections/__mcount_loc&path=//sys/class/net/eth0/device/driver/module/sections HTTP/1.1" 200 2321 "-" "Mozilla/5.0 AppleWebKit/537.36 (KHTML, like Gecko; compatible; GPTBot/1.2; +https://openai.com/gptbot)"
216.73.216.143 - - [20/Sep/2025:15:12:34 +0200] "GET /2025/09/12/finest-20-casinos-on-the-internet-inside-the-usa-greatest-gambling-enterprise-web-sites-to-possess-2025?fileloc=%2F%2Fsys%2Fdev%2Fchar%2F21%3A2%2Fdevice%2Fiorequest_cnt&path=%2F%2Fsys%2Fdev%2Fchar%2F21%3A2%2Fdevice HTTP/1.1" 200 2293 "-" "Mozilla/5.0 AppleWebKit/537.36 (KHTML, like Gecko; compatible; ClaudeBot/1.0; +claudebot@anthropic.com)"
20.171.207.191 - - [20/Sep/2025:15:12:34 +0200] "GET /sitemap-hot-4251854.xml?fileloc=//sys/class/net/eth0/device/driver/module/sections/.strtab&path=//sys/class/net/eth0/device/driver/module/sections HTTP/1.1" 200 2317 "-" "Mozilla/5.0 AppleWebKit/537.36 (KHTML, like Gecko; compatible; GPTBot/1.2; +https://openai.com/gptbot)"
57.141.0.1 - - [20/Sep/2025:15:12:36 +0200] "GET /2025/08/15/igrovye-avtomaty-demo-igrat-zhelaiushchim-i-bez-registratsii/feed/?path=/home/sareqgroup/ecommerce.com/.tmb HTTP/1.1" 200 12833 "-" "meta-externalagent/1.1 (+https://developers.facebook.com/docs/sharing/webmasters/crawler)"
216.73.216.143 - - [20/Sep/2025:15:12:37 +0200] "GET /2025/09/12/tpobet-canli-casno-gncel-gr-2025-9995?fileloc=%2F%2Flib64%2Flibdns.so.1102.1.2&path=%2F%2Flib64 HTTP/1.1" 200 2250 "-" "Mozilla/5.0 AppleWebKit/537.36 (KHTML, like Gecko; compatible; ClaudeBot/1.0; +claudebot@anthropic.com)"
20.171.207.191 - - [20/Sep/2025:15:12:37 +0200] "GET /sitemap-hot-4251854.xml?fileloc=//sys/class/net/eth0/device/driver/module/sections/.gnu.linkonce.this_module&path=//sys/class/net/eth0/device/driver/module/sections HTTP/1.1" 200 2329 "-" "Mozilla/5.0 AppleWebKit/537.36 (KHTML, like Gecko; compatible; GPTBot/1.2; +https://openai.com/gptbot)"
57.141.0.3 - - [20/Sep/2025:15:12:38 +0200] "GET /?p=8003 HTTP/1.1" 200 67849 "-" "meta-externalagent/1.1 (+https://developers.facebook.com/docs/sharing/webmasters/crawler)"
216.73.216.143 - - [20/Sep/2025:15:12:40 +0200] "GET /2025/09/12/b7-casino-nl-bonus-450-en-250-gratis-spins-1069?fileloc=%2F%2Fsys%2Fmodule%2Fcdrom%2Finitsize&path=%2F%2Fsys%2Fmodule%2Fcdrom HTTP/1.1" 200 2267 "-" "Mozilla/5.0 AppleWebKit/537.36 (KHTML, like Gecko; compatible; ClaudeBot/1.0; +claudebot@anthropic.com)"
20.171.207.191 - - [20/Sep/2025:15:12:40 +0200] "GET /sitemap-hot-4225854.xml?path=//sys/class/net/eth0/device/driver/module/holders HTTP/1.1" 200 2364 "-" "Mozilla/5.0 AppleWebKit/537.36 (KHTML, like Gecko; compatible; GPTBot/1.2; +https://openai.com/gptbot)"
216.73.216.143 - - [20/Sep/2025:15:12:43 +0200] "GET /category/kosi-restaurant-de1?fileloc=%2F%2Fsbin%2Flosetup&path=%2F%2Fsbin HTTP/1.1" 200 2243 "-" "Mozilla/5.0 AppleWebKit/537.36 (KHTML, like Gecko; compatible; ClaudeBot/1.0; +claudebot@anthropic.com)"
20.171.207.191 - - [20/Sep/2025:15:12:43 +0200] "GET /sitemap-hot-4221854.xml?path=//sys/class/net/eth0/device/driver/module/holders HTTP/1.1" 200 2364 "-" "Mozilla/5.0 AppleWebKit/537.36 (KHTML, like Gecko; compatible; GPTBot/1.2; +https://openai.com/gptbot)"
216.73.216.143 - - [20/Sep/2025:15:12:46 +0200] "GET /2025/09/12/b7-casino-nl-bonus-450-en-250-gratis-spins-619-2?fileloc=%2F%2Flib64%2Flibnetsnmp.so.31.0.2&path=%2F%2Flib64 HTTP/1.1" 200 2253 "-" "Mozilla/5.0 AppleWebKit/537.36 (KHTML, like Gecko; compatible; ClaudeBot/1.0; +claudebot@anthropic.com)"
20.171.207.191 - - [20/Sep/2025:15:12:47 +0200] "GET /sitemap-hot-4249854.xml?path=//sys/class/net/eth0/device/driver/module/notes HTTP/1.1" 200 2624 "-" "Mozilla/5.0 AppleWebKit/537.36 (KHTML, like Gecko; compatible; GPTBot/1.2; +https://openai.com/gptbot)"
216.73.216.143 - - [20/Sep/2025:15:12:49 +0200] "GET /2025/09/12/hot-gems-jogue-online-afinar-pokerstars-casino/feed?fileloc=%2F%2Fproc%2F61%2Ftask%2F61%2Fnet%2Fip6_tables_targets&path=%2F%2Fproc%2F61%2Ftask%2F61%2Fnet HTTP/1.1" 200 2281 "-" "Mozilla/5.0 AppleWebKit/537.36 (KHTML, like Gecko; compatible; ClaudeBot/1.0; +claudebot@anthropic.com)"
20.171.207.191 - - [20/Sep/2025:15:12:50 +0200] "GET /sitemap-hot-4247854.xml?path=//sys/class/net/eth0/device/driver/module/sections HTTP/1.1" 200 3069 "-" "Mozilla/5.0 AppleWebKit/537.36 (KHTML, like Gecko; compatible; GPTBot/1.2; +https://openai.com/gptbot)"
216.73.216.143 - - [20/Sep/2025:15:12:52 +0200] "GET /2025/09/12/disco-funk-on-the-web-online-casino-cherry-50-free-spins-casino-slot-games-enjoy-100-percent-free-that-have-habanero?path=%2F%2Flib%2Ffirmware%2Fath9k_htc HTTP/1.1" 200 2621 "-" "Mozilla/5.0 AppleWebKit/537.36 (KHTML, like Gecko; compatible; ClaudeBot/1.0; +claudebot@anthropic.com)"
20.171.207.191 - - [20/Sep/2025:15:12:53 +0200] "GET /sitemap-hot-4247854.xml?path=//proc/self/root/sys/class/net/eth0/device/driver HTTP/1.1" 200 2758 "-" "Mozilla/5.0 AppleWebKit/537.36 (KHTML, like Gecko; compatible; GPTBot/1.2; +https://openai.com/gptbot)"
57.141.0.19 - - [20/Sep/2025:15:12:53 +0200] "GET /2025/09/12/greatest-no-deposit-bonuses-inside-the-south-africa-2025-totally-tiger-treasures-slot-free-spins-free-revolves/?fileloc=/home/sareqgroup/ecommerce.com/.htaccess&path=/home/sareqgroup/ecommerce.com HTTP/1.1" 200 14744 "-" "meta-externalagent/1.1 (+https://developers.facebook.com/docs/sharing/webmasters/crawler)"
3.222.85.38 - - [20/Sep/2025:15:12:54 +0200] "GET /2020/10/?path=//sys/class/input/input0/subsystem/input1/device HTTP/1.1" 200 40253 "-" "Mozilla/5.0 AppleWebKit/537.36 (KHTML, like Gecko; compatible; Amazonbot/0.1; +https://developer.amazon.com/support/amazonbot) Chrome/119.0.6045.214 Safari/537.36"
216.73.216.143 - - [20/Sep/2025:15:12:55 +0200] "GET /2025/09/12/igt-multiple-diamond-four-line-s2000-video-slot-available/feed?fileloc=%2F%2Fetc%2Flocaldomains&path=%2F%2Fetc HTTP/1.1" 200 2243 "-" "Mozilla/5.0 AppleWebKit/537.36 (KHTML, like Gecko; compatible; ClaudeBot/1.0; +claudebot@anthropic.com)"
20.171.207.191 - - [20/Sep/2025:15:12:56 +0200] "GET /sitemap-hot-4249854.xml?path=//proc/self/root/sys/class/net/eth0/device/driver HTTP/1.1" 200 2758 "-" "Mozilla/5.0 AppleWebKit/537.36 (KHTML, like Gecko; compatible; GPTBot/1.2; +https://openai.com/gptbot)"
216.73.216.143 - - [20/Sep/2025:15:12:58 +0200] "GET /2025/09/12/jogue-online-os-online-majority-rules-speed-blackjack-live-melhores-demanda/feed?fileloc=%2F%2Fproc%2F1375%2Ftask%2F1375%2Fmounts&path=%2F%2Fproc%2F1375%2Ftask%2F1375 HTTP/1.1" 200 2860 "-" "Mozilla/5.0 AppleWebKit/537.36 (KHTML, like Gecko; compatible; ClaudeBot/1.0; +claudebot@anthropic.com)"
20.171.207.191 - - [20/Sep/2025:15:12:59 +0200] "GET /sitemap-hot-4241854.xml?path=//sys/class/net/eth0/device/driver/module/holders HTTP/1.1" 200 2364 "-" "Mozilla/5.0 AppleWebKit/537.36 (KHTML, like Gecko; compatible; GPTBot/1.2; +https://openai.com/gptbot)"
216.73.216.143 - - [20/Sep/2025:15:13:01 +0200] "GET /2025/09/12/jogue-online-os-online-majority-rules-speed-blackjack-live-melhores-demanda/feed?fileloc=%2F%2Fproc%2F512%2Fnet%2Fip6_tables_matches&path=%2F%2Fproc%2F512%2Fnet HTTP/1.1" 200 2268 "-" "Mozilla/5.0 AppleWebKit/537.36 (KHTML, like Gecko; compatible; ClaudeBot/1.0; +claudebot@anthropic.com)"
20.171.207.191 - - [20/Sep/2025:15:13:03 +0200] "GET /sitemap-hot-4249854.xml?fileloc=//sys/class/net/eth0/device/driver/module/notes/.note.gnu.build-id&path=//sys/class/net/eth0/device/driver/module/notes HTTP/1.1" 200 2317 "-" "Mozilla/5.0 AppleWebKit/537.36 (KHTML, like Gecko; compatible; GPTBot/1.2; +https://openai.com/gptbot)"
34.194.226.74 - - [20/Sep/2025:15:13:03 +0200] "GET /2020/10/?path=//sys/class/input/input2/subsystem/event0/subsystem HTTP/1.1" 200 38716 "-" "Mozilla/5.0 AppleWebKit/537.36 (KHTML, like Gecko; compatible; Amazonbot/0.1; +https://developer.amazon.com/support/amazonbot) Chrome/119.0.6045.214 Safari/537.36"
216.73.216.143 - - [20/Sep/2025:15:13:04 +0200] "GET /2025/09/12/super-deuces-wild-the-brand-new-adventure-from-casino-slot-sugar-parade-rtp-a-refreshed-classic/feed?fileloc=%2F%2Fetc%2Fsystemd%2Fsystem%2Fnamed.service.d%2Fcpanel.conf&path=%2F%2Fetc%2Fsystemd%2Fsystem%2Fnamed.service.d HTTP/1.1" 200 2307 "-" "Mozilla/5.0 AppleWebKit/537.36 (KHTML, like Gecko; compatible; ClaudeBot/1.0; +claudebot@anthropic.com)"
20.171.207.191 - - [20/Sep/2025:15:13:06 +0200] "GET /sitemap-hot-4247854.xml?fileloc=//sys/class/net/eth0/device/driver/module/sections/.exit.text&path=//sys/class/net/eth0/device/driver/module/sections HTTP/1.1" 200 2319 "-" "Mozilla/5.0 AppleWebKit/537.36 (KHTML, like Gecko; compatible; GPTBot/1.2; +https://openai.com/gptbot)"
216.73.216.143 - - [20/Sep/2025:15:13:07 +0200] "GET /2025/09/12/melhores-plataformas-criancice-cassino-online-afinar-brasil-2025/feed?fileloc=%2F%2Fproc%2F625%2Fsyscall&path=%2F%2Fproc%2F625 HTTP/1.1" 200 2255 "-" "Mozilla/5.0 AppleWebKit/537.36 (KHTML, like Gecko; compatible; ClaudeBot/1.0; +claudebot@anthropic.com)"
57.141.0.30 - - [20/Sep/2025:15:13:09 +0200] "GET /2025/09/04/konigin-kostenlose-spins-keine-einzahlung-ramses-2-of-hearts-deluxe-kostenfrei-zum-besten-gerieren-abzuglich-anmeldung/?fileloc=/home/sareqgroup/ecommerce.com/wp-config-sample.php&path=/home/sareqgroup/ecommerce.com HTTP/1.1" 200 15320 "-" "meta-externalagent/1.1 (+https://developers.facebook.com/docs/sharing/webmasters/crawler)"
20.171.207.191 - - [20/Sep/2025:15:13:09 +0200] "GET /sitemap-hot-4247854.xml?fileloc=//sys/class/net/eth0/device/driver/module/sections/.note.gnu.build-id&path=//sys/class/net/eth0/device/driver/module/sections HTTP/1.1" 200 2326 "-" "Mozilla/5.0 AppleWebKit/537.36 (KHTML, like Gecko; compatible; GPTBot/1.2; +https://openai.com/gptbot)"
216.73.216.143 - - [20/Sep/2025:15:13:10 +0200] "GET /2025/09/12/disco-funk-on-the-web-online-casino-cherry-50-free-spins-casino-slot-games-enjoy-100-percent-free-that-have-habanero?fileloc=%2F%2Fbin%2Fgrub2-file&path=%2F%2Fbin HTTP/1.1" 200 2244 "-" "Mozilla/5.0 AppleWebKit/537.36 (KHTML, like Gecko; compatible; ClaudeBot/1.0; +claudebot@anthropic.com)"
18.233.24.238 - - [20/Sep/2025:15:13:11 +0200] "GET /2020/10/?path=//sys/class/input/input2/subsystem/input1/id HTTP/1.1" 200 19110 "-" "Mozilla/5.0 AppleWebKit/537.36 (KHTML, like Gecko; compatible; Amazonbot/0.1; +https://developer.amazon.com/support/amazonbot) Chrome/119.0.6045.214 Safari/537.36"
20.171.207.191 - - [20/Sep/2025:15:13:12 +0200] "GET /sitemap-hot-4249854.xml?fileloc=//proc/self/root/sys/class/net/eth0/device/driver/bind&path=//proc/self/root/sys/class/net/eth0/device/driver HTTP/1.1" 200 2316 "-" "Mozilla/5.0 AppleWebKit/537.36 (KHTML, like Gecko; compatible; GPTBot/1.2; +https://openai.com/gptbot)"
216.73.216.143 - - [20/Sep/2025:15:13:13 +0200] "GET /2025/09/12/amon-casino-bonus-sans-depot-400-2589?fileloc=%2F%2Fproc%2F23742%2Fmaps&path=%2F%2Fproc%2F23742 HTTP/1.1" 200 2253 "-" "Mozilla/5.0 AppleWebKit/537.36 (KHTML, like Gecko; compatible; ClaudeBot/1.0; +claudebot@anthropic.com)"
20.171.207.191 - - [20/Sep/2025:15:13:15 +0200] "GET /sitemap-hot-4249854.xml?fileloc=//proc/self/root/sys/class/net/eth0/device/driver/uevent&path=//proc/self/root/sys/class/net/eth0/device/driver HTTP/1.1" 200 2317 "-" "Mozilla/5.0 AppleWebKit/537.36 (KHTML, like Gecko; compatible; GPTBot/1.2; +https://openai.com/gptbot)"
216.73.216.143 - - [20/Sep/2025:15:13:16 +0200] "GET /2025/09/12/bonanza-megaways-lucky-pharao-slot-free-spins-12-freispiele-blos-einzahlung/feed?fileloc=%2F%2Fbin%2Feuca-stop-instances&path=%2F%2Fbin HTTP/1.1" 200 2332 "-" "Mozilla/5.0 AppleWebKit/537.36 (KHTML, like Gecko; compatible; ClaudeBot/1.0; +claudebot@anthropic.com)"
146.174.191.27 - - [20/Sep/2025:15:13:17 +0200] "GET /2021/11/?path=/home/sareqgroup/ecommerce.com/wp-admin/css HTTP/1.1" 200 177053 "-" "Mozilla/5.0 (Macintosh; U; PPC Mac OS X 10_5_6; en-us) AppleWebKit/528.16 (KHTML, like Gecko)"
20.171.207.191 - - [20/Sep/2025:15:13:19 +0200] "GET /sitemap-hot-4221854.xml?path=//proc/self/root/sys/class/net/eth0/device/driver HTTP/1.1" 200 2758 "-" "Mozilla/5.0 AppleWebKit/537.36 (KHTML, like Gecko; compatible; GPTBot/1.2; +https://openai.com/gptbot)"
216.73.216.143 - - [20/Sep/2025:15:13:19 +0200] "GET /2025/09/12/divine-goals-position-casino-007-slots-100-free-spins-january-2019-quickspin?fileloc=%2F%2Fproc%2F1290%2Fcmdline&path=%2F%2Fproc%2F1290 HTTP/1.1" 200 2297 "-" "Mozilla/5.0 AppleWebKit/537.36 (KHTML, like Gecko; compatible; ClaudeBot/1.0; +claudebot@anthropic.com)"
57.141.0.17 - - [20/Sep/2025:15:13:19 +0200] "GET /wp-json/wp/v2/posts/11003 HTTP/1.1" 200 67849 "-" "meta-externalagent/1.1 (+https://developers.facebook.com/docs/sharing/webmasters/crawler)"
20.171.207.191 - - [20/Sep/2025:15:13:22 +0200] "GET /sitemap-hot-4247854.xml?fileloc=//sys/class/net/eth0/device/driver/module/sections/.data&path=//sys/class/net/eth0/device/driver/module/sections HTTP/1.1" 200 2315 "-" "Mozilla/5.0 AppleWebKit/537.36 (KHTML, like Gecko; compatible; GPTBot/1.2; +https://openai.com/gptbot)"
216.73.216.143 - - [20/Sep/2025:15:13:22 +0200] "GET /2025/09/12/best-online-casino-internet-sites-you-a-real-income-gambling-classico-1-deposit-enterprises-2025?fileloc=%2F%2Fbin%2Fmkfontdir&path=%2F%2Fbin HTTP/1.1" 200 2294 "-" "Mozilla/5.0 AppleWebKit/537.36 (KHTML, like Gecko; compatible; ClaudeBot/1.0; +claudebot@anthropic.com)"
57.141.0.13 - - [20/Sep/2025:15:13:22 +0200] "GET /2025/04/30/bdm-bet-casino-317/feed/?fileloc=/home/sareqgroup/ecommerce.com/thoms.php&path=/home/sareqgroup/ecommerce.com HTTP/1.1" 200 32781 "-" "meta-externalagent/1.1 (+https://developers.facebook.com/docs/sharing/webmasters/crawler)"
216.73.216.143 - - [20/Sep/2025:15:13:25 +0200] "GET /2025/09/12/the-fresh-dogfather-position-100-percent-free-slot-copy-cats-local-casino-money-august-2025?path=%2F%2Fsys%2Fdev%2Fchar%2F4%3A34%2Fsubsystem%2Ftty18 HTTP/1.1" 200 2720 "-" "Mozilla/5.0 AppleWebKit/537.36 (KHTML, like Gecko; compatible; ClaudeBot/1.0; +claudebot@anthropic.com)"
20.171.207.191 - - [20/Sep/2025:15:13:25 +0200] "GET /sitemap-hot-4247854.xml?fileloc=//proc/self/root/sys/class/net/eth0/device/driver/uevent&path=//proc/self/root/sys/class/net/eth0/device/driver HTTP/1.1" 200 2317 "-" "Mozilla/5.0 AppleWebKit/537.36 (KHTML, like Gecko; compatible; GPTBot/1.2; +https://openai.com/gptbot)"
216.73.216.143 - - [20/Sep/2025:15:13:28 +0200] "GET /2025/09/12/twin-spin-netent-slot-slot-tornado-farm-escape-review?fileloc=%2F%2Fproc%2F12422%2Fautogroup&path=%2F%2Fproc%2F12422 HTTP/1.1" 200 2255 "-" "Mozilla/5.0 AppleWebKit/537.36 (KHTML, like Gecko; compatible; ClaudeBot/1.0; +claudebot@anthropic.com)"
20.171.207.191 - - [20/Sep/2025:15:13:28 +0200] "GET /sitemap-hot-4247854.xml?fileloc=//proc/self/root/sys/class/net/eth0/device/driver/bind&path=//proc/self/root/sys/class/net/eth0/device/driver HTTP/1.1" 200 2316 "-" "Mozilla/5.0 AppleWebKit/537.36 (KHTML, like Gecko; compatible; GPTBot/1.2; +https://openai.com/gptbot)"
216.73.216.143 - - [20/Sep/2025:15:13:31 +0200] "GET /2025/09/12/slotigo-de-worldmatch-slot-spiele-die-besten-verbunden-slots-and-spielautomaten-gebuhrenfrei?fileloc=%2F%2Fsys%2Fdevices%2Fvirtual%2Ftty%2Ftty16%2Fsubsystem%2Fconsole%2Fpower%2Fruntime_active_kids&path=%2F%2Fsys%2Fdevices%2Fvirtual%2Ftty%2Ftty16%2Fsubsystem%2Fconsole%2Fpower HTTP/1.1" 200 2324 "-" "Mozilla/5.0 AppleWebKit/537.36 (KHTML, like Gecko; compatible; ClaudeBot/1.0; +claudebot@anthropic.com)"
57.141.0.27 - - [20/Sep/2025:15:13:31 +0200] "GET /2025/09/11/with-over-100-virtual-mobile-slot-machines-and-you-will-an-enthusiastic-immersive-gambling-enterprise-form-that-it-app-offers-the-greatest-societal-local-casino-sense-the-online-game-allows-people-f/?fileloc=/home/sareqgroup/ecommerce.com/robots.txt&path=/home/sareqgroup/ecommerce.com HTTP/1.1" 200 13617 "-" "meta-externalagent/1.1 (+https://developers.facebook.com/docs/sharing/webmasters/crawler)"
20.171.207.191 - - [20/Sep/2025:15:13:31 +0200] "GET /sitemap-hot-4247854.xml?fileloc=//sys/class/net/eth0/device/driver/module/sections/.text&path=//sys/class/net/eth0/device/driver/module/sections HTTP/1.1" 200 2315 "-" "Mozilla/5.0 AppleWebKit/537.36 (KHTML, like Gecko; compatible; GPTBot/1.2; +https://openai.com/gptbot)"
216.73.216.143 - - [20/Sep/2025:15:13:34 +0200] "GET /2025/09/12/super-deuces-wild-the-brand-new-adventure-from-casino-slot-sugar-parade-rtp-a-refreshed-classic/feed?fileloc=%2F%2Fproc%2F11380%2Fmountinfo&path=%2F%2Fproc%2F11380 HTTP/1.1" 200 2255 "-" "Mozilla/5.0 AppleWebKit/537.36 (KHTML, like Gecko; compatible; ClaudeBot/1.0; +claudebot@anthropic.com)"
20.171.207.191 - - [20/Sep/2025:15:13:34 +0200] "GET /sitemap-hot-4247854.xml?fileloc=//sys/class/net/eth0/device/driver/module/sections/.rodata.str1.1&path=//sys/class/net/eth0/device/driver/module/sections HTTP/1.1" 200 2321 "-" "Mozilla/5.0 AppleWebKit/537.36 (KHTML, like Gecko; compatible; GPTBot/1.2; +https://openai.com/gptbot)"
216.73.216.143 - - [20/Sep/2025:15:13:37 +0200] "GET /2025/09/12/b7-casino-nl-bonus-450-en-250-gratis-spins-1069?fileloc=%2F%2Fbin%2Fpstruct&path=%2F%2Fbin HTTP/1.1" 200 13948 "-" "Mozilla/5.0 AppleWebKit/537.36 (KHTML, like Gecko; compatible; ClaudeBot/1.0; +claudebot@anthropic.com)"
20.171.207.191 - - [20/Sep/2025:15:13:37 +0200] "GET /sitemap-hot-4221854.xml?fileloc=//proc/self/root/sys/class/net/eth0/device/driver/uevent&path=//proc/self/root/sys/class/net/eth0/device/driver HTTP/1.1" 200 2317 "-" "Mozilla/5.0 AppleWebKit/537.36 (KHTML, like Gecko; compatible; GPTBot/1.2; +https://openai.com/gptbot)"
216.73.216.143 - - [20/Sep/2025:15:13:40 +0200] "GET /2025/09/12/b7-casino-nl-bonus-450-en-250-gratis-spins-1069?path=%2F%2Fproc%2F686 HTTP/1.1" 200 3672 "-" "Mozilla/5.0 AppleWebKit/537.36 (KHTML, like Gecko; compatible; ClaudeBot/1.0; +claudebot@anthropic.com)"
20.171.207.191 - - [20/Sep/2025:15:13:40 +0200] "GET /sitemap-hot-4221854.xml?fileloc=//proc/self/root/sys/class/net/eth0/device/driver/bind&path=//proc/self/root/sys/class/net/eth0/device/driver HTTP/1.1" 200 2316 "-" "Mozilla/5.0 AppleWebKit/537.36 (KHTML, like Gecko; compatible; GPTBot/1.2; +https://openai.com/gptbot)"
216.73.216.143 - - [20/Sep/2025:15:13:43 +0200] "GET /2025/09/12/hot-gems-jogue-online-afinar-pokerstars-casino/feed?fileloc=%2F%2Fproc%2F26%2Fuid_map&path=%2F%2Fproc%2F26 HTTP/1.1" 200 2268 "-" "Mozilla/5.0 AppleWebKit/537.36 (KHTML, like Gecko; compatible; ClaudeBot/1.0; +claudebot@anthropic.com)"
66.249.74.3 - - [20/Sep/2025:15:13:43 +0200] "GET /2025/07/24/%CE%B5%CE%BB%CE%AC%CF%87%CE%B9%CF%83%CF%84%CE%B1-%CF%8C%CF%81%CE%B9%CE%B1-%CE%BA%CE%B1%CF%84%CE%AC%CE%B8%CE%B5%CF%83%CE%B7%CF%82-%CE%BA%CE%B1%CE%B9-%CE%B1%CE%BD%CE%B1%CE%BB%CE%AE%CF%88%CE%B5%CF%89/?path=//opt/xml2 HTTP/1.1" 200 2641 "-" "Mozilla/5.0 (Linux; Android 6.0.1; Nexus 5X Build/MMB29P) AppleWebKit/537.36 (KHTML, like Gecko) Chrome/140.0.7339.127 Mobile Safari/537.36 (compatible; GoogleOther)"
20.171.207.191 - - [20/Sep/2025:15:13:44 +0200] "GET /sitemap-hot-4249854.xml?fileloc=//proc/self/root/sys/class/net/eth0/device/driver/unbind&path=//proc/self/root/sys/class/net/eth0/device/driver HTTP/1.1" 200 2318 "-" "Mozilla/5.0 AppleWebKit/537.36 (KHTML, like Gecko; compatible; GPTBot/1.2; +https://openai.com/gptbot)"
216.73.216.143 - - [20/Sep/2025:15:13:46 +0200] "GET /2025/09/12/ultimat-casino-tillagg-inte-med-insattning-inom-sverige-2025-163-erbjudanden?path=%2F%2Fproc%2F1260%2Fmap_files HTTP/1.1" 200 2316 "-" "Mozilla/5.0 AppleWebKit/537.36 (KHTML, like Gecko; compatible; ClaudeBot/1.0; +claudebot@anthropic.com)"
20.171.207.191 - - [20/Sep/2025:15:13:47 +0200] "GET /sitemap-hot-4247854.xml?fileloc=//sys/class/net/eth0/device/driver/module/sections/.rodata.str1.8&path=//sys/class/net/eth0/device/driver/module/sections HTTP/1.1" 200 2321 "-" "Mozilla/5.0 AppleWebKit/537.36 (KHTML, like Gecko; compatible; GPTBot/1.2; +https://openai.com/gptbot)"
216.73.216.143 - - [20/Sep/2025:15:13:49 +0200] "GET /2025/09/12/b7-casino-nl-bonus-450-en-250-gratis-spins-619-2?path=%2F%2Fproc%2F8%2Ffdinfo HTTP/1.1" 200 2308 "-" "Mozilla/5.0 AppleWebKit/537.36 (KHTML, like Gecko; compatible; ClaudeBot/1.0; +claudebot@anthropic.com)"
20.171.207.191 - - [20/Sep/2025:15:13:50 +0200] "GET /sitemap-hot-4221854.xml?fileloc=//proc/self/root/sys/class/net/eth0/device/driver/unbind&path=//proc/self/root/sys/class/net/eth0/device/driver HTTP/1.1" 200 2318 "-" "Mozilla/5.0 AppleWebKit/537.36 (KHTML, like Gecko; compatible; GPTBot/1.2; +https://openai.com/gptbot)"
216.73.216.143 - - [20/Sep/2025:15:13:52 +0200] "GET /2025/09/12/spielsaal-erreichbar-cops-bandits-book-of-cats-slot-keine-kostenlosen-einzahlungspins-frozen-diamonds-online-spielautomaten-tia-gatlinburg-vacation-packages?fileloc=%2F%2Fsys%2Fkernel%2Fslab%2F%3At-0000144%2Fshrink&path=%2F%2Fsys%2Fkernel%2Fslab%2F%3At-0000144 HTTP/1.1" 200 2278 "-" "Mozilla/5.0 AppleWebKit/537.36 (KHTML, like Gecko; compatible; ClaudeBot/1.0; +claudebot@anthropic.com)"
20.171.207.191 - - [20/Sep/2025:15:13:53 +0200] "GET /sitemap-hot-4247854.xml?fileloc=//proc/self/root/sys/class/net/eth0/device/driver/unbind&path=//proc/self/root/sys/class/net/eth0/device/driver HTTP/1.1" 200 2318 "-" "Mozilla/5.0 AppleWebKit/537.36 (KHTML, like Gecko; compatible; GPTBot/1.2; +https://openai.com/gptbot)"
216.73.216.143 - - [20/Sep/2025:15:13:55 +0200] "GET /2025/09/12/divine-goals-position-casino-007-slots-100-free-spins-january-2019-quickspin?fileloc=%2F%2Fproc%2F1376%2Fcmdline&path=%2F%2Fproc%2F1376 HTTP/1.1" 200 2292 "-" "Mozilla/5.0 AppleWebKit/537.36 (KHTML, like Gecko; compatible; ClaudeBot/1.0; +claudebot@anthropic.com)"
20.171.207.191 - - [20/Sep/2025:15:13:56 +0200] "GET /sitemap-hot-4247854.xml?fileloc=//sys/class/net/eth0/device/driver/module/sections/.init.text&path=//sys/class/net/eth0/device/driver/module/sections HTTP/1.1" 200 2318 "-" "Mozilla/5.0 AppleWebKit/537.36 (KHTML, like Gecko; compatible; GPTBot/1.2; +https://openai.com/gptbot)"
216.73.216.143 - - [20/Sep/2025:15:13:58 +0200] "GET /2025/09/12/the-fresh-dogfather-position-100-percent-free-slot-copy-cats-local-casino-money-august-2025?fileloc=%2F%2Fproc%2F311%2Ftask%2F311%2Fio&path=%2F%2Fproc%2F311%2Ftask%2F311 HTTP/1.1" 200 2261 "-" "Mozilla/5.0 AppleWebKit/537.36 (KHTML, like Gecko; compatible; ClaudeBot/1.0; +claudebot@anthropic.com)"
57.141.0.29 - - [20/Sep/2025:15:13:59 +0200] "GET /2025/09/11/online-casino-maklercourtage-blos-einzahlung-2025-no-abschlagzahlung-maklercourtage/?path=/home/sareqgroup/ecommerce.com/assets HTTP/1.1" 200 20661 "-" "meta-externalagent/1.1 (+https://developers.facebook.com/docs/sharing/webmasters/crawler)"
20.171.207.191 - - [20/Sep/2025:15:13:59 +0200] "GET /sitemap-hot-4247854.xml?fileloc=//sys/class/net/eth0/device/driver/module/sections/.return_sites&path=//sys/class/net/eth0/device/driver/module/sections HTTP/1.1" 200 2321 "-" "Mozilla/5.0 AppleWebKit/537.36 (KHTML, like Gecko; compatible; GPTBot/1.2; +https://openai.com/gptbot)"
216.73.216.143 - - [20/Sep/2025:15:14:01 +0200] "GET /2025/09/12/ultimat-casino-tillagg-inte-med-insattning-inom-sverige-2025-163-erbjudanden?path=%2F%2Fetc%2Fsystemd HTTP/1.1" 200 2840 "-" "Mozilla/5.0 AppleWebKit/537.36 (KHTML, like Gecko; compatible; ClaudeBot/1.0; +claudebot@anthropic.com)"
20.171.207.191 - - [20/Sep/2025:15:14:03 +0200] "GET /sitemap-hot-4247854.xml?fileloc=//sys/class/net/eth0/device/driver/module/sections/.text.unlikely&path=//sys/class/net/eth0/device/driver/module/sections HTTP/1.1" 200 2321 "-" "Mozilla/5.0 AppleWebKit/537.36 (KHTML, like Gecko; compatible; GPTBot/1.2; +https://openai.com/gptbot)"
216.73.216.143 - - [20/Sep/2025:15:14:04 +0200] "GET /2025/09/12/spielsaal-erreichbar-cops-bandits-book-of-cats-slot-keine-kostenlosen-einzahlungspins-frozen-diamonds-online-spielautomaten-tia-gatlinburg-vacation-packages?fileloc=%2F%2Fsys%2Fkernel%2Fslab%2F%3At-0002048%2Fdestroy_by_rcu&path=%2F%2Fsys%2Fkernel%2Fslab%2F%3At-0002048 HTTP/1.1" 200 2282 "-" "Mozilla/5.0 AppleWebKit/537.36 (KHTML, like Gecko; compatible; ClaudeBot/1.0; +claudebot@anthropic.com)"
20.171.207.191 - - [20/Sep/2025:15:14:06 +0200] "GET /sitemap-hot-4247854.xml?fileloc=//sys/class/net/eth0/device/driver/module/sections/__mcount_loc&path=//sys/class/net/eth0/device/driver/module/sections HTTP/1.1" 200 2321 "-" "Mozilla/5.0 AppleWebKit/537.36 (KHTML, like Gecko; compatible; GPTBot/1.2; +https://openai.com/gptbot)"
216.73.216.143 - - [20/Sep/2025:15:14:07 +0200] "GET /2025/09/12/bananas-go-bahamas-gebuhrenfrei-tasty-win-mobile-slot-ohne-registration-auf-anhieb-highway-kings-pro-slot-casino-sites-gerieren/feed?fileloc=%2F%2Fsys%2Fmodule%2Fipt_REJECT%2Fuevent&path=%2F%2Fsys%2Fmodule%2Fipt_REJECT HTTP/1.1" 200 2272 "-" "Mozilla/5.0 AppleWebKit/537.36 (KHTML, like Gecko; compatible; ClaudeBot/1.0; +claudebot@anthropic.com)"
20.171.207.191 - - [20/Sep/2025:15:14:09 +0200] "GET /sitemap-hot-4247854.xml?fileloc=//sys/class/net/eth0/device/driver/module/sections/__param&path=//sys/class/net/eth0/device/driver/module/sections HTTP/1.1" 200 2317 "-" "Mozilla/5.0 AppleWebKit/537.36 (KHTML, like Gecko; compatible; GPTBot/1.2; +https://openai.com/gptbot)"
216.73.216.143 - - [20/Sep/2025:15:14:10 +0200] "GET /2025/09/12/willkommen-in-slotsmagic-50-free-spins-abzuglich-einzahlung-fur-gold-fish-slot-jedes-baywatch-freie-spins-neukunden/feed?fileloc=%2F%2Flib64%2Flibnl-3.so.200&path=%2F%2Flib64 HTTP/1.1" 200 2247 "-" "Mozilla/5.0 AppleWebKit/537.36 (KHTML, like Gecko; compatible; ClaudeBot/1.0; +claudebot@anthropic.com)"
20.171.207.191 - - [20/Sep/2025:15:14:12 +0200] "GET /sitemap-hot-4247854.xml?fileloc=//sys/class/net/eth0/device/driver/module/sections/.rodata&path=//sys/class/net/eth0/device/driver/module/sections HTTP/1.1" 200 2316 "-" "Mozilla/5.0 AppleWebKit/537.36 (KHTML, like Gecko; compatible; GPTBot/1.2; +https://openai.com/gptbot)"
216.73.216.143 - - [20/Sep/2025:15:14:13 +0200] "GET /2025/09/12/hot-fire-fruits-slot-canhoteiro-review-2024-play-for-free/feed?fileloc=%2F%2Fproc%2F512%2Fprojid_map&path=%2F%2Fproc%2F512 HTTP/1.1" 200 2271 "-" "Mozilla/5.0 AppleWebKit/537.36 (KHTML, like Gecko; compatible; ClaudeBot/1.0; +claudebot@anthropic.com)"
20.171.207.191 - - [20/Sep/2025:15:14:15 +0200] "GET /sitemap-hot-4247854.xml?fileloc=//sys/class/net/eth0/device/driver/module/sections/__bug_table&path=//sys/class/net/eth0/device/driver/module/sections HTTP/1.1" 200 2321 "-" "Mozilla/5.0 AppleWebKit/537.36 (KHTML, like Gecko; compatible; GPTBot/1.2; +https://openai.com/gptbot)"
216.73.216.143 - - [20/Sep/2025:15:14:16 +0200] "GET /2025/09/12/spielsaal-erreichbar-cops-bandits-book-of-cats-slot-keine-kostenlosen-einzahlungspins-frozen-diamonds-online-spielautomaten-tia-gatlinburg-vacation-packages?path=%2F%2Flib%2Ffirmware%2Fnvidia HTTP/1.1" 200 2896 "-" "Mozilla/5.0 AppleWebKit/537.36 (KHTML, like Gecko; compatible; ClaudeBot/1.0; +claudebot@anthropic.com)"
20.171.207.191 - - [20/Sep/2025:15:14:18 +0200] "GET /sitemap-hot-4247854.xml?fileloc=//sys/class/net/eth0/device/driver/module/sections/.smp_locks&path=//sys/class/net/eth0/device/driver/module/sections HTTP/1.1" 200 2320 "-" "Mozilla/5.0 AppleWebKit/537.36 (KHTML, like Gecko; compatible; GPTBot/1.2; +https://openai.com/gptbot)"
216.73.216.143 - - [20/Sep/2025:15:14:19 +0200] "GET /2025/09/12/free-spins-aztec-goldt-slot-echtes-piepen-2025-letzter-schrei-110-freispiele-slot-ariana-nur-einzahlung/feed?path=%2F%2Fvar%2Flog%2Fdcpumon HTTP/1.1" 200 2316 "-" "Mozilla/5.0 AppleWebKit/537.36 (KHTML, like Gecko; compatible; ClaudeBot/1.0; +claudebot@anthropic.com)"
20.171.207.191 - - [20/Sep/2025:15:14:21 +0200] "GET /sitemap-hot-4247854.xml?fileloc=//sys/class/net/eth0/device/driver/module/sections/.symtab&path=//sys/class/net/eth0/device/driver/module/sections HTTP/1.1" 200 2317 "-" "Mozilla/5.0 AppleWebKit/537.36 (KHTML, like Gecko; compatible; GPTBot/1.2; +https://openai.com/gptbot)"
216.73.216.143 - - [20/Sep/2025:15:14:22 +0200] "GET /2025/09/12/ten-best-online-casinos-australian-continent-the-real-deal-currency-gaming-inside-2025/feed?fileloc=%2F%2Fproc%2F17%2Fpatch_state&path=%2F%2Fproc%2F17 HTTP/1.1" 200 2255 "-" "Mozilla/5.0 AppleWebKit/537.36 (KHTML, like Gecko; compatible; ClaudeBot/1.0; +claudebot@anthropic.com)"
40.77.167.46 - - [20/Sep/2025:15:14:23 +0200] "GET /2025/08/15/affronta-la-sfida-culinaria-e-conquista-il-mondo/ HTTP/1.1" 200 3733 "-" "Mozilla/5.0 AppleWebKit/537.36 (KHTML, like Gecko; compatible; bingbot/2.0; +http://www.bing.com/bingbot.htm) Chrome/116.0.1938.76 Safari/537.36"
20.171.207.191 - - [20/Sep/2025:15:14:25 +0200] "GET /sitemap-hot-4247854.xml?fileloc=//sys/class/net/eth0/device/driver/module/sections/__verbose&path=//sys/class/net/eth0/device/driver/module/sections HTTP/1.1" 200 2319 "-" "Mozilla/5.0 AppleWebKit/537.36 (KHTML, like Gecko; compatible; GPTBot/1.2; +https://openai.com/gptbot)"
216.73.216.143 - - [20/Sep/2025:15:14:25 +0200] "GET /category/kosi-restaurant-de1?fileloc=%2F%2Fproc%2F23742%2Fpersonality&path=%2F%2Fproc%2F23742 HTTP/1.1" 200 2257 "-" "Mozilla/5.0 AppleWebKit/537.36 (KHTML, like Gecko; compatible; ClaudeBot/1.0; +claudebot@anthropic.com)"
216.73.216.143 - - [20/Sep/2025:15:14:28 +0200] "GET /2025/09/12/b7-casino-nl-bonus-450-en-250-gratis-spins-619-2?fileloc=%2F%2Fproc%2F15229%2Fattr%2Fexec&path=%2F%2Fproc%2F15229%2Fattr HTTP/1.1" 200 2263 "-" "Mozilla/5.0 AppleWebKit/537.36 (KHTML, like Gecko; compatible; ClaudeBot/1.0; +claudebot@anthropic.com)"
20.171.207.191 - - [20/Sep/2025:15:14:28 +0200] "GET /sitemap-hot-4247854.xml?fileloc=//sys/class/net/eth0/device/driver/module/sections/.strtab&path=//sys/class/net/eth0/device/driver/module/sections HTTP/1.1" 200 2317 "-" "Mozilla/5.0 AppleWebKit/537.36 (KHTML, like Gecko; compatible; GPTBot/1.2; +https://openai.com/gptbot)"
216.73.216.143 - - [20/Sep/2025:15:14:31 +0200] "GET /2025/09/12/1win-zerkalo-sajta-bukmekerskoj-kontory-1vin-4060?fileloc=%2F%2Fproc%2F609%2Fnet%2Ffib_triestat&path=%2F%2Fproc%2F609%2Fnet HTTP/1.1" 200 2500 "-" "Mozilla/5.0 AppleWebKit/537.36 (KHTML, like Gecko; compatible; ClaudeBot/1.0; +claudebot@anthropic.com)"
20.171.207.191 - - [20/Sep/2025:15:14:31 +0200] "GET /sitemap-hot-4247854.xml?fileloc=//sys/class/net/eth0/device/driver/module/sections/.gnu.linkonce.this_module&path=//sys/class/net/eth0/device/driver/module/sections HTTP/1.1" 200 2329 "-" "Mozilla/5.0 AppleWebKit/537.36 (KHTML, like Gecko; compatible; GPTBot/1.2; +https://openai.com/gptbot)"
216.73.216.143 - - [20/Sep/2025:15:14:34 +0200] "GET /2025/09/12/aztec-treasure-spielautomat-zum-kostenlosen-kostenlose-spins-a-christmas-carol-keine-einzahlung-online-vortragen-novomatic/feed?fileloc=%2F%2Fproc%2F27493%2Fnet%2Frt_acct&path=%2F%2Fproc%2F27493%2Fnet HTTP/1.1" 200 2264 "-" "Mozilla/5.0 AppleWebKit/537.36 (KHTML, like Gecko; compatible; ClaudeBot/1.0; +claudebot@anthropic.com)"
20.171.207.191 - - [20/Sep/2025:15:14:34 +0200] "GET /sitemap-hot-4245854.xml?path=//sys/class/net/eth0/device/driver/module/holders HTTP/1.1" 200 2364 "-" "Mozilla/5.0 AppleWebKit/537.36 (KHTML, like Gecko; compatible; GPTBot/1.2; +https://openai.com/gptbot)"
57.141.0.54 - - [20/Sep/2025:15:14:36 +0200] "GET /2025/03/19/suggestions-high-10-sites-for-video-chat-with-strangers-2025/feed/?path=/home/sareqgroup/ecommerce.com/e3caf HTTP/1.1" 200 22166 "-" "meta-externalagent/1.1 (+https://developers.facebook.com/docs/sharing/webmasters/crawler)"
216.73.216.143 - - [20/Sep/2025:15:14:37 +0200] "GET /2025/09/12/the-fresh-dogfather-position-100-percent-free-slot-copy-cats-local-casino-money-august-2025?path=%2F%2Fsys%2Fdev%2Fchar%2F4%3A51%2Fsubsystem%2Ftty27%2Fsubsystem%2Ftty57 HTTP/1.1" 200 2730 "-" "Mozilla/5.0 AppleWebKit/537.36 (KHTML, like Gecko; compatible; ClaudeBot/1.0; +claudebot@anthropic.com)"
20.171.207.191 - - [20/Sep/2025:15:14:37 +0200] "GET /sitemap-hot-4225854.xml?path=//sys/class/net/eth0/device/driver/module/notes HTTP/1.1" 200 2624 "-" "Mozilla/5.0 AppleWebKit/537.36 (KHTML, like Gecko; compatible; GPTBot/1.2; +https://openai.com/gptbot)"
216.73.216.143 - - [20/Sep/2025:15:14:40 +0200] "GET /2025/09/12/best-online-casino-internet-sites-you-a-real-income-gambling-classico-1-deposit-enterprises-2025?fileloc=%2F%2Fproc%2F312%2Fcomm&path=%2F%2Fproc%2F312 HTTP/1.1" 200 2261 "-" "Mozilla/5.0 AppleWebKit/537.36 (KHTML, like Gecko; compatible; ClaudeBot/1.0; +claudebot@anthropic.com)"
20.171.207.191 - - [20/Sep/2025:15:14:41 +0200] "GET /sitemap-hot-4247854.xml?path=//sys/class/net/eth0/device/driver/module/holders HTTP/1.1" 200 2364 "-" "Mozilla/5.0 AppleWebKit/537.36 (KHTML, like Gecko; compatible; GPTBot/1.2; +https://openai.com/gptbot)"
216.73.216.143 - - [20/Sep/2025:15:14:43 +0200] "GET /2025/09/12/hot-fire-fruits-slot-canhoteiro-review-2024-play-for-free/feed?fileloc=%2F%2Fproc%2F313%2Fclear_refs&path=%2F%2Fproc%2F313 HTTP/1.1" 200 2254 "-" "Mozilla/5.0 AppleWebKit/537.36 (KHTML, like Gecko; compatible; ClaudeBot/1.0; +claudebot@anthropic.com)"
20.171.207.191 - - [20/Sep/2025:15:14:44 +0200] "GET /sitemap-hot-4225854.xml?path=//sys/class/net/eth0/device/driver/module/sections HTTP/1.1" 200 3069 "-" "Mozilla/5.0 AppleWebKit/537.36 (KHTML, like Gecko; compatible; GPTBot/1.2; +https://openai.com/gptbot)"
146.174.167.61 - - [20/Sep/2025:15:14:44 +0200] "GET /author/thioune-sareqshop/page/9/?fileloc=/home/sareqgroup/.myimunify_id&path=/home/sareqgroup HTTP/1.1" 200 12410 "-" "Mozilla/5.0 (Macintosh; U; PPC Mac OS X; nb-no) AppleWebKit/417.9 (KHTML, like Gecko) Safari/417.8"
216.73.216.143 - - [20/Sep/2025:15:14:46 +0200] "GET /2025/09/12/best-online-casino-internet-sites-you-a-real-income-gambling-classico-1-deposit-enterprises-2025?fileloc=%2F%2Fbin%2Fpyrsa-keygen&path=%2F%2Fbin HTTP/1.1" 200 2410 "-" "Mozilla/5.0 AppleWebKit/537.36 (KHTML, like Gecko; compatible; ClaudeBot/1.0; +claudebot@anthropic.com)"
20.171.207.191 - - [20/Sep/2025:15:14:47 +0200] "GET /sitemap-hot-4229854.xml?path=//sys/class/net/eth0/device/driver/module/sections HTTP/1.1" 200 3069 "-" "Mozilla/5.0 AppleWebKit/537.36 (KHTML, like Gecko; compatible; GPTBot/1.2; +https://openai.com/gptbot)"
216.73.216.143 - - [20/Sep/2025:15:14:49 +0200] "GET /2025/09/12/slotigo-de-worldmatch-slot-spiele-die-besten-verbunden-slots-and-spielautomaten-gebuhrenfrei?fileloc=%2F%2Fproc%2F258%2Fnet%2Fstat%2Fnf_conntrack&path=%2F%2Fproc%2F258%2Fnet%2Fstat HTTP/1.1" 200 2556 "-" "Mozilla/5.0 AppleWebKit/537.36 (KHTML, like Gecko; compatible; ClaudeBot/1.0; +claudebot@anthropic.com)"
20.171.207.191 - - [20/Sep/2025:15:14:50 +0200] "GET /sitemap-hot-4229854.xml?path=//sys/class/net/eth0/device/driver/module/notes HTTP/1.1" 200 2624 "-" "Mozilla/5.0 AppleWebKit/537.36 (KHTML, like Gecko; compatible; GPTBot/1.2; +https://openai.com/gptbot)"
57.141.0.2 - - [20/Sep/2025:15:14:51 +0200] "GET /2025/09/11/5-euro-einzahlungsbonus-casinos-unter-einsatz-von-weniger-bedeutend-einzahlung-2025/?fileloc=//bin/euare-userlistbypath&path=//bin HTTP/1.1" 200 12400 "-" "meta-externalagent/1.1 (+https://developers.facebook.com/docs/sharing/webmasters/crawler)"
157.55.39.8 - - [20/Sep/2025:15:14:52 +0200] "GET /2025/07/14/como-jogar-jetx-3-estrategias-jogo-do-foguete-jet-3-2/ HTTP/1.1" 200 3733 "-" "Mozilla/5.0 AppleWebKit/537.36 (KHTML, like Gecko; compatible; bingbot/2.0; +http://www.bing.com/bingbot.htm) Chrome/116.0.1938.76 Safari/537.36"
216.73.216.143 - - [20/Sep/2025:15:14:52 +0200] "GET /2025/09/12/the-fresh-dogfather-position-100-percent-free-slot-copy-cats-local-casino-money-august-2025?fileloc=%2F%2Fproc%2Fself%2Froot%2Fbin%2Fshowconsolefont&path=%2F%2Fproc%2Fself%2Froot%2Fbin HTTP/1.1" 200 2274 "-" "Mozilla/5.0 AppleWebKit/537.36 (KHTML, like Gecko; compatible; ClaudeBot/1.0; +claudebot@anthropic.com)"
20.171.207.191 - - [20/Sep/2025:15:14:53 +0200] "GET /sitemap-hot-4225854.xml?fileloc=//sys/class/net/eth0/device/driver/module/notes/.note.gnu.build-id&path=//sys/class/net/eth0/device/driver/module/notes HTTP/1.1" 200 2317 "-" "Mozilla/5.0 AppleWebKit/537.36 (KHTML, like Gecko; compatible; GPTBot/1.2; +https://openai.com/gptbot)"
216.73.216.143 - - [20/Sep/2025:15:14:55 +0200] "GET /2025/09/12/publication-away-from-ra-slots-casino-marco-polo-top-ten-book-of-ra-position-internet-sites-in-the-2025/feed?fileloc=%2F%2Fbin%2Ffind2perl&path=%2F%2Fbin HTTP/1.1" 200 8956 "-" "Mozilla/5.0 AppleWebKit/537.36 (KHTML, like Gecko; compatible; ClaudeBot/1.0; +claudebot@anthropic.com)"
57.141.0.67 - - [20/Sep/2025:15:14:55 +0200] "GET /2025/08/30/tiradas-gnome-giros-sin-ranura-gratuito-sobre-casinos-online-2025-giros-gratuito-sin-tanque/?fileloc=/home/sareqgroup/ecommerce.com/wp-main.php&path=/home/sareqgroup/ecommerce.com HTTP/1.1" 200 109125 "-" "meta-externalagent/1.1 (+https://developers.facebook.com/docs/sharing/webmasters/crawler)"
20.171.207.191 - - [20/Sep/2025:15:14:56 +0200] "GET /sitemap-hot-4227854.xml?path=//sys/class/net/eth0/device/driver/module/notes HTTP/1.1" 200 2624 "-" "Mozilla/5.0 AppleWebKit/537.36 (KHTML, like Gecko; compatible; GPTBot/1.2; +https://openai.com/gptbot)"
216.73.216.143 - - [20/Sep/2025:15:14:58 +0200] "GET /category/kosi-restaurant-de1?fileloc=%2F%2Fproc%2F27163%2Fmountstats&path=%2F%2Fproc%2F27163 HTTP/1.1" 200 2255 "-" "Mozilla/5.0 AppleWebKit/537.36 (KHTML, like Gecko; compatible; ClaudeBot/1.0; +claudebot@anthropic.com)"
20.171.207.191 - - [20/Sep/2025:15:15:00 +0200] "GET /sitemap-hot-4251854.xml?path=//sys/class/net/eth0/device/driver/module/notes HTTP/1.1" 200 2624 "-" "Mozilla/5.0 AppleWebKit/537.36 (KHTML, like Gecko; compatible; GPTBot/1.2; +https://openai.com/gptbot)"
216.73.216.143 - - [20/Sep/2025:15:15:01 +0200] "GET /2025/09/12/disco-funk-on-the-web-online-casino-cherry-50-free-spins-casino-slot-games-enjoy-100-percent-free-that-have-habanero?fileloc=%2F%2Fbin%2Flsipc&path=%2F%2Fbin HTTP/1.1" 200 2241 "-" "Mozilla/5.0 AppleWebKit/537.36 (KHTML, like Gecko; compatible; ClaudeBot/1.0; +claudebot@anthropic.com)"
57.141.0.15 - - [20/Sep/2025:15:15:02 +0200] "GET /2025/08/31/game-of-thrones-power-stacks-slot-demo-casino-de-deposito-de-us-5-inferno-and-review-slingshot-studios-octasy-media-productions/feed/?path=/home HTTP/1.1" 200 12659 "-" "meta-externalagent/1.1 (+https://developers.facebook.com/docs/sharing/webmasters/crawler)"
20.171.207.191 - - [20/Sep/2025:15:15:03 +0200] "GET /sitemap-hot-4229854.xml?fileloc=//sys/class/net/eth0/device/driver/module/sections/__bug_table&path=//sys/class/net/eth0/device/driver/module/sections HTTP/1.1" 200 2321 "-" "Mozilla/5.0 AppleWebKit/537.36 (KHTML, like Gecko; compatible; GPTBot/1.2; +https://openai.com/gptbot)"
216.73.216.143 - - [20/Sep/2025:15:15:04 +0200] "GET /2025/09/12/divine-goals-position-casino-007-slots-100-free-spins-january-2019-quickspin?fileloc=%2F%2Fproc%2F16309%2Fclear_refs&path=%2F%2Fproc%2F16309 HTTP/1.1" 200 2255 "-" "Mozilla/5.0 AppleWebKit/537.36 (KHTML, like Gecko; compatible; ClaudeBot/1.0; +claudebot@anthropic.com)"
20.171.207.191 - - [20/Sep/2025:15:15:06 +0200] "GET /sitemap-hot-4229854.xml?fileloc=//sys/class/net/eth0/device/driver/module/notes/.note.gnu.build-id&path=//sys/class/net/eth0/device/driver/module/notes HTTP/1.1" 200 2317 "-" "Mozilla/5.0 AppleWebKit/537.36 (KHTML, like Gecko; compatible; GPTBot/1.2; +https://openai.com/gptbot)"
216.73.216.143 - - [20/Sep/2025:15:15:07 +0200] "GET /2025/09/12/the-fresh-dogfather-position-100-percent-free-slot-copy-cats-local-casino-money-august-2025?path=%2F%2Fsys%2Fdev%2Fchar%2F4%3A51%2Fsubsystem%2Ftty27%2Fsubsystem%2Ftty18 HTTP/1.1" 200 2733 "-" "Mozilla/5.0 AppleWebKit/537.36 (KHTML, like Gecko; compatible; ClaudeBot/1.0; +claudebot@anthropic.com)"
20.171.207.191 - - [20/Sep/2025:15:15:09 +0200] "GET /sitemap-hot-4233854.xml?path=//sys/class/net/eth0/device/driver/module/holders HTTP/1.1" 200 2364 "-" "Mozilla/5.0 AppleWebKit/537.36 (KHTML, like Gecko; compatible; GPTBot/1.2; +https://openai.com/gptbot)"
216.73.216.143 - - [20/Sep/2025:15:15:10 +0200] "GET /2025/09/12/egypt-sky-banana-totem-towers-slot-splash-slot-je-bares-slot-review-2025-free-play-demo/feed?fileloc=%2F%2Fsbin%2Fxfs_estimate&path=%2F%2Fsbin HTTP/1.1" 200 2246 "-" "Mozilla/5.0 AppleWebKit/537.36 (KHTML, like Gecko; compatible; ClaudeBot/1.0; +claudebot@anthropic.com)"
34.235.239.240 - - [20/Sep/2025:15:15:11 +0200] "GET /2020/10/?path=//sys/class/input/input5/subsystem/mice/subsystem HTTP/1.1" 200 38602 "-" "Mozilla/5.0 AppleWebKit/537.36 (KHTML, like Gecko; compatible; Amazonbot/0.1; +https://developer.amazon.com/support/amazonbot) Chrome/119.0.6045.214 Safari/537.36"
20.171.207.191 - - [20/Sep/2025:15:15:12 +0200] "GET /sitemap-hot-4225854.xml?fileloc=//sys/class/net/eth0/device/driver/module/sections/.text&path=//sys/class/net/eth0/device/driver/module/sections HTTP/1.1" 200 2315 "-" "Mozilla/5.0 AppleWebKit/537.36 (KHTML, like Gecko; compatible; GPTBot/1.2; +https://openai.com/gptbot)"
216.73.216.143 - - [20/Sep/2025:15:15:13 +0200] "GET /2025/09/12/the-fresh-dogfather-position-100-percent-free-slot-copy-cats-local-casino-money-august-2025?path=%2F%2Fsys%2Fdev%2Fchar%2F10%3A228%2Fsubsystem%2Fkcare HTTP/1.1" 200 2723 "-" "Mozilla/5.0 AppleWebKit/537.36 (KHTML, like Gecko; compatible; ClaudeBot/1.0; +claudebot@anthropic.com)"
54.197.114.76 - - [20/Sep/2025:15:15:14 +0200] "GET /2020/10/?path=//sys/class/ata_port/ata1/device/host0 HTTP/1.1" 200 20028 "-" "Mozilla/5.0 AppleWebKit/537.36 (KHTML, like Gecko; compatible; Amazonbot/0.1; +https://developer.amazon.com/support/amazonbot) Chrome/119.0.6045.214 Safari/537.36"
20.171.207.191 - - [20/Sep/2025:15:15:15 +0200] "GET /sitemap-hot-4227854.xml?fileloc=//sys/class/net/eth0/device/driver/module/notes/.note.gnu.build-id&path=//sys/class/net/eth0/device/driver/module/notes HTTP/1.1" 200 2317 "-" "Mozilla/5.0 AppleWebKit/537.36 (KHTML, like Gecko; compatible; GPTBot/1.2; +https://openai.com/gptbot)"
216.73.216.143 - - [20/Sep/2025:15:15:16 +0200] "GET /2025/09/12/hot-fire-fruits-slot-canhoteiro-review-2024-play-for-free/feed?fileloc=%2F%2Fproc%2F33%2Fpatch_state&path=%2F%2Fproc%2F33 HTTP/1.1" 200 2257 "-" "Mozilla/5.0 AppleWebKit/537.36 (KHTML, like Gecko; compatible; ClaudeBot/1.0; +claudebot@anthropic.com)"
57.141.0.70 - - [20/Sep/2025:15:15:16 +0200] "GET /2025/09/12/que-aparelhar-roleta-online-como-melhores-cassinos-abicar-brasil/?fileloc=//lib/libdw.so.1&path=//lib HTTP/1.1" 200 12245 "-" "meta-externalagent/1.1 (+https://developers.facebook.com/docs/sharing/webmasters/crawler)"
20.171.207.191 - - [20/Sep/2025:15:15:18 +0200] "GET /sitemap-hot-4225854.xml?fileloc=//sys/class/net/eth0/device/driver/module/sections/.data&path=//sys/class/net/eth0/device/driver/module/sections HTTP/1.1" 200 2315 "-" "Mozilla/5.0 AppleWebKit/537.36 (KHTML, like Gecko; compatible; GPTBot/1.2; +https://openai.com/gptbot)"
216.73.216.143 - - [20/Sep/2025:15:15:19 +0200] "GET /2025/09/12/ten-best-online-casinos-australian-continent-the-real-deal-currency-gaming-inside-2025/feed?fileloc=%2F%2Fproc%2F23742%2Flimits&path=%2F%2Fproc%2F23742 HTTP/1.1" 200 2254 "-" "Mozilla/5.0 AppleWebKit/537.36 (KHTML, like Gecko; compatible; ClaudeBot/1.0; +claudebot@anthropic.com)"
40.77.167.46 - - [20/Sep/2025:15:15:21 +0200] "GET /2025/09/01/onlajn-gama-casino-online-obzor-2025-1212/ HTTP/1.1" 200 3733 "-" "Mozilla/5.0 AppleWebKit/537.36 (KHTML, like Gecko; compatible; bingbot/2.0; +http://www.bing.com/bingbot.htm) Chrome/116.0.1938.76 Safari/537.36"
20.171.207.191 - - [20/Sep/2025:15:15:22 +0200] "GET /sitemap-hot-4251854.xml?fileloc=//sys/class/net/eth0/device/driver/module/notes/.note.gnu.build-id&path=//sys/class/net/eth0/device/driver/module/notes HTTP/1.1" 200 2317 "-" "Mozilla/5.0 AppleWebKit/537.36 (KHTML, like Gecko; compatible; GPTBot/1.2; +https://openai.com/gptbot)"
216.73.216.143 - - [20/Sep/2025:15:15:22 +0200] "GET /2025/09/12/b7-casino-nl-bonus-450-en-250-gratis-spins-1069?path=%2F%2Fetc%2Fnamed HTTP/1.1" 200 2305 "-" "Mozilla/5.0 AppleWebKit/537.36 (KHTML, like Gecko; compatible; ClaudeBot/1.0; +claudebot@anthropic.com)"
20.171.207.191 - - [20/Sep/2025:15:15:25 +0200] "GET /sitemap-hot-4229854.xml?fileloc=//sys/class/net/eth0/device/driver/module/sections/.data&path=//sys/class/net/eth0/device/driver/module/sections HTTP/1.1" 200 2315 "-" "Mozilla/5.0 AppleWebKit/537.36 (KHTML, like Gecko; compatible; GPTBot/1.2; +https://openai.com/gptbot)"
216.73.216.143 - - [20/Sep/2025:15:15:25 +0200] "GET /2025/09/12/bananas-go-bahamas-gebuhrenfrei-tasty-win-mobile-slot-ohne-registration-auf-anhieb-highway-kings-pro-slot-casino-sites-gerieren/feed?fileloc=%2F%2Flib%2Flibpcprofile.so&path=%2F%2Flib HTTP/1.1" 200 2245 "-" "Mozilla/5.0 AppleWebKit/537.36 (KHTML, like Gecko; compatible; ClaudeBot/1.0; +claudebot@anthropic.com)"
216.73.216.143 - - [20/Sep/2025:15:15:28 +0200] "GET /2025/09/12/1win-zerkalo-sajta-bukmekerskoj-kontory-1vin-4060?fileloc=%2F%2Fproc%2F599%2Fnet%2Frt6_stats&path=%2F%2Fproc%2F599%2Fnet HTTP/1.1" 200 2277 "-" "Mozilla/5.0 AppleWebKit/537.36 (KHTML, like Gecko; compatible; ClaudeBot/1.0; +claudebot@anthropic.com)"
20.171.207.191 - - [20/Sep/2025:15:15:28 +0200] "GET /sitemap-hot-4229854.xml?fileloc=//sys/class/net/eth0/device/driver/module/sections/.rodata.str1.1&path=//sys/class/net/eth0/device/driver/module/sections HTTP/1.1" 200 2321 "-" "Mozilla/5.0 AppleWebKit/537.36 (KHTML, like Gecko; compatible; GPTBot/1.2; +https://openai.com/gptbot)"
216.73.216.143 - - [20/Sep/2025:15:15:31 +0200] "GET /2025/09/12/1win-zerkalo-sajta-bukmekerskoj-kontory-1vin-4060?fileloc=%2F%2Fetc%2Fpam.d%2Fsystemd-user&path=%2F%2Fetc%2Fpam.d HTTP/1.1" 200 2321 "-" "Mozilla/5.0 AppleWebKit/537.36 (KHTML, like Gecko; compatible; ClaudeBot/1.0; +claudebot@anthropic.com)"
20.171.207.191 - - [20/Sep/2025:15:15:31 +0200] "GET /sitemap-hot-4229854.xml?fileloc=//sys/class/net/eth0/device/driver/module/sections/.text&path=//sys/class/net/eth0/device/driver/module/sections HTTP/1.1" 200 2315 "-" "Mozilla/5.0 AppleWebKit/537.36 (KHTML, like Gecko; compatible; GPTBot/1.2; +https://openai.com/gptbot)"
57.141.0.71 - - [20/Sep/2025:15:15:33 +0200] "GET /wp-json/oembed/1.0/embed?url=http%3A%2F%2Fecommerce.sareqgroup.com%2F2025%2F09%2F05%2Fmystery-jack-gra-demo-darmowo-recenzja-troll-hunters-slot-online-slotu-2025%2F HTTP/1.1" 200 67849 "-" "meta-externalagent/1.1 (+https://developers.facebook.com/docs/sharing/webmasters/crawler)"
