HEX
Server: Apache
System: Linux hybrid2683.fr.ns.planethoster.net 3.10.0-1160.119.1.el7.tuxcare.els19.x86_64 #1 SMP Mon Mar 31 17:29:00 UTC 2025 x86_64
User: sareqgroup (1004)
PHP: 7.3.33
Disabled: noop
Upload Files
File: /home/sareqgroup/access-logs/ecommerce.sareqgroup.com
216.73.216.143 - - [20/Sep/2025:14:08:03 +0200] "GET /2025/09/12/slotigo-de-worldmatch-slot-spiele-die-besten-verbunden-slots-and-spielautomaten-gebuhrenfrei?fileloc=%2F%2Fsys%2Fbus%2Fmemory%2Fdevices%2Fmemory48%2Fnode0%2Fmemory54%2Fnode0%2Fmemory17%2Fnode0%2Fmemory15%2Fphys_index&path=%2F%2Fsys%2Fbus%2Fmemory%2Fdevices%2Fmemory48%2Fnode0%2Fmemory54%2Fnode0%2Fmemory17%2Fnode0%2Fmemory15 HTTP/1.1" 200 2335 "-" "Mozilla/5.0 AppleWebKit/537.36 (KHTML, like Gecko; compatible; ClaudeBot/1.0; +claudebot@anthropic.com)"
20.171.207.191 - - [20/Sep/2025:14:08:03 +0200] "GET /sitemap-hot-4241854.xml?path=//var/lib/yum/yumdb/p/2f5a7920f93c17e122f10e1b1862c04f030713e4-plesk-libboost-date-time1.65-1.65.1-1centos.7.190116.1809-x86_64 HTTP/1.1" 200 3132 "-" "Mozilla/5.0 AppleWebKit/537.36 (KHTML, like Gecko; compatible; GPTBot/1.2; +https://openai.com/gptbot)"
216.73.216.143 - - [20/Sep/2025:14:08:06 +0200] "GET /2025/09/12/slotigo-de-worldmatch-slot-spiele-die-besten-verbunden-slots-and-spielautomaten-gebuhrenfrei?fileloc=%2F%2Fsys%2Fbus%2Fmemory%2Fdevices%2Fmemory22%2Fnode0%2Fmemory10%2Fnode0%2Fmemory10%2Fnode0%2Fcpu2%2Fnode0%2Fmemory4%2Fuevent&path=%2F%2Fsys%2Fbus%2Fmemory%2Fdevices%2Fmemory22%2Fnode0%2Fmemory10%2Fnode0%2Fmemory10%2Fnode0%2Fcpu2%2Fnode0%2Fmemory4 HTTP/1.1" 200 2332 "-" "Mozilla/5.0 AppleWebKit/537.36 (KHTML, like Gecko; compatible; ClaudeBot/1.0; +claudebot@anthropic.com)"
20.171.207.191 - - [20/Sep/2025:14:08:06 +0200] "GET /sitemap-hot-4233854.xml?path=//var/lib/yum/yumdb/p/e15f6e099b858ad33ea0a75874ccebc8e991efc4-plesk-libboost-regex1.82-1.82.0-1centos.7.230425.0721-x86_64 HTTP/1.1" 200 3125 "-" "Mozilla/5.0 AppleWebKit/537.36 (KHTML, like Gecko; compatible; GPTBot/1.2; +https://openai.com/gptbot)"
216.73.216.143 - - [20/Sep/2025:14:08:09 +0200] "GET /2025/09/12/casino-inget-konto-kasino-mobil-tillsammans-swish-2024?fileloc=%2F%2Fproc%2F1289%2Fautogroup&path=%2F%2Fproc%2F1289 HTTP/1.1" 200 2264 "-" "Mozilla/5.0 AppleWebKit/537.36 (KHTML, like Gecko; compatible; ClaudeBot/1.0; +claudebot@anthropic.com)"
20.171.207.191 - - [20/Sep/2025:14:08:10 +0200] "GET /sitemap-hot-4227854.xml?path=//var/lib/yum/yumdb/p/756542b2d07b6f5237822722b2e0877c0eac09ae-plesk-libboost-system1.74-1.74.0.1-1centos.7.211202.1442-x86_64 HTTP/1.1" 200 3129 "-" "Mozilla/5.0 AppleWebKit/537.36 (KHTML, like Gecko; compatible; GPTBot/1.2; +https://openai.com/gptbot)"
216.73.216.143 - - [20/Sep/2025:14:08:12 +0200] "GET /2025/09/12/slotigo-de-worldmatch-slot-spiele-die-besten-verbunden-slots-and-spielautomaten-gebuhrenfrei?fileloc=%2F%2Fsys%2Fbus%2Fmemory%2Fdevices%2Fmemory22%2Fnode0%2Fmemory44%2Fnode0%2Fcpu2%2Fcrash_notes&path=%2F%2Fsys%2Fbus%2Fmemory%2Fdevices%2Fmemory22%2Fnode0%2Fmemory44%2Fnode0%2Fcpu2 HTTP/1.1" 200 2320 "-" "Mozilla/5.0 AppleWebKit/537.36 (KHTML, like Gecko; compatible; ClaudeBot/1.0; +claudebot@anthropic.com)"
20.171.207.191 - - [20/Sep/2025:14:08:13 +0200] "GET /sitemap-hot-4221854.xml?fileloc=//var/lib/yum/yumdb/l/910548b467bb800c7dbf9867c171c3038c5c3264-lm_sensors-libs-3.4.0-8.20160601gitf9185e5.el7_9.1-x86_64/var_contentdir&path=//var/lib/yum/yumdb/l/910548b467bb800c7dbf9867c171c3038c5c3264-lm_sensors-libs-3.4.0-8.20160601gitf9185e5.el7_9.1-x86_64 HTTP/1.1" 200 2365 "-" "Mozilla/5.0 AppleWebKit/537.36 (KHTML, like Gecko; compatible; GPTBot/1.2; +https://openai.com/gptbot)"
216.73.216.143 - - [20/Sep/2025:14:08:15 +0200] "GET /2025/09/12/slotigo-de-worldmatch-slot-spiele-die-besten-verbunden-slots-and-spielautomaten-gebuhrenfrei?fileloc=%2F%2Fsys%2Fbus%2Fmemory%2Fdevices%2Fmemory59%2Fnode0%2Fmemory69%2Fnode0%2Fmemory9%2Fnode0%2Fmemory8%2Fend_phys_index&path=%2F%2Fsys%2Fbus%2Fmemory%2Fdevices%2Fmemory59%2Fnode0%2Fmemory69%2Fnode0%2Fmemory9%2Fnode0%2Fmemory8 HTTP/1.1" 200 2335 "-" "Mozilla/5.0 AppleWebKit/537.36 (KHTML, like Gecko; compatible; ClaudeBot/1.0; +claudebot@anthropic.com)"
20.171.207.191 - - [20/Sep/2025:14:08:16 +0200] "GET /sitemap-hot-4245854.xml?path=//var/lib/yum/yumdb/p/0dbc4d03fe390bd6ca629a63526af99598ff4ecd-plesk-libboost-thread1.65-1.65.1-1centos.7.190116.1809-x86_64 HTTP/1.1" 200 3129 "-" "Mozilla/5.0 AppleWebKit/537.36 (KHTML, like Gecko; compatible; GPTBot/1.2; +https://openai.com/gptbot)"
216.73.216.143 - - [20/Sep/2025:14:08:18 +0200] "GET /2025/09/12/spielsaal-erreichbar-cops-bandits-book-of-cats-slot-keine-kostenlosen-einzahlungspins-frozen-diamonds-online-spielautomaten-tia-gatlinburg-vacation-packages?path=%2F%2Fproc%2F262%2Fmap_files HTTP/1.1" 200 2317 "-" "Mozilla/5.0 AppleWebKit/537.36 (KHTML, like Gecko; compatible; ClaudeBot/1.0; +claudebot@anthropic.com)"
20.171.207.191 - - [20/Sep/2025:14:08:19 +0200] "GET /sitemap-hot-4235854.xml?path=//var/lib/yum/yumdb/k/59d8509620f61c10ba7cb1ddf83e815e632fdc85-kernel-headers-3.10.0-1160.119.1.el7.tuxcare.els22-x86_64 HTTP/1.1" 200 3156 "-" "Mozilla/5.0 AppleWebKit/537.36 (KHTML, like Gecko; compatible; GPTBot/1.2; +https://openai.com/gptbot)"
216.73.216.143 - - [20/Sep/2025:14:08:21 +0200] "GET /2025/09/12/slotigo-de-worldmatch-slot-spiele-die-besten-verbunden-slots-and-spielautomaten-gebuhrenfrei?fileloc=%2F%2Fsys%2Fbus%2Fmemory%2Fdevices%2Fmemory64%2Fnode0%2Fmemory40%2Fnode0%2Fmemory33%2Fnode0%2Fmemory11%2Fstate&path=%2F%2Fsys%2Fbus%2Fmemory%2Fdevices%2Fmemory64%2Fnode0%2Fmemory40%2Fnode0%2Fmemory33%2Fnode0%2Fmemory11 HTTP/1.1" 200 2331 "-" "Mozilla/5.0 AppleWebKit/537.36 (KHTML, like Gecko; compatible; ClaudeBot/1.0; +claudebot@anthropic.com)"
20.171.207.191 - - [20/Sep/2025:14:08:22 +0200] "GET /sitemap-hot-4239854.xml?path=//var/lib/yum/yumdb/p/139b0681a1c96d7f51dce3c22bdb3c27d95616db-plesk-libboost-regex1.65-1.65.1-1centos.7.190116.1809-x86_64 HTTP/1.1" 200 3128 "-" "Mozilla/5.0 AppleWebKit/537.36 (KHTML, like Gecko; compatible; GPTBot/1.2; +https://openai.com/gptbot)"
216.73.216.143 - - [20/Sep/2025:14:08:24 +0200] "GET /2025/09/12/slotigo-de-worldmatch-slot-spiele-die-besten-verbunden-slots-and-spielautomaten-gebuhrenfrei?fileloc=%2F%2Fsys%2Fbus%2Fmemory%2Fdevices%2Fmemory57%2Fnode0%2Fmemory44%2Fnode0%2Fmemory51%2Fnode0%2Fmemory35%2Fphys_device&path=%2F%2Fsys%2Fbus%2Fmemory%2Fdevices%2Fmemory57%2Fnode0%2Fmemory44%2Fnode0%2Fmemory51%2Fnode0%2Fmemory35 HTTP/1.1" 200 2332 "-" "Mozilla/5.0 AppleWebKit/537.36 (KHTML, like Gecko; compatible; ClaudeBot/1.0; +claudebot@anthropic.com)"
20.171.207.191 - - [20/Sep/2025:14:08:25 +0200] "GET /sitemap-hot-4249854.xml?path=//var/lib/yum/yumdb/p/756542b2d07b6f5237822722b2e0877c0eac09ae-plesk-libboost-system1.74-1.74.0.1-1centos.7.211202.1442-x86_64 HTTP/1.1" 200 3129 "-" "Mozilla/5.0 AppleWebKit/537.36 (KHTML, like Gecko; compatible; GPTBot/1.2; +https://openai.com/gptbot)"
216.73.216.143 - - [20/Sep/2025:14:08:27 +0200] "GET /2025/09/12/best-spielsaal-lucky-days-freie-spins-9-gamesys-casino-spin-palace-kein-einzahlungsbonus-chinese-dragon-online-slot-casinos-watrbar?path=%2F%2Fsys%2Fclass%2Fppdev HTTP/1.1" 200 2311 "-" "Mozilla/5.0 AppleWebKit/537.36 (KHTML, like Gecko; compatible; ClaudeBot/1.0; +claudebot@anthropic.com)"
20.171.207.191 - - [20/Sep/2025:14:08:28 +0200] "GET /sitemap-hot-4221854.xml?path=//var/lib/yum/yumdb/n/4348b226d3700c1a94096e841d7e50e1ad5e8f33-ncurses-devel-5.9-14.20130511.el7_4.tuxcare.els2-x86_64 HTTP/1.1" 200 3141 "-" "Mozilla/5.0 AppleWebKit/537.36 (KHTML, like Gecko; compatible; GPTBot/1.2; +https://openai.com/gptbot)"
216.73.216.143 - - [20/Sep/2025:14:08:30 +0200] "GET /2025/09/12/slotigo-de-worldmatch-slot-spiele-die-besten-verbunden-slots-and-spielautomaten-gebuhrenfrei?fileloc=%2F%2Fsys%2Fbus%2Fmemory%2Fdevices%2Fmemory49%2Fnode0%2Fmemory58%2Fnode0%2Fmemory14%2Fnode0%2Fmemory61%2Fnode0%2Fmemory4%2Fuevent&path=%2F%2Fsys%2Fbus%2Fmemory%2Fdevices%2Fmemory49%2Fnode0%2Fmemory58%2Fnode0%2Fmemory14%2Fnode0%2Fmemory61%2Fnode0%2Fmemory4 HTTP/1.1" 200 2337 "-" "Mozilla/5.0 AppleWebKit/537.36 (KHTML, like Gecko; compatible; ClaudeBot/1.0; +claudebot@anthropic.com)"
20.171.207.191 - - [20/Sep/2025:14:08:32 +0200] "GET /sitemap-hot-4231854.xml?path=//var/lib/yum/yumdb/p/cb0d72a752797be2f23b0327e779c19b6cdbf9be-plesk-libboost-thread1.74-1.74.0.1-1centos.7.211202.1442-x86_64 HTTP/1.1" 200 3130 "-" "Mozilla/5.0 AppleWebKit/537.36 (KHTML, like Gecko; compatible; GPTBot/1.2; +https://openai.com/gptbot)"
216.73.216.143 - - [20/Sep/2025:14:08:33 +0200] "GET /2025/09/12/finest-united-states-online-casinos-2025-internet-casino-cuckoo-casino-game-a-real-income?fileloc=%2F%2Fproc%2F12422%2Ftask%2F12422%2Fcgroup&path=%2F%2Fproc%2F12422%2Ftask%2F12422 HTTP/1.1" 200 2267 "-" "Mozilla/5.0 AppleWebKit/537.36 (KHTML, like Gecko; compatible; ClaudeBot/1.0; +claudebot@anthropic.com)"
20.171.207.191 - - [20/Sep/2025:14:08:35 +0200] "GET /sitemap-hot-4247854.xml?path=//var/lib/yum/yumdb/p/d103922a76bf987464db3e636e167a01fe748878-plesk-libboost-system1.84-1.84.0-1centos.7.240314.1319-x86_64 HTTP/1.1" 200 3152 "-" "Mozilla/5.0 AppleWebKit/537.36 (KHTML, like Gecko; compatible; GPTBot/1.2; +https://openai.com/gptbot)"
216.73.216.143 - - [20/Sep/2025:14:08:36 +0200] "GET /2025/09/12/slotigo-de-worldmatch-slot-spiele-die-besten-verbunden-slots-and-spielautomaten-gebuhrenfrei?fileloc=%2F%2Fsys%2Fbus%2Fmemory%2Fdevices%2Fmemory17%2Fnode0%2Fmemory6%2Fnode0%2Fmemory61%2Fnode0%2Fmemory51%2Fend_phys_index&path=%2F%2Fsys%2Fbus%2Fmemory%2Fdevices%2Fmemory17%2Fnode0%2Fmemory6%2Fnode0%2Fmemory61%2Fnode0%2Fmemory51 HTTP/1.1" 200 2336 "-" "Mozilla/5.0 AppleWebKit/537.36 (KHTML, like Gecko; compatible; ClaudeBot/1.0; +claudebot@anthropic.com)"
20.171.207.191 - - [20/Sep/2025:14:08:38 +0200] "GET /sitemap-hot-4239854.xml?fileloc=//var/lib/yum/yumdb/p/139b0681a1c96d7f51dce3c22bdb3c27d95616db-plesk-libboost-regex1.65-1.65.1-1centos.7.190116.1809-x86_64/var_infra&path=//var/lib/yum/yumdb/p/139b0681a1c96d7f51dce3c22bdb3c27d95616db-plesk-libboost-regex1.65-1.65.1-1centos.7.190116.1809-x86_64 HTTP/1.1" 200 2362 "-" "Mozilla/5.0 AppleWebKit/537.36 (KHTML, like Gecko; compatible; GPTBot/1.2; +https://openai.com/gptbot)"
216.73.216.143 - - [20/Sep/2025:14:08:39 +0200] "GET /2025/09/12/slotigo-de-worldmatch-slot-spiele-die-besten-verbunden-slots-and-spielautomaten-gebuhrenfrei?fileloc=%2F%2Fsys%2Fbus%2Fmemory%2Fdevices%2Fmemory23%2Fnode0%2Fmemory59%2Fnode0%2Fmemory42%2Fnode0%2Fmemory11%2Fend_phys_index&path=%2F%2Fsys%2Fbus%2Fmemory%2Fdevices%2Fmemory23%2Fnode0%2Fmemory59%2Fnode0%2Fmemory42%2Fnode0%2Fmemory11 HTTP/1.1" 200 2339 "-" "Mozilla/5.0 AppleWebKit/537.36 (KHTML, like Gecko; compatible; ClaudeBot/1.0; +claudebot@anthropic.com)"
20.171.207.191 - - [20/Sep/2025:14:08:41 +0200] "GET /sitemap-hot-4229854.xml?path=//var/lib/yum/yumdb/p/802ff5c7d2e12089dc531e139a81e9a064330601-plymouth-core-libs-0.8.9-0.34.20140113.el7.centos-x86_64 HTTP/1.1" 200 3145 "-" "Mozilla/5.0 AppleWebKit/537.36 (KHTML, like Gecko; compatible; GPTBot/1.2; +https://openai.com/gptbot)"
216.73.216.143 - - [20/Sep/2025:14:08:42 +0200] "GET /2025/09/12/slotigo-de-worldmatch-slot-spiele-die-besten-verbunden-slots-and-spielautomaten-gebuhrenfrei?fileloc=%2F%2Fsys%2Fbus%2Fnode%2Fdevices%2Fnode0%2Fmemory43%2Fnode0%2Fmemory62%2Fnode0%2Fmemory18%2Fonline&path=%2F%2Fsys%2Fbus%2Fnode%2Fdevices%2Fnode0%2Fmemory43%2Fnode0%2Fmemory62%2Fnode0%2Fmemory18 HTTP/1.1" 200 2319 "-" "Mozilla/5.0 AppleWebKit/537.36 (KHTML, like Gecko; compatible; ClaudeBot/1.0; +claudebot@anthropic.com)"
20.171.207.191 - - [20/Sep/2025:14:08:44 +0200] "GET /sitemap-hot-4239854.xml?path=//var/lib/yum/yumdb/p/756542b2d07b6f5237822722b2e0877c0eac09ae-plesk-libboost-system1.74-1.74.0.1-1centos.7.211202.1442-x86_64 HTTP/1.1" 200 3129 "-" "Mozilla/5.0 AppleWebKit/537.36 (KHTML, like Gecko; compatible; GPTBot/1.2; +https://openai.com/gptbot)"
216.73.216.143 - - [20/Sep/2025:14:08:45 +0200] "GET /2025/09/12/slotigo-de-worldmatch-slot-spiele-die-besten-verbunden-slots-and-spielautomaten-gebuhrenfrei?fileloc=%2F%2Fsys%2Fbus%2Fmemory%2Fdevices%2Fmemory9%2Fnode0%2Fmemory37%2Fnode0%2Fmemory51%2Fnode0%2Fmemory60%2Fnode0%2Fmemory51%2Fstate&path=%2F%2Fsys%2Fbus%2Fmemory%2Fdevices%2Fmemory9%2Fnode0%2Fmemory37%2Fnode0%2Fmemory51%2Fnode0%2Fmemory60%2Fnode0%2Fmemory51 HTTP/1.1" 200 2336 "-" "Mozilla/5.0 AppleWebKit/537.36 (KHTML, like Gecko; compatible; ClaudeBot/1.0; +claudebot@anthropic.com)"
20.171.207.191 - - [20/Sep/2025:14:08:47 +0200] "GET /sitemap-hot-4241854.xml?path=//var/lib/yum/yumdb/c/faa669cf24d797b3864048c8c7e534002da1b7dc-ca-certificates-2025.2.74_v7.0.306-72.el7_9.tuxcare.els1-noarch HTTP/1.1" 200 3178 "-" "Mozilla/5.0 AppleWebKit/537.36 (KHTML, like Gecko; compatible; GPTBot/1.2; +https://openai.com/gptbot)"
216.73.216.143 - - [20/Sep/2025:14:08:48 +0200] "GET /2025/09/12/slotigo-de-worldmatch-slot-spiele-die-besten-verbunden-slots-and-spielautomaten-gebuhrenfrei?fileloc=%2F%2Fsys%2Fbus%2Fmemory%2Fdevices%2Fmemory23%2Fnode0%2Fmemory50%2Fnode0%2Fmemory59%2Fnode0%2Fmemory1%2Fnode0%2Fmemory45%2Fuevent&path=%2F%2Fsys%2Fbus%2Fmemory%2Fdevices%2Fmemory23%2Fnode0%2Fmemory50%2Fnode0%2Fmemory59%2Fnode0%2Fmemory1%2Fnode0%2Fmemory45 HTTP/1.1" 200 2337 "-" "Mozilla/5.0 AppleWebKit/537.36 (KHTML, like Gecko; compatible; ClaudeBot/1.0; +claudebot@anthropic.com)"
20.171.207.191 - - [20/Sep/2025:14:08:50 +0200] "GET /sitemap-hot-4237854.xml?path=//var/lib/yum/yumdb/n/5ad9826be41cff3b73f304371a231fee5fcca926-ncurses-libs-5.9-14.20130511.el7_4.tuxcare.els2-x86_64 HTTP/1.1" 200 3138 "-" "Mozilla/5.0 AppleWebKit/537.36 (KHTML, like Gecko; compatible; GPTBot/1.2; +https://openai.com/gptbot)"
216.73.216.143 - - [20/Sep/2025:14:08:51 +0200] "GET /2025/09/12/finest-united-states-online-casinos-2025-internet-casino-cuckoo-casino-game-a-real-income?path=%2F%2Fsys%2Fdevices%2Fvirtual%2Ftty%2Ftty23%2Fsubsystem%2Ftty3%2Fsubsystem%2Ftty22%2Fpower HTTP/1.1" 200 2878 "-" "Mozilla/5.0 AppleWebKit/537.36 (KHTML, like Gecko; compatible; ClaudeBot/1.0; +claudebot@anthropic.com)"
216.73.216.143 - - [20/Sep/2025:14:08:54 +0200] "GET /2025/09/12/aztec-treasure-spielautomat-zum-kostenlosen-kostenlose-spins-a-christmas-carol-keine-einzahlung-online-vortragen-novomatic/feed?fileloc=%2F%2Fproc%2Fself%2Fsched&path=%2F%2Fproc%2Fself HTTP/1.1" 200 2500 "-" "Mozilla/5.0 AppleWebKit/537.36 (KHTML, like Gecko; compatible; ClaudeBot/1.0; +claudebot@anthropic.com)"
20.171.207.191 - - [20/Sep/2025:14:08:54 +0200] "GET /sitemap-hot-4221854.xml?path=//var/lib/yum/yumdb/p/913fa6c5c941d53d80cc0b8cd3a65b8e9119c5b7-plesk-libboost-system1.65-1.65.1-1centos.7.190116.1809-x86_64 HTTP/1.1" 200 3129 "-" "Mozilla/5.0 AppleWebKit/537.36 (KHTML, like Gecko; compatible; GPTBot/1.2; +https://openai.com/gptbot)"
157.55.39.8 - - [20/Sep/2025:14:08:55 +0200] "GET /category/es-cl-spin/ HTTP/1.1" 200 3733 "-" "Mozilla/5.0 AppleWebKit/537.36 (KHTML, like Gecko; compatible; bingbot/2.0; +http://www.bing.com/bingbot.htm) Chrome/116.0.1938.76 Safari/537.36"
216.73.216.143 - - [20/Sep/2025:14:08:57 +0200] "GET /2025/09/12/finest-united-states-online-casinos-2025-internet-casino-cuckoo-casino-game-a-real-income?fileloc=%2F%2Fproc%2F609%2Fnet%2Fanycast6&path=%2F%2Fproc%2F609%2Fnet HTTP/1.1" 200 2263 "-" "Mozilla/5.0 AppleWebKit/537.36 (KHTML, like Gecko; compatible; ClaudeBot/1.0; +claudebot@anthropic.com)"
20.171.207.191 - - [20/Sep/2025:14:08:57 +0200] "GET /sitemap-hot-4245854.xml?path=//var/lib/yum/yumdb/p/e15f6e099b858ad33ea0a75874ccebc8e991efc4-plesk-libboost-regex1.82-1.82.0-1centos.7.230425.0721-x86_64 HTTP/1.1" 200 3125 "-" "Mozilla/5.0 AppleWebKit/537.36 (KHTML, like Gecko; compatible; GPTBot/1.2; +https://openai.com/gptbot)"
216.73.216.143 - - [20/Sep/2025:14:09:00 +0200] "GET /2025/09/12/slotigo-de-worldmatch-slot-spiele-die-besten-verbunden-slots-and-spielautomaten-gebuhrenfrei?fileloc=%2F%2Fsys%2Fbus%2Fmemory%2Fdevices%2Fmemory71%2Fnode0%2Fmemory66%2Fnode0%2Fmemory68%2Fnode0%2Fmemory12%2Fuevent&path=%2F%2Fsys%2Fbus%2Fmemory%2Fdevices%2Fmemory71%2Fnode0%2Fmemory66%2Fnode0%2Fmemory68%2Fnode0%2Fmemory12 HTTP/1.1" 200 2327 "-" "Mozilla/5.0 AppleWebKit/537.36 (KHTML, like Gecko; compatible; ClaudeBot/1.0; +claudebot@anthropic.com)"
20.171.207.191 - - [20/Sep/2025:14:09:00 +0200] "GET /sitemap-hot-4221854.xml?path=//var/lib/yum/yumdb/p/c127a023faf2a2fb4e9279b00d6508b0e7d34983-plesk-libboost-date-time1.84-1.84.0-1centos.7.240314.1319-x86_64 HTTP/1.1" 200 3161 "-" "Mozilla/5.0 AppleWebKit/537.36 (KHTML, like Gecko; compatible; GPTBot/1.2; +https://openai.com/gptbot)"
216.73.216.143 - - [20/Sep/2025:14:09:03 +0200] "GET /2025/09/12/1win-zerkalo-sajta-bukmekerskoj-kontory-1vin-4060?fileloc=%2F%2Fproc%2F262%2Fnuma_maps&path=%2F%2Fproc%2F262 HTTP/1.1" 200 2256 "-" "Mozilla/5.0 AppleWebKit/537.36 (KHTML, like Gecko; compatible; ClaudeBot/1.0; +claudebot@anthropic.com)"
20.171.207.191 - - [20/Sep/2025:14:09:03 +0200] "GET /sitemap-hot-4249854.xml?path=//var/lib/yum/yumdb/p/06a5a182bb92a21301e9241a637b4068c3d3c45e-plesk-libboost-thread1.84-1.84.0-1centos.7.240314.1319-x86_64 HTTP/1.1" 200 3153 "-" "Mozilla/5.0 AppleWebKit/537.36 (KHTML, like Gecko; compatible; GPTBot/1.2; +https://openai.com/gptbot)"
216.73.216.143 - - [20/Sep/2025:14:09:06 +0200] "GET /2025/09/12/slotigo-de-worldmatch-slot-spiele-die-besten-verbunden-slots-and-spielautomaten-gebuhrenfrei?fileloc=%2F%2Fsys%2Fbus%2Fmemory%2Fdevices%2Fmemory6%2Fsubsystem%2Fdevices%2Fmemory20%2Fpower%2Fautosuspend_delay_ms&path=%2F%2Fsys%2Fbus%2Fmemory%2Fdevices%2Fmemory6%2Fsubsystem%2Fdevices%2Fmemory20%2Fpower HTTP/1.1" 200 2328 "-" "Mozilla/5.0 AppleWebKit/537.36 (KHTML, like Gecko; compatible; ClaudeBot/1.0; +claudebot@anthropic.com)"
20.171.207.191 - - [20/Sep/2025:14:09:06 +0200] "GET /sitemap-hot-4235854.xml?path=//var/lib/yum/yumdb/p/139b0681a1c96d7f51dce3c22bdb3c27d95616db-plesk-libboost-regex1.65-1.65.1-1centos.7.190116.1809-x86_64 HTTP/1.1" 200 3128 "-" "Mozilla/5.0 AppleWebKit/537.36 (KHTML, like Gecko; compatible; GPTBot/1.2; +https://openai.com/gptbot)"
216.73.216.143 - - [20/Sep/2025:14:09:09 +0200] "GET /2025/09/12/slotigo-de-worldmatch-slot-spiele-die-besten-verbunden-slots-and-spielautomaten-gebuhrenfrei?fileloc=%2F%2Fsys%2Fbus%2Fmemory%2Fdevices%2Fmemory71%2Fnode0%2Fmemory40%2Fnode0%2Fmemory37%2Fnode0%2Fmemory11%2Fnode0%2Fcpulist&path=%2F%2Fsys%2Fbus%2Fmemory%2Fdevices%2Fmemory71%2Fnode0%2Fmemory40%2Fnode0%2Fmemory37%2Fnode0%2Fmemory11%2Fnode0 HTTP/1.1" 200 2334 "-" "Mozilla/5.0 AppleWebKit/537.36 (KHTML, like Gecko; compatible; ClaudeBot/1.0; +claudebot@anthropic.com)"
20.171.207.191 - - [20/Sep/2025:14:09:09 +0200] "GET /sitemap-hot-4237854.xml?path=//var/lib/yum/yumdb/p/650f1af1be8025355f499e098ea6aef096a17f7e-plesk-libboost-regex1.74-1.74.0.1-1centos.7.211202.1442-x86_64 HTTP/1.1" 200 3130 "-" "Mozilla/5.0 AppleWebKit/537.36 (KHTML, like Gecko; compatible; GPTBot/1.2; +https://openai.com/gptbot)"
216.73.216.143 - - [20/Sep/2025:14:09:12 +0200] "GET /2025/09/12/slotigo-de-worldmatch-slot-spiele-die-besten-verbunden-slots-and-spielautomaten-gebuhrenfrei?fileloc=%2F%2Fsys%2Fbus%2Fmemory%2Fdevices%2Fmemory48%2Fnode0%2Fmemory59%2Fnode0%2Fmemory2%2Fnode0%2Fmemory46%2Fphys_index&path=%2F%2Fsys%2Fbus%2Fmemory%2Fdevices%2Fmemory48%2Fnode0%2Fmemory59%2Fnode0%2Fmemory2%2Fnode0%2Fmemory46 HTTP/1.1" 200 2335 "-" "Mozilla/5.0 AppleWebKit/537.36 (KHTML, like Gecko; compatible; ClaudeBot/1.0; +claudebot@anthropic.com)"
20.171.207.191 - - [20/Sep/2025:14:09:12 +0200] "GET /sitemap-hot-4235854.xml?path=//var/lib/yum/yumdb/p/d103922a76bf987464db3e636e167a01fe748878-plesk-libboost-system1.84-1.84.0-1centos.7.240314.1319-x86_64 HTTP/1.1" 200 3152 "-" "Mozilla/5.0 AppleWebKit/537.36 (KHTML, like Gecko; compatible; GPTBot/1.2; +https://openai.com/gptbot)"
57.141.0.19 - - [20/Sep/2025:14:09:13 +0200] "GET /2025/09/08/gamble-guide-away-from-ra-position-wager-real-unique-casino-uk-login-cash-otherwise-100-percent-free-online/?path=/home/sareqgroup/ecommerce.com/.well-known HTTP/1.1" 200 25589 "-" "meta-externalagent/1.1 (+https://developers.facebook.com/docs/sharing/webmasters/crawler)"
216.73.216.143 - - [20/Sep/2025:14:09:15 +0200] "GET /2025/09/12/slotigo-de-worldmatch-slot-spiele-die-besten-verbunden-slots-and-spielautomaten-gebuhrenfrei?fileloc=%2F%2Fsys%2Fbus%2Fmemory%2Fdevices%2Fmemory67%2Fnode0%2Fmemory33%2Fsubsystem%2Fdevices%2Fmemory6%2Fend_phys_index&path=%2F%2Fsys%2Fbus%2Fmemory%2Fdevices%2Fmemory67%2Fnode0%2Fmemory33%2Fsubsystem%2Fdevices%2Fmemory6 HTTP/1.1" 200 2339 "-" "Mozilla/5.0 AppleWebKit/537.36 (KHTML, like Gecko; compatible; ClaudeBot/1.0; +claudebot@anthropic.com)"
20.171.207.191 - - [20/Sep/2025:14:09:16 +0200] "GET /sitemap-hot-4221854.xml?fileloc=//var/lib/yum/yumdb/p/c127a023faf2a2fb4e9279b00d6508b0e7d34983-plesk-libboost-date-time1.84-1.84.0-1centos.7.240314.1319-x86_64/reason&path=//var/lib/yum/yumdb/p/c127a023faf2a2fb4e9279b00d6508b0e7d34983-plesk-libboost-date-time1.84-1.84.0-1centos.7.240314.1319-x86_64 HTTP/1.1" 200 2356 "-" "Mozilla/5.0 AppleWebKit/537.36 (KHTML, like Gecko; compatible; GPTBot/1.2; +https://openai.com/gptbot)"
216.73.216.143 - - [20/Sep/2025:14:09:18 +0200] "GET /2025/09/12/slotigo-de-worldmatch-slot-spiele-die-besten-verbunden-slots-and-spielautomaten-gebuhrenfrei?fileloc=%2F%2Fsys%2Fdevices%2Fsystem%2Fmemory%2Fmemory46%2Fnode0%2Fmemory52%2Fnode0%2Fcpumap&path=%2F%2Fsys%2Fdevices%2Fsystem%2Fmemory%2Fmemory46%2Fnode0%2Fmemory52%2Fnode0 HTTP/1.1" 200 2310 "-" "Mozilla/5.0 AppleWebKit/537.36 (KHTML, like Gecko; compatible; ClaudeBot/1.0; +claudebot@anthropic.com)"
20.171.207.191 - - [20/Sep/2025:14:09:19 +0200] "GET /sitemap-hot-4227854.xml?path=//var/lib/yum/yumdb/n/5ad9826be41cff3b73f304371a231fee5fcca926-ncurses-libs-5.9-14.20130511.el7_4.tuxcare.els2-x86_64 HTTP/1.1" 200 3138 "-" "Mozilla/5.0 AppleWebKit/537.36 (KHTML, like Gecko; compatible; GPTBot/1.2; +https://openai.com/gptbot)"
52.204.89.12 - - [20/Sep/2025:14:09:19 +0200] "GET /2020/10/?path=//sys/class/input/input3/subsystem/event0/device HTTP/1.1" 200 30796 "-" "Mozilla/5.0 AppleWebKit/537.36 (KHTML, like Gecko; compatible; Amazonbot/0.1; +https://developer.amazon.com/support/amazonbot) Chrome/119.0.6045.214 Safari/537.36"
216.73.216.143 - - [20/Sep/2025:14:09:21 +0200] "GET /2025/09/12/slotigo-de-worldmatch-slot-spiele-die-besten-verbunden-slots-and-spielautomaten-gebuhrenfrei?fileloc=%2F%2Fsys%2Fbus%2Fmemory%2Fdevices%2Fmemory23%2Fnode0%2Fmemory58%2Fnode0%2Fmemory20%2Fnode0%2Fmemory1%2Fend_phys_index&path=%2F%2Fsys%2Fbus%2Fmemory%2Fdevices%2Fmemory23%2Fnode0%2Fmemory58%2Fnode0%2Fmemory20%2Fnode0%2Fmemory1 HTTP/1.1" 200 2337 "-" "Mozilla/5.0 AppleWebKit/537.36 (KHTML, like Gecko; compatible; ClaudeBot/1.0; +claudebot@anthropic.com)"
20.171.207.191 - - [20/Sep/2025:14:09:22 +0200] "GET /sitemap-hot-4233854.xml?path=//var/lib/yum/yumdb/p/06a5a182bb92a21301e9241a637b4068c3d3c45e-plesk-libboost-thread1.84-1.84.0-1centos.7.240314.1319-x86_64 HTTP/1.1" 200 3153 "-" "Mozilla/5.0 AppleWebKit/537.36 (KHTML, like Gecko; compatible; GPTBot/1.2; +https://openai.com/gptbot)"
216.73.216.143 - - [20/Sep/2025:14:09:24 +0200] "GET /2025/09/12/slotigo-de-worldmatch-slot-spiele-die-besten-verbunden-slots-and-spielautomaten-gebuhrenfrei?fileloc=%2F%2Fsys%2Fbus%2Fmemory%2Fdevices%2Fmemory51%2Fnode0%2Fmemory7%2Fnode0%2Fmemory21%2Fnode0%2Fmemory36%2Fend_phys_index&path=%2F%2Fsys%2Fbus%2Fmemory%2Fdevices%2Fmemory51%2Fnode0%2Fmemory7%2Fnode0%2Fmemory21%2Fnode0%2Fmemory36 HTTP/1.1" 200 2339 "-" "Mozilla/5.0 AppleWebKit/537.36 (KHTML, like Gecko; compatible; ClaudeBot/1.0; +claudebot@anthropic.com)"
20.171.207.191 - - [20/Sep/2025:14:09:25 +0200] "GET /sitemap-hot-4249854.xml?path=//var/lib/yum/yumdb/p/0a93ed1f849de437efd0c31dd6b1776a82c15548-plesk-libboost-regex1.84-1.84.0-1centos.7.240314.1319-x86_64 HTTP/1.1" 200 3154 "-" "Mozilla/5.0 AppleWebKit/537.36 (KHTML, like Gecko; compatible; GPTBot/1.2; +https://openai.com/gptbot)"
66.249.74.3 - - [20/Sep/2025:14:09:26 +0200] "GET /2025/01/20/%D0%BF%D0%B8%D0%BD-%D0%B0%D0%BF-%D0%BA%D0%B7-%D0%BE%D0%B1%D0%B7%D0%BE%D1%80-%D0%B8%D0%B3%D1%80%D0%BE%D0%B2%D0%BE%D0%B9-%D0%BF%D0%BB%D0%BE%D1%89%D0%B0%D0%B4%D0%BA%D0%B8-%D0%B8-%D0%BE%D1%81%D0%BE%D0%B1/?fileloc=//proc/28/oom_adj&path=//proc/28 HTTP/1.1" 200 2256 "-" "Mozilla/5.0 (Linux; Android 6.0.1; Nexus 5X Build/MMB29P) AppleWebKit/537.36 (KHTML, like Gecko) Chrome/140.0.7339.127 Mobile Safari/537.36 (compatible; GoogleOther)"
216.73.216.143 - - [20/Sep/2025:14:09:27 +0200] "GET /2025/09/12/slotigo-de-worldmatch-slot-spiele-die-besten-verbunden-slots-and-spielautomaten-gebuhrenfrei?fileloc=%2F%2Fsys%2Fbus%2Fmemory%2Fdevices%2Fmemory54%2Fnode0%2Fmemory4%2Fnode0%2Fmemory1%2Fremovable&path=%2F%2Fsys%2Fbus%2Fmemory%2Fdevices%2Fmemory54%2Fnode0%2Fmemory4%2Fnode0%2Fmemory1 HTTP/1.1" 200 2314 "-" "Mozilla/5.0 AppleWebKit/537.36 (KHTML, like Gecko; compatible; ClaudeBot/1.0; +claudebot@anthropic.com)"
20.171.207.191 - - [20/Sep/2025:14:09:28 +0200] "GET /sitemap-hot-4241854.xml?path=//var/lib/yum/yumdb/p/756542b2d07b6f5237822722b2e0877c0eac09ae-plesk-libboost-system1.74-1.74.0.1-1centos.7.211202.1442-x86_64 HTTP/1.1" 200 3129 "-" "Mozilla/5.0 AppleWebKit/537.36 (KHTML, like Gecko; compatible; GPTBot/1.2; +https://openai.com/gptbot)"
57.141.0.38 - - [20/Sep/2025:14:09:29 +0200] "GET /wp-json/wp/v2/posts/10063?path=/home/sareqgroup/ecommerce.com/wp-admin HTTP/1.1" 200 173459 "-" "meta-externalagent/1.1 (+https://developers.facebook.com/docs/sharing/webmasters/crawler)"
216.73.216.143 - - [20/Sep/2025:14:09:30 +0200] "GET /2025/09/12/slotigo-de-worldmatch-slot-spiele-die-besten-verbunden-slots-and-spielautomaten-gebuhrenfrei?fileloc=%2F%2Fsys%2Fbus%2Fnode%2Fdevices%2Fnode0%2Fmemory43%2Fnode0%2Fmemory39%2Fremovable&path=%2F%2Fsys%2Fbus%2Fnode%2Fdevices%2Fnode0%2Fmemory43%2Fnode0%2Fmemory39 HTTP/1.1" 200 2309 "-" "Mozilla/5.0 AppleWebKit/537.36 (KHTML, like Gecko; compatible; ClaudeBot/1.0; +claudebot@anthropic.com)"
20.171.207.191 - - [20/Sep/2025:14:09:32 +0200] "GET /sitemap-hot-4243854.xml?path=//var/lib/yum/yumdb/k/59d8509620f61c10ba7cb1ddf83e815e632fdc85-kernel-headers-3.10.0-1160.119.1.el7.tuxcare.els22-x86_64 HTTP/1.1" 200 3156 "-" "Mozilla/5.0 AppleWebKit/537.36 (KHTML, like Gecko; compatible; GPTBot/1.2; +https://openai.com/gptbot)"
216.73.216.143 - - [20/Sep/2025:14:09:33 +0200] "GET /2025/09/12/slotigo-de-worldmatch-slot-spiele-die-besten-verbunden-slots-and-spielautomaten-gebuhrenfrei?fileloc=%2F%2Fsys%2Fbus%2Fnode%2Fdevices%2Fnode0%2Fmemory47%2Fphys_index&path=%2F%2Fsys%2Fbus%2Fnode%2Fdevices%2Fnode0%2Fmemory47 HTTP/1.1" 200 2300 "-" "Mozilla/5.0 AppleWebKit/537.36 (KHTML, like Gecko; compatible; ClaudeBot/1.0; +claudebot@anthropic.com)"
20.171.207.191 - - [20/Sep/2025:14:09:35 +0200] "GET /sitemap-hot-4245854.xml?path=//var/lib/yum/yumdb/p/756542b2d07b6f5237822722b2e0877c0eac09ae-plesk-libboost-system1.74-1.74.0.1-1centos.7.211202.1442-x86_64 HTTP/1.1" 200 3129 "-" "Mozilla/5.0 AppleWebKit/537.36 (KHTML, like Gecko; compatible; GPTBot/1.2; +https://openai.com/gptbot)"
216.73.216.143 - - [20/Sep/2025:14:09:36 +0200] "GET /2025/09/12/slotigo-de-worldmatch-slot-spiele-die-besten-verbunden-slots-and-spielautomaten-gebuhrenfrei?fileloc=%2F%2Fsys%2Fbus%2Fmemory%2Fdevices%2Fmemory19%2Fnode0%2Fmemory4%2Fnode0%2Fmemory67%2Fnode0%2Fmemory8%2Fstate&path=%2F%2Fsys%2Fbus%2Fmemory%2Fdevices%2Fmemory19%2Fnode0%2Fmemory4%2Fnode0%2Fmemory67%2Fnode0%2Fmemory8 HTTP/1.1" 200 2329 "-" "Mozilla/5.0 AppleWebKit/537.36 (KHTML, like Gecko; compatible; ClaudeBot/1.0; +claudebot@anthropic.com)"
20.171.207.191 - - [20/Sep/2025:14:09:38 +0200] "GET /sitemap-hot-4231854.xml?path=//var/lib/yum/yumdb/p/e15f6e099b858ad33ea0a75874ccebc8e991efc4-plesk-libboost-regex1.82-1.82.0-1centos.7.230425.0721-x86_64 HTTP/1.1" 200 3125 "-" "Mozilla/5.0 AppleWebKit/537.36 (KHTML, like Gecko; compatible; GPTBot/1.2; +https://openai.com/gptbot)"
216.73.216.143 - - [20/Sep/2025:14:09:39 +0200] "GET /2025/09/12/slotigo-de-worldmatch-slot-spiele-die-besten-verbunden-slots-and-spielautomaten-gebuhrenfrei?fileloc=%2F%2Fsys%2Fbus%2Fmemory%2Fdevices%2Fmemory71%2Fnode0%2Fmemory66%2Fnode0%2Fmemory37%2Fphys_device&path=%2F%2Fsys%2Fbus%2Fmemory%2Fdevices%2Fmemory71%2Fnode0%2Fmemory66%2Fnode0%2Fmemory37 HTTP/1.1" 200 2320 "-" "Mozilla/5.0 AppleWebKit/537.36 (KHTML, like Gecko; compatible; ClaudeBot/1.0; +claudebot@anthropic.com)"
20.171.207.191 - - [20/Sep/2025:14:09:41 +0200] "GET /sitemap-hot-4229854.xml?path=//var/lib/yum/yumdb/p/0dbc4d03fe390bd6ca629a63526af99598ff4ecd-plesk-libboost-thread1.65-1.65.1-1centos.7.190116.1809-x86_64 HTTP/1.1" 200 3129 "-" "Mozilla/5.0 AppleWebKit/537.36 (KHTML, like Gecko; compatible; GPTBot/1.2; +https://openai.com/gptbot)"
216.73.216.143 - - [20/Sep/2025:14:09:42 +0200] "GET /2025/09/12/hot-gems-jogue-online-afinar-pokerstars-casino/feed?fileloc=%2F%2Fetc%2Fdomainips&path=%2F%2Fetc HTTP/1.1" 200 2249 "-" "Mozilla/5.0 AppleWebKit/537.36 (KHTML, like Gecko; compatible; ClaudeBot/1.0; +claudebot@anthropic.com)"
20.171.207.191 - - [20/Sep/2025:14:09:44 +0200] "GET /sitemap-hot-4237854.xml?path=//var/lib/yum/yumdb/p/0a93ed1f849de437efd0c31dd6b1776a82c15548-plesk-libboost-regex1.84-1.84.0-1centos.7.240314.1319-x86_64 HTTP/1.1" 200 3154 "-" "Mozilla/5.0 AppleWebKit/537.36 (KHTML, like Gecko; compatible; GPTBot/1.2; +https://openai.com/gptbot)"
216.73.216.143 - - [20/Sep/2025:14:09:45 +0200] "GET /2025/09/12/slotigo-de-worldmatch-slot-spiele-die-besten-verbunden-slots-and-spielautomaten-gebuhrenfrei?fileloc=%2F%2Fsys%2Fbus%2Fmemory%2Fdevices%2Fmemory34%2Fnode0%2Fmemory37%2Fnode0%2Fmemory35%2Fnode0%2Fmemory10%2Fphys_index&path=%2F%2Fsys%2Fbus%2Fmemory%2Fdevices%2Fmemory34%2Fnode0%2Fmemory37%2Fnode0%2Fmemory35%2Fnode0%2Fmemory10 HTTP/1.1" 200 2333 "-" "Mozilla/5.0 AppleWebKit/537.36 (KHTML, like Gecko; compatible; ClaudeBot/1.0; +claudebot@anthropic.com)"
20.171.207.191 - - [20/Sep/2025:14:09:47 +0200] "GET /sitemap-hot-4251854.xml?path=//var/lib/yum/yumdb/p/297ca225bb568d2419fda8542b2c7eab6c1f37fc-plymouth-scripts-0.8.9-0.34.20140113.el7.centos-x86_64 HTTP/1.1" 200 3146 "-" "Mozilla/5.0 AppleWebKit/537.36 (KHTML, like Gecko; compatible; GPTBot/1.2; +https://openai.com/gptbot)"
216.73.216.143 - - [20/Sep/2025:14:09:48 +0200] "GET /2025/09/12/slotigo-de-worldmatch-slot-spiele-die-besten-verbunden-slots-and-spielautomaten-gebuhrenfrei?fileloc=%2F%2Fsys%2Fbus%2Fmemory%2Fdevices%2Fmemory64%2Fnode0%2Fmemory66%2Fnode0%2Fmemory15%2Fend_phys_index&path=%2F%2Fsys%2Fbus%2Fmemory%2Fdevices%2Fmemory64%2Fnode0%2Fmemory66%2Fnode0%2Fmemory15 HTTP/1.1" 200 2325 "-" "Mozilla/5.0 AppleWebKit/537.36 (KHTML, like Gecko; compatible; ClaudeBot/1.0; +claudebot@anthropic.com)"
20.171.207.191 - - [20/Sep/2025:14:09:50 +0200] "GET /sitemap-hot-4235854.xml?path=//var/lib/yum/yumdb/p/297ca225bb568d2419fda8542b2c7eab6c1f37fc-plymouth-scripts-0.8.9-0.34.20140113.el7.centos-x86_64 HTTP/1.1" 200 3146 "-" "Mozilla/5.0 AppleWebKit/537.36 (KHTML, like Gecko; compatible; GPTBot/1.2; +https://openai.com/gptbot)"
216.73.216.143 - - [20/Sep/2025:14:09:51 +0200] "GET /2025/09/12/slotigo-de-worldmatch-slot-spiele-die-besten-verbunden-slots-and-spielautomaten-gebuhrenfrei?fileloc=%2F%2Fsys%2Fbus%2Fmemory%2Fdevices%2Fmemory18%2Fnode0%2Fmemory42%2Fnode0%2Fmemory4%2Fphys_index&path=%2F%2Fsys%2Fbus%2Fmemory%2Fdevices%2Fmemory18%2Fnode0%2Fmemory42%2Fnode0%2Fmemory4 HTTP/1.1" 200 2319 "-" "Mozilla/5.0 AppleWebKit/537.36 (KHTML, like Gecko; compatible; ClaudeBot/1.0; +claudebot@anthropic.com)"
37.52.186.2 - - [20/Sep/2025:14:09:52 +0200] "GET /wp-content/plugins/core-plugin/accesson.php HTTP/1.1" 403 67849 "-" "Mozilla/5.0 (Macintosh; Intel Mac OS X 10.9; rv:46.0) Gecko/20100101 Firefox/46.0"
20.171.207.191 - - [20/Sep/2025:14:09:53 +0200] "GET /sitemap-hot-4247854.xml?path=//var/lib/yum/yumdb/p/756542b2d07b6f5237822722b2e0877c0eac09ae-plesk-libboost-system1.74-1.74.0.1-1centos.7.211202.1442-x86_64 HTTP/1.1" 200 3129 "-" "Mozilla/5.0 AppleWebKit/537.36 (KHTML, like Gecko; compatible; GPTBot/1.2; +https://openai.com/gptbot)"
216.73.216.143 - - [20/Sep/2025:14:09:54 +0200] "GET /2025/09/12/slotigo-de-worldmatch-slot-spiele-die-besten-verbunden-slots-and-spielautomaten-gebuhrenfrei?fileloc=%2F%2Fsys%2Fbus%2Fmemory%2Fdevices%2Fmemory51%2Fnode0%2Fmemory7%2Fnode0%2Fmemory14%2Fnode0%2Fmemory43%2Fend_phys_index&path=%2F%2Fsys%2Fbus%2Fmemory%2Fdevices%2Fmemory51%2Fnode0%2Fmemory7%2Fnode0%2Fmemory14%2Fnode0%2Fmemory43 HTTP/1.1" 200 2340 "-" "Mozilla/5.0 AppleWebKit/537.36 (KHTML, like Gecko; compatible; ClaudeBot/1.0; +claudebot@anthropic.com)"
20.171.207.191 - - [20/Sep/2025:14:09:57 +0200] "GET /sitemap-hot-4243854.xml?path=//var/lib/yum/yumdb/p/297ca225bb568d2419fda8542b2c7eab6c1f37fc-plymouth-scripts-0.8.9-0.34.20140113.el7.centos-x86_64 HTTP/1.1" 200 3146 "-" "Mozilla/5.0 AppleWebKit/537.36 (KHTML, like Gecko; compatible; GPTBot/1.2; +https://openai.com/gptbot)"
216.73.216.143 - - [20/Sep/2025:14:09:59 +0200] "GET /2025/09/12/slotigo-de-worldmatch-slot-spiele-die-besten-verbunden-slots-and-spielautomaten-gebuhrenfrei?fileloc=%2F%2Fsys%2Fbus%2Fmemory%2Fdevices%2Fmemory68%2Fnode0%2Fmemory47%2Fnode0%2Fmemory48%2Fnode0%2Fuevent&path=%2F%2Fsys%2Fbus%2Fmemory%2Fdevices%2Fmemory68%2Fnode0%2Fmemory47%2Fnode0%2Fmemory48%2Fnode0 HTTP/1.1" 200 2317 "-" "Mozilla/5.0 AppleWebKit/537.36 (KHTML, like Gecko; compatible; ClaudeBot/1.0; +claudebot@anthropic.com)"
20.171.207.191 - - [20/Sep/2025:14:10:00 +0200] "GET /sitemap-hot-4227854.xml?path=//var/lib/yum/yumdb/p/5194fb2ed7d84028844c846fcf76fee854eb2fc1-plesk-libboost-system1.82-1.82.0-1centos.7.230425.0721-x86_64 HTTP/1.1" 200 3125 "-" "Mozilla/5.0 AppleWebKit/537.36 (KHTML, like Gecko; compatible; GPTBot/1.2; +https://openai.com/gptbot)"
216.73.216.143 - - [20/Sep/2025:14:10:02 +0200] "GET /2025/09/12/slotigo-de-worldmatch-slot-spiele-die-besten-verbunden-slots-and-spielautomaten-gebuhrenfrei?fileloc=%2F%2Fsys%2Fbus%2Fmemory%2Fdevices%2Fmemory21%2Fnode0%2Fmemory58%2Fnode0%2Fmemory44%2Fend_phys_index&path=%2F%2Fsys%2Fbus%2Fmemory%2Fdevices%2Fmemory21%2Fnode0%2Fmemory58%2Fnode0%2Fmemory44 HTTP/1.1" 200 2328 "-" "Mozilla/5.0 AppleWebKit/537.36 (KHTML, like Gecko; compatible; ClaudeBot/1.0; +claudebot@anthropic.com)"
20.171.207.191 - - [20/Sep/2025:14:10:03 +0200] "GET /sitemap-hot-4225854.xml?path=//var/lib/yum/yumdb/p/e15f6e099b858ad33ea0a75874ccebc8e991efc4-plesk-libboost-regex1.82-1.82.0-1centos.7.230425.0721-x86_64 HTTP/1.1" 200 3125 "-" "Mozilla/5.0 AppleWebKit/537.36 (KHTML, like Gecko; compatible; GPTBot/1.2; +https://openai.com/gptbot)"
47.82.11.42 - - [20/Sep/2025:14:10:04 +0200] "GET /2025/07/27/a-thrilling-gaming-adventure-awaits-as-you-2 HTTP/1.1" 200 3733 "http://ecommerce.sareqgroup.com/" "Mozilla/5.0 (Macintosh; Intel Mac OS X 10_15_7) AppleWebKit/605.1.15 (KHTML, like Gecko) Version/16.6 Safari/605.1.15"
57.141.0.70 - - [20/Sep/2025:14:10:04 +0200] "GET /2025/09/11/5-euro-einzahlungsbonus-casinos-unter-einsatz-von-weniger-bedeutend-einzahlung-2025/?fileloc=//proc/1/projid_map&path=//proc/1 HTTP/1.1" 200 12314 "-" "meta-externalagent/1.1 (+https://developers.facebook.com/docs/sharing/webmasters/crawler)"
216.73.216.143 - - [20/Sep/2025:14:10:05 +0200] "GET /2025/09/12/slotigo-de-worldmatch-slot-spiele-die-besten-verbunden-slots-and-spielautomaten-gebuhrenfrei?fileloc=%2F%2Fsys%2Fbus%2Fmemory%2Fdevices%2Fmemory23%2Fnode0%2Fmemory22%2Fnode0%2Fmemory36%2Fnode0%2Fmemory53%2Fend_phys_index&path=%2F%2Fsys%2Fbus%2Fmemory%2Fdevices%2Fmemory23%2Fnode0%2Fmemory22%2Fnode0%2Fmemory36%2Fnode0%2Fmemory53 HTTP/1.1" 200 2337 "-" "Mozilla/5.0 AppleWebKit/537.36 (KHTML, like Gecko; compatible; ClaudeBot/1.0; +claudebot@anthropic.com)"
20.171.207.191 - - [20/Sep/2025:14:10:06 +0200] "GET /sitemap-hot-4221854.xml?path=//var/lib/yum/yumdb/p/06a5a182bb92a21301e9241a637b4068c3d3c45e-plesk-libboost-thread1.84-1.84.0-1centos.7.240314.1319-x86_64 HTTP/1.1" 200 3153 "-" "Mozilla/5.0 AppleWebKit/537.36 (KHTML, like Gecko; compatible; GPTBot/1.2; +https://openai.com/gptbot)"
216.73.216.143 - - [20/Sep/2025:14:10:08 +0200] "GET /2025/09/12/slotigo-de-worldmatch-slot-spiele-die-besten-verbunden-slots-and-spielautomaten-gebuhrenfrei?fileloc=%2F%2Fsys%2Fbus%2Fmemory%2Fdevices%2Fmemory12%2Fnode0%2Fmemory0%2Fsubsystem%2Fdevices%2Fmemory21%2Fnode0%2Fcpu2%2Fonline&path=%2F%2Fsys%2Fbus%2Fmemory%2Fdevices%2Fmemory12%2Fnode0%2Fmemory0%2Fsubsystem%2Fdevices%2Fmemory21%2Fnode0%2Fcpu2 HTTP/1.1" 200 2343 "-" "Mozilla/5.0 AppleWebKit/537.36 (KHTML, like Gecko; compatible; ClaudeBot/1.0; +claudebot@anthropic.com)"
20.171.207.191 - - [20/Sep/2025:14:10:09 +0200] "GET /sitemap-hot-4249854.xml?path=//var/lib/yum/yumdb/p/2f5a7920f93c17e122f10e1b1862c04f030713e4-plesk-libboost-date-time1.65-1.65.1-1centos.7.190116.1809-x86_64 HTTP/1.1" 200 3132 "-" "Mozilla/5.0 AppleWebKit/537.36 (KHTML, like Gecko; compatible; GPTBot/1.2; +https://openai.com/gptbot)"
37.52.186.2 - - [20/Sep/2025:14:10:10 +0200] "GET /wp-content/plugins/core-plugin/e941eb1fd836.php HTTP/1.1" 403 67849 "http://ecommerce.sareqgroup.com/wp-content/plugins/core-plugin/accesson.php" "Mozilla/5.0 (Macintosh; Intel Mac OS X 10.9; rv:46.0) Gecko/20100101 Firefox/46.0"
37.52.186.2 - - [20/Sep/2025:14:10:10 +0200] "POST /wp-content/plugins/core-plugin/include.php HTTP/1.1" 403 67849 "http://ecommerce.sareqgroup.com/wp-content/plugins/core-plugin/e941eb1fd836.php" "Mozilla/5.0 (Macintosh; Intel Mac OS X 10.9; rv:46.0) Gecko/20100101 Firefox/46.0"
37.52.186.2 - - [20/Sep/2025:14:10:11 +0200] "POST /wp-content/plugins/core-plugin/accesson.php HTTP/1.1" 403 67849 "http://ecommerce.sareqgroup.com/wp-content/plugins/core-plugin/include.php" "Mozilla/5.0 (Macintosh; Intel Mac OS X 10.9; rv:46.0) Gecko/20100101 Firefox/46.0"
216.73.216.143 - - [20/Sep/2025:14:10:11 +0200] "GET /2025/09/12/slotigo-de-worldmatch-slot-spiele-die-besten-verbunden-slots-and-spielautomaten-gebuhrenfrei?fileloc=%2F%2Fsys%2Fbus%2Fmemory%2Fdevices%2Fmemory50%2Fnode0%2Fmemory12%2Fnode0%2Fmemory64%2Fphys_index&path=%2F%2Fsys%2Fbus%2Fmemory%2Fdevices%2Fmemory50%2Fnode0%2Fmemory12%2Fnode0%2Fmemory64 HTTP/1.1" 200 2324 "-" "Mozilla/5.0 AppleWebKit/537.36 (KHTML, like Gecko; compatible; ClaudeBot/1.0; +claudebot@anthropic.com)"
37.52.186.2 - - [20/Sep/2025:14:10:11 +0200] "GET /wp-content/plugins/core-plugin/e941eb1fd836.php HTTP/1.1" 403 67849 "http://ecommerce.sareqgroup.com/wp-content/plugins/core-plugin/accesson.php" "Mozilla/5.0 (Macintosh; Intel Mac OS X 10.9; rv:46.0) Gecko/20100101 Firefox/46.0"
20.171.207.191 - - [20/Sep/2025:14:10:12 +0200] "GET /sitemap-hot-4247854.xml?fileloc=//var/lib/yum/yumdb/p/756542b2d07b6f5237822722b2e0877c0eac09ae-plesk-libboost-system1.74-1.74.0.1-1centos.7.211202.1442-x86_64/installed_by&path=//var/lib/yum/yumdb/p/756542b2d07b6f5237822722b2e0877c0eac09ae-plesk-libboost-system1.74-1.74.0.1-1centos.7.211202.1442-x86_64 HTTP/1.1" 200 2358 "-" "Mozilla/5.0 AppleWebKit/537.36 (KHTML, like Gecko; compatible; GPTBot/1.2; +https://openai.com/gptbot)"
216.73.216.143 - - [20/Sep/2025:14:10:14 +0200] "GET /2025/09/12/slotigo-de-worldmatch-slot-spiele-die-besten-verbunden-slots-and-spielautomaten-gebuhrenfrei?fileloc=%2F%2Fsys%2Fbus%2Fmemory%2Fdevices%2Fmemory23%2Fnode0%2Fmemory43%2Fnode0%2Fmemory15%2Fnode0%2Fmemory6%2Fnode0%2Fmemory50%2Fstate&path=%2F%2Fsys%2Fbus%2Fmemory%2Fdevices%2Fmemory23%2Fnode0%2Fmemory43%2Fnode0%2Fmemory15%2Fnode0%2Fmemory6%2Fnode0%2Fmemory50 HTTP/1.1" 200 2341 "-" "Mozilla/5.0 AppleWebKit/537.36 (KHTML, like Gecko; compatible; ClaudeBot/1.0; +claudebot@anthropic.com)"
20.171.207.191 - - [20/Sep/2025:14:10:15 +0200] "GET /sitemap-hot-4233854.xml?path=//var/lib/yum/yumdb/p/c127a023faf2a2fb4e9279b00d6508b0e7d34983-plesk-libboost-date-time1.84-1.84.0-1centos.7.240314.1319-x86_64 HTTP/1.1" 200 3161 "-" "Mozilla/5.0 AppleWebKit/537.36 (KHTML, like Gecko; compatible; GPTBot/1.2; +https://openai.com/gptbot)"
216.73.216.143 - - [20/Sep/2025:14:10:17 +0200] "GET /2025/09/12/slotigo-de-worldmatch-slot-spiele-die-besten-verbunden-slots-and-spielautomaten-gebuhrenfrei?fileloc=%2F%2Fsys%2Fbus%2Fmemory%2Fdevices%2Fmemory59%2Fnode0%2Fmemory65%2Fnode0%2Fmemory39%2Fphys_index&path=%2F%2Fsys%2Fbus%2Fmemory%2Fdevices%2Fmemory59%2Fnode0%2Fmemory65%2Fnode0%2Fmemory39 HTTP/1.1" 200 2323 "-" "Mozilla/5.0 AppleWebKit/537.36 (KHTML, like Gecko; compatible; ClaudeBot/1.0; +claudebot@anthropic.com)"
20.171.207.191 - - [20/Sep/2025:14:10:19 +0200] "GET /sitemap-hot-4227854.xml?path=//var/lib/yum/yumdb/p/297ca225bb568d2419fda8542b2c7eab6c1f37fc-plymouth-scripts-0.8.9-0.34.20140113.el7.centos-x86_64 HTTP/1.1" 200 3146 "-" "Mozilla/5.0 AppleWebKit/537.36 (KHTML, like Gecko; compatible; GPTBot/1.2; +https://openai.com/gptbot)"
216.73.216.143 - - [20/Sep/2025:14:10:20 +0200] "GET /2025/09/12/slotigo-de-worldmatch-slot-spiele-die-besten-verbunden-slots-and-spielautomaten-gebuhrenfrei?fileloc=%2F%2Fsys%2Fbus%2Fmemory%2Fdevices%2Fmemory23%2Fnode0%2Fmemory50%2Fnode0%2Fmemory59%2Fnode0%2Fmemory11%2Fnode0%2Fnumastat&path=%2F%2Fsys%2Fbus%2Fmemory%2Fdevices%2Fmemory23%2Fnode0%2Fmemory50%2Fnode0%2Fmemory59%2Fnode0%2Fmemory11%2Fnode0 HTTP/1.1" 200 2383 "-" "Mozilla/5.0 AppleWebKit/537.36 (KHTML, like Gecko; compatible; ClaudeBot/1.0; +claudebot@anthropic.com)"
57.141.0.8 - - [20/Sep/2025:14:10:22 +0200] "GET /wp-json/wp/v2/posts/9238?fileloc=/home/sareqgroup/ecommerce.com/readme.html&path=/home/sareqgroup/ecommerce.com HTTP/1.1" 200 21563 "-" "meta-externalagent/1.1 (+https://developers.facebook.com/docs/sharing/webmasters/crawler)"
20.171.207.191 - - [20/Sep/2025:14:10:22 +0200] "GET /sitemap-hot-4229854.xml?path=//var/lib/yum/yumdb/p/0a93ed1f849de437efd0c31dd6b1776a82c15548-plesk-libboost-regex1.84-1.84.0-1centos.7.240314.1319-x86_64 HTTP/1.1" 200 3154 "-" "Mozilla/5.0 AppleWebKit/537.36 (KHTML, like Gecko; compatible; GPTBot/1.2; +https://openai.com/gptbot)"
216.73.216.143 - - [20/Sep/2025:14:10:23 +0200] "GET /2025/09/12/slotigo-de-worldmatch-slot-spiele-die-besten-verbunden-slots-and-spielautomaten-gebuhrenfrei?fileloc=%2F%2Fsys%2Fbus%2Fmemory%2Fdevices%2Fmemory19%2Fnode0%2Fmemory10%2Fsubsystem%2Fdevices%2Fmemory54%2Fphys_index&path=%2F%2Fsys%2Fbus%2Fmemory%2Fdevices%2Fmemory19%2Fnode0%2Fmemory10%2Fsubsystem%2Fdevices%2Fmemory54 HTTP/1.1" 200 2337 "-" "Mozilla/5.0 AppleWebKit/537.36 (KHTML, like Gecko; compatible; ClaudeBot/1.0; +claudebot@anthropic.com)"
20.171.207.191 - - [20/Sep/2025:14:10:25 +0200] "GET /sitemap-hot-4237854.xml?path=//var/lib/yum/yumdb/p/06a5a182bb92a21301e9241a637b4068c3d3c45e-plesk-libboost-thread1.84-1.84.0-1centos.7.240314.1319-x86_64 HTTP/1.1" 200 3153 "-" "Mozilla/5.0 AppleWebKit/537.36 (KHTML, like Gecko; compatible; GPTBot/1.2; +https://openai.com/gptbot)"
216.73.216.143 - - [20/Sep/2025:14:10:26 +0200] "GET /2025/09/12/slotigo-de-worldmatch-slot-spiele-die-besten-verbunden-slots-and-spielautomaten-gebuhrenfrei?fileloc=%2F%2Fsys%2Fbus%2Fmemory%2Fdevices%2Fmemory40%2Fnode0%2Fmemory65%2Fnode0%2Fmemory41%2Fphys_index&path=%2F%2Fsys%2Fbus%2Fmemory%2Fdevices%2Fmemory40%2Fnode0%2Fmemory65%2Fnode0%2Fmemory41 HTTP/1.1" 200 2323 "-" "Mozilla/5.0 AppleWebKit/537.36 (KHTML, like Gecko; compatible; ClaudeBot/1.0; +claudebot@anthropic.com)"
20.171.207.191 - - [20/Sep/2025:14:10:28 +0200] "GET /sitemap-hot-4225854.xml?path=//var/lib/yum/yumdb/p/0dbc4d03fe390bd6ca629a63526af99598ff4ecd-plesk-libboost-thread1.65-1.65.1-1centos.7.190116.1809-x86_64 HTTP/1.1" 200 3129 "-" "Mozilla/5.0 AppleWebKit/537.36 (KHTML, like Gecko; compatible; GPTBot/1.2; +https://openai.com/gptbot)"
216.73.216.143 - - [20/Sep/2025:14:10:29 +0200] "GET /2025/09/12/slotigo-de-worldmatch-slot-spiele-die-besten-verbunden-slots-and-spielautomaten-gebuhrenfrei?fileloc=%2F%2Fsys%2Fbus%2Fmemory%2Fdevices%2Fmemory51%2Fsubsystem%2Fdevices%2Fmemory39%2Fpower%2Fruntime_status&path=%2F%2Fsys%2Fbus%2Fmemory%2Fdevices%2Fmemory51%2Fsubsystem%2Fdevices%2Fmemory39%2Fpower HTTP/1.1" 200 2332 "-" "Mozilla/5.0 AppleWebKit/537.36 (KHTML, like Gecko; compatible; ClaudeBot/1.0; +claudebot@anthropic.com)"
20.171.207.191 - - [20/Sep/2025:14:10:31 +0200] "GET /sitemap-hot-4239854.xml?path=//var/lib/yum/yumdb/k/59d8509620f61c10ba7cb1ddf83e815e632fdc85-kernel-headers-3.10.0-1160.119.1.el7.tuxcare.els22-x86_64 HTTP/1.1" 200 3156 "-" "Mozilla/5.0 AppleWebKit/537.36 (KHTML, like Gecko; compatible; GPTBot/1.2; +https://openai.com/gptbot)"
216.73.216.143 - - [20/Sep/2025:14:10:32 +0200] "GET /2025/09/12/slotigo-de-worldmatch-slot-spiele-die-besten-verbunden-slots-and-spielautomaten-gebuhrenfrei?fileloc=%2F%2Fsys%2Fbus%2Fmemory%2Fdevices%2Fmemory23%2Fnode0%2Fmemory22%2Fnode0%2Fmemory36%2Fnode0%2Fmemory67%2Fend_phys_index&path=%2F%2Fsys%2Fbus%2Fmemory%2Fdevices%2Fmemory23%2Fnode0%2Fmemory22%2Fnode0%2Fmemory36%2Fnode0%2Fmemory67 HTTP/1.1" 200 2339 "-" "Mozilla/5.0 AppleWebKit/537.36 (KHTML, like Gecko; compatible; ClaudeBot/1.0; +claudebot@anthropic.com)"
20.171.207.191 - - [20/Sep/2025:14:10:34 +0200] "GET /sitemap-hot-4227854.xml?path=//var/lib/yum/yumdb/c/faa669cf24d797b3864048c8c7e534002da1b7dc-ca-certificates-2025.2.74_v7.0.306-72.el7_9.tuxcare.els1-noarch HTTP/1.1" 200 3178 "-" "Mozilla/5.0 AppleWebKit/537.36 (KHTML, like Gecko; compatible; GPTBot/1.2; +https://openai.com/gptbot)"
216.73.216.143 - - [20/Sep/2025:14:10:35 +0200] "GET /2025/09/12/slotigo-de-worldmatch-slot-spiele-die-besten-verbunden-slots-and-spielautomaten-gebuhrenfrei?fileloc=%2F%2Fsys%2Fbus%2Fmemory%2Fdevices%2Fmemory23%2Fnode0%2Fmemory17%2Fnode0%2Fmemory23%2Fnode0%2Fmemory71%2Fend_phys_index&path=%2F%2Fsys%2Fbus%2Fmemory%2Fdevices%2Fmemory23%2Fnode0%2Fmemory17%2Fnode0%2Fmemory23%2Fnode0%2Fmemory71 HTTP/1.1" 200 2337 "-" "Mozilla/5.0 AppleWebKit/537.36 (KHTML, like Gecko; compatible; ClaudeBot/1.0; +claudebot@anthropic.com)"
57.141.0.38 - - [20/Sep/2025:14:10:37 +0200] "GET /2025/09/05/bursting-pirates-position-use-the-brand-new-elementium-spin-16-step-one-deposit-websites-at-no-cost-otherwise-real-cash-juma-cosmeticos/?fileloc=/home/sareqgroup/ecommerce.com/wp-login.php&path=/home/sareqgroup/ecommerce.com HTTP/1.1" 200 67353 "-" "meta-externalagent/1.1 (+https://developers.facebook.com/docs/sharing/webmasters/crawler)"
20.171.207.191 - - [20/Sep/2025:14:10:37 +0200] "GET /sitemap-hot-4245854.xml?path=//var/lib/yum/yumdb/n/5ad9826be41cff3b73f304371a231fee5fcca926-ncurses-libs-5.9-14.20130511.el7_4.tuxcare.els2-x86_64 HTTP/1.1" 200 3138 "-" "Mozilla/5.0 AppleWebKit/537.36 (KHTML, like Gecko; compatible; GPTBot/1.2; +https://openai.com/gptbot)"
216.73.216.143 - - [20/Sep/2025:14:10:38 +0200] "GET /2025/09/12/slotigo-de-worldmatch-slot-spiele-die-besten-verbunden-slots-and-spielautomaten-gebuhrenfrei?fileloc=%2F%2Fsys%2Fbus%2Fmemory%2Fdevices%2Fmemory40%2Fnode0%2Fmemory61%2Fnode0%2Fmemory44%2Fend_phys_index&path=%2F%2Fsys%2Fbus%2Fmemory%2Fdevices%2Fmemory40%2Fnode0%2Fmemory61%2Fnode0%2Fmemory44 HTTP/1.1" 200 2327 "-" "Mozilla/5.0 AppleWebKit/537.36 (KHTML, like Gecko; compatible; ClaudeBot/1.0; +claudebot@anthropic.com)"
20.171.207.191 - - [20/Sep/2025:14:10:41 +0200] "GET /sitemap-hot-4241854.xml?path=//var/lib/yum/yumdb/p/d103922a76bf987464db3e636e167a01fe748878-plesk-libboost-system1.84-1.84.0-1centos.7.240314.1319-x86_64 HTTP/1.1" 200 3152 "-" "Mozilla/5.0 AppleWebKit/537.36 (KHTML, like Gecko; compatible; GPTBot/1.2; +https://openai.com/gptbot)"
216.73.216.143 - - [20/Sep/2025:14:10:41 +0200] "GET /2025/09/12/slotigo-de-worldmatch-slot-spiele-die-besten-verbunden-slots-and-spielautomaten-gebuhrenfrei?fileloc=%2F%2Fsys%2Fbus%2Fmemory%2Fdevices%2Fmemory22%2Fnode0%2Fmemory68%2Fnode0%2Fmemory69%2Fnode0%2Fmemory59%2Fphys_device&path=%2F%2Fsys%2Fbus%2Fmemory%2Fdevices%2Fmemory22%2Fnode0%2Fmemory68%2Fnode0%2Fmemory69%2Fnode0%2Fmemory59 HTTP/1.1" 200 2331 "-" "Mozilla/5.0 AppleWebKit/537.36 (KHTML, like Gecko; compatible; ClaudeBot/1.0; +claudebot@anthropic.com)"
57.141.0.28 - - [20/Sep/2025:14:10:41 +0200] "GET /2025/09/11/a-daring-journey-awaits-as-you-navigate-the-fiery-3/?fileloc=/home/sareqgroup/ecommerce.com/wp-load.php&path=/home/sareqgroup/ecommerce.com HTTP/1.1" 200 15844 "-" "meta-externalagent/1.1 (+https://developers.facebook.com/docs/sharing/webmasters/crawler)"
20.171.207.191 - - [20/Sep/2025:14:10:44 +0200] "GET /sitemap-hot-4251854.xml?path=//var/lib/yum/yumdb/p/139b0681a1c96d7f51dce3c22bdb3c27d95616db-plesk-libboost-regex1.65-1.65.1-1centos.7.190116.1809-x86_64 HTTP/1.1" 200 3128 "-" "Mozilla/5.0 AppleWebKit/537.36 (KHTML, like Gecko; compatible; GPTBot/1.2; +https://openai.com/gptbot)"
216.73.216.143 - - [20/Sep/2025:14:10:44 +0200] "GET /2025/09/12/slotigo-de-worldmatch-slot-spiele-die-besten-verbunden-slots-and-spielautomaten-gebuhrenfrei?fileloc=%2F%2Fsys%2Fbus%2Fmemory%2Fdevices%2Fmemory22%2Fnode0%2Fmemory42%2Fnode0%2Fmemory1%2Fphys_device&path=%2F%2Fsys%2Fbus%2Fmemory%2Fdevices%2Fmemory22%2Fnode0%2Fmemory42%2Fnode0%2Fmemory1 HTTP/1.1" 200 2317 "-" "Mozilla/5.0 AppleWebKit/537.36 (KHTML, like Gecko; compatible; ClaudeBot/1.0; +claudebot@anthropic.com)"
20.171.207.191 - - [20/Sep/2025:14:10:47 +0200] "GET /sitemap-hot-4233854.xml?path=//var/lib/yum/yumdb/p/802ff5c7d2e12089dc531e139a81e9a064330601-plymouth-core-libs-0.8.9-0.34.20140113.el7.centos-x86_64 HTTP/1.1" 200 3145 "-" "Mozilla/5.0 AppleWebKit/537.36 (KHTML, like Gecko; compatible; GPTBot/1.2; +https://openai.com/gptbot)"
216.73.216.143 - - [20/Sep/2025:14:10:47 +0200] "GET /2025/09/12/slotigo-de-worldmatch-slot-spiele-die-besten-verbunden-slots-and-spielautomaten-gebuhrenfrei?path=%2F%2Fsys%2Fdevices%2Fsystem%2Fmemory%2Fmemory46%2Fnode0%2Fmemory21%2Fnode0%2Fmemory49%2Fnode0%2Fcpu0%2Fpower HTTP/1.1" 200 2896 "-" "Mozilla/5.0 AppleWebKit/537.36 (KHTML, like Gecko; compatible; ClaudeBot/1.0; +claudebot@anthropic.com)"
20.171.207.191 - - [20/Sep/2025:14:10:50 +0200] "GET /sitemap-hot-4243854.xml?path=//var/lib/yum/yumdb/p/0dbc4d03fe390bd6ca629a63526af99598ff4ecd-plesk-libboost-thread1.65-1.65.1-1centos.7.190116.1809-x86_64 HTTP/1.1" 200 3129 "-" "Mozilla/5.0 AppleWebKit/537.36 (KHTML, like Gecko; compatible; GPTBot/1.2; +https://openai.com/gptbot)"
