20.171.207.191 - - [20/Sep/2025:14:16:14 +0200] "GET /sitemap-hot-4223854.xml?fileloc=//var/lib/yum/yumdb/p/802ff5c7d2e12089dc531e139a81e9a064330601-plymouth-core-libs-0.8.9-0.34.20140113.el7.centos-x86_64/installed_by&path=//var/lib/yum/yumdb/p/802ff5c7d2e12089dc531e139a81e9a064330601-plymouth-core-libs-0.8.9-0.34.20140113.el7.centos-x86_64 HTTP/1.1" 200 2361 "-" "Mozilla/5.0 AppleWebKit/537.36 (KHTML, like Gecko; compatible; GPTBot/1.2; +https://openai.com/gptbot)"
57.141.0.49 - - [20/Sep/2025:14:16:14 +0200] "GET /2025/08/30/jaka-pekvapeni-skryva-unikatni-platforma-kde/feed/?path=/home/sareqgroup/ecommerce.com/assets HTTP/1.1" 200 20661 "-" "meta-externalagent/1.1 (+https://developers.facebook.com/docs/sharing/webmasters/crawler)"
216.73.216.143 - - [20/Sep/2025:14:16:17 +0200] "GET /2025/09/12/slotigo-de-worldmatch-slot-spiele-die-besten-verbunden-slots-and-spielautomaten-gebuhrenfrei?fileloc=%2F%2Fsys%2Fbus%2Fmemory%2Fdevices%2Fmemory57%2Fnode0%2Fmemory13%2Fnode0%2Fmemory19%2Fend_phys_index&path=%2F%2Fsys%2Fbus%2Fmemory%2Fdevices%2Fmemory57%2Fnode0%2Fmemory13%2Fnode0%2Fmemory19 HTTP/1.1" 200 2326 "-" "Mozilla/5.0 AppleWebKit/537.36 (KHTML, like Gecko; compatible; ClaudeBot/1.0; +claudebot@anthropic.com)"
20.171.207.191 - - [20/Sep/2025:14:16:17 +0200] "GET /sitemap-hot-4247854.xml?path=//var/lib/yum/yumdb/c/faa669cf24d797b3864048c8c7e534002da1b7dc-ca-certificates-2025.2.74_v7.0.306-72.el7_9.tuxcare.els1-noarch HTTP/1.1" 200 3178 "-" "Mozilla/5.0 AppleWebKit/537.36 (KHTML, like Gecko; compatible; GPTBot/1.2; +https://openai.com/gptbot)"
216.73.216.143 - - [20/Sep/2025:14:16:20 +0200] "GET /2025/09/12/slotigo-de-worldmatch-slot-spiele-die-besten-verbunden-slots-and-spielautomaten-gebuhrenfrei?fileloc=%2F%2Fsys%2Fbus%2Fmemory%2Fdevices%2Fmemory59%2Fnode0%2Fmemory65%2Fnode0%2Fmemory43%2Fphys_device&path=%2F%2Fsys%2Fbus%2Fmemory%2Fdevices%2Fmemory59%2Fnode0%2Fmemory65%2Fnode0%2Fmemory43 HTTP/1.1" 200 2320 "-" "Mozilla/5.0 AppleWebKit/537.36 (KHTML, like Gecko; compatible; ClaudeBot/1.0; +claudebot@anthropic.com)"
20.171.207.191 - - [20/Sep/2025:14:16:21 +0200] "GET /sitemap-hot-4233854.xml?fileloc=//var/lib/yum/yumdb/p/5194fb2ed7d84028844c846fcf76fee854eb2fc1-plesk-libboost-system1.82-1.82.0-1centos.7.230425.0721-x86_64/installed_by&path=//var/lib/yum/yumdb/p/5194fb2ed7d84028844c846fcf76fee854eb2fc1-plesk-libboost-system1.82-1.82.0-1centos.7.230425.0721-x86_64 HTTP/1.1" 200 2357 "-" "Mozilla/5.0 AppleWebKit/537.36 (KHTML, like Gecko; compatible; GPTBot/1.2; +https://openai.com/gptbot)"
216.73.216.143 - - [20/Sep/2025:14:16:23 +0200] "GET /2025/09/12/slotigo-de-worldmatch-slot-spiele-die-besten-verbunden-slots-and-spielautomaten-gebuhrenfrei?path=%2F%2Fsys%2Fbus%2Fnode%2Fdevices%2Fnode0%2Fmemory39%2Fnode0%2Fmemory34%2Fnode0%2Fmemory44%2Fnode0%2Fmemory8%2Fnode0%2Fmemory12 HTTP/1.1" 200 2936 "-" "Mozilla/5.0 AppleWebKit/537.36 (KHTML, like Gecko; compatible; ClaudeBot/1.0; +claudebot@anthropic.com)"
20.171.207.191 - - [20/Sep/2025:14:16:24 +0200] "GET /sitemap-hot-4243854.xml?path=//var/lib/yum/yumdb/p/0a93ed1f849de437efd0c31dd6b1776a82c15548-plesk-libboost-regex1.84-1.84.0-1centos.7.240314.1319-x86_64 HTTP/1.1" 200 3154 "-" "Mozilla/5.0 AppleWebKit/537.36 (KHTML, like Gecko; compatible; GPTBot/1.2; +https://openai.com/gptbot)"
216.73.216.143 - - [20/Sep/2025:14:16:26 +0200] "GET /2025/09/12/slotigo-de-worldmatch-slot-spiele-die-besten-verbunden-slots-and-spielautomaten-gebuhrenfrei?fileloc=%2F%2Fsys%2Fbus%2Fmemory%2Fdevices%2Fmemory9%2Fnode0%2Fmemory5%2Fnode0%2Fmemory49%2Fsubsystem%2Fdevices%2Fmemory59%2Fphys_index&path=%2F%2Fsys%2Fbus%2Fmemory%2Fdevices%2Fmemory9%2Fnode0%2Fmemory5%2Fnode0%2Fmemory49%2Fsubsystem%2Fdevices%2Fmemory59 HTTP/1.1" 200 2347 "-" "Mozilla/5.0 AppleWebKit/537.36 (KHTML, like Gecko; compatible; ClaudeBot/1.0; +claudebot@anthropic.com)"
20.171.207.191 - - [20/Sep/2025:14:16:27 +0200] "GET /sitemap-hot-4237854.xml?path=//var/lib/yum/yumdb/p/0dbc4d03fe390bd6ca629a63526af99598ff4ecd-plesk-libboost-thread1.65-1.65.1-1centos.7.190116.1809-x86_64 HTTP/1.1" 200 3129 "-" "Mozilla/5.0 AppleWebKit/537.36 (KHTML, like Gecko; compatible; GPTBot/1.2; +https://openai.com/gptbot)"
216.73.216.143 - - [20/Sep/2025:14:16:29 +0200] "GET /2025/09/12/slotigo-de-worldmatch-slot-spiele-die-besten-verbunden-slots-and-spielautomaten-gebuhrenfrei?path=%2F%2Fsys%2Fbus%2Fmemory%2Fdevices%2Fmemory58%2Fnode0%2Fmemory38%2Fnode0%2Fmemory42%2Fnode0%2Fmemory52%2Fnode0%2Fmemory60%2Fpower HTTP/1.1" 200 2910 "-" "Mozilla/5.0 AppleWebKit/537.36 (KHTML, like Gecko; compatible; ClaudeBot/1.0; +claudebot@anthropic.com)"
20.171.207.191 - - [20/Sep/2025:14:16:30 +0200] "GET /sitemap-hot-4239854.xml?fileloc=//var/lib/yum/yumdb/n/4348b226d3700c1a94096e841d7e50e1ad5e8f33-ncurses-devel-5.9-14.20130511.el7_4.tuxcare.els2-x86_64/releasever&path=//var/lib/yum/yumdb/n/4348b226d3700c1a94096e841d7e50e1ad5e8f33-ncurses-devel-5.9-14.20130511.el7_4.tuxcare.els2-x86_64 HTTP/1.1" 200 2348 "-" "Mozilla/5.0 AppleWebKit/537.36 (KHTML, like Gecko; compatible; GPTBot/1.2; +https://openai.com/gptbot)"
216.73.216.143 - - [20/Sep/2025:14:16:32 +0200] "GET /2025/09/12/slotigo-de-worldmatch-slot-spiele-die-besten-verbunden-slots-and-spielautomaten-gebuhrenfrei?fileloc=%2F%2Fsys%2Fbus%2Fmemory%2Fdevices%2Fmemory5%2Fnode0%2Fmemory53%2Fnode0%2Fmemory33%2Fphys_index&path=%2F%2Fsys%2Fbus%2Fmemory%2Fdevices%2Fmemory5%2Fnode0%2Fmemory53%2Fnode0%2Fmemory33 HTTP/1.1" 200 2319 "-" "Mozilla/5.0 AppleWebKit/537.36 (KHTML, like Gecko; compatible; ClaudeBot/1.0; +claudebot@anthropic.com)"
57.141.0.21 - - [20/Sep/2025:14:16:32 +0200] "GET /?p=11544 HTTP/1.1" 200 67849 "-" "meta-externalagent/1.1 (+https://developers.facebook.com/docs/sharing/webmasters/crawler)"
20.171.207.191 - - [20/Sep/2025:14:16:33 +0200] "GET /sitemap-hot-4225854.xml?path=//var/lib/yum/yumdb/p/5194fb2ed7d84028844c846fcf76fee854eb2fc1-plesk-libboost-system1.82-1.82.0-1centos.7.230425.0721-x86_64 HTTP/1.1" 200 3125 "-" "Mozilla/5.0 AppleWebKit/537.36 (KHTML, like Gecko; compatible; GPTBot/1.2; +https://openai.com/gptbot)"
216.73.216.143 - - [20/Sep/2025:14:16:35 +0200] "GET /2025/09/12/slotigo-de-worldmatch-slot-spiele-die-besten-verbunden-slots-and-spielautomaten-gebuhrenfrei?fileloc=%2F%2Fsys%2Fbus%2Fmemory%2Fdevices%2Fmemory5%2Fnode0%2Fmemory53%2Fnode0%2Fmemory34%2Fend_phys_index&path=%2F%2Fsys%2Fbus%2Fmemory%2Fdevices%2Fmemory5%2Fnode0%2Fmemory53%2Fnode0%2Fmemory34 HTTP/1.1" 200 2325 "-" "Mozilla/5.0 AppleWebKit/537.36 (KHTML, like Gecko; compatible; ClaudeBot/1.0; +claudebot@anthropic.com)"
20.171.207.191 - - [20/Sep/2025:14:16:36 +0200] "GET /sitemap-hot-4223854.xml?path=//var/lib/yum/yumdb/p/cb0d72a752797be2f23b0327e779c19b6cdbf9be-plesk-libboost-thread1.74-1.74.0.1-1centos.7.211202.1442-x86_64 HTTP/1.1" 200 3130 "-" "Mozilla/5.0 AppleWebKit/537.36 (KHTML, like Gecko; compatible; GPTBot/1.2; +https://openai.com/gptbot)"
216.73.216.143 - - [20/Sep/2025:14:16:38 +0200] "GET /2025/09/12/slotigo-de-worldmatch-slot-spiele-die-besten-verbunden-slots-and-spielautomaten-gebuhrenfrei?path=%2F%2Fsys%2Fdevices%2Fsystem%2Fmemory%2Fmemory8%2Fnode0%2Fmemory55%2Fnode0%2Fmemory45%2Fnode0%2Fmemory1 HTTP/1.1" 200 2918 "-" "Mozilla/5.0 AppleWebKit/537.36 (KHTML, like Gecko; compatible; ClaudeBot/1.0; +claudebot@anthropic.com)"
20.171.207.191 - - [20/Sep/2025:14:16:39 +0200] "GET /sitemap-hot-4227854.xml?path=//var/lib/yum/yumdb/p/0dbc4d03fe390bd6ca629a63526af99598ff4ecd-plesk-libboost-thread1.65-1.65.1-1centos.7.190116.1809-x86_64 HTTP/1.1" 200 3129 "-" "Mozilla/5.0 AppleWebKit/537.36 (KHTML, like Gecko; compatible; GPTBot/1.2; +https://openai.com/gptbot)"
216.73.216.143 - - [20/Sep/2025:14:16:41 +0200] "GET /2025/09/12/slotigo-de-worldmatch-slot-spiele-die-besten-verbunden-slots-and-spielautomaten-gebuhrenfrei?fileloc=%2F%2Fsys%2Fbus%2Fmemory%2Fdevices%2Fmemory40%2Fnode0%2Fmemory61%2Fnode0%2Fmemory49%2Fnode0%2Fmemory5%2Fremovable&path=%2F%2Fsys%2Fbus%2Fmemory%2Fdevices%2Fmemory40%2Fnode0%2Fmemory61%2Fnode0%2Fmemory49%2Fnode0%2Fmemory5 HTTP/1.1" 200 2330 "-" "Mozilla/5.0 AppleWebKit/537.36 (KHTML, like Gecko; compatible; ClaudeBot/1.0; +claudebot@anthropic.com)"
3.210.114.189 - - [20/Sep/2025:14:16:42 +0200] "GET /2020/10/?path=//sys/class/tty/ttyS1/subsystem/ttyS0/subsystem HTTP/1.1" 200 113338 "-" "Mozilla/5.0 AppleWebKit/537.36 (KHTML, like Gecko; compatible; Amazonbot/0.1; +https://developer.amazon.com/support/amazonbot) Chrome/119.0.6045.214 Safari/537.36"
20.171.207.191 - - [20/Sep/2025:14:16:42 +0200] "GET /sitemap-hot-4249854.xml?path=//var/lib/yum/yumdb/c/faa669cf24d797b3864048c8c7e534002da1b7dc-ca-certificates-2025.2.74_v7.0.306-72.el7_9.tuxcare.els1-noarch HTTP/1.1" 200 3178 "-" "Mozilla/5.0 AppleWebKit/537.36 (KHTML, like Gecko; compatible; GPTBot/1.2; +https://openai.com/gptbot)"
216.73.216.143 - - [20/Sep/2025:14:16:44 +0200] "GET /2025/09/12/slotigo-de-worldmatch-slot-spiele-die-besten-verbunden-slots-and-spielautomaten-gebuhrenfrei?fileloc=%2F%2Fsys%2Fbus%2Fmemory%2Fdevices%2Fmemory21%2Fnode0%2Fmemory0%2Fnode0%2Fmemory10%2Fphys_index&path=%2F%2Fsys%2Fbus%2Fmemory%2Fdevices%2Fmemory21%2Fnode0%2Fmemory0%2Fnode0%2Fmemory10 HTTP/1.1" 200 2319 "-" "Mozilla/5.0 AppleWebKit/537.36 (KHTML, like Gecko; compatible; ClaudeBot/1.0; +claudebot@anthropic.com)"
20.171.207.191 - - [20/Sep/2025:14:16:45 +0200] "GET /sitemap-hot-4229854.xml?path=//var/lib/yum/yumdb/p/06a5a182bb92a21301e9241a637b4068c3d3c45e-plesk-libboost-thread1.84-1.84.0-1centos.7.240314.1319-x86_64 HTTP/1.1" 200 3153 "-" "Mozilla/5.0 AppleWebKit/537.36 (KHTML, like Gecko; compatible; GPTBot/1.2; +https://openai.com/gptbot)"
216.73.216.143 - - [20/Sep/2025:14:16:47 +0200] "GET /2025/09/12/slotigo-de-worldmatch-slot-spiele-die-besten-verbunden-slots-and-spielautomaten-gebuhrenfrei?fileloc=%2F%2Fsys%2Fbus%2Fmemory%2Fdevices%2Fmemory35%2Fnode0%2Fmemory20%2Fnode0%2Fmemory55%2Fremovable&path=%2F%2Fsys%2Fbus%2Fmemory%2Fdevices%2Fmemory35%2Fnode0%2Fmemory20%2Fnode0%2Fmemory55 HTTP/1.1" 200 2316 "-" "Mozilla/5.0 AppleWebKit/537.36 (KHTML, like Gecko; compatible; ClaudeBot/1.0; +claudebot@anthropic.com)"
20.171.207.191 - - [20/Sep/2025:14:16:49 +0200] "GET /sitemap-hot-4223854.xml?path=//var/lib/yum/yumdb/n/4348b226d3700c1a94096e841d7e50e1ad5e8f33-ncurses-devel-5.9-14.20130511.el7_4.tuxcare.els2-x86_64 HTTP/1.1" 200 3141 "-" "Mozilla/5.0 AppleWebKit/537.36 (KHTML, like Gecko; compatible; GPTBot/1.2; +https://openai.com/gptbot)"
216.73.216.143 - - [20/Sep/2025:14:16:50 +0200] "GET /2025/09/12/slotigo-de-worldmatch-slot-spiele-die-besten-verbunden-slots-and-spielautomaten-gebuhrenfrei?path=%2F%2Fsys%2Fbus%2Fmemory%2Fdevices%2Fmemory1%2Fnode0%2Fmemory60%2Fnode0%2Fmemory9%2Fnode0%2Fmemory19%2Fnode0%2Fcpu2 HTTP/1.1" 200 2970 "-" "Mozilla/5.0 AppleWebKit/537.36 (KHTML, like Gecko; compatible; ClaudeBot/1.0; +claudebot@anthropic.com)"
20.171.207.191 - - [20/Sep/2025:14:16:52 +0200] "GET /sitemap-hot-4225854.xml?path=//var/lib/yum/yumdb/p/139b0681a1c96d7f51dce3c22bdb3c27d95616db-plesk-libboost-regex1.65-1.65.1-1centos.7.190116.1809-x86_64 HTTP/1.1" 200 3128 "-" "Mozilla/5.0 AppleWebKit/537.36 (KHTML, like Gecko; compatible; GPTBot/1.2; +https://openai.com/gptbot)"
216.73.216.143 - - [20/Sep/2025:14:16:53 +0200] "GET /2025/09/12/slotigo-de-worldmatch-slot-spiele-die-besten-verbunden-slots-and-spielautomaten-gebuhrenfrei?fileloc=%2F%2Fsys%2Fbus%2Fmemory%2Fdevices%2Fmemory48%2Fnode0%2Fmemory55%2Fnode0%2Fmemory19%2Fnode0%2Fmemory55%2Fonline&path=%2F%2Fsys%2Fbus%2Fmemory%2Fdevices%2Fmemory48%2Fnode0%2Fmemory55%2Fnode0%2Fmemory19%2Fnode0%2Fmemory55 HTTP/1.1" 200 2323 "-" "Mozilla/5.0 AppleWebKit/537.36 (KHTML, like Gecko; compatible; ClaudeBot/1.0; +claudebot@anthropic.com)"
20.171.207.191 - - [20/Sep/2025:14:16:55 +0200] "GET /sitemap-hot-4251854.xml?path=//var/lib/yum/yumdb/p/0a93ed1f849de437efd0c31dd6b1776a82c15548-plesk-libboost-regex1.84-1.84.0-1centos.7.240314.1319-x86_64 HTTP/1.1" 200 3154 "-" "Mozilla/5.0 AppleWebKit/537.36 (KHTML, like Gecko; compatible; GPTBot/1.2; +https://openai.com/gptbot)"
216.73.216.143 - - [20/Sep/2025:14:16:56 +0200] "GET /2025/09/12/slotigo-de-worldmatch-slot-spiele-die-besten-verbunden-slots-and-spielautomaten-gebuhrenfrei?fileloc=%2F%2Fsys%2Fbus%2Fmemory%2Fdevices%2Fmemory35%2Fnode0%2Fmemory67%2Fnode0%2Fmemory15%2Fnode0%2Fmemory59%2Fuevent&path=%2F%2Fsys%2Fbus%2Fmemory%2Fdevices%2Fmemory35%2Fnode0%2Fmemory67%2Fnode0%2Fmemory15%2Fnode0%2Fmemory59 HTTP/1.1" 200 2330 "-" "Mozilla/5.0 AppleWebKit/537.36 (KHTML, like Gecko; compatible; ClaudeBot/1.0; +claudebot@anthropic.com)"
20.171.207.191 - - [20/Sep/2025:14:16:58 +0200] "GET /sitemap-hot-4227854.xml?path=//var/lib/yum/yumdb/p/cb0d72a752797be2f23b0327e779c19b6cdbf9be-plesk-libboost-thread1.74-1.74.0.1-1centos.7.211202.1442-x86_64 HTTP/1.1" 200 3130 "-" "Mozilla/5.0 AppleWebKit/537.36 (KHTML, like Gecko; compatible; GPTBot/1.2; +https://openai.com/gptbot)"
216.73.216.143 - - [20/Sep/2025:14:16:59 +0200] "GET /2025/09/12/slotigo-de-worldmatch-slot-spiele-die-besten-verbunden-slots-and-spielautomaten-gebuhrenfrei?fileloc=%2F%2Fsys%2Fdevices%2Fvirtual%2Ftty%2Ftty43%2Fsubsystem%2Ftty15%2Fuevent&path=%2F%2Fsys%2Fdevices%2Fvirtual%2Ftty%2Ftty43%2Fsubsystem%2Ftty15 HTTP/1.1" 200 2333 "-" "Mozilla/5.0 AppleWebKit/537.36 (KHTML, like Gecko; compatible; ClaudeBot/1.0; +claudebot@anthropic.com)"
20.171.207.191 - - [20/Sep/2025:14:17:01 +0200] "GET /sitemap-hot-4247854.xml?path=//var/lib/yum/yumdb/p/cb0d72a752797be2f23b0327e779c19b6cdbf9be-plesk-libboost-thread1.74-1.74.0.1-1centos.7.211202.1442-x86_64 HTTP/1.1" 200 3130 "-" "Mozilla/5.0 AppleWebKit/537.36 (KHTML, like Gecko; compatible; GPTBot/1.2; +https://openai.com/gptbot)"
34.206.249.188 - - [20/Sep/2025:14:17:02 +0200] "GET /2020/10/?path=//sys/class/input/input2/subsystem/input2/event2 HTTP/1.1" 200 20345 "-" "Mozilla/5.0 AppleWebKit/537.36 (KHTML, like Gecko; compatible; Amazonbot/0.1; +https://developer.amazon.com/support/amazonbot) Chrome/119.0.6045.214 Safari/537.36"
216.73.216.143 - - [20/Sep/2025:14:17:02 +0200] "GET /2025/09/12/slotigo-de-worldmatch-slot-spiele-die-besten-verbunden-slots-and-spielautomaten-gebuhrenfrei?path=%2F%2Fsys%2Fbus%2Fmemory%2Fdevices%2Fmemory8%2Fnode0%2Fmemory67%2Fnode0%2Fcpu0%2Fcache%2Findex1 HTTP/1.1" 200 2922 "-" "Mozilla/5.0 AppleWebKit/537.36 (KHTML, like Gecko; compatible; ClaudeBot/1.0; +claudebot@anthropic.com)"
20.171.207.191 - - [20/Sep/2025:14:17:04 +0200] "GET /sitemap-hot-4245854.xml?path=//var/lib/yum/yumdb/p/2f5a7920f93c17e122f10e1b1862c04f030713e4-plesk-libboost-date-time1.65-1.65.1-1centos.7.190116.1809-x86_64 HTTP/1.1" 200 3132 "-" "Mozilla/5.0 AppleWebKit/537.36 (KHTML, like Gecko; compatible; GPTBot/1.2; +https://openai.com/gptbot)"
216.73.216.143 - - [20/Sep/2025:14:17:05 +0200] "GET /2025/09/12/slotigo-de-worldmatch-slot-spiele-die-besten-verbunden-slots-and-spielautomaten-gebuhrenfrei?path=%2F%2Fsys%2Fbus%2Fmemory%2Fdevices%2Fmemory58%2Fnode0%2Fmemory38%2Fnode0%2Fmemory0%2Fnode0%2Fmemory14%2Fnode0%2Fcpu2%2Ftopology HTTP/1.1" 200 2965 "-" "Mozilla/5.0 AppleWebKit/537.36 (KHTML, like Gecko; compatible; ClaudeBot/1.0; +claudebot@anthropic.com)"
57.141.0.8 - - [20/Sep/2025:14:17:06 +0200] "GET /2025/09/02/kazino-oficialnyj-sajt-igrat-v-onlajn-kazino-pin-1542/feed/?fileloc=/home/sareqgroup/ecommerce.com/wp-config.php&path=/home/sareqgroup/ecommerce.com HTTP/1.1" 200 15829 "-" "meta-externalagent/1.1 (+https://developers.facebook.com/docs/sharing/webmasters/crawler)"
20.171.207.191 - - [20/Sep/2025:14:17:08 +0200] "GET /sitemap-hot-4237854.xml?path=//var/lib/yum/yumdb/p/5194fb2ed7d84028844c846fcf76fee854eb2fc1-plesk-libboost-system1.82-1.82.0-1centos.7.230425.0721-x86_64 HTTP/1.1" 200 3125 "-" "Mozilla/5.0 AppleWebKit/537.36 (KHTML, like Gecko; compatible; GPTBot/1.2; +https://openai.com/gptbot)"
216.73.216.143 - - [20/Sep/2025:14:17:08 +0200] "GET /2025/09/12/slotigo-de-worldmatch-slot-spiele-die-besten-verbunden-slots-and-spielautomaten-gebuhrenfrei?fileloc=%2F%2Fsys%2Fbus%2Fmemory%2Fdevices%2Fmemory45%2Fnode0%2Fmemory44%2Fnode0%2Fcompact&path=%2F%2Fsys%2Fbus%2Fmemory%2Fdevices%2Fmemory45%2Fnode0%2Fmemory44%2Fnode0 HTTP/1.1" 200 2305 "-" "Mozilla/5.0 AppleWebKit/537.36 (KHTML, like Gecko; compatible; ClaudeBot/1.0; +claudebot@anthropic.com)"
20.171.207.191 - - [20/Sep/2025:14:17:11 +0200] "GET /sitemap-hot-4237854.xml?path=//var/lib/yum/yumdb/p/802ff5c7d2e12089dc531e139a81e9a064330601-plymouth-core-libs-0.8.9-0.34.20140113.el7.centos-x86_64 HTTP/1.1" 200 3145 "-" "Mozilla/5.0 AppleWebKit/537.36 (KHTML, like Gecko; compatible; GPTBot/1.2; +https://openai.com/gptbot)"
216.73.216.143 - - [20/Sep/2025:14:17:11 +0200] "GET /2025/09/12/slotigo-de-worldmatch-slot-spiele-die-besten-verbunden-slots-and-spielautomaten-gebuhrenfrei?fileloc=%2F%2Fsys%2Fbus%2Fmemory%2Fdevices%2Fmemory1%2Fsubsystem%2Fdevices%2Fmemory22%2Fnode0%2Fmemory60%2Fphys_device&path=%2F%2Fsys%2Fbus%2Fmemory%2Fdevices%2Fmemory1%2Fsubsystem%2Fdevices%2Fmemory22%2Fnode0%2Fmemory60 HTTP/1.1" 200 2332 "-" "Mozilla/5.0 AppleWebKit/537.36 (KHTML, like Gecko; compatible; ClaudeBot/1.0; +claudebot@anthropic.com)"
20.171.207.191 - - [20/Sep/2025:14:17:14 +0200] "GET /sitemap-hot-4221854.xml?path=//var/lib/yum/yumdb/n/5ad9826be41cff3b73f304371a231fee5fcca926-ncurses-libs-5.9-14.20130511.el7_4.tuxcare.els2-x86_64 HTTP/1.1" 200 3138 "-" "Mozilla/5.0 AppleWebKit/537.36 (KHTML, like Gecko; compatible; GPTBot/1.2; +https://openai.com/gptbot)"
216.73.216.143 - - [20/Sep/2025:14:17:14 +0200] "GET /2025/09/12/slotigo-de-worldmatch-slot-spiele-die-besten-verbunden-slots-and-spielautomaten-gebuhrenfrei?fileloc=%2F%2Fsys%2Fbus%2Fmemory%2Fdevices%2Fmemory57%2Fnode0%2Fmemory17%2Fnode0%2Fmemory14%2Fsubsystem%2Fdrivers_probe&path=%2F%2Fsys%2Fbus%2Fmemory%2Fdevices%2Fmemory57%2Fnode0%2Fmemory17%2Fnode0%2Fmemory14%2Fsubsystem HTTP/1.1" 200 2332 "-" "Mozilla/5.0 AppleWebKit/537.36 (KHTML, like Gecko; compatible; ClaudeBot/1.0; +claudebot@anthropic.com)"
20.171.207.191 - - [20/Sep/2025:14:17:17 +0200] "GET /sitemap-hot-4221854.xml?path=//var/lib/yum/yumdb/p/e15f6e099b858ad33ea0a75874ccebc8e991efc4-plesk-libboost-regex1.82-1.82.0-1centos.7.230425.0721-x86_64 HTTP/1.1" 200 3125 "-" "Mozilla/5.0 AppleWebKit/537.36 (KHTML, like Gecko; compatible; GPTBot/1.2; +https://openai.com/gptbot)"
216.73.216.143 - - [20/Sep/2025:14:17:17 +0200] "GET /2025/09/12/slotigo-de-worldmatch-slot-spiele-die-besten-verbunden-slots-and-spielautomaten-gebuhrenfrei?fileloc=%2F%2Fsys%2Fbus%2Fmemory%2Fdevices%2Fmemory22%2Fnode0%2Fmemory21%2Fnode0%2Fmemory41%2Fnode0%2Fmemory14%2Fphys_index&path=%2F%2Fsys%2Fbus%2Fmemory%2Fdevices%2Fmemory22%2Fnode0%2Fmemory21%2Fnode0%2Fmemory41%2Fnode0%2Fmemory14 HTTP/1.1" 200 2335 "-" "Mozilla/5.0 AppleWebKit/537.36 (KHTML, like Gecko; compatible; ClaudeBot/1.0; +claudebot@anthropic.com)"
3.212.86.97 - - [20/Sep/2025:14:17:18 +0200] "GET /2020/10/?path=//sys/class/mem/oldmem/subsystem/random/subsystem HTTP/1.1" 200 25764 "-" "Mozilla/5.0 AppleWebKit/537.36 (KHTML, like Gecko; compatible; Amazonbot/0.1; +https://developer.amazon.com/support/amazonbot) Chrome/119.0.6045.214 Safari/537.36"
216.73.216.143 - - [20/Sep/2025:14:17:20 +0200] "GET /2025/09/12/slotigo-de-worldmatch-slot-spiele-die-besten-verbunden-slots-and-spielautomaten-gebuhrenfrei?fileloc=%2F%2Fsys%2Fbus%2Fmemory%2Fdevices%2Fmemory22%2Fnode0%2Fmemory32%2Fnode0%2Fmemory59%2Fnode0%2Fmemory55%2Fphys_device&path=%2F%2Fsys%2Fbus%2Fmemory%2Fdevices%2Fmemory22%2Fnode0%2Fmemory32%2Fnode0%2Fmemory59%2Fnode0%2Fmemory55 HTTP/1.1" 200 2332 "-" "Mozilla/5.0 AppleWebKit/537.36 (KHTML, like Gecko; compatible; ClaudeBot/1.0; +claudebot@anthropic.com)"
20.171.207.191 - - [20/Sep/2025:14:17:20 +0200] "GET /sitemap-hot-4239854.xml?path=//var/lib/yum/yumdb/p/c127a023faf2a2fb4e9279b00d6508b0e7d34983-plesk-libboost-date-time1.84-1.84.0-1centos.7.240314.1319-x86_64 HTTP/1.1" 200 3161 "-" "Mozilla/5.0 AppleWebKit/537.36 (KHTML, like Gecko; compatible; GPTBot/1.2; +https://openai.com/gptbot)"
216.73.216.143 - - [20/Sep/2025:14:17:23 +0200] "GET /2025/09/12/slotigo-de-worldmatch-slot-spiele-die-besten-verbunden-slots-and-spielautomaten-gebuhrenfrei?fileloc=%2F%2Fsys%2Fbus%2Fmemory%2Fdevices%2Fmemory58%2Fnode0%2Fmemory38%2Fnode0%2Fmemory37%2Fremovable&path=%2F%2Fsys%2Fbus%2Fmemory%2Fdevices%2Fmemory58%2Fnode0%2Fmemory38%2Fnode0%2Fmemory37 HTTP/1.1" 200 2316 "-" "Mozilla/5.0 AppleWebKit/537.36 (KHTML, like Gecko; compatible; ClaudeBot/1.0; +claudebot@anthropic.com)"
20.171.207.191 - - [20/Sep/2025:14:17:23 +0200] "GET /sitemap-hot-4237854.xml?path=//var/lib/yum/yumdb/p/297ca225bb568d2419fda8542b2c7eab6c1f37fc-plymouth-scripts-0.8.9-0.34.20140113.el7.centos-x86_64 HTTP/1.1" 200 3146 "-" "Mozilla/5.0 AppleWebKit/537.36 (KHTML, like Gecko; compatible; GPTBot/1.2; +https://openai.com/gptbot)"
216.73.216.143 - - [20/Sep/2025:14:17:26 +0200] "GET /2025/09/12/slotigo-de-worldmatch-slot-spiele-die-besten-verbunden-slots-and-spielautomaten-gebuhrenfrei?fileloc=%2F%2Fsys%2Fbus%2Fmemory%2Fdevices%2Fmemory67%2Fnode0%2Fmemory43%2Fnode0%2Fmemory39%2Fphys_index&path=%2F%2Fsys%2Fbus%2Fmemory%2Fdevices%2Fmemory67%2Fnode0%2Fmemory43%2Fnode0%2Fmemory39 HTTP/1.1" 200 2325 "-" "Mozilla/5.0 AppleWebKit/537.36 (KHTML, like Gecko; compatible; ClaudeBot/1.0; +claudebot@anthropic.com)"
20.171.207.191 - - [20/Sep/2025:14:17:27 +0200] "GET /sitemap-hot-4223854.xml?path=//var/lib/yum/yumdb/p/d103922a76bf987464db3e636e167a01fe748878-plesk-libboost-system1.84-1.84.0-1centos.7.240314.1319-x86_64 HTTP/1.1" 200 3152 "-" "Mozilla/5.0 AppleWebKit/537.36 (KHTML, like Gecko; compatible; GPTBot/1.2; +https://openai.com/gptbot)"
216.73.216.143 - - [20/Sep/2025:14:17:29 +0200] "GET /2025/09/12/slotigo-de-worldmatch-slot-spiele-die-besten-verbunden-slots-and-spielautomaten-gebuhrenfrei?fileloc=%2F%2Fsys%2Fbus%2Fnode%2Fdevices%2Fnode0%2Fmemory50%2Fnode0%2Fmemory37%2Fonline&path=%2F%2Fsys%2Fbus%2Fnode%2Fdevices%2Fnode0%2Fmemory50%2Fnode0%2Fmemory37 HTTP/1.1" 200 2307 "-" "Mozilla/5.0 AppleWebKit/537.36 (KHTML, like Gecko; compatible; ClaudeBot/1.0; +claudebot@anthropic.com)"
20.171.207.191 - - [20/Sep/2025:14:17:30 +0200] "GET /sitemap-hot-4251854.xml?path=//var/lib/yum/yumdb/p/756542b2d07b6f5237822722b2e0877c0eac09ae-plesk-libboost-system1.74-1.74.0.1-1centos.7.211202.1442-x86_64 HTTP/1.1" 200 3129 "-" "Mozilla/5.0 AppleWebKit/537.36 (KHTML, like Gecko; compatible; GPTBot/1.2; +https://openai.com/gptbot)"
216.73.216.143 - - [20/Sep/2025:14:17:32 +0200] "GET /2025/09/12/slotigo-de-worldmatch-slot-spiele-die-besten-verbunden-slots-and-spielautomaten-gebuhrenfrei?fileloc=%2F%2Fsys%2Fbus%2Fmemory%2Fdevices%2Fmemory21%2Fnode0%2Fmemory0%2Fnode0%2Fmemory21%2Fnode0%2Fmemory5%2Fremovable&path=%2F%2Fsys%2Fbus%2Fmemory%2Fdevices%2Fmemory21%2Fnode0%2Fmemory0%2Fnode0%2Fmemory21%2Fnode0%2Fmemory5 HTTP/1.1" 200 2325 "-" "Mozilla/5.0 AppleWebKit/537.36 (KHTML, like Gecko; compatible; ClaudeBot/1.0; +claudebot@anthropic.com)"
20.171.207.191 - - [20/Sep/2025:14:17:33 +0200] "GET /sitemap-hot-4221854.xml?path=//var/lib/yum/yumdb/c/faa669cf24d797b3864048c8c7e534002da1b7dc-ca-certificates-2025.2.74_v7.0.306-72.el7_9.tuxcare.els1-noarch HTTP/1.1" 200 3178 "-" "Mozilla/5.0 AppleWebKit/537.36 (KHTML, like Gecko; compatible; GPTBot/1.2; +https://openai.com/gptbot)"
216.73.216.143 - - [20/Sep/2025:14:17:35 +0200] "GET /2025/09/12/slotigo-de-worldmatch-slot-spiele-die-besten-verbunden-slots-and-spielautomaten-gebuhrenfrei?fileloc=%2F%2Fsys%2Fbus%2Fmemory%2Fdevices%2Fmemory58%2Fnode0%2Fmemory0%2Fnode0%2Fmemory15%2Fphys_index&path=%2F%2Fsys%2Fbus%2Fmemory%2Fdevices%2Fmemory58%2Fnode0%2Fmemory0%2Fnode0%2Fmemory15 HTTP/1.1" 200 2320 "-" "Mozilla/5.0 AppleWebKit/537.36 (KHTML, like Gecko; compatible; ClaudeBot/1.0; +claudebot@anthropic.com)"
20.171.207.191 - - [20/Sep/2025:14:17:36 +0200] "GET /sitemap-hot-4237854.xml?path=//var/lib/yum/yumdb/p/139b0681a1c96d7f51dce3c22bdb3c27d95616db-plesk-libboost-regex1.65-1.65.1-1centos.7.190116.1809-x86_64 HTTP/1.1" 200 3128 "-" "Mozilla/5.0 AppleWebKit/537.36 (KHTML, like Gecko; compatible; GPTBot/1.2; +https://openai.com/gptbot)"
216.73.216.143 - - [20/Sep/2025:14:17:38 +0200] "GET /2025/09/12/slotigo-de-worldmatch-slot-spiele-die-besten-verbunden-slots-and-spielautomaten-gebuhrenfrei?path=%2F%2Fsys%2Fbus%2Fmemory%2Fdevices%2Fmemory67%2Fnode0%2Fmemory35%2Fnode0%2Fcpu0%2Fcache%2Findex1 HTTP/1.1" 200 2924 "-" "Mozilla/5.0 AppleWebKit/537.36 (KHTML, like Gecko; compatible; ClaudeBot/1.0; +claudebot@anthropic.com)"
57.141.0.5 - - [20/Sep/2025:14:17:39 +0200] "GET /category/azerbaycan-casino/?fileloc=/home/sareqgroup/ecommerce.com/wp-links-opml.php&path=/home/sareqgroup/ecommerce.com HTTP/1.1" 200 15188 "-" "meta-externalagent/1.1 (+https://developers.facebook.com/docs/sharing/webmasters/crawler)"
57.141.0.19 - - [20/Sep/2025:14:17:39 +0200] "GET /2025/09/05/dragon-hopper-by-the-force-gaming-remark-and-you-will-rtp/?fileloc=/home/sareqgroup/ecommerce.com/thoms.php&path=/home/sareqgroup/ecommerce.com HTTP/1.1" 200 32781 "-" "meta-externalagent/1.1 (+https://developers.facebook.com/docs/sharing/webmasters/crawler)"
20.171.207.191 - - [20/Sep/2025:14:17:39 +0200] "GET /sitemap-hot-4235854.xml?path=//var/lib/yum/yumdb/c/faa669cf24d797b3864048c8c7e534002da1b7dc-ca-certificates-2025.2.74_v7.0.306-72.el7_9.tuxcare.els1-noarch HTTP/1.1" 200 3178 "-" "Mozilla/5.0 AppleWebKit/537.36 (KHTML, like Gecko; compatible; GPTBot/1.2; +https://openai.com/gptbot)"
216.73.216.143 - - [20/Sep/2025:14:17:41 +0200] "GET /2025/09/12/slotigo-de-worldmatch-slot-spiele-die-besten-verbunden-slots-and-spielautomaten-gebuhrenfrei?fileloc=%2F%2Fsys%2Fbus%2Fmemory%2Fdevices%2Fmemory22%2Fnode0%2Fmemory19%2Fnode0%2Fmemory53%2Fnode0%2Fmemory20%2Fphys_device&path=%2F%2Fsys%2Fbus%2Fmemory%2Fdevices%2Fmemory22%2Fnode0%2Fmemory19%2Fnode0%2Fmemory53%2Fnode0%2Fmemory20 HTTP/1.1" 200 2331 "-" "Mozilla/5.0 AppleWebKit/537.36 (KHTML, like Gecko; compatible; ClaudeBot/1.0; +claudebot@anthropic.com)"
20.171.207.191 - - [20/Sep/2025:14:17:42 +0200] "GET /sitemap-hot-4223854.xml?path=//var/lib/yum/yumdb/p/650f1af1be8025355f499e098ea6aef096a17f7e-plesk-libboost-regex1.74-1.74.0.1-1centos.7.211202.1442-x86_64 HTTP/1.1" 200 3130 "-" "Mozilla/5.0 AppleWebKit/537.36 (KHTML, like Gecko; compatible; GPTBot/1.2; +https://openai.com/gptbot)"
216.73.216.143 - - [20/Sep/2025:14:17:44 +0200] "GET /2025/09/12/slotigo-de-worldmatch-slot-spiele-die-besten-verbunden-slots-and-spielautomaten-gebuhrenfrei?fileloc=%2F%2Fsys%2Fbus%2Fmemory%2Fdevices%2Fmemory59%2Fnode0%2Fmemory69%2Fnode0%2Fmemory35%2Fnode0%2Fmemory32%2Fuevent&path=%2F%2Fsys%2Fbus%2Fmemory%2Fdevices%2Fmemory59%2Fnode0%2Fmemory69%2Fnode0%2Fmemory35%2Fnode0%2Fmemory32 HTTP/1.1" 200 2328 "-" "Mozilla/5.0 AppleWebKit/537.36 (KHTML, like Gecko; compatible; ClaudeBot/1.0; +claudebot@anthropic.com)"
57.141.0.60 - - [20/Sep/2025:14:17:44 +0200] "GET /2025/09/11/finest-lucky-247-casino-no-deposit-united-kingdom-gambling-enterprises-without-put-incentives-up-to-date-2025/?path=/home/sareqgroup/ecommerce.com HTTP/1.1" 200 67849 "-" "meta-externalagent/1.1 (+https://developers.facebook.com/docs/sharing/webmasters/crawler)"
20.171.207.191 - - [20/Sep/2025:14:17:46 +0200] "GET /sitemap-hot-4241854.xml?path=//var/lib/yum/yumdb/p/650f1af1be8025355f499e098ea6aef096a17f7e-plesk-libboost-regex1.74-1.74.0.1-1centos.7.211202.1442-x86_64 HTTP/1.1" 200 3130 "-" "Mozilla/5.0 AppleWebKit/537.36 (KHTML, like Gecko; compatible; GPTBot/1.2; +https://openai.com/gptbot)"
216.73.216.143 - - [20/Sep/2025:14:17:47 +0200] "GET /2025/09/12/slotigo-de-worldmatch-slot-spiele-die-besten-verbunden-slots-and-spielautomaten-gebuhrenfrei?fileloc=%2F%2Fsys%2Fbus%2Fmemory%2Fdevices%2Fmemory22%2Fnode0%2Fmemory62%2Fnode0%2Fmemory45%2Fnode0%2Fmemory59%2Fstate&path=%2F%2Fsys%2Fbus%2Fmemory%2Fdevices%2Fmemory22%2Fnode0%2Fmemory62%2Fnode0%2Fmemory45%2Fnode0%2Fmemory59 HTTP/1.1" 200 2332 "-" "Mozilla/5.0 AppleWebKit/537.36 (KHTML, like Gecko; compatible; ClaudeBot/1.0; +claudebot@anthropic.com)"
20.171.207.191 - - [20/Sep/2025:14:17:49 +0200] "GET /sitemap-hot-4221854.xml?path=//var/lib/yum/yumdb/p/cb0d72a752797be2f23b0327e779c19b6cdbf9be-plesk-libboost-thread1.74-1.74.0.1-1centos.7.211202.1442-x86_64 HTTP/1.1" 200 3130 "-" "Mozilla/5.0 AppleWebKit/537.36 (KHTML, like Gecko; compatible; GPTBot/1.2; +https://openai.com/gptbot)"
216.73.216.143 - - [20/Sep/2025:14:17:50 +0200] "GET /2025/09/12/slotigo-de-worldmatch-slot-spiele-die-besten-verbunden-slots-and-spielautomaten-gebuhrenfrei?fileloc=%2F%2Fsys%2Fbus%2Fmemory%2Fdevices%2Fmemory49%2Fnode0%2Fmemory58%2Fnode0%2Fmemory34%2Fnode0%2Fmemory21%2Fphys_device&path=%2F%2Fsys%2Fbus%2Fmemory%2Fdevices%2Fmemory49%2Fnode0%2Fmemory58%2Fnode0%2Fmemory34%2Fnode0%2Fmemory21 HTTP/1.1" 200 2333 "-" "Mozilla/5.0 AppleWebKit/537.36 (KHTML, like Gecko; compatible; ClaudeBot/1.0; +claudebot@anthropic.com)"
20.171.207.191 - - [20/Sep/2025:14:17:52 +0200] "GET /sitemap-hot-4241854.xml?path=//var/lib/yum/yumdb/n/4348b226d3700c1a94096e841d7e50e1ad5e8f33-ncurses-devel-5.9-14.20130511.el7_4.tuxcare.els2-x86_64 HTTP/1.1" 200 3141 "-" "Mozilla/5.0 AppleWebKit/537.36 (KHTML, like Gecko; compatible; GPTBot/1.2; +https://openai.com/gptbot)"
216.73.216.143 - - [20/Sep/2025:14:17:53 +0200] "GET /2025/09/12/slotigo-de-worldmatch-slot-spiele-die-besten-verbunden-slots-and-spielautomaten-gebuhrenfrei?path=%2F%2Fsys%2Fbus%2Fmemory%2Fdevices%2Fmemory69%2Fnode0%2Fmemory71%2Fnode0%2Fmemory32%2Fnode0%2Fmemory14%2Fnode0%2Fcpu2%2Ftopology HTTP/1.1" 200 2968 "-" "Mozilla/5.0 AppleWebKit/537.36 (KHTML, like Gecko; compatible; ClaudeBot/1.0; +claudebot@anthropic.com)"
20.171.207.191 - - [20/Sep/2025:14:17:55 +0200] "GET /sitemap-hot-4233854.xml?path=//var/lib/yum/yumdb/p/2f5a7920f93c17e122f10e1b1862c04f030713e4-plesk-libboost-date-time1.65-1.65.1-1centos.7.190116.1809-x86_64 HTTP/1.1" 200 3132 "-" "Mozilla/5.0 AppleWebKit/537.36 (KHTML, like Gecko; compatible; GPTBot/1.2; +https://openai.com/gptbot)"
216.73.216.143 - - [20/Sep/2025:14:17:56 +0200] "GET /2025/09/12/slotigo-de-worldmatch-slot-spiele-die-besten-verbunden-slots-and-spielautomaten-gebuhrenfrei?path=%2F%2Fsys%2Fbus%2Fmemory%2Fdevices%2Fmemory19%2Fnode0%2Fmemory4%2Fnode0%2Fmemory67%2Fnode0%2Fmemory66%2Fnode0%2Fmemory4%2Fpower HTTP/1.1" 200 2895 "-" "Mozilla/5.0 AppleWebKit/537.36 (KHTML, like Gecko; compatible; ClaudeBot/1.0; +claudebot@anthropic.com)"
20.171.207.191 - - [20/Sep/2025:14:17:58 +0200] "GET /sitemap-hot-4249854.xml?path=//var/lib/yum/yumdb/p/297ca225bb568d2419fda8542b2c7eab6c1f37fc-plymouth-scripts-0.8.9-0.34.20140113.el7.centos-x86_64 HTTP/1.1" 200 3146 "-" "Mozilla/5.0 AppleWebKit/537.36 (KHTML, like Gecko; compatible; GPTBot/1.2; +https://openai.com/gptbot)"
216.73.216.143 - - [20/Sep/2025:14:17:59 +0200] "GET /2025/09/12/slotigo-de-worldmatch-slot-spiele-die-besten-verbunden-slots-and-spielautomaten-gebuhrenfrei?fileloc=%2F%2Fsys%2Fbus%2Fmemory%2Fdevices%2Fmemory22%2Fnode0%2Fmemory57%2Fnode0%2Fmemory9%2Fpower%2Fruntime_suspended_time&path=%2F%2Fsys%2Fbus%2Fmemory%2Fdevices%2Fmemory22%2Fnode0%2Fmemory57%2Fnode0%2Fmemory9%2Fpower HTTP/1.1" 200 2338 "-" "Mozilla/5.0 AppleWebKit/537.36 (KHTML, like Gecko; compatible; ClaudeBot/1.0; +claudebot@anthropic.com)"
66.249.74.1 - - [20/Sep/2025:14:18:00 +0200] "GET /2025/06/21/%CE%B5%CF%80%CE%B9%CF%83%CE%BA%CF%8C%CF%80%CE%B7%CF%83%CE%B7-%CE%B1%CE%B4%CE%B5%CE%B9%CE%BF%CE%B4%CF%8C%CF%84%CE%B7%CF%83%CE%B7%CF%82-%CE%BA%CE%B1%CE%B9-%CE%B1%CF%83%CF%86%CE%AC%CE%BB%CE%B5%CE%B9/?fileloc=//scripts/apachelimits&path=//scripts HTTP/1.1" 200 3702 "-" "Mozilla/5.0 (Linux; Android 6.0.1; Nexus 5X Build/MMB29P) AppleWebKit/537.36 (KHTML, like Gecko) Chrome/140.0.7339.127 Mobile Safari/537.36 (compatible; GoogleOther)"
20.171.207.191 - - [20/Sep/2025:14:18:01 +0200] "GET /sitemap-hot-4241854.xml?fileloc=//var/lib/yum/yumdb/p/650f1af1be8025355f499e098ea6aef096a17f7e-plesk-libboost-regex1.74-1.74.0.1-1centos.7.211202.1442-x86_64/command_line&path=//var/lib/yum/yumdb/p/650f1af1be8025355f499e098ea6aef096a17f7e-plesk-libboost-regex1.74-1.74.0.1-1centos.7.211202.1442-x86_64 HTTP/1.1" 200 2403 "-" "Mozilla/5.0 AppleWebKit/537.36 (KHTML, like Gecko; compatible; GPTBot/1.2; +https://openai.com/gptbot)"
216.73.216.143 - - [20/Sep/2025:14:18:02 +0200] "GET /2025/09/12/slotigo-de-worldmatch-slot-spiele-die-besten-verbunden-slots-and-spielautomaten-gebuhrenfrei?fileloc=%2F%2Fsys%2Fbus%2Fmemory%2Fdevices%2Fmemory5%2Fnode0%2Fmemory9%2Fnode0%2Fmemory0%2Fend_phys_index&path=%2F%2Fsys%2Fbus%2Fmemory%2Fdevices%2Fmemory5%2Fnode0%2Fmemory9%2Fnode0%2Fmemory0 HTTP/1.1" 200 2321 "-" "Mozilla/5.0 AppleWebKit/537.36 (KHTML, like Gecko; compatible; ClaudeBot/1.0; +claudebot@anthropic.com)"
20.171.207.191 - - [20/Sep/2025:14:18:05 +0200] "GET /sitemap-hot-4241854.xml?path=//var/lib/yum/yumdb/k/59d8509620f61c10ba7cb1ddf83e815e632fdc85-kernel-headers-3.10.0-1160.119.1.el7.tuxcare.els22-x86_64 HTTP/1.1" 200 3156 "-" "Mozilla/5.0 AppleWebKit/537.36 (KHTML, like Gecko; compatible; GPTBot/1.2; +https://openai.com/gptbot)"
216.73.216.143 - - [20/Sep/2025:14:18:06 +0200] "GET /2025/09/12/slotigo-de-worldmatch-slot-spiele-die-besten-verbunden-slots-and-spielautomaten-gebuhrenfrei?fileloc=%2F%2Fsys%2Fbus%2Fmemory%2Fdevices%2Fmemory22%2Fnode0%2Fmemory68%2Fnode0%2Fmemory48%2Fuevent&path=%2F%2Fsys%2Fbus%2Fmemory%2Fdevices%2Fmemory22%2Fnode0%2Fmemory68%2Fnode0%2Fmemory48 HTTP/1.1" 200 2314 "-" "Mozilla/5.0 AppleWebKit/537.36 (KHTML, like Gecko; compatible; ClaudeBot/1.0; +claudebot@anthropic.com)"
54.144.185.255 - - [20/Sep/2025:14:18:06 +0200] "GET /category/bookkeeping/?path=//sys/class/input/mice/subsystem/input1/id HTTP/1.1" 200 19068 "-" "Mozilla/5.0 AppleWebKit/537.36 (KHTML, like Gecko; compatible; Amazonbot/0.1; +https://developer.amazon.com/support/amazonbot) Chrome/119.0.6045.214 Safari/537.36"
20.171.207.191 - - [20/Sep/2025:14:18:08 +0200] "GET /sitemap-hot-4221854.xml?path=//var/lib/yum/yumdb/p/802ff5c7d2e12089dc531e139a81e9a064330601-plymouth-core-libs-0.8.9-0.34.20140113.el7.centos-x86_64 HTTP/1.1" 200 3145 "-" "Mozilla/5.0 AppleWebKit/537.36 (KHTML, like Gecko; compatible; GPTBot/1.2; +https://openai.com/gptbot)"
57.141.0.43 - - [20/Sep/2025:14:18:08 +0200] "GET /2025/09/11/5-euro-einzahlungsbonus-casinos-unter-einsatz-von-weniger-bedeutend-einzahlung-2025/?fileloc=//sbin/service&path=//sbin HTTP/1.1" 200 16015 "-" "meta-externalagent/1.1 (+https://developers.facebook.com/docs/sharing/webmasters/crawler)"
216.73.216.143 - - [20/Sep/2025:14:18:08 +0200] "GET /2025/09/12/slotigo-de-worldmatch-slot-spiele-die-besten-verbunden-slots-and-spielautomaten-gebuhrenfrei?path=%2F%2Fsys%2Fbus%2Fmemory%2Fdevices%2Fmemory22%2Fsubsystem%2Fdevices%2Fmemory56%2Fnode0%2Fmemory71%2Fnode0%2Fmemory9 HTTP/1.1" 200 2919 "-" "Mozilla/5.0 AppleWebKit/537.36 (KHTML, like Gecko; compatible; ClaudeBot/1.0; +claudebot@anthropic.com)"
54.162.69.192 - - [20/Sep/2025:14:18:10 +0200] "GET /2020/10/?path=//sys/devices/system/machinecheck/machinecheck3/subsystem/drivers HTTP/1.1" 200 13079 "-" "Mozilla/5.0 AppleWebKit/537.36 (KHTML, like Gecko; compatible; Amazonbot/0.1; +https://developer.amazon.com/support/amazonbot) Chrome/119.0.6045.214 Safari/537.36"
20.171.207.191 - - [20/Sep/2025:14:18:11 +0200] "GET /sitemap-hot-4227854.xml?path=//var/lib/yum/yumdb/p/0a93ed1f849de437efd0c31dd6b1776a82c15548-plesk-libboost-regex1.84-1.84.0-1centos.7.240314.1319-x86_64 HTTP/1.1" 200 3154 "-" "Mozilla/5.0 AppleWebKit/537.36 (KHTML, like Gecko; compatible; GPTBot/1.2; +https://openai.com/gptbot)"
216.73.216.143 - - [20/Sep/2025:14:18:11 +0200] "GET /2025/09/12/slotigo-de-worldmatch-slot-spiele-die-besten-verbunden-slots-and-spielautomaten-gebuhrenfrei?path=%2F%2Fsys%2Fbus%2Fmemory%2Fdevices%2Fmemory17%2Fnode0%2Fmemory71%2Fsubsystem%2Fdevices%2Fmemory59%2Fnode0 HTTP/1.1" 200 3726 "-" "Mozilla/5.0 AppleWebKit/537.36 (KHTML, like Gecko; compatible; ClaudeBot/1.0; +claudebot@anthropic.com)"
20.171.207.191 - - [20/Sep/2025:14:18:14 +0200] "GET /sitemap-hot-4225854.xml?path=//var/lib/yum/yumdb/p/756542b2d07b6f5237822722b2e0877c0eac09ae-plesk-libboost-system1.74-1.74.0.1-1centos.7.211202.1442-x86_64 HTTP/1.1" 200 3129 "-" "Mozilla/5.0 AppleWebKit/537.36 (KHTML, like Gecko; compatible; GPTBot/1.2; +https://openai.com/gptbot)"
216.73.216.143 - - [20/Sep/2025:14:18:14 +0200] "GET /2025/09/12/slotigo-de-worldmatch-slot-spiele-die-besten-verbunden-slots-and-spielautomaten-gebuhrenfrei?path=%2F%2Fsys%2Fbus%2Fmemory%2Fdevices%2Fmemory19%2Fnode0%2Fmemory58%2Fnode0%2Fmemory52%2Fsubsystem%2Fdevices%2Fmemory45 HTTP/1.1" 200 2919 "-" "Mozilla/5.0 AppleWebKit/537.36 (KHTML, like Gecko; compatible; ClaudeBot/1.0; +claudebot@anthropic.com)"
20.171.207.191 - - [20/Sep/2025:14:18:17 +0200] "GET /sitemap-hot-4223854.xml?path=//var/lib/yum/yumdb/p/756542b2d07b6f5237822722b2e0877c0eac09ae-plesk-libboost-system1.74-1.74.0.1-1centos.7.211202.1442-x86_64 HTTP/1.1" 200 3129 "-" "Mozilla/5.0 AppleWebKit/537.36 (KHTML, like Gecko; compatible; GPTBot/1.2; +https://openai.com/gptbot)"
216.73.216.143 - - [20/Sep/2025:14:18:17 +0200] "GET /2025/09/12/slotigo-de-worldmatch-slot-spiele-die-besten-verbunden-slots-and-spielautomaten-gebuhrenfrei?path=%2F%2Fsys%2Fbus%2Fnode%2Fdevices%2Fnode0%2Fmemory37%2Fnode0%2Fmemory39%2Fpower HTTP/1.1" 200 2871 "-" "Mozilla/5.0 AppleWebKit/537.36 (KHTML, like Gecko; compatible; ClaudeBot/1.0; +claudebot@anthropic.com)"
3.218.35.239 - - [20/Sep/2025:14:18:18 +0200] "GET /2020/10/?path=//sys/class/input/input1/subsystem/input3/event3 HTTP/1.1" 200 20345 "-" "Mozilla/5.0 AppleWebKit/537.36 (KHTML, like Gecko; compatible; Amazonbot/0.1; +https://developer.amazon.com/support/amazonbot) Chrome/119.0.6045.214 Safari/537.36"
20.171.207.191 - - [20/Sep/2025:14:18:20 +0200] "GET /sitemap-hot-4227854.xml?path=//var/lib/yum/yumdb/p/06a5a182bb92a21301e9241a637b4068c3d3c45e-plesk-libboost-thread1.84-1.84.0-1centos.7.240314.1319-x86_64 HTTP/1.1" 200 3153 "-" "Mozilla/5.0 AppleWebKit/537.36 (KHTML, like Gecko; compatible; GPTBot/1.2; +https://openai.com/gptbot)"
216.73.216.143 - - [20/Sep/2025:14:18:20 +0200] "GET /2025/09/12/slotigo-de-worldmatch-slot-spiele-die-besten-verbunden-slots-and-spielautomaten-gebuhrenfrei?fileloc=%2F%2Fsys%2Fbus%2Fmemory%2Fdevices%2Fmemory23%2Fsubsystem%2Fdevices%2Fmemory5%2Fnode0%2Fmemory7%2Fuevent&path=%2F%2Fsys%2Fbus%2Fmemory%2Fdevices%2Fmemory23%2Fsubsystem%2Fdevices%2Fmemory5%2Fnode0%2Fmemory7 HTTP/1.1" 200 2328 "-" "Mozilla/5.0 AppleWebKit/537.36 (KHTML, like Gecko; compatible; ClaudeBot/1.0; +claudebot@anthropic.com)"
20.171.207.191 - - [20/Sep/2025:14:18:23 +0200] "GET /sitemap-hot-4235854.xml?path=//var/lib/yum/yumdb/p/2f5a7920f93c17e122f10e1b1862c04f030713e4-plesk-libboost-date-time1.65-1.65.1-1centos.7.190116.1809-x86_64 HTTP/1.1" 200 3132 "-" "Mozilla/5.0 AppleWebKit/537.36 (KHTML, like Gecko; compatible; GPTBot/1.2; +https://openai.com/gptbot)"
216.73.216.143 - - [20/Sep/2025:14:18:23 +0200] "GET /2025/09/12/slotigo-de-worldmatch-slot-spiele-die-besten-verbunden-slots-and-spielautomaten-gebuhrenfrei?path=%2F%2Fsys%2Fbus%2Fmemory%2Fdevices%2Fmemory22%2Fnode0%2Fmemory32%2Fnode0%2Fmemory55%2Fnode0%2Fmemory2%2Fnode0%2Fmemory45 HTTP/1.1" 200 2929 "-" "Mozilla/5.0 AppleWebKit/537.36 (KHTML, like Gecko; compatible; ClaudeBot/1.0; +claudebot@anthropic.com)"
52.44.229.124 - - [20/Sep/2025:14:18:26 +0200] "GET /2020/10/?path=//sys/class/input/input0/subsystem/input3/event3 HTTP/1.1" 200 20345 "-" "Mozilla/5.0 AppleWebKit/537.36 (KHTML, like Gecko; compatible; Amazonbot/0.1; +https://developer.amazon.com/support/amazonbot) Chrome/119.0.6045.214 Safari/537.36"
216.73.216.143 - - [20/Sep/2025:14:18:26 +0200] "GET /2025/09/12/slotigo-de-worldmatch-slot-spiele-die-besten-verbunden-slots-and-spielautomaten-gebuhrenfrei?path=%2F%2Fsys%2Fbus%2Fmemory%2Fdevices%2Fmemory22%2Fnode0%2Fmemory1%2Fnode0%2Fmemory70%2Fnode0%2Fmemory64 HTTP/1.1" 200 2906 "-" "Mozilla/5.0 AppleWebKit/537.36 (KHTML, like Gecko; compatible; ClaudeBot/1.0; +claudebot@anthropic.com)"
20.171.207.191 - - [20/Sep/2025:14:18:26 +0200] "GET /sitemap-hot-4241854.xml?fileloc=//var/lib/yum/yumdb/k/59d8509620f61c10ba7cb1ddf83e815e632fdc85-kernel-headers-3.10.0-1160.119.1.el7.tuxcare.els22-x86_64/var_elstoken&path=//var/lib/yum/yumdb/k/59d8509620f61c10ba7cb1ddf83e815e632fdc85-kernel-headers-3.10.0-1160.119.1.el7.tuxcare.els22-x86_64 HTTP/1.1" 200 2335 "-" "Mozilla/5.0 AppleWebKit/537.36 (KHTML, like Gecko; compatible; GPTBot/1.2; +https://openai.com/gptbot)"
216.73.216.143 - - [20/Sep/2025:14:18:29 +0200] "GET /2025/09/12/slotigo-de-worldmatch-slot-spiele-die-besten-verbunden-slots-and-spielautomaten-gebuhrenfrei?path=%2F%2Fsys%2Fbus%2Fmemory%2Fdevices%2Fmemory22%2Fnode0%2Fmemory10%2Fnode0%2Fmemory10%2Fnode0%2Fcpu2%2Fnode0%2Fmemory63 HTTP/1.1" 200 2927 "-" "Mozilla/5.0 AppleWebKit/537.36 (KHTML, like Gecko; compatible; ClaudeBot/1.0; +claudebot@anthropic.com)"
20.171.207.191 - - [20/Sep/2025:14:18:29 +0200] "GET /sitemap-hot-4245854.xml?path=//var/lib/yum/yumdb/p/913fa6c5c941d53d80cc0b8cd3a65b8e9119c5b7-plesk-libboost-system1.65-1.65.1-1centos.7.190116.1809-x86_64 HTTP/1.1" 200 3129 "-" "Mozilla/5.0 AppleWebKit/537.36 (KHTML, like Gecko; compatible; GPTBot/1.2; +https://openai.com/gptbot)"
216.73.216.143 - - [20/Sep/2025:14:18:32 +0200] "GET /2025/09/12/slotigo-de-worldmatch-slot-spiele-die-besten-verbunden-slots-and-spielautomaten-gebuhrenfrei?path=%2F%2Fsys%2Fbus%2Fmemory%2Fdevices%2Fmemory48%2Fnode0%2Fmemory59%2Fnode0%2Fmemory22%2Fnode0%2Fmemory52%2Fnode0%2Fmemory55 HTTP/1.1" 200 2931 "-" "Mozilla/5.0 AppleWebKit/537.36 (KHTML, like Gecko; compatible; ClaudeBot/1.0; +claudebot@anthropic.com)"
20.171.207.191 - - [20/Sep/2025:14:18:33 +0200] "GET /sitemap-hot-4243854.xml?path=//var/lib/yum/yumdb/p/e15f6e099b858ad33ea0a75874ccebc8e991efc4-plesk-libboost-regex1.82-1.82.0-1centos.7.230425.0721-x86_64 HTTP/1.1" 200 3125 "-" "Mozilla/5.0 AppleWebKit/537.36 (KHTML, like Gecko; compatible; GPTBot/1.2; +https://openai.com/gptbot)"
216.73.216.143 - - [20/Sep/2025:14:18:35 +0200] "GET /2025/09/12/slotigo-de-worldmatch-slot-spiele-die-besten-verbunden-slots-and-spielautomaten-gebuhrenfrei?fileloc=%2F%2Fsys%2Fbus%2Fmemory%2Fdevices%2Fmemory15%2Fnode0%2Fmemory46%2Fnode0%2Fmeminfo&path=%2F%2Fsys%2Fbus%2Fmemory%2Fdevices%2Fmemory15%2Fnode0%2Fmemory46%2Fnode0 HTTP/1.1" 200 2625 "-" "Mozilla/5.0 AppleWebKit/537.36 (KHTML, like Gecko; compatible; ClaudeBot/1.0; +claudebot@anthropic.com)"
20.171.207.191 - - [20/Sep/2025:14:18:36 +0200] "GET /sitemap-hot-4239854.xml?path=//var/lib/yum/yumdb/c/faa669cf24d797b3864048c8c7e534002da1b7dc-ca-certificates-2025.2.74_v7.0.306-72.el7_9.tuxcare.els1-noarch HTTP/1.1" 200 3178 "-" "Mozilla/5.0 AppleWebKit/537.36 (KHTML, like Gecko; compatible; GPTBot/1.2; +https://openai.com/gptbot)"
100.29.107.38 - - [20/Sep/2025:14:18:38 +0200] "GET /2020/10/?path=//sys/class/misc/hw_random/subsystem/nvram HTTP/1.1" 200 18769 "-" "Mozilla/5.0 AppleWebKit/537.36 (KHTML, like Gecko; compatible; Amazonbot/0.1; +https://developer.amazon.com/support/amazonbot) Chrome/119.0.6045.214 Safari/537.36"
216.73.216.143 - - [20/Sep/2025:14:18:38 +0200] "GET /2025/09/12/slotigo-de-worldmatch-slot-spiele-die-besten-verbunden-slots-and-spielautomaten-gebuhrenfrei?path=%2F%2Fsys%2Fbus%2Fmemory%2Fdevices%2Fmemory19%2Fnode0%2Fmemory4%2Fnode0%2Fmemory68%2Fnode0%2Fmemory36 HTTP/1.1" 200 2906 "-" "Mozilla/5.0 AppleWebKit/537.36 (KHTML, like Gecko; compatible; ClaudeBot/1.0; +claudebot@anthropic.com)"
20.171.207.191 - - [20/Sep/2025:14:18:39 +0200] "GET /sitemap-hot-4233854.xml?path=//var/lib/yum/yumdb/l/910548b467bb800c7dbf9867c171c3038c5c3264-lm_sensors-libs-3.4.0-8.20160601gitf9185e5.el7_9.1-x86_64 HTTP/1.1" 200 3152 "-" "Mozilla/5.0 AppleWebKit/537.36 (KHTML, like Gecko; compatible; GPTBot/1.2; +https://openai.com/gptbot)"
216.73.216.143 - - [20/Sep/2025:14:18:41 +0200] "GET /2025/09/12/slotigo-de-worldmatch-slot-spiele-die-besten-verbunden-slots-and-spielautomaten-gebuhrenfrei?path=%2F%2Fsys%2Fbus%2Fmemory%2Fdevices%2Fmemory53%2Fsubsystem%2Fdevices%2Fmemory39%2Fnode0%2Fmemory69%2Fnode0%2Fmemory57 HTTP/1.1" 200 2921 "-" "Mozilla/5.0 AppleWebKit/537.36 (KHTML, like Gecko; compatible; ClaudeBot/1.0; +claudebot@anthropic.com)"
20.171.207.191 - - [20/Sep/2025:14:18:42 +0200] "GET /sitemap-hot-4229854.xml?path=//var/lib/yum/yumdb/p/139b0681a1c96d7f51dce3c22bdb3c27d95616db-plesk-libboost-regex1.65-1.65.1-1centos.7.190116.1809-x86_64 HTTP/1.1" 200 3128 "-" "Mozilla/5.0 AppleWebKit/537.36 (KHTML, like Gecko; compatible; GPTBot/1.2; +https://openai.com/gptbot)"
216.73.216.143 - - [20/Sep/2025:14:18:44 +0200] "GET /2025/09/12/slotigo-de-worldmatch-slot-spiele-die-besten-verbunden-slots-and-spielautomaten-gebuhrenfrei?path=%2F%2Fsys%2Fbus%2Fmemory%2Fdevices%2Fmemory22%2Fnode0%2Fmemory47%2Fnode0%2Fmemory9%2Fnode0%2Fmemory12%2Fnode0%2Fmemory69%2Fpower HTTP/1.1" 200 2910 "-" "Mozilla/5.0 AppleWebKit/537.36 (KHTML, like Gecko; compatible; ClaudeBot/1.0; +claudebot@anthropic.com)"
20.171.207.191 - - [20/Sep/2025:14:18:45 +0200] "GET /sitemap-hot-4243854.xml?fileloc=//var/lib/yum/yumdb/p/e15f6e099b858ad33ea0a75874ccebc8e991efc4-plesk-libboost-regex1.82-1.82.0-1centos.7.230425.0721-x86_64/origin_url&path=//var/lib/yum/yumdb/p/e15f6e099b858ad33ea0a75874ccebc8e991efc4-plesk-libboost-regex1.82-1.82.0-1centos.7.230425.0721-x86_64 HTTP/1.1" 200 2410 "-" "Mozilla/5.0 AppleWebKit/537.36 (KHTML, like Gecko; compatible; GPTBot/1.2; +https://openai.com/gptbot)"
216.73.216.143 - - [20/Sep/2025:14:18:47 +0200] "GET /2025/09/12/slotigo-de-worldmatch-slot-spiele-die-besten-verbunden-slots-and-spielautomaten-gebuhrenfrei?path=%2F%2Fsys%2Fbus%2Fmemory%2Fdevices%2Fmemory8%2Fnode0%2Fmemory23%2Fnode0%2Fmemory68%2Fnode0%2Fcpu3 HTTP/1.1" 200 2958 "-" "Mozilla/5.0 AppleWebKit/537.36 (KHTML, like Gecko; compatible; ClaudeBot/1.0; +claudebot@anthropic.com)"
20.171.207.191 - - [20/Sep/2025:14:18:49 +0200] "GET /sitemap-hot-4243854.xml?fileloc=//var/lib/yum/yumdb/p/e15f6e099b858ad33ea0a75874ccebc8e991efc4-plesk-libboost-regex1.82-1.82.0-1centos.7.230425.0721-x86_64/from_repo_revision&path=//var/lib/yum/yumdb/p/e15f6e099b858ad33ea0a75874ccebc8e991efc4-plesk-libboost-regex1.82-1.82.0-1centos.7.230425.0721-x86_64 HTTP/1.1" 200 2372 "-" "Mozilla/5.0 AppleWebKit/537.36 (KHTML, like Gecko; compatible; GPTBot/1.2; +https://openai.com/gptbot)"
216.73.216.143 - - [20/Sep/2025:14:18:50 +0200] "GET /2025/09/12/slotigo-de-worldmatch-slot-spiele-die-besten-verbunden-slots-and-spielautomaten-gebuhrenfrei?path=%2F%2Fsys%2Fbus%2Fmemory%2Fdevices%2Fmemory48%2Fnode0%2Fmemory67%2Fnode0%2Fmemory16%2Fnode0%2Fmemory55 HTTP/1.1" 200 2907 "-" "Mozilla/5.0 AppleWebKit/537.36 (KHTML, like Gecko; compatible; ClaudeBot/1.0; +claudebot@anthropic.com)"
57.141.0.64 - - [20/Sep/2025:14:18:51 +0200] "GET /2025/09/11/5-euro-einzahlungsbonus-casinos-unter-einsatz-von-weniger-bedeutend-einzahlung-2025/?fileloc=//bin/euscale-delete-auto-scaling-group&path=//bin HTTP/1.1" 200 12468 "-" "meta-externalagent/1.1 (+https://developers.facebook.com/docs/sharing/webmasters/crawler)"
57.141.0.55 - - [20/Sep/2025:14:18:51 +0200] "GET /2025/08/29/traktandum-microgaming-daring-dave-the-eye-of-ra-1-kaution-casinos-in-2025/feed/?fileloc=/home/sareqgroup/ecommerce.com/category.template.1755515307.php&path=/home/sareqgroup/ecommerce.com HTTP/1.1" 200 12406 "-" "meta-externalagent/1.1 (+https://developers.facebook.com/docs/sharing/webmasters/crawler)"
20.171.207.191 - - [20/Sep/2025:14:18:52 +0200] "GET /sitemap-hot-4235854.xml?path=//var/lib/yum/yumdb/p/c127a023faf2a2fb4e9279b00d6508b0e7d34983-plesk-libboost-date-time1.84-1.84.0-1centos.7.240314.1319-x86_64 HTTP/1.1" 200 3161 "-" "Mozilla/5.0 AppleWebKit/537.36 (KHTML, like Gecko; compatible; GPTBot/1.2; +https://openai.com/gptbot)"
216.73.216.143 - - [20/Sep/2025:14:18:53 +0200] "GET /2025/09/12/slotigo-de-worldmatch-slot-spiele-die-besten-verbunden-slots-and-spielautomaten-gebuhrenfrei?path=%2F%2Fsys%2Fdevices%2Fsystem%2Fmemory%2Fmemory21%2Fsubsystem%2Fdevices%2Fmemory61%2Fpower HTTP/1.1" 200 2878 "-" "Mozilla/5.0 AppleWebKit/537.36 (KHTML, like Gecko; compatible; ClaudeBot/1.0; +claudebot@anthropic.com)"
20.171.207.191 - - [20/Sep/2025:14:18:55 +0200] "GET /sitemap-hot-4231854.xml?path=//var/lib/yum/yumdb/p/d103922a76bf987464db3e636e167a01fe748878-plesk-libboost-system1.84-1.84.0-1centos.7.240314.1319-x86_64 HTTP/1.1" 200 3152 "-" "Mozilla/5.0 AppleWebKit/537.36 (KHTML, like Gecko; compatible; GPTBot/1.2; +https://openai.com/gptbot)"
216.73.216.143 - - [20/Sep/2025:14:18:56 +0200] "GET /2025/09/12/slotigo-de-worldmatch-slot-spiele-die-besten-verbunden-slots-and-spielautomaten-gebuhrenfrei?path=%2F%2Fsys%2Fbus%2Fnode%2Fdevices%2Fnode0%2Fmemory63%2Fnode0%2Fmemory59%2Fpower HTTP/1.1" 200 2873 "-" "Mozilla/5.0 AppleWebKit/537.36 (KHTML, like Gecko; compatible; ClaudeBot/1.0; +claudebot@anthropic.com)"
20.171.207.191 - - [20/Sep/2025:14:18:58 +0200] "GET /sitemap-hot-4227854.xml?path=//var/lib/yum/yumdb/p/2f5a7920f93c17e122f10e1b1862c04f030713e4-plesk-libboost-date-time1.65-1.65.1-1centos.7.190116.1809-x86_64 HTTP/1.1" 200 3132 "-" "Mozilla/5.0 AppleWebKit/537.36 (KHTML, like Gecko; compatible; GPTBot/1.2; +https://openai.com/gptbot)"
216.73.216.143 - - [20/Sep/2025:14:18:59 +0200] "GET /2025/09/12/slotigo-de-worldmatch-slot-spiele-die-besten-verbunden-slots-and-spielautomaten-gebuhrenfrei?path=%2F%2Fsys%2Fdevices%2Fsystem%2Fmemory%2Fmemory60%2Fnode0%2Fmemory58%2Fsubsystem HTTP/1.1" 200 2776 "-" "Mozilla/5.0 AppleWebKit/537.36 (KHTML, like Gecko; compatible; ClaudeBot/1.0; +claudebot@anthropic.com)"
20.171.207.191 - - [20/Sep/2025:14:19:01 +0200] "GET /sitemap-hot-4233854.xml?path=//var/lib/yum/yumdb/p/d103922a76bf987464db3e636e167a01fe748878-plesk-libboost-system1.84-1.84.0-1centos.7.240314.1319-x86_64 HTTP/1.1" 200 3152 "-" "Mozilla/5.0 AppleWebKit/537.36 (KHTML, like Gecko; compatible; GPTBot/1.2; +https://openai.com/gptbot)"
