20.171.207.191 - - [20/Sep/2025:15:06:12 +0200] "GET /sitemap-hot-4249854.xml?path=//sys/class/net/lo/subsystem/eth0/queues/rx-0 HTTP/1.1" 200 2655 "-" "Mozilla/5.0 AppleWebKit/537.36 (KHTML, like Gecko; compatible; GPTBot/1.2; +https://openai.com/gptbot)"
216.73.216.143 - - [20/Sep/2025:15:06:14 +0200] "GET /2025/09/12/slotigo-de-worldmatch-slot-spiele-die-besten-verbunden-slots-and-spielautomaten-gebuhrenfrei?path=%2F%2Fsys%2Fbus%2Fnode%2Fdevices%2Fnode0%2Fmemory59%2Fnode0%2Fmemory36%2Fsubsystem%2Fdevices%2Fmemory22%2Fnode0 HTTP/1.1" 200 3729 "-" "Mozilla/5.0 AppleWebKit/537.36 (KHTML, like Gecko; compatible; ClaudeBot/1.0; +claudebot@anthropic.com)"
20.171.207.191 - - [20/Sep/2025:15:06:15 +0200] "GET /sitemap-hot-4233854.xml?fileloc=//sys/class/net/lo/subsystem/eth0/queues/rx-0/rps_cpus&path=//sys/class/net/lo/subsystem/eth0/queues/rx-0 HTTP/1.1" 200 2313 "-" "Mozilla/5.0 AppleWebKit/537.36 (KHTML, like Gecko; compatible; GPTBot/1.2; +https://openai.com/gptbot)"
216.73.216.143 - - [20/Sep/2025:15:06:17 +0200] "GET /2025/09/12/slotigo-de-worldmatch-slot-spiele-die-besten-verbunden-slots-and-spielautomaten-gebuhrenfrei?path=%2F%2Fsys%2Fbus%2Fmemory%2Fdevices%2Fmemory9%2Fnode0%2Fmemory9%2Fnode0%2Fmemory19%2Fnode0%2Fmemory69%2Fnode0%2Fmemory37%2Fnode0 HTTP/1.1" 200 3731 "-" "Mozilla/5.0 AppleWebKit/537.36 (KHTML, like Gecko; compatible; ClaudeBot/1.0; +claudebot@anthropic.com)"
57.141.0.23 - - [20/Sep/2025:15:06:18 +0200] "GET /2025/09/08/10-eur-maklercourtage-ohne-einzahlung-ich-habe-dies-gelesen-kasino-register-2025-land-der-dichter-und-denker/?fileloc=/home/sareqgroup/ecommerce.com/wp-trackback.php&path=/home/sareqgroup/ecommerce.com HTTP/1.1" 200 17476 "-" "meta-externalagent/1.1 (+https://developers.facebook.com/docs/sharing/webmasters/crawler)"
20.171.207.191 - - [20/Sep/2025:15:06:19 +0200] "GET /sitemap-hot-4223854.xml?fileloc=//sys/class/net/lo/subsystem/eth0/queues/rx-0/rps_cpus&path=//sys/class/net/lo/subsystem/eth0/queues/rx-0 HTTP/1.1" 200 2313 "-" "Mozilla/5.0 AppleWebKit/537.36 (KHTML, like Gecko; compatible; GPTBot/1.2; +https://openai.com/gptbot)"
216.73.216.143 - - [20/Sep/2025:15:06:20 +0200] "GET /2025/09/12/slotigo-de-worldmatch-slot-spiele-die-besten-verbunden-slots-and-spielautomaten-gebuhrenfrei?fileloc=%2F%2Fsys%2Fbus%2Fmemory%2Fdevices%2Fmemory14%2Fnode0%2Fmemory55%2Fnode0%2Fmemory9%2Fonline&path=%2F%2Fsys%2Fbus%2Fmemory%2Fdevices%2Fmemory14%2Fnode0%2Fmemory55%2Fnode0%2Fmemory9 HTTP/1.1" 200 2314 "-" "Mozilla/5.0 AppleWebKit/537.36 (KHTML, like Gecko; compatible; ClaudeBot/1.0; +claudebot@anthropic.com)"
20.171.207.191 - - [20/Sep/2025:15:06:22 +0200] "GET /sitemap-hot-4247854.xml?fileloc=//sys/class/net/lo/subsystem/eth0/queues/rx-0/rps_flow_cnt&path=//sys/class/net/lo/subsystem/eth0/queues/rx-0 HTTP/1.1" 200 2317 "-" "Mozilla/5.0 AppleWebKit/537.36 (KHTML, like Gecko; compatible; GPTBot/1.2; +https://openai.com/gptbot)"
216.73.216.143 - - [20/Sep/2025:15:06:23 +0200] "GET /2025/09/12/slotigo-de-worldmatch-slot-spiele-die-besten-verbunden-slots-and-spielautomaten-gebuhrenfrei?fileloc=%2F%2Fsys%2Fbus%2Fmemory%2Fdevices%2Fmemory22%2Fsubsystem%2Fdevices%2Fmemory43%2Fnode0%2Fmemory6%2Fnode0%2Fmemory49%2Fonline&path=%2F%2Fsys%2Fbus%2Fmemory%2Fdevices%2Fmemory22%2Fsubsystem%2Fdevices%2Fmemory43%2Fnode0%2Fmemory6%2Fnode0%2Fmemory49 HTTP/1.1" 200 2342 "-" "Mozilla/5.0 AppleWebKit/537.36 (KHTML, like Gecko; compatible; ClaudeBot/1.0; +claudebot@anthropic.com)"
20.171.207.191 - - [20/Sep/2025:15:06:25 +0200] "GET /sitemap-hot-4249854.xml?fileloc=//sys/class/net/lo/subsystem/eth0/queues/rx-0/rps_cpus&path=//sys/class/net/lo/subsystem/eth0/queues/rx-0 HTTP/1.1" 200 2313 "-" "Mozilla/5.0 AppleWebKit/537.36 (KHTML, like Gecko; compatible; GPTBot/1.2; +https://openai.com/gptbot)"
216.73.216.143 - - [20/Sep/2025:15:06:26 +0200] "GET /2025/09/12/slotigo-de-worldmatch-slot-spiele-die-besten-verbunden-slots-and-spielautomaten-gebuhrenfrei?path=%2F%2Fsys%2Fbus%2Fmemory%2Fdevices%2Fmemory19%2Fnode0%2Fmemory11%2Fnode0%2Fmemory8%2Fnode0%2Fmemory3 HTTP/1.1" 200 2903 "-" "Mozilla/5.0 AppleWebKit/537.36 (KHTML, like Gecko; compatible; ClaudeBot/1.0; +claudebot@anthropic.com)"
20.171.207.191 - - [20/Sep/2025:15:06:28 +0200] "GET /sitemap-hot-4237854.xml?fileloc=//sys/class/net/lo/subsystem/eth0/queues/rx-0/rps_cpus&path=//sys/class/net/lo/subsystem/eth0/queues/rx-0 HTTP/1.1" 200 2313 "-" "Mozilla/5.0 AppleWebKit/537.36 (KHTML, like Gecko; compatible; GPTBot/1.2; +https://openai.com/gptbot)"
216.73.216.143 - - [20/Sep/2025:15:06:29 +0200] "GET /2025/09/12/slotigo-de-worldmatch-slot-spiele-die-besten-verbunden-slots-and-spielautomaten-gebuhrenfrei?path=%2F%2Fsys%2Fbus%2Fmemory%2Fdevices%2Fmemory22%2Fnode0%2Fmemory47%2Fnode0%2Fmemory23%2Fnode0%2Fcpu3%2Fdriver HTTP/1.1" 200 2811 "-" "Mozilla/5.0 AppleWebKit/537.36 (KHTML, like Gecko; compatible; ClaudeBot/1.0; +claudebot@anthropic.com)"
57.141.0.50 - - [20/Sep/2025:15:06:30 +0200] "GET /2025/08/30/testsieger-mehr-genie-jackpots-casino-traktandum-provider/?path=/home/sareqgroup/ecommerce.com/assets HTTP/1.1" 200 20661 "-" "meta-externalagent/1.1 (+https://developers.facebook.com/docs/sharing/webmasters/crawler)"
20.171.207.191 - - [20/Sep/2025:15:06:31 +0200] "GET /sitemap-hot-4237854.xml?fileloc=//sys/class/net/lo/subsystem/eth0/queues/rx-0/rps_flow_cnt&path=//sys/class/net/lo/subsystem/eth0/queues/rx-0 HTTP/1.1" 200 2317 "-" "Mozilla/5.0 AppleWebKit/537.36 (KHTML, like Gecko; compatible; GPTBot/1.2; +https://openai.com/gptbot)"
216.73.216.143 - - [20/Sep/2025:15:06:32 +0200] "GET /2025/09/12/slotigo-de-worldmatch-slot-spiele-die-besten-verbunden-slots-and-spielautomaten-gebuhrenfrei?path=%2F%2Fsys%2Fbus%2Fmemory%2Fdevices%2Fmemory63%2Fnode0%2Fmemory23%2Fnode0%2Fmemory67%2Fnode0%2Fmemory45%2Fnode0%2Fmemory62 HTTP/1.1" 200 2932 "-" "Mozilla/5.0 AppleWebKit/537.36 (KHTML, like Gecko; compatible; ClaudeBot/1.0; +claudebot@anthropic.com)"
20.171.207.191 - - [20/Sep/2025:15:06:34 +0200] "GET /sitemap-hot-4223854.xml?fileloc=//sys/class/net/lo/subsystem/eth0/queues/rx-0/rps_flow_cnt&path=//sys/class/net/lo/subsystem/eth0/queues/rx-0 HTTP/1.1" 200 2317 "-" "Mozilla/5.0 AppleWebKit/537.36 (KHTML, like Gecko; compatible; GPTBot/1.2; +https://openai.com/gptbot)"
216.73.216.143 - - [20/Sep/2025:15:06:35 +0200] "GET /2025/09/12/slotigo-de-worldmatch-slot-spiele-die-besten-verbunden-slots-and-spielautomaten-gebuhrenfrei?path=%2F%2Fsys%2Fbus%2Fmemory%2Fdevices%2Fmemory50%2Fnode0%2Fmemory1%2Fnode0%2Fmemory50%2Fnode0%2Fmemory7 HTTP/1.1" 200 2900 "-" "Mozilla/5.0 AppleWebKit/537.36 (KHTML, like Gecko; compatible; ClaudeBot/1.0; +claudebot@anthropic.com)"
20.171.207.191 - - [20/Sep/2025:15:06:37 +0200] "GET /sitemap-hot-4233854.xml?fileloc=//sys/class/net/lo/subsystem/eth0/queues/rx-0/rps_flow_cnt&path=//sys/class/net/lo/subsystem/eth0/queues/rx-0 HTTP/1.1" 200 2317 "-" "Mozilla/5.0 AppleWebKit/537.36 (KHTML, like Gecko; compatible; GPTBot/1.2; +https://openai.com/gptbot)"
216.73.216.143 - - [20/Sep/2025:15:06:38 +0200] "GET /2025/09/12/slotigo-de-worldmatch-slot-spiele-die-besten-verbunden-slots-and-spielautomaten-gebuhrenfrei?path=%2F%2Fsys%2Fdevices%2Fvirtual%2Ftty%2Ftty25%2Fsubsystem%2Ftty12%2Fsubsystem%2Ftty38%2Fsubsystem%2Ftty38 HTTP/1.1" 200 2751 "-" "Mozilla/5.0 AppleWebKit/537.36 (KHTML, like Gecko; compatible; ClaudeBot/1.0; +claudebot@anthropic.com)"
216.73.216.143 - - [20/Sep/2025:15:06:41 +0200] "GET /2025/09/12/slotigo-de-worldmatch-slot-spiele-die-besten-verbunden-slots-and-spielautomaten-gebuhrenfrei?path=%2F%2Fsys%2Fbus%2Fmemory%2Fdevices%2Fmemory57%2Fnode0%2Fmemory23%2Fnode0%2Fmemory62%2Fnode0%2Fmemory45%2Fnode0%2Fmemory11 HTTP/1.1" 200 2933 "-" "Mozilla/5.0 AppleWebKit/537.36 (KHTML, like Gecko; compatible; ClaudeBot/1.0; +claudebot@anthropic.com)"
20.171.207.191 - - [20/Sep/2025:15:06:41 +0200] "GET /sitemap-hot-4249854.xml?fileloc=//sys/class/net/lo/subsystem/eth0/queues/rx-0/rps_flow_cnt&path=//sys/class/net/lo/subsystem/eth0/queues/rx-0 HTTP/1.1" 200 2317 "-" "Mozilla/5.0 AppleWebKit/537.36 (KHTML, like Gecko; compatible; GPTBot/1.2; +https://openai.com/gptbot)"
216.73.216.143 - - [20/Sep/2025:15:06:44 +0200] "GET /2025/09/12/slotigo-de-worldmatch-slot-spiele-die-besten-verbunden-slots-and-spielautomaten-gebuhrenfrei?path=%2F%2Fsys%2Fbus%2Fmemory%2Fdevices%2Fmemory69%2Fnode0%2Fmemory71%2Fnode0%2Fmemory32%2Fnode0%2Fmemory35%2Fnode0%2Fhugepages HTTP/1.1" 200 2675 "-" "Mozilla/5.0 AppleWebKit/537.36 (KHTML, like Gecko; compatible; ClaudeBot/1.0; +claudebot@anthropic.com)"
20.171.207.191 - - [20/Sep/2025:15:06:44 +0200] "GET /sitemap-hot-4239854.xml?path=//sys/class/net/lo/subsystem/eth0/queues/rx-0 HTTP/1.1" 200 2655 "-" "Mozilla/5.0 AppleWebKit/537.36 (KHTML, like Gecko; compatible; GPTBot/1.2; +https://openai.com/gptbot)"
216.73.216.143 - - [20/Sep/2025:15:06:47 +0200] "GET /2025/09/12/slotigo-de-worldmatch-slot-spiele-die-besten-verbunden-slots-and-spielautomaten-gebuhrenfrei?path=%2F%2Fsys%2Fbus%2Fnode%2Fdevices%2Fnode0%2Fmemory19%2Fsubsystem%2Fdevices%2Fmemory33%2Fnode0%2Fmemory67 HTTP/1.1" 200 2912 "-" "Mozilla/5.0 AppleWebKit/537.36 (KHTML, like Gecko; compatible; ClaudeBot/1.0; +claudebot@anthropic.com)"
20.171.207.191 - - [20/Sep/2025:15:06:47 +0200] "GET /sitemap-hot-4251854.xml?path=//sys/class/net/eth0/subsystem/lo/queues/rx-0 HTTP/1.1" 200 2656 "-" "Mozilla/5.0 AppleWebKit/537.36 (KHTML, like Gecko; compatible; GPTBot/1.2; +https://openai.com/gptbot)"
216.73.216.143 - - [20/Sep/2025:15:06:50 +0200] "GET /2025/09/12/slotigo-de-worldmatch-slot-spiele-die-besten-verbunden-slots-and-spielautomaten-gebuhrenfrei?path=%2F%2Fsys%2Fbus%2Fmemory%2Fdevices%2Fmemory5%2Fnode0%2Fmemory40%2Fnode0%2Fmemory53%2Fnode0%2Fmemory3%2Fnode0%2Fmemory66 HTTP/1.1" 200 2917 "-" "Mozilla/5.0 AppleWebKit/537.36 (KHTML, like Gecko; compatible; ClaudeBot/1.0; +claudebot@anthropic.com)"
20.171.207.191 - - [20/Sep/2025:15:06:50 +0200] "GET /sitemap-hot-4249854.xml?path=//sys/class/net/eth0/subsystem/lo/queues/rx-0 HTTP/1.1" 200 2656 "-" "Mozilla/5.0 AppleWebKit/537.36 (KHTML, like Gecko; compatible; GPTBot/1.2; +https://openai.com/gptbot)"
3.90.73.206 - - [20/Sep/2025:15:06:50 +0200] "GET /2020/10/?path=//proc/self/root/sys/module/xt_limit/notes HTTP/1.1" 200 14544 "-" "Mozilla/5.0 AppleWebKit/537.36 (KHTML, like Gecko; compatible; Amazonbot/0.1; +https://developer.amazon.com/support/amazonbot) Chrome/119.0.6045.214 Safari/537.36"
216.73.216.143 - - [20/Sep/2025:15:06:53 +0200] "GET /2025/09/12/slotigo-de-worldmatch-slot-spiele-die-besten-verbunden-slots-and-spielautomaten-gebuhrenfrei?fileloc=%2F%2Fsys%2Fbus%2Fmemory%2Fdevices%2Fmemory48%2Fnode0%2Fmemory59%2Fnode0%2Fmemory22%2Fnode0%2Fuevent&path=%2F%2Fsys%2Fbus%2Fmemory%2Fdevices%2Fmemory48%2Fnode0%2Fmemory59%2Fnode0%2Fmemory22%2Fnode0 HTTP/1.1" 200 2318 "-" "Mozilla/5.0 AppleWebKit/537.36 (KHTML, like Gecko; compatible; ClaudeBot/1.0; +claudebot@anthropic.com)"
20.171.207.191 - - [20/Sep/2025:15:06:53 +0200] "GET /sitemap-hot-4221854.xml?path=//sys/class/net/eth0/subsystem/lo/queues/rx-0 HTTP/1.1" 200 2656 "-" "Mozilla/5.0 AppleWebKit/537.36 (KHTML, like Gecko; compatible; GPTBot/1.2; +https://openai.com/gptbot)"
216.73.216.143 - - [20/Sep/2025:15:06:56 +0200] "GET /2025/09/12/slotigo-de-worldmatch-slot-spiele-die-besten-verbunden-slots-and-spielautomaten-gebuhrenfrei?path=%2F%2Fsys%2Fbus%2Fmemory%2Fdevices%2Fmemory22%2Fnode0%2Fmemory47%2Fnode0%2Fmemory15%2Fnode0%2Fcpu1%2Fnode0%2Fmemory19 HTTP/1.1" 200 2935 "-" "Mozilla/5.0 AppleWebKit/537.36 (KHTML, like Gecko; compatible; ClaudeBot/1.0; +claudebot@anthropic.com)"
20.171.207.191 - - [20/Sep/2025:15:06:56 +0200] "GET /sitemap-hot-4227854.xml?path=//sys/class/net/eth0/subsystem/lo/queues/rx-0 HTTP/1.1" 200 2656 "-" "Mozilla/5.0 AppleWebKit/537.36 (KHTML, like Gecko; compatible; GPTBot/1.2; +https://openai.com/gptbot)"
57.141.0.1 - - [20/Sep/2025:15:06:58 +0200] "GET /2025/08/29/gamble-at-the-imp-source-top-step-one-minimum-deposit-casinos/feed/ HTTP/1.1" 200 67849 "-" "meta-externalagent/1.1 (+https://developers.facebook.com/docs/sharing/webmasters/crawler)"
216.73.216.143 - - [20/Sep/2025:15:06:59 +0200] "GET /2025/09/12/slotigo-de-worldmatch-slot-spiele-die-besten-verbunden-slots-and-spielautomaten-gebuhrenfrei?fileloc=%2F%2Fsys%2Fbus%2Fmemory%2Fdevices%2Fmemory48%2Fnode0%2Fmemory23%2Fnode0%2Fmemory18%2Fnode0%2Fmemory34%2Fonline&path=%2F%2Fsys%2Fbus%2Fmemory%2Fdevices%2Fmemory48%2Fnode0%2Fmemory23%2Fnode0%2Fmemory18%2Fnode0%2Fmemory34 HTTP/1.1" 200 2329 "-" "Mozilla/5.0 AppleWebKit/537.36 (KHTML, like Gecko; compatible; ClaudeBot/1.0; +claudebot@anthropic.com)"
20.171.207.191 - - [20/Sep/2025:15:06:59 +0200] "GET /sitemap-hot-4239854.xml?fileloc=//sys/class/net/lo/subsystem/eth0/queues/rx-0/rps_cpus&path=//sys/class/net/lo/subsystem/eth0/queues/rx-0 HTTP/1.1" 200 2313 "-" "Mozilla/5.0 AppleWebKit/537.36 (KHTML, like Gecko; compatible; GPTBot/1.2; +https://openai.com/gptbot)"
216.73.216.143 - - [20/Sep/2025:15:07:02 +0200] "GET /2025/09/12/slotigo-de-worldmatch-slot-spiele-die-besten-verbunden-slots-and-spielautomaten-gebuhrenfrei?path=%2F%2Fsys%2Fbus%2Fmemory%2Fdevices%2Fmemory63%2Fnode0%2Fmemory59%2Fnode0%2Fmemory34%2Fnode0%2Fmemory60%2Fnode0%2Fmemory14 HTTP/1.1" 200 2930 "-" "Mozilla/5.0 AppleWebKit/537.36 (KHTML, like Gecko; compatible; ClaudeBot/1.0; +claudebot@anthropic.com)"
20.171.207.191 - - [20/Sep/2025:15:07:03 +0200] "GET /sitemap-hot-4239854.xml?fileloc=//sys/class/net/lo/subsystem/eth0/queues/rx-0/rps_flow_cnt&path=//sys/class/net/lo/subsystem/eth0/queues/rx-0 HTTP/1.1" 200 2317 "-" "Mozilla/5.0 AppleWebKit/537.36 (KHTML, like Gecko; compatible; GPTBot/1.2; +https://openai.com/gptbot)"
216.73.216.143 - - [20/Sep/2025:15:07:05 +0200] "GET /2025/09/12/slotigo-de-worldmatch-slot-spiele-die-besten-verbunden-slots-and-spielautomaten-gebuhrenfrei?path=%2F%2Fsys%2Fbus%2Fmemory%2Fdevices%2Fmemory9%2Fnode0%2Fmemory9%2Fnode0%2Fmemory38%2Fnode0%2Fmemory67%2Fnode0%2Fmemory32 HTTP/1.1" 200 2913 "-" "Mozilla/5.0 AppleWebKit/537.36 (KHTML, like Gecko; compatible; ClaudeBot/1.0; +claudebot@anthropic.com)"
20.171.207.191 - - [20/Sep/2025:15:07:06 +0200] "GET /sitemap-hot-4249854.xml?fileloc=//sys/class/net/eth0/subsystem/lo/queues/rx-0/rps_cpus&path=//sys/class/net/eth0/subsystem/lo/queues/rx-0 HTTP/1.1" 200 2314 "-" "Mozilla/5.0 AppleWebKit/537.36 (KHTML, like Gecko; compatible; GPTBot/1.2; +https://openai.com/gptbot)"
34.202.88.37 - - [20/Sep/2025:15:07:07 +0200] "GET /2020/10/?path=//sys/class/input/js0/subsystem/input0/device HTTP/1.1" 200 23225 "-" "Mozilla/5.0 AppleWebKit/537.36 (KHTML, like Gecko; compatible; Amazonbot/0.1; +https://developer.amazon.com/support/amazonbot) Chrome/119.0.6045.214 Safari/537.36"
216.73.216.143 - - [20/Sep/2025:15:07:08 +0200] "GET /2025/09/12/slotigo-de-worldmatch-slot-spiele-die-besten-verbunden-slots-and-spielautomaten-gebuhrenfrei?path=%2F%2Fsys%2Fbus%2Fmemory%2Fdevices%2Fmemory23%2Fnode0%2Fmemory20%2Fnode0%2Fmemory15%2Fnode0%2Fmemory52%2Fnode0%2Fmemory57%2Fnode0 HTTP/1.1" 200 3739 "-" "Mozilla/5.0 AppleWebKit/537.36 (KHTML, like Gecko; compatible; ClaudeBot/1.0; +claudebot@anthropic.com)"
20.171.207.191 - - [20/Sep/2025:15:07:09 +0200] "GET /sitemap-hot-4247854.xml?fileloc=//sys/class/net/lo/subsystem/eth0/queues/rx-0/rps_cpus&path=//sys/class/net/lo/subsystem/eth0/queues/rx-0 HTTP/1.1" 200 2313 "-" "Mozilla/5.0 AppleWebKit/537.36 (KHTML, like Gecko; compatible; GPTBot/1.2; +https://openai.com/gptbot)"
216.73.216.143 - - [20/Sep/2025:15:07:11 +0200] "GET /2025/09/12/slotigo-de-worldmatch-slot-spiele-die-besten-verbunden-slots-and-spielautomaten-gebuhrenfrei?path=%2F%2Fsys%2Fbus%2Fmemory%2Fdevices%2Fmemory23%2Fnode0%2Fmemory58%2Fnode0%2Fmemory55%2Fnode0%2Fmemory71%2Fnode0%2Fmemory54 HTTP/1.1" 200 2931 "-" "Mozilla/5.0 AppleWebKit/537.36 (KHTML, like Gecko; compatible; ClaudeBot/1.0; +claudebot@anthropic.com)"
20.171.207.191 - - [20/Sep/2025:15:07:12 +0200] "GET /sitemap-hot-4251854.xml?fileloc=//sys/class/net/eth0/subsystem/lo/queues/rx-0/rps_cpus&path=//sys/class/net/eth0/subsystem/lo/queues/rx-0 HTTP/1.1" 200 2314 "-" "Mozilla/5.0 AppleWebKit/537.36 (KHTML, like Gecko; compatible; GPTBot/1.2; +https://openai.com/gptbot)"
216.73.216.143 - - [20/Sep/2025:15:07:14 +0200] "GET /2025/09/12/slotigo-de-worldmatch-slot-spiele-die-besten-verbunden-slots-and-spielautomaten-gebuhrenfrei?path=%2F%2Fsys%2Fbus%2Fmemory%2Fdevices%2Fmemory40%2Fnode0%2Fmemory18%2Fnode0%2Fmemory8%2Fnode0%2Fmemory67%2Fnode0%2Fmemory32 HTTP/1.1" 200 2931 "-" "Mozilla/5.0 AppleWebKit/537.36 (KHTML, like Gecko; compatible; ClaudeBot/1.0; +claudebot@anthropic.com)"
20.171.207.191 - - [20/Sep/2025:15:07:15 +0200] "GET /sitemap-hot-4221854.xml?fileloc=//sys/class/net/eth0/subsystem/lo/queues/rx-0/rps_cpus&path=//sys/class/net/eth0/subsystem/lo/queues/rx-0 HTTP/1.1" 200 2314 "-" "Mozilla/5.0 AppleWebKit/537.36 (KHTML, like Gecko; compatible; GPTBot/1.2; +https://openai.com/gptbot)"
216.73.216.143 - - [20/Sep/2025:15:07:17 +0200] "GET /2025/09/12/finest-united-states-online-casinos-2025-internet-casino-cuckoo-casino-game-a-real-income?fileloc=%2F%2Fproc%2F11525%2Fnet%2Fif_inet6&path=%2F%2Fproc%2F11525%2Fnet HTTP/1.1" 200 2307 "-" "Mozilla/5.0 AppleWebKit/537.36 (KHTML, like Gecko; compatible; ClaudeBot/1.0; +claudebot@anthropic.com)"
20.171.207.191 - - [20/Sep/2025:15:07:18 +0200] "GET /sitemap-hot-4227854.xml?fileloc=//sys/class/net/eth0/subsystem/lo/queues/rx-0/rps_cpus&path=//sys/class/net/eth0/subsystem/lo/queues/rx-0 HTTP/1.1" 200 2314 "-" "Mozilla/5.0 AppleWebKit/537.36 (KHTML, like Gecko; compatible; GPTBot/1.2; +https://openai.com/gptbot)"
57.141.0.69 - - [20/Sep/2025:15:07:19 +0200] "GET /2025/09/06/casibom-casino-gvenilir-online-casino-giri-adresi-907-2/?path=/home HTTP/1.1" 200 12659 "-" "meta-externalagent/1.1 (+https://developers.facebook.com/docs/sharing/webmasters/crawler)"
216.73.216.143 - - [20/Sep/2025:15:07:20 +0200] "GET /2025/09/12/slotigo-de-worldmatch-slot-spiele-die-besten-verbunden-slots-and-spielautomaten-gebuhrenfrei?path=%2F%2Fsys%2Fbus%2Fmemory%2Fdevices%2Fmemory21%2Fnode0%2Fmemory0%2Fnode0%2Fmemory35%2Fnode0%2Fmemory11%2Fnode0 HTTP/1.1" 200 3720 "-" "Mozilla/5.0 AppleWebKit/537.36 (KHTML, like Gecko; compatible; ClaudeBot/1.0; +claudebot@anthropic.com)"
20.171.207.191 - - [20/Sep/2025:15:07:22 +0200] "GET /sitemap-hot-4249854.xml?fileloc=//sys/class/net/eth0/subsystem/lo/queues/rx-0/rps_flow_cnt&path=//sys/class/net/eth0/subsystem/lo/queues/rx-0 HTTP/1.1" 200 2318 "-" "Mozilla/5.0 AppleWebKit/537.36 (KHTML, like Gecko; compatible; GPTBot/1.2; +https://openai.com/gptbot)"
216.73.216.143 - - [20/Sep/2025:15:07:23 +0200] "GET /2025/09/12/slotigo-de-worldmatch-slot-spiele-die-besten-verbunden-slots-and-spielautomaten-gebuhrenfrei?fileloc=%2F%2Fsys%2Fbus%2Fmemory%2Fdevices%2Fmemory49%2Fnode0%2Fmemory40%2Fend_phys_index&path=%2F%2Fsys%2Fbus%2Fmemory%2Fdevices%2Fmemory49%2Fnode0%2Fmemory40 HTTP/1.1" 200 2311 "-" "Mozilla/5.0 AppleWebKit/537.36 (KHTML, like Gecko; compatible; ClaudeBot/1.0; +claudebot@anthropic.com)"
20.171.207.191 - - [20/Sep/2025:15:07:25 +0200] "GET /sitemap-hot-4251854.xml?fileloc=//sys/class/net/eth0/subsystem/lo/queues/rx-0/rps_flow_cnt&path=//sys/class/net/eth0/subsystem/lo/queues/rx-0 HTTP/1.1" 200 2318 "-" "Mozilla/5.0 AppleWebKit/537.36 (KHTML, like Gecko; compatible; GPTBot/1.2; +https://openai.com/gptbot)"
216.73.216.143 - - [20/Sep/2025:15:07:26 +0200] "GET /2025/09/12/slotigo-de-worldmatch-slot-spiele-die-besten-verbunden-slots-and-spielautomaten-gebuhrenfrei?path=%2F%2Fsys%2Fbus%2Fmemory%2Fdevices%2Fmemory17%2Fnode0%2Fmemory10%2Fsubsystem%2Fdevices%2Fmemory71%2Fnode0%2Fmemory6 HTTP/1.1" 200 2919 "-" "Mozilla/5.0 AppleWebKit/537.36 (KHTML, like Gecko; compatible; ClaudeBot/1.0; +claudebot@anthropic.com)"
195.216.159.74 - - [20/Sep/2025:15:07:26 +0200] "GET /2025/05/16/understanding-provably-fair-plinko-a-guide-to/ HTTP/1.1" 200 3733 "http://ecommerce.sareqgroup.com/" "Mozilla/5.0 (Windows NT 10.0; Win64; x64) AppleWebKit/537.36 (KHTML, like Gecko) Chrome/114.0.0.0 Safari/537.36 OPR/89.0.4447.51"
20.171.207.191 - - [20/Sep/2025:15:07:28 +0200] "GET /sitemap-hot-4221854.xml?fileloc=//sys/class/net/eth0/subsystem/lo/queues/rx-0/rps_flow_cnt&path=//sys/class/net/eth0/subsystem/lo/queues/rx-0 HTTP/1.1" 200 2318 "-" "Mozilla/5.0 AppleWebKit/537.36 (KHTML, like Gecko; compatible; GPTBot/1.2; +https://openai.com/gptbot)"
216.73.216.143 - - [20/Sep/2025:15:07:29 +0200] "GET /2025/09/12/slotigo-de-worldmatch-slot-spiele-die-besten-verbunden-slots-and-spielautomaten-gebuhrenfrei?path=%2F%2Fsys%2Fbus%2Fmemory%2Fdevices%2Fmemory23%2Fnode0%2Fmemory43%2Fnode0%2Fmemory15%2Fnode0%2Fmemory49%2Fnode0%2Fmemory11%2Fpower HTTP/1.1" 200 2896 "-" "Mozilla/5.0 AppleWebKit/537.36 (KHTML, like Gecko; compatible; ClaudeBot/1.0; +claudebot@anthropic.com)"
146.174.187.204 - - [20/Sep/2025:15:07:29 +0200] "GET /2021/04/?path=/home/sareqgroup/ecommerce.com/wp-admin/user HTTP/1.1" 200 33047 "-" "Mozilla/5.0 (X11; Ubuntu; Linux x86_64; rv:14.0) Gecko/20100101 Firefox/14.0.1"
57.141.0.44 - - [20/Sep/2025:15:07:31 +0200] "GET /wp-json/oembed/1.0/embed?url=http%3A%2F%2Fecommerce.sareqgroup.com%2F2025%2F08%2F17%2Fkazino-oficialnyj-sajt-pin-up-casino-igrat-onlajn-633%2F HTTP/1.1" 200 67849 "-" "meta-externalagent/1.1 (+https://developers.facebook.com/docs/sharing/webmasters/crawler)"
20.171.207.191 - - [20/Sep/2025:15:07:31 +0200] "GET /sitemap-hot-4227854.xml?fileloc=//sys/class/net/eth0/subsystem/lo/queues/rx-0/rps_flow_cnt&path=//sys/class/net/eth0/subsystem/lo/queues/rx-0 HTTP/1.1" 200 2318 "-" "Mozilla/5.0 AppleWebKit/537.36 (KHTML, like Gecko; compatible; GPTBot/1.2; +https://openai.com/gptbot)"
216.73.216.143 - - [20/Sep/2025:15:07:32 +0200] "GET /2025/09/12/slotigo-de-worldmatch-slot-spiele-die-besten-verbunden-slots-and-spielautomaten-gebuhrenfrei?path=%2F%2Fsys%2Fdevices%2Fsystem%2Fmemory%2Fmemory37%2Fnode0%2Fmemory42%2Fnode0%2Fmemory22%2Fnode0%2Fmemory13 HTTP/1.1" 200 2921 "-" "Mozilla/5.0 AppleWebKit/537.36 (KHTML, like Gecko; compatible; ClaudeBot/1.0; +claudebot@anthropic.com)"
20.171.207.191 - - [20/Sep/2025:15:07:34 +0200] "GET /sitemap-hot-4251854.xml?path=//proc/self/root/sys/class/net/eth0/device/driver HTTP/1.1" 200 2758 "-" "Mozilla/5.0 AppleWebKit/537.36 (KHTML, like Gecko; compatible; GPTBot/1.2; +https://openai.com/gptbot)"
216.73.216.143 - - [20/Sep/2025:15:07:35 +0200] "GET /2025/09/12/slotigo-de-worldmatch-slot-spiele-die-besten-verbunden-slots-and-spielautomaten-gebuhrenfrei?path=%2F%2Fsys%2Fdevices%2Fsystem%2Fmemory%2Fmemory46%2Fnode0%2Fmemory52%2Fnode0%2Fmemory20 HTTP/1.1" 200 2904 "-" "Mozilla/5.0 AppleWebKit/537.36 (KHTML, like Gecko; compatible; ClaudeBot/1.0; +claudebot@anthropic.com)"
20.171.207.191 - - [20/Sep/2025:15:07:37 +0200] "GET /sitemap-hot-4227854.xml?path=//sys/class/net/eth0/device/driver/module/sections HTTP/1.1" 200 3069 "-" "Mozilla/5.0 AppleWebKit/537.36 (KHTML, like Gecko; compatible; GPTBot/1.2; +https://openai.com/gptbot)"
216.73.216.143 - - [20/Sep/2025:15:07:38 +0200] "GET /2025/09/12/slotigo-de-worldmatch-slot-spiele-die-besten-verbunden-slots-and-spielautomaten-gebuhrenfrei?path=%2F%2Fsys%2Fbus%2Fmemory%2Fdevices%2Fmemory17%2Fnode0%2Fmemory71%2Fsubsystem%2Fdevices%2Fmemory41%2Fnode0%2Fmemory15 HTTP/1.1" 200 2920 "-" "Mozilla/5.0 AppleWebKit/537.36 (KHTML, like Gecko; compatible; ClaudeBot/1.0; +claudebot@anthropic.com)"
216.73.216.143 - - [20/Sep/2025:15:07:41 +0200] "GET /2025/09/12/slotigo-de-worldmatch-slot-spiele-die-besten-verbunden-slots-and-spielautomaten-gebuhrenfrei?fileloc=%2F%2Fsys%2Fbus%2Fmemory%2Fdevices%2Fmemory22%2Fnode0%2Fmemory10%2Fnode0%2Fmemory14%2Fnode0%2Fmemory46%2Fonline&path=%2F%2Fsys%2Fbus%2Fmemory%2Fdevices%2Fmemory22%2Fnode0%2Fmemory10%2Fnode0%2Fmemory14%2Fnode0%2Fmemory46 HTTP/1.1" 200 2326 "-" "Mozilla/5.0 AppleWebKit/537.36 (KHTML, like Gecko; compatible; ClaudeBot/1.0; +claudebot@anthropic.com)"
20.171.207.191 - - [20/Sep/2025:15:07:41 +0200] "GET /sitemap-hot-4225854.xml?path=//proc/self/root/sys/class/net/eth0/device/driver HTTP/1.1" 200 2758 "-" "Mozilla/5.0 AppleWebKit/537.36 (KHTML, like Gecko; compatible; GPTBot/1.2; +https://openai.com/gptbot)"
54.83.180.239 - - [20/Sep/2025:15:07:43 +0200] "GET /2020/10/?path=//sys/bus/acpi/devices/device:1f/subsystem/drivers HTTP/1.1" 200 24446 "-" "Mozilla/5.0 AppleWebKit/537.36 (KHTML, like Gecko; compatible; Amazonbot/0.1; +https://developer.amazon.com/support/amazonbot) Chrome/119.0.6045.214 Safari/537.36"
216.73.216.143 - - [20/Sep/2025:15:07:44 +0200] "GET /2025/09/12/slotigo-de-worldmatch-slot-spiele-die-besten-verbunden-slots-and-spielautomaten-gebuhrenfrei?path=%2F%2Fsys%2Fdevices%2Fsystem%2Fmemory%2Fmemory46%2Fnode0%2Fmemory52%2Fnode0%2Fsubsystem HTTP/1.1" 200 2782 "-" "Mozilla/5.0 AppleWebKit/537.36 (KHTML, like Gecko; compatible; ClaudeBot/1.0; +claudebot@anthropic.com)"
20.171.207.191 - - [20/Sep/2025:15:07:44 +0200] "GET /sitemap-hot-4241854.xml?path=//sys/class/net/eth0/device/driver/module/sections HTTP/1.1" 200 3069 "-" "Mozilla/5.0 AppleWebKit/537.36 (KHTML, like Gecko; compatible; GPTBot/1.2; +https://openai.com/gptbot)"
216.73.216.143 - - [20/Sep/2025:15:07:47 +0200] "GET /2025/09/12/slotigo-de-worldmatch-slot-spiele-die-besten-verbunden-slots-and-spielautomaten-gebuhrenfrei?fileloc=%2F%2Fsys%2Fbus%2Fmemory%2Fdevices%2Fmemory23%2Fnode0%2Fmemory57%2Fnode0%2Fmemory14%2Fremovable&path=%2F%2Fsys%2Fbus%2Fmemory%2Fdevices%2Fmemory23%2Fnode0%2Fmemory57%2Fnode0%2Fmemory14 HTTP/1.1" 200 2319 "-" "Mozilla/5.0 AppleWebKit/537.36 (KHTML, like Gecko; compatible; ClaudeBot/1.0; +claudebot@anthropic.com)"
20.171.207.191 - - [20/Sep/2025:15:07:47 +0200] "GET /sitemap-hot-4231854.xml?path=//sys/class/net/eth0/device/driver/module/sections HTTP/1.1" 200 3069 "-" "Mozilla/5.0 AppleWebKit/537.36 (KHTML, like Gecko; compatible; GPTBot/1.2; +https://openai.com/gptbot)"
216.73.216.143 - - [20/Sep/2025:15:07:50 +0200] "GET /2025/09/12/slotigo-de-worldmatch-slot-spiele-die-besten-verbunden-slots-and-spielautomaten-gebuhrenfrei?fileloc=%2F%2Fsys%2Fbus%2Fmemory%2Fdevices%2Fmemory57%2Fnode0%2Fmemory13%2Fnode0%2Fmemory41%2Fonline&path=%2F%2Fsys%2Fbus%2Fmemory%2Fdevices%2Fmemory57%2Fnode0%2Fmemory13%2Fnode0%2Fmemory41 HTTP/1.1" 200 2316 "-" "Mozilla/5.0 AppleWebKit/537.36 (KHTML, like Gecko; compatible; ClaudeBot/1.0; +claudebot@anthropic.com)"
20.171.207.191 - - [20/Sep/2025:15:07:50 +0200] "GET /sitemap-hot-4229854.xml?path=//sys/class/net/eth0/device/driver/module/holders HTTP/1.1" 200 2364 "-" "Mozilla/5.0 AppleWebKit/537.36 (KHTML, like Gecko; compatible; GPTBot/1.2; +https://openai.com/gptbot)"
216.73.216.143 - - [20/Sep/2025:15:07:53 +0200] "GET /2025/09/12/slotigo-de-worldmatch-slot-spiele-die-besten-verbunden-slots-and-spielautomaten-gebuhrenfrei?path=%2F%2Fsys%2Fbus%2Fmemory%2Fdevices%2Fmemory19%2Fnode0%2Fmemory8%2Fsubsystem%2Fdevices%2Fmemory6%2Fsubsystem%2Fdevices%2Fmemory6 HTTP/1.1" 200 2927 "-" "Mozilla/5.0 AppleWebKit/537.36 (KHTML, like Gecko; compatible; ClaudeBot/1.0; +claudebot@anthropic.com)"
20.171.207.191 - - [20/Sep/2025:15:07:54 +0200] "GET /sitemap-hot-4225854.xml?fileloc=//proc/self/root/sys/class/net/eth0/device/driver/bind&path=//proc/self/root/sys/class/net/eth0/device/driver HTTP/1.1" 200 2316 "-" "Mozilla/5.0 AppleWebKit/537.36 (KHTML, like Gecko; compatible; GPTBot/1.2; +https://openai.com/gptbot)"
216.73.216.143 - - [20/Sep/2025:15:07:56 +0200] "GET /2025/09/12/slotigo-de-worldmatch-slot-spiele-die-besten-verbunden-slots-and-spielautomaten-gebuhrenfrei?fileloc=%2F%2Fsys%2Fbus%2Fmemory%2Fdevices%2Fmemory5%2Fnode0%2Fmemory7%2Fnode0%2Fmemory49%2Fuevent&path=%2F%2Fsys%2Fbus%2Fmemory%2Fdevices%2Fmemory5%2Fnode0%2Fmemory7%2Fnode0%2Fmemory49 HTTP/1.1" 200 2313 "-" "Mozilla/5.0 AppleWebKit/537.36 (KHTML, like Gecko; compatible; ClaudeBot/1.0; +claudebot@anthropic.com)"
20.171.207.191 - - [20/Sep/2025:15:07:57 +0200] "GET /sitemap-hot-4227854.xml?fileloc=//sys/class/net/eth0/device/driver/module/sections/.exit.text&path=//sys/class/net/eth0/device/driver/module/sections HTTP/1.1" 200 2319 "-" "Mozilla/5.0 AppleWebKit/537.36 (KHTML, like Gecko; compatible; GPTBot/1.2; +https://openai.com/gptbot)"
216.73.216.143 - - [20/Sep/2025:15:07:59 +0200] "GET /2025/09/12/slotigo-de-worldmatch-slot-spiele-die-besten-verbunden-slots-and-spielautomaten-gebuhrenfrei?path=%2F%2Fsys%2Fbus%2Fmemory%2Fdevices%2Fmemory57%2Fnode0%2Fmemory59%2Fnode0%2Fmemory64%2Fnode0%2Fmemory61%2Fnode0%2Fhugepages HTTP/1.1" 200 2673 "-" "Mozilla/5.0 AppleWebKit/537.36 (KHTML, like Gecko; compatible; ClaudeBot/1.0; +claudebot@anthropic.com)"
20.171.207.191 - - [20/Sep/2025:15:08:00 +0200] "GET /sitemap-hot-4251854.xml?fileloc=//proc/self/root/sys/class/net/eth0/device/driver/uevent&path=//proc/self/root/sys/class/net/eth0/device/driver HTTP/1.1" 200 2317 "-" "Mozilla/5.0 AppleWebKit/537.36 (KHTML, like Gecko; compatible; GPTBot/1.2; +https://openai.com/gptbot)"
57.141.0.49 - - [20/Sep/2025:15:08:01 +0200] "GET /2025/09/11/soar-to-new-heights-while-mastering-the-challenges/?fileloc=//bin/euare-oidcproviderlist&path=//bin HTTP/1.1" 200 12453 "-" "meta-externalagent/1.1 (+https://developers.facebook.com/docs/sharing/webmasters/crawler)"
216.73.216.143 - - [20/Sep/2025:15:08:02 +0200] "GET /2025/09/12/slotigo-de-worldmatch-slot-spiele-die-besten-verbunden-slots-and-spielautomaten-gebuhrenfrei?fileloc=%2F%2Fsys%2Fbus%2Fmemory%2Fdevices%2Fmemory51%2Fnode0%2Fmemory12%2Fnode0%2Fmemory18%2Fstate&path=%2F%2Fsys%2Fbus%2Fmemory%2Fdevices%2Fmemory51%2Fnode0%2Fmemory12%2Fnode0%2Fmemory18 HTTP/1.1" 200 2317 "-" "Mozilla/5.0 AppleWebKit/537.36 (KHTML, like Gecko; compatible; ClaudeBot/1.0; +claudebot@anthropic.com)"
20.171.207.191 - - [20/Sep/2025:15:08:03 +0200] "GET /sitemap-hot-4241854.xml?fileloc=//sys/class/net/eth0/device/driver/module/sections/.gnu.linkonce.this_module&path=//sys/class/net/eth0/device/driver/module/sections HTTP/1.1" 200 2329 "-" "Mozilla/5.0 AppleWebKit/537.36 (KHTML, like Gecko; compatible; GPTBot/1.2; +https://openai.com/gptbot)"
216.73.216.143 - - [20/Sep/2025:15:08:05 +0200] "GET /2025/09/12/slotigo-de-worldmatch-slot-spiele-die-besten-verbunden-slots-and-spielautomaten-gebuhrenfrei?path=%2F%2Fsys%2Fbus%2Fnode%2Fdevices%2Fnode0%2Fmemory43%2Fnode0%2Fmemory39%2Fnode0%2Fmemory7 HTTP/1.1" 200 2895 "-" "Mozilla/5.0 AppleWebKit/537.36 (KHTML, like Gecko; compatible; ClaudeBot/1.0; +claudebot@anthropic.com)"
20.171.207.191 - - [20/Sep/2025:15:08:06 +0200] "GET /sitemap-hot-4227854.xml?fileloc=//sys/class/net/eth0/device/driver/module/sections/.data&path=//sys/class/net/eth0/device/driver/module/sections HTTP/1.1" 200 2315 "-" "Mozilla/5.0 AppleWebKit/537.36 (KHTML, like Gecko; compatible; GPTBot/1.2; +https://openai.com/gptbot)"
57.141.0.45 - - [20/Sep/2025:15:08:07 +0200] "GET /2025/09/11/5-euro-einzahlungsbonus-casinos-unter-einsatz-von-weniger-bedeutend-einzahlung-2025/?fileloc=//lib64/xtables/libxt_sctp.so&path=//lib64/xtables HTTP/1.1" 200 12306 "-" "meta-externalagent/1.1 (+https://developers.facebook.com/docs/sharing/webmasters/crawler)"
216.73.216.143 - - [20/Sep/2025:15:08:08 +0200] "GET /2025/09/12/slotigo-de-worldmatch-slot-spiele-die-besten-verbunden-slots-and-spielautomaten-gebuhrenfrei?path=%2F%2Fsys%2Fbus%2Fmemory%2Fdevices%2Fmemory5%2Fnode0%2Fmemory65%2Fnode0%2Fmemory35%2Fnode0%2Fmemory11%2Fnode0 HTTP/1.1" 200 3723 "-" "Mozilla/5.0 AppleWebKit/537.36 (KHTML, like Gecko; compatible; ClaudeBot/1.0; +claudebot@anthropic.com)"
20.171.207.191 - - [20/Sep/2025:15:08:10 +0200] "GET /sitemap-hot-4251854.xml?fileloc=//proc/self/root/sys/class/net/eth0/device/driver/bind&path=//proc/self/root/sys/class/net/eth0/device/driver HTTP/1.1" 200 2316 "-" "Mozilla/5.0 AppleWebKit/537.36 (KHTML, like Gecko; compatible; GPTBot/1.2; +https://openai.com/gptbot)"
216.73.216.143 - - [20/Sep/2025:15:08:11 +0200] "GET /2025/09/12/slotigo-de-worldmatch-slot-spiele-die-besten-verbunden-slots-and-spielautomaten-gebuhrenfrei?fileloc=%2F%2Fsys%2Fbus%2Fmemory%2Fdevices%2Fmemory22%2Fnode0%2Fmemory21%2Fnode0%2Fmemory49%2Fnode0%2Fmemory61%2Fstate&path=%2F%2Fsys%2Fbus%2Fmemory%2Fdevices%2Fmemory22%2Fnode0%2Fmemory21%2Fnode0%2Fmemory49%2Fnode0%2Fmemory61 HTTP/1.1" 200 2329 "-" "Mozilla/5.0 AppleWebKit/537.36 (KHTML, like Gecko; compatible; ClaudeBot/1.0; +claudebot@anthropic.com)"
20.171.207.191 - - [20/Sep/2025:15:08:13 +0200] "GET /sitemap-hot-4227854.xml?fileloc=//sys/class/net/eth0/device/driver/module/sections/.text&path=//sys/class/net/eth0/device/driver/module/sections HTTP/1.1" 200 2315 "-" "Mozilla/5.0 AppleWebKit/537.36 (KHTML, like Gecko; compatible; GPTBot/1.2; +https://openai.com/gptbot)"
216.73.216.143 - - [20/Sep/2025:15:08:14 +0200] "GET /2025/09/12/slotigo-de-worldmatch-slot-spiele-die-besten-verbunden-slots-and-spielautomaten-gebuhrenfrei?path=%2F%2Fsys%2Fdevices%2Fsystem%2Fmemory%2Fmemory54%2Fnode0%2Fmemory16%2Fnode0%2Fmemory32 HTTP/1.1" 200 2905 "-" "Mozilla/5.0 AppleWebKit/537.36 (KHTML, like Gecko; compatible; ClaudeBot/1.0; +claudebot@anthropic.com)"
20.171.207.191 - - [20/Sep/2025:15:08:16 +0200] "GET /sitemap-hot-4241854.xml?fileloc=//sys/class/net/eth0/device/driver/module/sections/.text&path=//sys/class/net/eth0/device/driver/module/sections HTTP/1.1" 200 2315 "-" "Mozilla/5.0 AppleWebKit/537.36 (KHTML, like Gecko; compatible; GPTBot/1.2; +https://openai.com/gptbot)"
216.73.216.143 - - [20/Sep/2025:15:08:17 +0200] "GET /2025/09/12/slotigo-de-worldmatch-slot-spiele-die-besten-verbunden-slots-and-spielautomaten-gebuhrenfrei?path=%2F%2Fsys%2Fbus%2Fmemory%2Fdevices%2Fmemory9%2Fnode0%2Fmemory5%2Fnode0%2Fmemory53%2Fnode0%2Fmemory45%2Fnode0%2Fmemory70 HTTP/1.1" 200 2917 "-" "Mozilla/5.0 AppleWebKit/537.36 (KHTML, like Gecko; compatible; ClaudeBot/1.0; +claudebot@anthropic.com)"
20.171.207.191 - - [20/Sep/2025:15:08:19 +0200] "GET /sitemap-hot-4225854.xml?fileloc=//proc/self/root/sys/class/net/eth0/device/driver/uevent&path=//proc/self/root/sys/class/net/eth0/device/driver HTTP/1.1" 200 2317 "-" "Mozilla/5.0 AppleWebKit/537.36 (KHTML, like Gecko; compatible; GPTBot/1.2; +https://openai.com/gptbot)"
216.73.216.143 - - [20/Sep/2025:15:08:20 +0200] "GET /2025/09/12/slotigo-de-worldmatch-slot-spiele-die-besten-verbunden-slots-and-spielautomaten-gebuhrenfrei?path=%2F%2Fsys%2Fbus%2Fmemory%2Fdevices%2Fmemory7%2Fsubsystem%2Fdevices%2Fmemory13%2Fnode0%2Fmemory45%2Fnode0%2Fmemory7 HTTP/1.1" 200 2914 "-" "Mozilla/5.0 AppleWebKit/537.36 (KHTML, like Gecko; compatible; ClaudeBot/1.0; +claudebot@anthropic.com)"
20.171.207.191 - - [20/Sep/2025:15:08:22 +0200] "GET /sitemap-hot-4231854.xml?fileloc=//sys/class/net/eth0/device/driver/module/sections/.rodata.str1.1&path=//sys/class/net/eth0/device/driver/module/sections HTTP/1.1" 200 2321 "-" "Mozilla/5.0 AppleWebKit/537.36 (KHTML, like Gecko; compatible; GPTBot/1.2; +https://openai.com/gptbot)"
57.141.0.17 - - [20/Sep/2025:15:08:22 +0200] "GET /2025/09/11/soar-to-new-heights-while-mastering-the-challenges/?fileloc=//sbin/rtpr&path=//sbin HTTP/1.1" 200 12299 "-" "meta-externalagent/1.1 (+https://developers.facebook.com/docs/sharing/webmasters/crawler)"
216.73.216.143 - - [20/Sep/2025:15:08:23 +0200] "GET /2025/09/12/slotigo-de-worldmatch-slot-spiele-die-besten-verbunden-slots-and-spielautomaten-gebuhrenfrei?path=%2F%2Fsys%2Fbus%2Fmemory%2Fdevices%2Fmemory21%2Fnode0%2Fmemory0%2Fnode0%2Fmemory21%2Fnode0%2Fmemory12%2Fnode0%2Fmemory43%2Fnode0 HTTP/1.1" 200 3731 "-" "Mozilla/5.0 AppleWebKit/537.36 (KHTML, like Gecko; compatible; ClaudeBot/1.0; +claudebot@anthropic.com)"
20.171.207.191 - - [20/Sep/2025:15:08:25 +0200] "GET /sitemap-hot-4241854.xml?fileloc=//sys/class/net/eth0/device/driver/module/sections/.data&path=//sys/class/net/eth0/device/driver/module/sections HTTP/1.1" 200 2315 "-" "Mozilla/5.0 AppleWebKit/537.36 (KHTML, like Gecko; compatible; GPTBot/1.2; +https://openai.com/gptbot)"
216.73.216.143 - - [20/Sep/2025:15:08:26 +0200] "GET /2025/09/12/slotigo-de-worldmatch-slot-spiele-die-besten-verbunden-slots-and-spielautomaten-gebuhrenfrei?path=%2F%2Fsys%2Fbus%2Fmemory%2Fdevices%2Fmemory23%2Fnode0%2Fmemory63%2Fnode0%2Fmemory37%2Fnode0%2Fmemory71%2Fnode0%2Fmemory51 HTTP/1.1" 200 2932 "-" "Mozilla/5.0 AppleWebKit/537.36 (KHTML, like Gecko; compatible; ClaudeBot/1.0; +claudebot@anthropic.com)"
20.171.207.191 - - [20/Sep/2025:15:08:28 +0200] "GET /sitemap-hot-4227854.xml?fileloc=//sys/class/net/eth0/device/driver/module/sections/.rodata.str1.8&path=//sys/class/net/eth0/device/driver/module/sections HTTP/1.1" 200 2321 "-" "Mozilla/5.0 AppleWebKit/537.36 (KHTML, like Gecko; compatible; GPTBot/1.2; +https://openai.com/gptbot)"
216.73.216.143 - - [20/Sep/2025:15:08:29 +0200] "GET /2025/09/12/slotigo-de-worldmatch-slot-spiele-die-besten-verbunden-slots-and-spielautomaten-gebuhrenfrei?path=%2F%2Fsys%2Fbus%2Fmemory%2Fdevices%2Fmemory40%2Fnode0%2Fmemory65%2Fnode0%2Fmemory60%2Fnode0%2Fmemory42%2Fnode0 HTTP/1.1" 200 3719 "-" "Mozilla/5.0 AppleWebKit/537.36 (KHTML, like Gecko; compatible; ClaudeBot/1.0; +claudebot@anthropic.com)"
20.171.207.191 - - [20/Sep/2025:15:08:31 +0200] "GET /sitemap-hot-4241854.xml?fileloc=//sys/class/net/eth0/device/driver/module/sections/.rodata.str1.1&path=//sys/class/net/eth0/device/driver/module/sections HTTP/1.1" 200 2321 "-" "Mozilla/5.0 AppleWebKit/537.36 (KHTML, like Gecko; compatible; GPTBot/1.2; +https://openai.com/gptbot)"
216.73.216.143 - - [20/Sep/2025:15:08:32 +0200] "GET /2025/09/12/slotigo-de-worldmatch-slot-spiele-die-besten-verbunden-slots-and-spielautomaten-gebuhrenfrei?path=%2F%2Fsys%2Fbus%2Fmemory%2Fdevices%2Fmemory13%2Fnode0%2Fmemory7%2Fsubsystem%2Fdevices%2Fmemory45%2Fnode0%2Fmemory7 HTTP/1.1" 200 2916 "-" "Mozilla/5.0 AppleWebKit/537.36 (KHTML, like Gecko; compatible; ClaudeBot/1.0; +claudebot@anthropic.com)"
57.141.0.67 - - [20/Sep/2025:15:08:32 +0200] "GET /2025/09/11/5-euro-einzahlungsbonus-casinos-unter-einsatz-von-weniger-bedeutend-einzahlung-2025/?fileloc=//var/log/lfd.log-20250914.gz&path=//var/log HTTP/1.1" 200 12292 "-" "meta-externalagent/1.1 (+https://developers.facebook.com/docs/sharing/webmasters/crawler)"
20.171.207.191 - - [20/Sep/2025:15:08:34 +0200] "GET /sitemap-hot-4227854.xml?fileloc=//sys/class/net/eth0/device/driver/module/sections/.rodata.str1.1&path=//sys/class/net/eth0/device/driver/module/sections HTTP/1.1" 200 2321 "-" "Mozilla/5.0 AppleWebKit/537.36 (KHTML, like Gecko; compatible; GPTBot/1.2; +https://openai.com/gptbot)"
216.73.216.143 - - [20/Sep/2025:15:08:35 +0200] "GET /2025/09/12/slotigo-de-worldmatch-slot-spiele-die-besten-verbunden-slots-and-spielautomaten-gebuhrenfrei?path=%2F%2Fsys%2Fbus%2Fmemory%2Fdevices%2Fmemory34%2Fnode0%2Fmemory64%2Fnode0%2Fmemory63%2Fnode0%2Fmemory62%2Fnode0 HTTP/1.1" 200 3719 "-" "Mozilla/5.0 AppleWebKit/537.36 (KHTML, like Gecko; compatible; ClaudeBot/1.0; +claudebot@anthropic.com)"
20.171.207.191 - - [20/Sep/2025:15:08:38 +0200] "GET /sitemap-hot-4241854.xml?fileloc=//sys/class/net/eth0/device/driver/module/sections/.rodata.str1.8&path=//sys/class/net/eth0/device/driver/module/sections HTTP/1.1" 200 2321 "-" "Mozilla/5.0 AppleWebKit/537.36 (KHTML, like Gecko; compatible; GPTBot/1.2; +https://openai.com/gptbot)"
216.73.216.143 - - [20/Sep/2025:15:08:38 +0200] "GET /2025/09/12/slotigo-de-worldmatch-slot-spiele-die-besten-verbunden-slots-and-spielautomaten-gebuhrenfrei?path=%2F%2Fsys%2Fbus%2Fmemory%2Fdevices%2Fmemory63%2Fnode0%2Fmemory18%2Fnode0%2Fmemory46%2Fnode0%2Fmemory2 HTTP/1.1" 200 2907 "-" "Mozilla/5.0 AppleWebKit/537.36 (KHTML, like Gecko; compatible; ClaudeBot/1.0; +claudebot@anthropic.com)"
20.171.207.191 - - [20/Sep/2025:15:08:41 +0200] "GET /sitemap-hot-4231854.xml?fileloc=//sys/class/net/eth0/device/driver/module/sections/.rodata.str1.8&path=//sys/class/net/eth0/device/driver/module/sections HTTP/1.1" 200 2321 "-" "Mozilla/5.0 AppleWebKit/537.36 (KHTML, like Gecko; compatible; GPTBot/1.2; +https://openai.com/gptbot)"
216.73.216.143 - - [20/Sep/2025:15:08:41 +0200] "GET /2025/09/12/slotigo-de-worldmatch-slot-spiele-die-besten-verbunden-slots-and-spielautomaten-gebuhrenfrei?path=%2F%2Fsys%2Fbus%2Fmemory%2Fdevices%2Fmemory58%2Fnode0%2Fmemory38%2Fnode0%2Fmemory21%2Fnode0%2Fmemory10%2Fnode0%2Fmemory57 HTTP/1.1" 200 2932 "-" "Mozilla/5.0 AppleWebKit/537.36 (KHTML, like Gecko; compatible; ClaudeBot/1.0; +claudebot@anthropic.com)"
216.73.216.143 - - [20/Sep/2025:15:08:44 +0200] "GET /2025/09/12/slotigo-de-worldmatch-slot-spiele-die-besten-verbunden-slots-and-spielautomaten-gebuhrenfrei?path=%2F%2Fsys%2Fbus%2Fmemory%2Fdevices%2Fmemory3%2Fnode0%2Fmemory20%2Fnode0%2Fmemory18%2Fnode0%2Fmemory13%2Fpower HTTP/1.1" 200 2894 "-" "Mozilla/5.0 AppleWebKit/537.36 (KHTML, like Gecko; compatible; ClaudeBot/1.0; +claudebot@anthropic.com)"
20.171.207.191 - - [20/Sep/2025:15:08:44 +0200] "GET /sitemap-hot-4251854.xml?fileloc=//proc/self/root/sys/class/net/eth0/device/driver/unbind&path=//proc/self/root/sys/class/net/eth0/device/driver HTTP/1.1" 200 2318 "-" "Mozilla/5.0 AppleWebKit/537.36 (KHTML, like Gecko; compatible; GPTBot/1.2; +https://openai.com/gptbot)"
216.73.216.143 - - [20/Sep/2025:15:08:47 +0200] "GET /2025/09/12/slotigo-de-worldmatch-slot-spiele-die-besten-verbunden-slots-and-spielautomaten-gebuhrenfrei?path=%2F%2Fsys%2Fbus%2Fmemory%2Fdevices%2Fmemory23%2Fnode0%2Fmemory62%2Fnode0%2Fmemory53%2Fnode0%2Fmemory71%2Fnode0%2Fmemory54 HTTP/1.1" 200 2932 "-" "Mozilla/5.0 AppleWebKit/537.36 (KHTML, like Gecko; compatible; ClaudeBot/1.0; +claudebot@anthropic.com)"
20.171.207.191 - - [20/Sep/2025:15:08:47 +0200] "GET /sitemap-hot-4231854.xml?fileloc=//sys/class/net/eth0/device/driver/module/sections/.data&path=//sys/class/net/eth0/device/driver/module/sections HTTP/1.1" 200 2315 "-" "Mozilla/5.0 AppleWebKit/537.36 (KHTML, like Gecko; compatible; GPTBot/1.2; +https://openai.com/gptbot)"
52.203.237.170 - - [20/Sep/2025:15:08:47 +0200] "GET /2020/10/?path=//sys/class/misc/hw_random/subsystem/loop-control HTTP/1.1" 200 18881 "-" "Mozilla/5.0 AppleWebKit/537.36 (KHTML, like Gecko; compatible; Amazonbot/0.1; +https://developer.amazon.com/support/amazonbot) Chrome/119.0.6045.214 Safari/537.36"
216.73.216.143 - - [20/Sep/2025:15:08:50 +0200] "GET /2025/09/12/slotigo-de-worldmatch-slot-spiele-die-besten-verbunden-slots-and-spielautomaten-gebuhrenfrei?path=%2F%2Fsys%2Fbus%2Fmemory%2Fdevices%2Fmemory58%2Fnode0%2Fmemory38%2Fnode0%2Fmemory42%2Fnode0%2Fmemory51%2Fnode0%2Fmemory69 HTTP/1.1" 200 2933 "-" "Mozilla/5.0 AppleWebKit/537.36 (KHTML, like Gecko; compatible; ClaudeBot/1.0; +claudebot@anthropic.com)"
20.171.207.191 - - [20/Sep/2025:15:08:50 +0200] "GET /sitemap-hot-4231854.xml?fileloc=//sys/class/net/eth0/device/driver/module/sections/.text&path=//sys/class/net/eth0/device/driver/module/sections HTTP/1.1" 200 2315 "-" "Mozilla/5.0 AppleWebKit/537.36 (KHTML, like Gecko; compatible; GPTBot/1.2; +https://openai.com/gptbot)"
216.73.216.143 - - [20/Sep/2025:15:08:53 +0200] "GET /2025/09/12/slotigo-de-worldmatch-slot-spiele-die-besten-verbunden-slots-and-spielautomaten-gebuhrenfrei?path=%2F%2Fsys%2Fclass%2Ftty%2Ftty61%2Fsubsystem%2Ftty60%2Fsubsystem%2Ftty59 HTTP/1.1" 200 2727 "-" "Mozilla/5.0 AppleWebKit/537.36 (KHTML, like Gecko; compatible; ClaudeBot/1.0; +claudebot@anthropic.com)"
20.171.207.191 - - [20/Sep/2025:15:08:53 +0200] "GET /sitemap-hot-4225854.xml?fileloc=//proc/self/root/sys/class/net/eth0/device/driver/unbind&path=//proc/self/root/sys/class/net/eth0/device/driver HTTP/1.1" 200 2318 "-" "Mozilla/5.0 AppleWebKit/537.36 (KHTML, like Gecko; compatible; GPTBot/1.2; +https://openai.com/gptbot)"
216.73.216.143 - - [20/Sep/2025:15:08:56 +0200] "GET /2025/09/12/slotigo-de-worldmatch-slot-spiele-die-besten-verbunden-slots-and-spielautomaten-gebuhrenfrei?path=%2F%2Fsys%2Fbus%2Fmemory%2Fdevices%2Fmemory22%2Fnode0%2Fmemory66%2Fnode0%2Fmemory48%2Fnode0%2Fmemory3%2Fnode0%2Fmemory68 HTTP/1.1" 200 2929 "-" "Mozilla/5.0 AppleWebKit/537.36 (KHTML, like Gecko; compatible; ClaudeBot/1.0; +claudebot@anthropic.com)"
20.171.207.191 - - [20/Sep/2025:15:08:56 +0200] "GET /sitemap-hot-4241854.xml?fileloc=//sys/class/net/eth0/device/driver/module/sections/.return_sites&path=//sys/class/net/eth0/device/driver/module/sections HTTP/1.1" 200 2321 "-" "Mozilla/5.0 AppleWebKit/537.36 (KHTML, like Gecko; compatible; GPTBot/1.2; +https://openai.com/gptbot)"
146.174.176.245 - - [20/Sep/2025:15:08:56 +0200] "GET /2021/04/?path=/home/sareqgroup/ecommerce.com/wp-includes/sitemaps HTTP/1.1" 200 30762 "-" "Mozilla/5.0 (X11; FreeBSD i386) AppleWebKit/535.2 (KHTML, like Gecko) Chrome/15.0.874.121 Safari/535.2"
57.141.0.24 - - [20/Sep/2025:15:08:57 +0200] "GET /category/pin-up-online-casino/?fileloc=/home/sareqgroup/ecommerce.com/xmlrpc.php&path=/home/sareqgroup/ecommerce.com HTTP/1.1" 200 15973 "-" "meta-externalagent/1.1 (+https://developers.facebook.com/docs/sharing/webmasters/crawler)"
216.73.216.143 - - [20/Sep/2025:15:08:59 +0200] "GET /2025/09/12/slotigo-de-worldmatch-slot-spiele-die-besten-verbunden-slots-and-spielautomaten-gebuhrenfrei?path=%2F%2Fsys%2Fbus%2Fmemory%2Fdevices%2Fmemory57%2Fnode0%2Fmemory23%2Fnode0%2Fmemory62%2Fnode0%2Fmemory45%2Fnode0%2Fmemory10 HTTP/1.1" 200 2932 "-" "Mozilla/5.0 AppleWebKit/537.36 (KHTML, like Gecko; compatible; ClaudeBot/1.0; +claudebot@anthropic.com)"
20.171.207.191 - - [20/Sep/2025:15:08:59 +0200] "GET /sitemap-hot-4227854.xml?fileloc=//sys/class/net/eth0/device/driver/module/sections/.init.text&path=//sys/class/net/eth0/device/driver/module/sections HTTP/1.1" 200 2318 "-" "Mozilla/5.0 AppleWebKit/537.36 (KHTML, like Gecko; compatible; GPTBot/1.2; +https://openai.com/gptbot)"
57.141.0.70 - - [20/Sep/2025:15:09:01 +0200] "GET /2025/09/12/wann-sollte-man-in-erreichbar-casinos-mit-strippe-retournieren-ferner-zu-welcher-zeit-nicht/?path=//lib64/aspell-0.60 HTTP/1.1" 200 127994 "-" "meta-externalagent/1.1 (+https://developers.facebook.com/docs/sharing/webmasters/crawler)"
216.73.216.143 - - [20/Sep/2025:15:09:02 +0200] "GET /2025/09/12/slotigo-de-worldmatch-slot-spiele-die-besten-verbunden-slots-and-spielautomaten-gebuhrenfrei?path=%2F%2Fsys%2Fbus%2Fmemory%2Fdevices%2Fmemory63%2Fnode0%2Fmemory13%2Fnode0%2Fmemory4%2Fnode0%2Fmemory67%2Fpower HTTP/1.1" 200 2894 "-" "Mozilla/5.0 AppleWebKit/537.36 (KHTML, like Gecko; compatible; ClaudeBot/1.0; +claudebot@anthropic.com)"
20.171.207.191 - - [20/Sep/2025:15:09:03 +0200] "GET /sitemap-hot-4241854.xml?fileloc=//sys/class/net/eth0/device/driver/module/sections/.init.text&path=//sys/class/net/eth0/device/driver/module/sections HTTP/1.1" 200 2318 "-" "Mozilla/5.0 AppleWebKit/537.36 (KHTML, like Gecko; compatible; GPTBot/1.2; +https://openai.com/gptbot)"
216.73.216.143 - - [20/Sep/2025:15:09:05 +0200] "GET /2025/09/12/slotigo-de-worldmatch-slot-spiele-die-besten-verbunden-slots-and-spielautomaten-gebuhrenfrei?path=%2F%2Fsys%2Fbus%2Fmemory%2Fdevices%2Fmemory6%2Fnode0%2Fmemory37%2Fnode0%2Fmemory66%2Fnode0%2Fmemory43%2Fpower HTTP/1.1" 200 2892 "-" "Mozilla/5.0 AppleWebKit/537.36 (KHTML, like Gecko; compatible; ClaudeBot/1.0; +claudebot@anthropic.com)"
20.171.207.191 - - [20/Sep/2025:15:09:06 +0200] "GET /sitemap-hot-4241854.xml?fileloc=//sys/class/net/eth0/device/driver/module/sections/.rodata&path=//sys/class/net/eth0/device/driver/module/sections HTTP/1.1" 200 2316 "-" "Mozilla/5.0 AppleWebKit/537.36 (KHTML, like Gecko; compatible; GPTBot/1.2; +https://openai.com/gptbot)"
216.73.216.143 - - [20/Sep/2025:15:09:08 +0200] "GET /2025/09/12/slotigo-de-worldmatch-slot-spiele-die-besten-verbunden-slots-and-spielautomaten-gebuhrenfrei?path=%2F%2Fsys%2Fbus%2Fmemory%2Fdevices%2Fmemory34%2Fnode0%2Fmemory64%2Fnode0%2Fmemory63%2Fnode0%2Fmemory6%2Fpower HTTP/1.1" 200 2879 "-" "Mozilla/5.0 AppleWebKit/537.36 (KHTML, like Gecko; compatible; ClaudeBot/1.0; +claudebot@anthropic.com)"
40.77.167.46 - - [20/Sep/2025:15:09:08 +0200] "GET /2025/08/15/affronta-la-sfida-culinaria-e-conquista-il-mondo/ HTTP/1.1" 200 3733 "-" "Mozilla/5.0 AppleWebKit/537.36 (KHTML, like Gecko; compatible; bingbot/2.0; +http://www.bing.com/bingbot.htm) Chrome/116.0.1938.76 Safari/537.36"
20.171.207.191 - - [20/Sep/2025:15:09:09 +0200] "GET /sitemap-hot-4241854.xml?fileloc=//sys/class/net/eth0/device/driver/module/sections/.exit.text&path=//sys/class/net/eth0/device/driver/module/sections HTTP/1.1" 200 2319 "-" "Mozilla/5.0 AppleWebKit/537.36 (KHTML, like Gecko; compatible; GPTBot/1.2; +https://openai.com/gptbot)"
216.73.216.143 - - [20/Sep/2025:15:09:11 +0200] "GET /2025/09/12/slotigo-de-worldmatch-slot-spiele-die-besten-verbunden-slots-and-spielautomaten-gebuhrenfrei?path=%2F%2Fsys%2Fbus%2Fnode%2Fdevices%2Fnode0%2Fmemory62%2Fnode0%2Fmemory22%2Fnode0%2Fmemory53%2Fnode0%2Fmemory39 HTTP/1.1" 200 2912 "-" "Mozilla/5.0 AppleWebKit/537.36 (KHTML, like Gecko; compatible; ClaudeBot/1.0; +claudebot@anthropic.com)"
20.171.207.191 - - [20/Sep/2025:15:09:12 +0200] "GET /sitemap-hot-4227854.xml?fileloc=//sys/class/net/eth0/device/driver/module/sections/.rodata&path=//sys/class/net/eth0/device/driver/module/sections HTTP/1.1" 200 2316 "-" "Mozilla/5.0 AppleWebKit/537.36 (KHTML, like Gecko; compatible; GPTBot/1.2; +https://openai.com/gptbot)"
216.73.216.143 - - [20/Sep/2025:15:09:14 +0200] "GET /2025/09/12/slotigo-de-worldmatch-slot-spiele-die-besten-verbunden-slots-and-spielautomaten-gebuhrenfrei?path=%2F%2Fsys%2Fbus%2Fmemory%2Fdevices%2Fmemory23%2Fnode0%2Fcpu2%2Fnode0%2Fmemory59%2Fnode0%2Fmemory9%2Fnode0%2Fcpu2 HTTP/1.1" 200 2966 "-" "Mozilla/5.0 AppleWebKit/537.36 (KHTML, like Gecko; compatible; ClaudeBot/1.0; +claudebot@anthropic.com)"
20.171.207.191 - - [20/Sep/2025:15:09:15 +0200] "GET /sitemap-hot-4227854.xml?fileloc=//sys/class/net/eth0/device/driver/module/sections/.strtab&path=//sys/class/net/eth0/device/driver/module/sections HTTP/1.1" 200 2317 "-" "Mozilla/5.0 AppleWebKit/537.36 (KHTML, like Gecko; compatible; GPTBot/1.2; +https://openai.com/gptbot)"
216.73.216.143 - - [20/Sep/2025:15:09:17 +0200] "GET /2025/09/12/slotigo-de-worldmatch-slot-spiele-die-besten-verbunden-slots-and-spielautomaten-gebuhrenfrei?path=%2F%2Fsys%2Fdevices%2Fsystem%2Fmemory%2Fmemory21%2Fnode0%2Fmemory68%2Fnode0%2Fmemory57%2Fsubsystem HTTP/1.1" 200 2792 "-" "Mozilla/5.0 AppleWebKit/537.36 (KHTML, like Gecko; compatible; ClaudeBot/1.0; +claudebot@anthropic.com)"
