20.171.207.191 - - [20/Sep/2025:15:27:38 +0200] "GET /sitemap-hot-4223854.xml?fileloc=//sys/class/net/eth0/device/driver/module/sections/.gnu.linkonce.this_module&path=//sys/class/net/eth0/device/driver/module/sections HTTP/1.1" 200 2329 "-" "Mozilla/5.0 AppleWebKit/537.36 (KHTML, like Gecko; compatible; GPTBot/1.2; +https://openai.com/gptbot)"
52.54.95.127 - - [20/Sep/2025:15:27:39 +0200] "GET /2025/08/13/wazamba-%CE%B5%CE%BC%CF%80%CE%B5%CE%B9%CF%81%CE%AF%CE%B5%CF%82-%CE%BA%CE%B1%CE%B9-%CE%BA%CF%81%CE%B9%CF%84%CE%B9%CE%BA%CE%AD%CF%82-1dcda82e/?fileloc=//lib64/ImageMagick-6.9.10/modules-Q16/coders/gray.la&path=//lib64/ImageMagick-6.9.10/modules-Q16/coders HTTP/1.1" 200 13558 "-" "Mozilla/5.0 AppleWebKit/537.36 (KHTML, like Gecko; compatible; Amazonbot/0.1; +https://developer.amazon.com/support/amazonbot) Chrome/119.0.6045.214 Safari/537.36"
216.73.216.143 - - [20/Sep/2025:15:27:40 +0200] "GET /2025/09/12/slotigo-de-worldmatch-slot-spiele-die-besten-verbunden-slots-and-spielautomaten-gebuhrenfrei?path=%2F%2Fsys%2Fdevices%2Fvirtual%2Ftty%2Ftty13%2Fsubsystem%2Ftty55%2Fsubsystem%2Ftty32 HTTP/1.1" 200 2742 "-" "Mozilla/5.0 AppleWebKit/537.36 (KHTML, like Gecko; compatible; ClaudeBot/1.0; +claudebot@anthropic.com)"
20.171.207.191 - - [20/Sep/2025:15:27:41 +0200] "GET /sitemap-hot-4235854.xml?path=//sys/devices/LNXSYSTM:00/LNXPWRBN:00/input HTTP/1.1" 200 2583 "-" "Mozilla/5.0 AppleWebKit/537.36 (KHTML, like Gecko; compatible; GPTBot/1.2; +https://openai.com/gptbot)"
34.225.87.80 - - [20/Sep/2025:15:27:42 +0200] "GET /2025/08/13/wazamba-%CE%B5%CE%BC%CF%80%CE%B5%CE%B9%CF%81%CE%AF%CE%B5%CF%82-%CE%BA%CE%B1%CE%B9-%CE%BA%CF%81%CE%B9%CF%84%CE%B9%CE%BA%CE%AD%CF%82-1dcda82e/?fileloc=//usr/lib/grub/i386-pc/read.mod&path=//usr/lib/grub/i386-pc HTTP/1.1" 200 12385 "-" "Mozilla/5.0 AppleWebKit/537.36 (KHTML, like Gecko; compatible; Amazonbot/0.1; +https://developer.amazon.com/support/amazonbot) Chrome/119.0.6045.214 Safari/537.36"
216.73.216.143 - - [20/Sep/2025:15:27:43 +0200] "GET /2025/09/12/slotigo-de-worldmatch-slot-spiele-die-besten-verbunden-slots-and-spielautomaten-gebuhrenfrei?path=%2F%2Fsys%2Fdevices%2Fsystem%2Fmemory%2Fmemory60%2Fnode0%2Fmemory19%2Fnode0%2Fmemory46 HTTP/1.1" 200 2905 "-" "Mozilla/5.0 AppleWebKit/537.36 (KHTML, like Gecko; compatible; ClaudeBot/1.0; +claudebot@anthropic.com)"
20.171.207.191 - - [20/Sep/2025:15:27:44 +0200] "GET /sitemap-hot-4235854.xml?path=//sys/devices/LNXSYSTM:00/LNXPWRBN:00/power HTTP/1.1" 200 3053 "-" "Mozilla/5.0 AppleWebKit/537.36 (KHTML, like Gecko; compatible; GPTBot/1.2; +https://openai.com/gptbot)"
52.1.157.90 - - [20/Sep/2025:15:27:46 +0200] "GET /2025/08/13/wazamba-%CE%B5%CE%BC%CF%80%CE%B5%CE%B9%CF%81%CE%AF%CE%B5%CF%82-%CE%BA%CE%B1%CE%B9-%CE%BA%CF%81%CE%B9%CF%84%CE%B9%CE%BA%CE%AD%CF%82-1dcda82e/?fileloc=//usr/lib64/python2.7/CGIHTTPServer.py&path=//usr/lib64/python2.7 HTTP/1.1" 200 26069 "-" "Mozilla/5.0 AppleWebKit/537.36 (KHTML, like Gecko; compatible; Amazonbot/0.1; +https://developer.amazon.com/support/amazonbot) Chrome/119.0.6045.214 Safari/537.36"
216.73.216.143 - - [20/Sep/2025:15:27:46 +0200] "GET /2025/09/12/slotigo-de-worldmatch-slot-spiele-die-besten-verbunden-slots-and-spielautomaten-gebuhrenfrei?fileloc=%2F%2Fsys%2Fbus%2Fmemory%2Fdevices%2Fmemory39%2Fnode0%2Fmemory9%2Fnode0%2Fmemory34%2Fstate&path=%2F%2Fsys%2Fbus%2Fmemory%2Fdevices%2Fmemory39%2Fnode0%2Fmemory9%2Fnode0%2Fmemory34 HTTP/1.1" 200 2315 "-" "Mozilla/5.0 AppleWebKit/537.36 (KHTML, like Gecko; compatible; ClaudeBot/1.0; +claudebot@anthropic.com)"
57.141.0.42 - - [20/Sep/2025:15:27:47 +0200] "GET /2025/09/11/soar-to-new-heights-while-mastering-the-challenges/?fileloc=//lib64/.libssl.so.10.hmac&path=//lib64 HTTP/1.1" 200 12324 "-" "meta-externalagent/1.1 (+https://developers.facebook.com/docs/sharing/webmasters/crawler)"
20.171.207.191 - - [20/Sep/2025:15:27:47 +0200] "GET /sitemap-hot-4227854.xml?fileloc=//sys/devices/LNXSYSTM:00/LNXPWRBN:00/power/wakeup_total_time_ms&path=//sys/devices/LNXSYSTM:00/LNXPWRBN:00/power HTTP/1.1" 200 2309 "-" "Mozilla/5.0 AppleWebKit/537.36 (KHTML, like Gecko; compatible; GPTBot/1.2; +https://openai.com/gptbot)"
216.73.216.143 - - [20/Sep/2025:15:27:49 +0200] "GET /2025/09/12/slotigo-de-worldmatch-slot-spiele-die-besten-verbunden-slots-and-spielautomaten-gebuhrenfrei?path=%2F%2Fsys%2Fclass%2Ftty%2Ftty14%2Fsubsystem%2Ftty46%2Fsubsystem%2Ftty26 HTTP/1.1" 200 2727 "-" "Mozilla/5.0 AppleWebKit/537.36 (KHTML, like Gecko; compatible; ClaudeBot/1.0; +claudebot@anthropic.com)"
52.45.29.57 - - [20/Sep/2025:15:27:50 +0200] "GET /2025/08/13/wazamba-%CE%B5%CE%BC%CF%80%CE%B5%CE%B9%CF%81%CE%AF%CE%B5%CF%82-%CE%BA%CE%B1%CE%B9-%CE%BA%CF%81%CE%B9%CF%84%CE%B9%CE%BA%CE%AD%CF%82-1dcda82e/?fileloc=//proc/self/root/lib/libcrypt.so.1&path=//proc/self/root/lib HTTP/1.1" 200 12389 "-" "Mozilla/5.0 AppleWebKit/537.36 (KHTML, like Gecko; compatible; Amazonbot/0.1; +https://developer.amazon.com/support/amazonbot) Chrome/119.0.6045.214 Safari/537.36"
20.171.207.191 - - [20/Sep/2025:15:27:51 +0200] "GET /sitemap-hot-4223854.xml?path=//sys/devices/LNXSYSTM:00/LNXPWRBN:00/input/input0/id HTTP/1.1" 200 2693 "-" "Mozilla/5.0 AppleWebKit/537.36 (KHTML, like Gecko; compatible; GPTBot/1.2; +https://openai.com/gptbot)"
216.73.216.143 - - [20/Sep/2025:15:27:52 +0200] "GET /2025/09/12/slotigo-de-worldmatch-slot-spiele-die-besten-verbunden-slots-and-spielautomaten-gebuhrenfrei?path=%2F%2Fsys%2Fbus%2Fmemory%2Fdevices%2Fmemory50%2Fnode0%2Fmemory1%2Fnode0%2Fmemory50%2Fnode0%2Fmemory57 HTTP/1.1" 200 2901 "-" "Mozilla/5.0 AppleWebKit/537.36 (KHTML, like Gecko; compatible; ClaudeBot/1.0; +claudebot@anthropic.com)"
20.171.207.191 - - [20/Sep/2025:15:27:54 +0200] "GET /sitemap-hot-4227854.xml?path=//sys/devices/LNXSYSTM:00/LNXPWRBN:00/input/input0/id HTTP/1.1" 200 2693 "-" "Mozilla/5.0 AppleWebKit/537.36 (KHTML, like Gecko; compatible; GPTBot/1.2; +https://openai.com/gptbot)"
54.85.126.86 - - [20/Sep/2025:15:27:54 +0200] "GET /2025/08/13/wazamba-%CE%B5%CE%BC%CF%80%CE%B5%CE%B9%CF%81%CE%AF%CE%B5%CF%82-%CE%BA%CE%B1%CE%B9-%CE%BA%CF%81%CE%B9%CF%84%CE%B9%CE%BA%CE%AD%CF%82-1dcda82e/?fileloc=//sys/dev/char/4:38/dev&path=//sys/dev/char/4:38 HTTP/1.1" 200 12376 "-" "Mozilla/5.0 AppleWebKit/537.36 (KHTML, like Gecko; compatible; Amazonbot/0.1; +https://developer.amazon.com/support/amazonbot) Chrome/119.0.6045.214 Safari/537.36"
216.73.216.143 - - [20/Sep/2025:15:27:55 +0200] "GET /2025/09/12/slotigo-de-worldmatch-slot-spiele-die-besten-verbunden-slots-and-spielautomaten-gebuhrenfrei?path=%2F%2Fsys%2Fbus%2Fmemory%2Fdevices%2Fmemory1%2Fsubsystem%2Fdevices%2Fmemory22%2Fnode0%2Fmemory56%2Fnode0%2Fmemory9%2Fpower HTTP/1.1" 200 2898 "-" "Mozilla/5.0 AppleWebKit/537.36 (KHTML, like Gecko; compatible; ClaudeBot/1.0; +claudebot@anthropic.com)"
20.171.207.191 - - [20/Sep/2025:15:27:57 +0200] "GET /sitemap-hot-4227854.xml?fileloc=//sys/devices/LNXSYSTM:00/LNXPWRBN:00/input/input0/phys&path=//sys/devices/LNXSYSTM:00/LNXPWRBN:00/input/input0 HTTP/1.1" 200 2308 "-" "Mozilla/5.0 AppleWebKit/537.36 (KHTML, like Gecko; compatible; GPTBot/1.2; +https://openai.com/gptbot)"
44.223.232.55 - - [20/Sep/2025:15:27:58 +0200] "GET /2025/08/13/wazamba-%CE%B5%CE%BC%CF%80%CE%B5%CE%B9%CF%81%CE%AF%CE%B5%CF%82-%CE%BA%CE%B1%CE%B9-%CE%BA%CF%81%CE%B9%CF%84%CE%B9%CE%BA%CE%AD%CF%82-1dcda82e/?fileloc=//usr/include/sepol/policydb/constraint.h&path=//usr/include/sepol/policydb HTTP/1.1" 200 14970 "-" "Mozilla/5.0 AppleWebKit/537.36 (KHTML, like Gecko; compatible; Amazonbot/0.1; +https://developer.amazon.com/support/amazonbot) Chrome/119.0.6045.214 Safari/537.36"
216.73.216.143 - - [20/Sep/2025:15:27:58 +0200] "GET /2025/09/12/slotigo-de-worldmatch-slot-spiele-die-besten-verbunden-slots-and-spielautomaten-gebuhrenfrei?path=%2F%2Fsys%2Fbus%2Fmemory%2Fdevices%2Fmemory23%2Fnode0%2Fmemory61%2Fnode0%2Fmemory58%2Fnode0%2Fmemory54%2Fnode0%2Fmemory6 HTTP/1.1" 200 2919 "-" "Mozilla/5.0 AppleWebKit/537.36 (KHTML, like Gecko; compatible; ClaudeBot/1.0; +claudebot@anthropic.com)"
20.171.207.191 - - [20/Sep/2025:15:28:00 +0200] "GET /sitemap-hot-4227854.xml?path=//sys/devices/LNXSYSTM:00/LNXPWRBN:00/input/input0/capabilities HTTP/1.1" 200 2796 "-" "Mozilla/5.0 AppleWebKit/537.36 (KHTML, like Gecko; compatible; GPTBot/1.2; +https://openai.com/gptbot)"
216.73.216.143 - - [20/Sep/2025:15:28:01 +0200] "GET /2025/09/12/slotigo-de-worldmatch-slot-spiele-die-besten-verbunden-slots-and-spielautomaten-gebuhrenfrei?path=%2F%2Fsys%2Fbus%2Fnode%2Fdevices%2Fnode0%2Fmemory62%2Fnode0%2Fmemory22%2Fnode0%2Fmemory2 HTTP/1.1" 200 2893 "-" "Mozilla/5.0 AppleWebKit/537.36 (KHTML, like Gecko; compatible; ClaudeBot/1.0; +claudebot@anthropic.com)"
54.84.250.51 - - [20/Sep/2025:15:28:02 +0200] "GET /2025/08/13/wazamba-%CE%B5%CE%BC%CF%80%CE%B5%CE%B9%CF%81%CE%AF%CE%B5%CF%82-%CE%BA%CE%B1%CE%B9-%CE%BA%CF%81%CE%B9%CF%84%CE%B9%CE%BA%CE%AD%CF%82-1dcda82e/?fileloc=//usr/lib/grub/i386-pc/gcry_arcfour.mod&path=//usr/lib/grub/i386-pc HTTP/1.1" 200 12393 "-" "Mozilla/5.0 AppleWebKit/537.36 (KHTML, like Gecko; compatible; Amazonbot/0.1; +https://developer.amazon.com/support/amazonbot) Chrome/119.0.6045.214 Safari/537.36"
20.171.207.191 - - [20/Sep/2025:15:28:03 +0200] "GET /sitemap-hot-4223854.xml?path=//sys/devices/LNXSYSTM:00/LNXPWRBN:00/input/input0/capabilities HTTP/1.1" 200 2796 "-" "Mozilla/5.0 AppleWebKit/537.36 (KHTML, like Gecko; compatible; GPTBot/1.2; +https://openai.com/gptbot)"
216.73.216.143 - - [20/Sep/2025:15:28:04 +0200] "GET /2025/09/12/slotigo-de-worldmatch-slot-spiele-die-besten-verbunden-slots-and-spielautomaten-gebuhrenfrei?fileloc=%2F%2Fsys%2Fbus%2Fmemory%2Fdevices%2Fmemory22%2Fnode0%2Fmemory46%2Fsubsystem%2Fdevices%2Fmemory33%2Fuevent&path=%2F%2Fsys%2Fbus%2Fmemory%2Fdevices%2Fmemory22%2Fnode0%2Fmemory46%2Fsubsystem%2Fdevices%2Fmemory33 HTTP/1.1" 200 2330 "-" "Mozilla/5.0 AppleWebKit/537.36 (KHTML, like Gecko; compatible; ClaudeBot/1.0; +claudebot@anthropic.com)"
20.171.207.191 - - [20/Sep/2025:15:28:06 +0200] "GET /sitemap-hot-4223854.xml?path=//sys/devices/LNXSYSTM:00/LNXPWRBN:00/input/input0/subsystem HTTP/1.1" 200 2872 "-" "Mozilla/5.0 AppleWebKit/537.36 (KHTML, like Gecko; compatible; GPTBot/1.2; +https://openai.com/gptbot)"
34.236.41.241 - - [20/Sep/2025:15:28:07 +0200] "GET /2025/08/13/wazamba-%CE%B5%CE%BC%CF%80%CE%B5%CE%B9%CF%81%CE%AF%CE%B5%CF%82-%CE%BA%CE%B1%CE%B9-%CE%BA%CF%81%CE%B9%CF%84%CE%B9%CE%BA%CE%AD%CF%82-1dcda82e/?fileloc=//proc/self/root/bin/aulastlog&path=//proc/self/root/bin HTTP/1.1" 200 12385 "-" "Mozilla/5.0 AppleWebKit/537.36 (KHTML, like Gecko; compatible; Amazonbot/0.1; +https://developer.amazon.com/support/amazonbot) Chrome/119.0.6045.214 Safari/537.36"
216.73.216.143 - - [20/Sep/2025:15:28:07 +0200] "GET /2025/09/12/slotigo-de-worldmatch-slot-spiele-die-besten-verbunden-slots-and-spielautomaten-gebuhrenfrei?path=%2F%2Fsys%2Fdevices%2Fsystem%2Fmemory%2Fmemory54%2Fnode0%2Fmemory16%2Fnode0%2Fmemory49 HTTP/1.1" 200 2905 "-" "Mozilla/5.0 AppleWebKit/537.36 (KHTML, like Gecko; compatible; ClaudeBot/1.0; +claudebot@anthropic.com)"
20.171.207.191 - - [20/Sep/2025:15:28:09 +0200] "GET /sitemap-hot-4227854.xml?path=//sys/devices/LNXSYSTM:00/LNXPWRBN:00/input/input0/subsystem HTTP/1.1" 200 2872 "-" "Mozilla/5.0 AppleWebKit/537.36 (KHTML, like Gecko; compatible; GPTBot/1.2; +https://openai.com/gptbot)"
52.2.4.213 - - [20/Sep/2025:15:28:10 +0200] "GET /2025/08/13/wazamba-%CE%B5%CE%BC%CF%80%CE%B5%CE%B9%CF%81%CE%AF%CE%B5%CF%82-%CE%BA%CE%B1%CE%B9-%CE%BA%CF%81%CE%B9%CF%84%CE%B9%CE%BA%CE%AD%CF%82-1dcda82e/?fileloc=//usr/share/terminfo/n/ncr160vt200wan&path=//usr/share/terminfo/n HTTP/1.1" 200 12399 "-" "Mozilla/5.0 AppleWebKit/537.36 (KHTML, like Gecko; compatible; Amazonbot/0.1; +https://developer.amazon.com/support/amazonbot) Chrome/119.0.6045.214 Safari/537.36"
216.73.216.143 - - [20/Sep/2025:15:28:10 +0200] "GET /2025/09/12/slotigo-de-worldmatch-slot-spiele-die-besten-verbunden-slots-and-spielautomaten-gebuhrenfrei?path=%2F%2Fsys%2Fbus%2Fmemory%2Fdevices%2Fmemory5%2Fnode0%2Fmemory40%2Fnode0%2Fmemory13%2Fnode0%2Fmemory64%2Fnode0%2Fmemory11 HTTP/1.1" 200 2930 "-" "Mozilla/5.0 AppleWebKit/537.36 (KHTML, like Gecko; compatible; ClaudeBot/1.0; +claudebot@anthropic.com)"
20.171.207.191 - - [20/Sep/2025:15:28:12 +0200] "GET /sitemap-hot-4227854.xml?path=//sys/devices/LNXSYSTM:00/LNXPWRBN:00/input/input0/power HTTP/1.1" 200 2864 "-" "Mozilla/5.0 AppleWebKit/537.36 (KHTML, like Gecko; compatible; GPTBot/1.2; +https://openai.com/gptbot)"
216.73.216.143 - - [20/Sep/2025:15:28:13 +0200] "GET /2025/09/12/slotigo-de-worldmatch-slot-spiele-die-besten-verbunden-slots-and-spielautomaten-gebuhrenfrei?path=%2F%2Fsys%2Fdevices%2Fvirtual%2Ftty%2Ftty27%2Fsubsystem%2Ftty55%2Fsubsystem%2Ftty40%2Fpower HTTP/1.1" 200 2883 "-" "Mozilla/5.0 AppleWebKit/537.36 (KHTML, like Gecko; compatible; ClaudeBot/1.0; +claudebot@anthropic.com)"
52.7.13.143 - - [20/Sep/2025:15:28:15 +0200] "GET /2025/08/13/wazamba-%CE%B5%CE%BC%CF%80%CE%B5%CE%B9%CF%81%CE%AF%CE%B5%CF%82-%CE%BA%CE%B1%CE%B9-%CE%BA%CF%81%CE%B9%CF%84%CE%B9%CE%BA%CE%AD%CF%82-1dcda82e/?fileloc=//usr/share/doc/xorg-x11-proto-devel-2018.4/COPYING-damageproto&path=//usr/share/doc/xorg-x11-proto-devel-2018.4 HTTP/1.1" 200 13606 "-" "Mozilla/5.0 AppleWebKit/537.36 (KHTML, like Gecko; compatible; Amazonbot/0.1; +https://developer.amazon.com/support/amazonbot) Chrome/119.0.6045.214 Safari/537.36"
20.171.207.191 - - [20/Sep/2025:15:28:16 +0200] "GET /sitemap-hot-4227854.xml?path=//sys/devices/LNXSYSTM:00/LNXPWRBN:00/input/input0/event0 HTTP/1.1" 200 2768 "-" "Mozilla/5.0 AppleWebKit/537.36 (KHTML, like Gecko; compatible; GPTBot/1.2; +https://openai.com/gptbot)"
216.73.216.143 - - [20/Sep/2025:15:28:16 +0200] "GET /2025/09/12/slotigo-de-worldmatch-slot-spiele-die-besten-verbunden-slots-and-spielautomaten-gebuhrenfrei?fileloc=%2F%2Fsys%2Fbus%2Fmemory%2Fdevices%2Fmemory51%2Fnode0%2Fmemory38%2Fremovable&path=%2F%2Fsys%2Fbus%2Fmemory%2Fdevices%2Fmemory51%2Fnode0%2Fmemory38 HTTP/1.1" 200 2305 "-" "Mozilla/5.0 AppleWebKit/537.36 (KHTML, like Gecko; compatible; ClaudeBot/1.0; +claudebot@anthropic.com)"
20.171.207.191 - - [20/Sep/2025:15:28:19 +0200] "GET /sitemap-hot-4223854.xml?path=//sys/devices/LNXSYSTM:00/LNXPWRBN:00/input/input0/event0 HTTP/1.1" 200 2768 "-" "Mozilla/5.0 AppleWebKit/537.36 (KHTML, like Gecko; compatible; GPTBot/1.2; +https://openai.com/gptbot)"
44.213.202.136 - - [20/Sep/2025:15:28:19 +0200] "GET /2025/08/13/wazamba-%CE%B5%CE%BC%CF%80%CE%B5%CE%B9%CF%81%CE%AF%CE%B5%CF%82-%CE%BA%CE%B1%CE%B9-%CE%BA%CF%81%CE%B9%CF%84%CE%B9%CE%BA%CE%AD%CF%82-1dcda82e/?path=//usr/share/doc/libyaml-devel-0.1.4/html HTTP/1.1" 200 149213 "-" "Mozilla/5.0 AppleWebKit/537.36 (KHTML, like Gecko; compatible; Amazonbot/0.1; +https://developer.amazon.com/support/amazonbot) Chrome/119.0.6045.214 Safari/537.36"
216.73.216.143 - - [20/Sep/2025:15:28:19 +0200] "GET /2025/09/12/slotigo-de-worldmatch-slot-spiele-die-besten-verbunden-slots-and-spielautomaten-gebuhrenfrei?path=%2F%2Fsys%2Fbus%2Fmemory%2Fdevices%2Fmemory12%2Fnode0%2Fmemory3%2Fnode0%2Fmemory38%2Fnode0%2Fmemory63 HTTP/1.1" 200 2904 "-" "Mozilla/5.0 AppleWebKit/537.36 (KHTML, like Gecko; compatible; ClaudeBot/1.0; +claudebot@anthropic.com)"
20.171.207.191 - - [20/Sep/2025:15:28:22 +0200] "GET /sitemap-hot-4223854.xml?path=//sys/devices/LNXSYSTM:00/LNXPWRBN:00/input/input0/power HTTP/1.1" 200 2864 "-" "Mozilla/5.0 AppleWebKit/537.36 (KHTML, like Gecko; compatible; GPTBot/1.2; +https://openai.com/gptbot)"
216.73.216.143 - - [20/Sep/2025:15:28:22 +0200] "GET /2025/09/12/slotigo-de-worldmatch-slot-spiele-die-besten-verbunden-slots-and-spielautomaten-gebuhrenfrei?path=%2F%2Fsys%2Fbus%2Fnode%2Fdevices%2Fnode0%2Fmemory62%2Fnode0%2Fmemory49%2Fnode0%2Fmemory16 HTTP/1.1" 200 2896 "-" "Mozilla/5.0 AppleWebKit/537.36 (KHTML, like Gecko; compatible; ClaudeBot/1.0; +claudebot@anthropic.com)"
18.204.152.114 - - [20/Sep/2025:15:28:23 +0200] "GET /2025/08/13/wazamba-%CE%B5%CE%BC%CF%80%CE%B5%CE%B9%CF%81%CE%AF%CE%B5%CF%82-%CE%BA%CE%B1%CE%B9-%CE%BA%CF%81%CE%B9%CF%84%CE%B9%CE%BA%CE%AD%CF%82-1dcda82e/?fileloc=//lib64/python3.6/lib2to3/pgen2/driver.py&path=//lib64/python3.6/lib2to3/pgen2 HTTP/1.1" 200 18990 "-" "Mozilla/5.0 AppleWebKit/537.36 (KHTML, like Gecko; compatible; Amazonbot/0.1; +https://developer.amazon.com/support/amazonbot) Chrome/119.0.6045.214 Safari/537.36"
20.171.207.191 - - [20/Sep/2025:15:28:25 +0200] "GET /sitemap-hot-4223854.xml?path=//sys/devices/LNXSYSTM:00/LNXPWRBN:00/input/input0/subsystem/event0 HTTP/1.1" 200 2782 "-" "Mozilla/5.0 AppleWebKit/537.36 (KHTML, like Gecko; compatible; GPTBot/1.2; +https://openai.com/gptbot)"
216.73.216.143 - - [20/Sep/2025:15:28:25 +0200] "GET /2025/09/12/slotigo-de-worldmatch-slot-spiele-die-besten-verbunden-slots-and-spielautomaten-gebuhrenfrei?path=%2F%2Fsys%2Fdevices%2Fvirtual%2Ftty%2Ftty53%2Fsubsystem%2Ftty38%2Fsubsystem%2Ftty43 HTTP/1.1" 200 2740 "-" "Mozilla/5.0 AppleWebKit/537.36 (KHTML, like Gecko; compatible; ClaudeBot/1.0; +claudebot@anthropic.com)"
44.221.180.179 - - [20/Sep/2025:15:28:27 +0200] "GET /2025/08/13/wazamba-%CE%B5%CE%BC%CF%80%CE%B5%CE%B9%CF%81%CE%AF%CE%B5%CF%82-%CE%BA%CE%B1%CE%B9-%CE%BA%CF%81%CE%B9%CF%84%CE%B9%CE%BA%CE%AD%CF%82-1dcda82e/?fileloc=/home/sareqgroup/mail/sareqgroup.com/jb.ndiaye/cur/1734350033.M885259P19272.hybrid2683.fr.ns.planethoster.net,S%3D2347,W%3D2408:2,S&path=/home/sareqgroup/mail/sareqgroup.com/jb.ndiaye/cur HTTP/1.1" 200 15121 "-" "Mozilla/5.0 AppleWebKit/537.36 (KHTML, like Gecko; compatible; Amazonbot/0.1; +https://developer.amazon.com/support/amazonbot) Chrome/119.0.6045.214 Safari/537.36"
20.171.207.191 - - [20/Sep/2025:15:28:28 +0200] "GET /sitemap-hot-4223854.xml?path=//sys/devices/LNXSYSTM:00/LNXPWRBN:00/input/input0/subsystem/mice HTTP/1.1" 200 2754 "-" "Mozilla/5.0 AppleWebKit/537.36 (KHTML, like Gecko; compatible; GPTBot/1.2; +https://openai.com/gptbot)"
216.73.216.143 - - [20/Sep/2025:15:28:28 +0200] "GET /2025/09/12/slotigo-de-worldmatch-slot-spiele-die-besten-verbunden-slots-and-spielautomaten-gebuhrenfrei?fileloc=%2F%2Fsys%2Fbus%2Fmemory%2Fdevices%2Fmemory23%2Fnode0%2Fmemory15%2Fnode0%2Fmemory7%2Fnode0%2Fdistance&path=%2F%2Fsys%2Fbus%2Fmemory%2Fdevices%2Fmemory23%2Fnode0%2Fmemory15%2Fnode0%2Fmemory7%2Fnode0 HTTP/1.1" 200 2321 "-" "Mozilla/5.0 AppleWebKit/537.36 (KHTML, like Gecko; compatible; ClaudeBot/1.0; +claudebot@anthropic.com)"
54.221.203.24 - - [20/Sep/2025:15:28:30 +0200] "GET /2025/08/13/wazamba-%CE%B5%CE%BC%CF%80%CE%B5%CE%B9%CF%81%CE%AF%CE%B5%CF%82-%CE%BA%CE%B1%CE%B9-%CE%BA%CF%81%CE%B9%CF%84%CE%B9%CE%BA%CE%AD%CF%82-1dcda82e/?fileloc=/home/sareqgroup/mail/sareqgroup.com/jb.ndiaye/cur/1732024121.M739841P12311.hybrid2683.fr.ns.planethoster.net,S%3D162906,W%3D165151:2,Sa&path=/home/sareqgroup/mail/sareqgroup.com/jb.ndiaye/cur HTTP/1.1" 200 177120 "-" "Mozilla/5.0 AppleWebKit/537.36 (KHTML, like Gecko; compatible; Amazonbot/0.1; +https://developer.amazon.com/support/amazonbot) Chrome/119.0.6045.214 Safari/537.36"
20.171.207.191 - - [20/Sep/2025:15:28:31 +0200] "GET /sitemap-hot-4227854.xml?path=//sys/devices/LNXSYSTM:00/LNXPWRBN:00/input/input0/subsystem/mice HTTP/1.1" 200 2754 "-" "Mozilla/5.0 AppleWebKit/537.36 (KHTML, like Gecko; compatible; GPTBot/1.2; +https://openai.com/gptbot)"
216.73.216.143 - - [20/Sep/2025:15:28:31 +0200] "GET /2025/09/12/slotigo-de-worldmatch-slot-spiele-die-besten-verbunden-slots-and-spielautomaten-gebuhrenfrei?path=%2F%2Fsys%2Fbus%2Fmemory%2Fdevices%2Fmemory23%2Fnode0%2Fmemory69%2Fnode0%2Fmemory56%2Fnode0%2Fmemory16%2Fnode0%2Fmemory6 HTTP/1.1" 200 2920 "-" "Mozilla/5.0 AppleWebKit/537.36 (KHTML, like Gecko; compatible; ClaudeBot/1.0; +claudebot@anthropic.com)"
18.207.79.144 - - [20/Sep/2025:15:28:34 +0200] "GET /2025/08/13/wazamba-%CE%B5%CE%BC%CF%80%CE%B5%CE%B9%CF%81%CE%AF%CE%B5%CF%82-%CE%BA%CE%B1%CE%B9-%CE%BA%CF%81%CE%B9%CF%84%CE%B9%CE%BA%CE%AD%CF%82-1dcda82e/?fileloc=//proc/self/root/bin/stty&path=//proc/self/root/bin HTTP/1.1" 200 12380 "-" "Mozilla/5.0 AppleWebKit/537.36 (KHTML, like Gecko; compatible; Amazonbot/0.1; +https://developer.amazon.com/support/amazonbot) Chrome/119.0.6045.214 Safari/537.36"
216.73.216.143 - - [20/Sep/2025:15:28:34 +0200] "GET /2025/09/12/slotigo-de-worldmatch-slot-spiele-die-besten-verbunden-slots-and-spielautomaten-gebuhrenfrei?path=%2F%2Fsys%2Fdevices%2Fvirtual%2Ftty%2Ftty57%2Fsubsystem%2Ftty8%2Fsubsystem%2Ftty59 HTTP/1.1" 200 2738 "-" "Mozilla/5.0 AppleWebKit/537.36 (KHTML, like Gecko; compatible; ClaudeBot/1.0; +claudebot@anthropic.com)"
20.171.207.191 - - [20/Sep/2025:15:28:34 +0200] "GET /sitemap-hot-4223854.xml?path=//sys/devices/LNXSYSTM:00/LNXPWRBN:00/input/input0/subsystem/event4 HTTP/1.1" 200 2782 "-" "Mozilla/5.0 AppleWebKit/537.36 (KHTML, like Gecko; compatible; GPTBot/1.2; +https://openai.com/gptbot)"
216.73.216.143 - - [20/Sep/2025:15:28:37 +0200] "GET /2025/09/12/slotigo-de-worldmatch-slot-spiele-die-besten-verbunden-slots-and-spielautomaten-gebuhrenfrei?path=%2F%2Fsys%2Fbus%2Fmemory%2Fdevices%2Fmemory58%2Fnode0%2Fmemory38%2Fnode0%2Fmemory71%2Fnode0%2Fmemory66 HTTP/1.1" 200 2908 "-" "Mozilla/5.0 AppleWebKit/537.36 (KHTML, like Gecko; compatible; ClaudeBot/1.0; +claudebot@anthropic.com)"
20.171.207.191 - - [20/Sep/2025:15:28:37 +0200] "GET /sitemap-hot-4223854.xml?path=//sys/devices/LNXSYSTM:00/LNXPWRBN:00/input/input0/subsystem/event2 HTTP/1.1" 200 2782 "-" "Mozilla/5.0 AppleWebKit/537.36 (KHTML, like Gecko; compatible; GPTBot/1.2; +https://openai.com/gptbot)"
34.225.87.80 - - [20/Sep/2025:15:28:38 +0200] "GET /2025/08/13/wazamba-%CE%B5%CE%BC%CF%80%CE%B5%CE%B9%CF%81%CE%AF%CE%B5%CF%82-%CE%BA%CE%B1%CE%B9-%CE%BA%CF%81%CE%B9%CF%84%CE%B9%CE%BA%CE%AD%CF%82-1dcda82e/?fileloc=/home/sareqgroup/mail/.compta@sareqgroup_com/cur/1598974409.M915267P31312.hybrid2683.fr.ns.planethoster.net,S%3D2478,W%3D2541:2,S&path=/home/sareqgroup/mail/.compta@sareqgroup_com/cur HTTP/1.1" 200 15193 "-" "Mozilla/5.0 AppleWebKit/537.36 (KHTML, like Gecko; compatible; Amazonbot/0.1; +https://developer.amazon.com/support/amazonbot) Chrome/119.0.6045.214 Safari/537.36"
216.73.216.143 - - [20/Sep/2025:15:28:40 +0200] "GET /2025/09/12/slotigo-de-worldmatch-slot-spiele-die-besten-verbunden-slots-and-spielautomaten-gebuhrenfrei?path=%2F%2Fsys%2Fclass%2Ftty%2Ftty48%2Fsubsystem%2Ftty18%2Fsubsystem%2Ftty31 HTTP/1.1" 200 2728 "-" "Mozilla/5.0 AppleWebKit/537.36 (KHTML, like Gecko; compatible; ClaudeBot/1.0; +claudebot@anthropic.com)"
20.171.207.191 - - [20/Sep/2025:15:28:41 +0200] "GET /sitemap-hot-4227854.xml?path=//sys/devices/LNXSYSTM:00/LNXPWRBN:00/input/input0/subsystem/input1 HTTP/1.1" 200 3045 "-" "Mozilla/5.0 AppleWebKit/537.36 (KHTML, like Gecko; compatible; GPTBot/1.2; +https://openai.com/gptbot)"
52.205.113.104 - - [20/Sep/2025:15:28:42 +0200] "GET /2025/08/13/wazamba-%CE%B5%CE%BC%CF%80%CE%B5%CE%B9%CF%81%CE%AF%CE%B5%CF%82-%CE%BA%CE%B1%CE%B9-%CE%BA%CF%81%CE%B9%CF%84%CE%B9%CE%BA%CE%AD%CF%82-1dcda82e/?fileloc=//lib64/python3.6/lib-dynload/_curses_panel.cpython-36m-x86_64-linux-gnu.so&path=//lib64/python3.6/lib-dynload HTTP/1.1" 200 12418 "-" "Mozilla/5.0 AppleWebKit/537.36 (KHTML, like Gecko; compatible; Amazonbot/0.1; +https://developer.amazon.com/support/amazonbot) Chrome/119.0.6045.214 Safari/537.36"
216.73.216.143 - - [20/Sep/2025:15:28:43 +0200] "GET /2025/09/12/slotigo-de-worldmatch-slot-spiele-die-besten-verbunden-slots-and-spielautomaten-gebuhrenfrei?path=%2F%2Fsys%2Fbus%2Fmemory%2Fdevices%2Fmemory45%2Fnode0%2Fmemory44%2Fnode0%2Fmemory45%2Fsubsystem HTTP/1.1" 200 2787 "-" "Mozilla/5.0 AppleWebKit/537.36 (KHTML, like Gecko; compatible; ClaudeBot/1.0; +claudebot@anthropic.com)"
20.171.207.191 - - [20/Sep/2025:15:28:44 +0200] "GET /sitemap-hot-4223854.xml?path=//sys/devices/LNXSYSTM:00/LNXPWRBN:00/input/input0/subsystem/event0/power HTTP/1.1" 200 2894 "-" "Mozilla/5.0 AppleWebKit/537.36 (KHTML, like Gecko; compatible; GPTBot/1.2; +https://openai.com/gptbot)"
216.73.216.143 - - [20/Sep/2025:15:28:46 +0200] "GET /2025/09/12/slotigo-de-worldmatch-slot-spiele-die-besten-verbunden-slots-and-spielautomaten-gebuhrenfrei?path=%2F%2Fsys%2Fbus%2Fmemory%2Fdevices%2Fmemory34%2Fnode0%2Fmemory42%2Fnode0%2Fmemory41%2Fnode0%2Fmemory7 HTTP/1.1" 200 2906 "-" "Mozilla/5.0 AppleWebKit/537.36 (KHTML, like Gecko; compatible; ClaudeBot/1.0; +claudebot@anthropic.com)"
20.171.207.191 - - [20/Sep/2025:15:28:47 +0200] "GET /sitemap-hot-4223854.xml?path=//sys/devices/LNXSYSTM:00/LNXPWRBN:00/input/input0/subsystem/mice/power HTTP/1.1" 200 2892 "-" "Mozilla/5.0 AppleWebKit/537.36 (KHTML, like Gecko; compatible; GPTBot/1.2; +https://openai.com/gptbot)"
54.85.109.140 - - [20/Sep/2025:15:28:47 +0200] "GET /2025/08/13/wazamba-%CE%B5%CE%BC%CF%80%CE%B5%CE%B9%CF%81%CE%AF%CE%B5%CF%82-%CE%BA%CE%B1%CE%B9-%CE%BA%CF%81%CE%B9%CF%84%CE%B9%CE%BA%CE%AD%CF%82-1dcda82e/?fileloc=/home/sareqgroup/mail/sareqgroup.com/admin/cur/1603727347.M386498P31548.hybrid2683.fr.ns.planethoster.net,S%3D2473527,W%3D2505888:2,Sa&path=/home/sareqgroup/mail/sareqgroup.com/admin/cur HTTP/1.1" 200 2489496 "-" "Mozilla/5.0 AppleWebKit/537.36 (KHTML, like Gecko; compatible; Amazonbot/0.1; +https://developer.amazon.com/support/amazonbot) Chrome/119.0.6045.214 Safari/537.36"
216.73.216.143 - - [20/Sep/2025:15:28:49 +0200] "GET /2025/09/12/slotigo-de-worldmatch-slot-spiele-die-besten-verbunden-slots-and-spielautomaten-gebuhrenfrei?path=%2F%2Fsys%2Fbus%2Fmemory%2Fdevices%2Fmemory57%2Fnode0%2Fmemory23%2Fnode0%2Fmemory16%2Fnode0%2Fmemory34%2Fnode0%2Fmemory0 HTTP/1.1" 200 2919 "-" "Mozilla/5.0 AppleWebKit/537.36 (KHTML, like Gecko; compatible; ClaudeBot/1.0; +claudebot@anthropic.com)"
20.171.207.191 - - [20/Sep/2025:15:28:50 +0200] "GET /sitemap-hot-4227854.xml?path=//sys/devices/LNXSYSTM:00/LNXPWRBN:00/input/input0/subsystem/mice/power HTTP/1.1" 200 2892 "-" "Mozilla/5.0 AppleWebKit/537.36 (KHTML, like Gecko; compatible; GPTBot/1.2; +https://openai.com/gptbot)"
54.80.185.200 - - [20/Sep/2025:15:28:51 +0200] "GET /2025/08/13/wazamba-%CE%B5%CE%BC%CF%80%CE%B5%CE%B9%CF%81%CE%AF%CE%B5%CF%82-%CE%BA%CE%B1%CE%B9-%CE%BA%CF%81%CE%B9%CF%84%CE%B9%CE%BA%CE%AD%CF%82-1dcda82e/?fileloc=//usr/share/man/man1/perlootut.1.gz&path=//usr/share/man/man1 HTTP/1.1" 200 12388 "-" "Mozilla/5.0 AppleWebKit/537.36 (KHTML, like Gecko; compatible; Amazonbot/0.1; +https://developer.amazon.com/support/amazonbot) Chrome/119.0.6045.214 Safari/537.36"
216.73.216.143 - - [20/Sep/2025:15:28:52 +0200] "GET /2025/09/12/slotigo-de-worldmatch-slot-spiele-die-besten-verbunden-slots-and-spielautomaten-gebuhrenfrei?path=%2F%2Fsys%2Fbus%2Fmemory%2Fdevices%2Fmemory34%2Fnode0%2Fmemory9%2Fnode0%2Fmemory0%2Fnode0%2Fmemory41%2Fnode0 HTTP/1.1" 200 3721 "-" "Mozilla/5.0 AppleWebKit/537.36 (KHTML, like Gecko; compatible; ClaudeBot/1.0; +claudebot@anthropic.com)"
20.171.207.191 - - [20/Sep/2025:15:28:53 +0200] "GET /sitemap-hot-4223854.xml?path=//sys/devices/LNXSYSTM:00/LNXPWRBN:00/input/input0/subsystem/event4/power HTTP/1.1" 200 2894 "-" "Mozilla/5.0 AppleWebKit/537.36 (KHTML, like Gecko; compatible; GPTBot/1.2; +https://openai.com/gptbot)"
57.141.0.71 - - [20/Sep/2025:15:28:55 +0200] "GET /2025/09/07/unser-besten-online-casinos-uber-lastschrift-%ef%bf%bd-top-10-rex-casino-provider/feed/?fileloc=/home/sareqgroup/ecommerce.com/widget_area_1753708345.php&path=/home/sareqgroup/ecommerce.com HTTP/1.1" 200 13602 "-" "meta-externalagent/1.1 (+https://developers.facebook.com/docs/sharing/webmasters/crawler)"
18.215.77.19 - - [20/Sep/2025:15:28:55 +0200] "GET /2025/08/13/wazamba-%CE%B5%CE%BC%CF%80%CE%B5%CE%B9%CF%81%CE%AF%CE%B5%CF%82-%CE%BA%CE%B1%CE%B9-%CE%BA%CF%81%CE%B9%CF%84%CE%B9%CE%BA%CE%AD%CF%82-1dcda82e/?fileloc=//usr/share/apache2/icons/down.png&path=//usr/share/apache2/icons HTTP/1.1" 200 12401 "-" "Mozilla/5.0 AppleWebKit/537.36 (KHTML, like Gecko; compatible; Amazonbot/0.1; +https://developer.amazon.com/support/amazonbot) Chrome/119.0.6045.214 Safari/537.36"
216.73.216.143 - - [20/Sep/2025:15:28:55 +0200] "GET /2025/09/12/slotigo-de-worldmatch-slot-spiele-die-besten-verbunden-slots-and-spielautomaten-gebuhrenfrei?path=%2F%2Fsys%2Fbus%2Fmemory%2Fdevices%2Fmemory34%2Fnode0%2Fmemory37%2Fnode0%2Fmemory59%2Fnode0%2Fmemory18%2Fnode0%2Fmemory36 HTTP/1.1" 200 2932 "-" "Mozilla/5.0 AppleWebKit/537.36 (KHTML, like Gecko; compatible; ClaudeBot/1.0; +claudebot@anthropic.com)"
20.171.207.191 - - [20/Sep/2025:15:28:56 +0200] "GET /sitemap-hot-4227854.xml?path=//sys/devices/LNXSYSTM:00/LNXPWRBN:00/input/input0/subsystem/input1/id HTTP/1.1" 200 2723 "-" "Mozilla/5.0 AppleWebKit/537.36 (KHTML, like Gecko; compatible; GPTBot/1.2; +https://openai.com/gptbot)"
216.73.216.143 - - [20/Sep/2025:15:28:58 +0200] "GET /2025/09/12/slotigo-de-worldmatch-slot-spiele-die-besten-verbunden-slots-and-spielautomaten-gebuhrenfrei?path=%2F%2Fsys%2Fbus%2Fmemory%2Fdevices%2Fmemory22%2Fnode0%2Fmemory67%2Fnode0%2Fmemory48%2Fnode0%2Fmemory38%2Fnode0%2Fmemory36 HTTP/1.1" 200 2932 "-" "Mozilla/5.0 AppleWebKit/537.36 (KHTML, like Gecko; compatible; ClaudeBot/1.0; +claudebot@anthropic.com)"
20.171.207.191 - - [20/Sep/2025:15:28:59 +0200] "GET /sitemap-hot-4227854.xml?path=//sys/devices/LNXSYSTM:00/LNXPWRBN:00/input/input0/subsystem/input1/power HTTP/1.1" 200 2892 "-" "Mozilla/5.0 AppleWebKit/537.36 (KHTML, like Gecko; compatible; GPTBot/1.2; +https://openai.com/gptbot)"
57.141.0.55 - - [20/Sep/2025:15:29:00 +0200] "GET /wp-json/wp/v2/categories/484 HTTP/1.1" 200 67849 "-" "meta-externalagent/1.1 (+https://developers.facebook.com/docs/sharing/webmasters/crawler)"
35.169.119.108 - - [20/Sep/2025:15:28:58 +0200] "GET /2025/08/13/wazamba-%CE%B5%CE%BC%CF%80%CE%B5%CE%B9%CF%81%CE%AF%CE%B5%CF%82-%CE%BA%CE%B1%CE%B9-%CE%BA%CF%81%CE%B9%CF%84%CE%B9%CE%BA%CE%AD%CF%82-1dcda82e/?fileloc=/home/sareqgroup/mail/sareqgroup.com/admin/cur/1597796853.M783672P986.hybrid2683.fr.ns.planethoster.net,S%3D23362362,W%3D23665928:2,RSa&path=/home/sareqgroup/mail/sareqgroup.com/admin/cur HTTP/1.1" 200 23377092 "-" "Mozilla/5.0 AppleWebKit/537.36 (KHTML, like Gecko; compatible; Amazonbot/0.1; +https://developer.amazon.com/support/amazonbot) Chrome/119.0.6045.214 Safari/537.36"
216.73.216.143 - - [20/Sep/2025:15:29:01 +0200] "GET /2025/09/12/slotigo-de-worldmatch-slot-spiele-die-besten-verbunden-slots-and-spielautomaten-gebuhrenfrei?fileloc=%2F%2Fsys%2Fbus%2Fmemory%2Fdevices%2Fmemory23%2Fsubsystem%2Fdevices%2Fmemory54%2Fend_phys_index&path=%2F%2Fsys%2Fbus%2Fmemory%2Fdevices%2Fmemory23%2Fsubsystem%2Fdevices%2Fmemory54 HTTP/1.1" 200 2322 "-" "Mozilla/5.0 AppleWebKit/537.36 (KHTML, like Gecko; compatible; ClaudeBot/1.0; +claudebot@anthropic.com)"
20.171.207.191 - - [20/Sep/2025:15:29:03 +0200] "GET /sitemap-hot-4227854.xml?path=//sys/devices/LNXSYSTM:00/LNXPWRBN:00/input/input0/subsystem/event5 HTTP/1.1" 200 2782 "-" "Mozilla/5.0 AppleWebKit/537.36 (KHTML, like Gecko; compatible; GPTBot/1.2; +https://openai.com/gptbot)"
34.233.219.155 - - [20/Sep/2025:15:29:04 +0200] "GET /2025/08/13/wazamba-%CE%B5%CE%BC%CF%80%CE%B5%CE%B9%CF%81%CE%AF%CE%B5%CF%82-%CE%BA%CE%B1%CE%B9-%CE%BA%CF%81%CE%B9%CF%84%CE%B9%CE%BA%CE%AD%CF%82-1dcda82e/?fileloc=//sys/module/virtio_pci/sections/.return_sites&path=//sys/module/virtio_pci/sections HTTP/1.1" 200 12451 "-" "Mozilla/5.0 AppleWebKit/537.36 (KHTML, like Gecko; compatible; Amazonbot/0.1; +https://developer.amazon.com/support/amazonbot) Chrome/119.0.6045.214 Safari/537.36"
216.73.216.143 - - [20/Sep/2025:15:29:04 +0200] "GET /2025/09/12/slotigo-de-worldmatch-slot-spiele-die-besten-verbunden-slots-and-spielautomaten-gebuhrenfrei?path=%2F%2Fsys%2Fdevices%2Fvirtual%2Ftty%2Ftty25%2Fsubsystem%2Ftty40%2Fsubsystem%2Ftty6%2Fsubsystem HTTP/1.1" 200 3436 "-" "Mozilla/5.0 AppleWebKit/537.36 (KHTML, like Gecko; compatible; ClaudeBot/1.0; +claudebot@anthropic.com)"
20.171.207.191 - - [20/Sep/2025:15:29:06 +0200] "GET /sitemap-hot-4227854.xml?path=//sys/devices/LNXSYSTM:00/LNXPWRBN:00/input/input0/subsystem/input4 HTTP/1.1" 200 3012 "-" "Mozilla/5.0 AppleWebKit/537.36 (KHTML, like Gecko; compatible; GPTBot/1.2; +https://openai.com/gptbot)"
44.209.89.189 - - [20/Sep/2025:15:29:06 +0200] "GET /2025/08/13/wazamba-%CE%B5%CE%BC%CF%80%CE%B5%CE%B9%CF%81%CE%AF%CE%B5%CF%82-%CE%BA%CE%B1%CE%B9-%CE%BA%CF%81%CE%B9%CF%84%CE%B9%CE%BA%CE%AD%CF%82-1dcda82e/?fileloc=//usr/local/apache.ea3/manual/env.html.ja.utf8&path=//usr/local/apache.ea3/manual HTTP/1.1" 200 51860 "-" "Mozilla/5.0 AppleWebKit/537.36 (KHTML, like Gecko; compatible; Amazonbot/0.1; +https://developer.amazon.com/support/amazonbot) Chrome/119.0.6045.214 Safari/537.36"
216.73.216.143 - - [20/Sep/2025:15:29:07 +0200] "GET /2025/09/12/slotigo-de-worldmatch-slot-spiele-die-besten-verbunden-slots-and-spielautomaten-gebuhrenfrei?path=%2F%2Fsys%2Fbus%2Fmemory%2Fdevices%2Fmemory58%2Fnode0%2Fmemory38%2Fnode0%2Fmemory71%2Fnode0%2Fmemory46 HTTP/1.1" 200 2908 "-" "Mozilla/5.0 AppleWebKit/537.36 (KHTML, like Gecko; compatible; ClaudeBot/1.0; +claudebot@anthropic.com)"
57.141.0.32 - - [20/Sep/2025:15:29:08 +0200] "GET /2025/09/12/que-aparelhar-roleta-online-como-melhores-cassinos-abicar-brasil/?fileloc=//lib64/libnl-xfrm-3.so.200&path=//lib64 HTTP/1.1" 200 12260 "-" "meta-externalagent/1.1 (+https://developers.facebook.com/docs/sharing/webmasters/crawler)"
20.171.207.191 - - [20/Sep/2025:15:29:09 +0200] "GET /sitemap-hot-4223854.xml?path=//sys/devices/LNXSYSTM:00/LNXPWRBN:00/input/input0/subsystem/event2/power HTTP/1.1" 200 2894 "-" "Mozilla/5.0 AppleWebKit/537.36 (KHTML, like Gecko; compatible; GPTBot/1.2; +https://openai.com/gptbot)"
34.236.135.14 - - [20/Sep/2025:15:29:10 +0200] "GET /2025/08/13/wazamba-%CE%B5%CE%BC%CF%80%CE%B5%CE%B9%CF%81%CE%AF%CE%B5%CF%82-%CE%BA%CE%B1%CE%B9-%CE%BA%CF%81%CE%B9%CF%84%CE%B9%CE%BA%CE%AD%CF%82-1dcda82e/?fileloc=//lib/python2.7/site-packages/paramiko/kex_group1.pyo&path=//lib/python2.7/site-packages/paramiko HTTP/1.1" 200 12460 "-" "Mozilla/5.0 AppleWebKit/537.36 (KHTML, like Gecko; compatible; Amazonbot/0.1; +https://developer.amazon.com/support/amazonbot) Chrome/119.0.6045.214 Safari/537.36"
216.73.216.143 - - [20/Sep/2025:15:29:10 +0200] "GET /2025/09/12/slotigo-de-worldmatch-slot-spiele-die-besten-verbunden-slots-and-spielautomaten-gebuhrenfrei?path=%2F%2Fsys%2Fbus%2Fmemory%2Fdevices%2Fmemory67%2Fnode0%2Fmemory47%2Fnode0%2Fmemory3%2Fnode0%2Fmemory69 HTTP/1.1" 200 2906 "-" "Mozilla/5.0 AppleWebKit/537.36 (KHTML, like Gecko; compatible; ClaudeBot/1.0; +claudebot@anthropic.com)"
20.171.207.191 - - [20/Sep/2025:15:29:12 +0200] "GET /sitemap-hot-4223854.xml?path=//sys/devices/LNXSYSTM:00/LNXPWRBN:00/input/input0/subsystem/event3 HTTP/1.1" 200 2782 "-" "Mozilla/5.0 AppleWebKit/537.36 (KHTML, like Gecko; compatible; GPTBot/1.2; +https://openai.com/gptbot)"
216.73.216.143 - - [20/Sep/2025:15:29:13 +0200] "GET /2025/09/12/slotigo-de-worldmatch-slot-spiele-die-besten-verbunden-slots-and-spielautomaten-gebuhrenfrei?path=%2F%2Fsys%2Fdevices%2Fsystem%2Fmemory%2Fmemory60%2Fnode0%2Fmemory19%2Fnode0%2Fmemory35 HTTP/1.1" 200 2905 "-" "Mozilla/5.0 AppleWebKit/537.36 (KHTML, like Gecko; compatible; ClaudeBot/1.0; +claudebot@anthropic.com)"
44.197.76.210 - - [20/Sep/2025:15:29:14 +0200] "GET /2025/08/13/wazamba-%CE%B5%CE%BC%CF%80%CE%B5%CE%B9%CF%81%CE%AF%CE%B5%CF%82-%CE%BA%CE%B1%CE%B9-%CE%BA%CF%81%CE%B9%CF%84%CE%B9%CE%BA%CE%AD%CF%82-1dcda82e/?fileloc=//usr/share/terminfo/i/icl6404-w&path=//usr/share/terminfo/i HTTP/1.1" 200 12394 "-" "Mozilla/5.0 AppleWebKit/537.36 (KHTML, like Gecko; compatible; Amazonbot/0.1; +https://developer.amazon.com/support/amazonbot) Chrome/119.0.6045.214 Safari/537.36"
20.171.207.191 - - [20/Sep/2025:15:29:15 +0200] "GET /sitemap-hot-4227854.xml?path=//sys/devices/LNXSYSTM:00/LNXPWRBN:00/input/input0/subsystem/event5/power HTTP/1.1" 200 2894 "-" "Mozilla/5.0 AppleWebKit/537.36 (KHTML, like Gecko; compatible; GPTBot/1.2; +https://openai.com/gptbot)"
57.141.0.41 - - [20/Sep/2025:15:29:15 +0200] "GET /2025/09/11/5-euro-einzahlungsbonus-casinos-unter-einsatz-von-weniger-bedeutend-einzahlung-2025/?fileloc=//bin/lscpu&path=//bin HTTP/1.1" 200 12240 "-" "meta-externalagent/1.1 (+https://developers.facebook.com/docs/sharing/webmasters/crawler)"
216.73.216.143 - - [20/Sep/2025:15:29:16 +0200] "GET /2025/09/12/slotigo-de-worldmatch-slot-spiele-die-besten-verbunden-slots-and-spielautomaten-gebuhrenfrei?fileloc=%2F%2Fsys%2Fbus%2Fmemory%2Fdevices%2Fmemory12%2Fsubsystem%2Fdevices%2Fmemory48%2Fnode0%2Fuevent&path=%2F%2Fsys%2Fbus%2Fmemory%2Fdevices%2Fmemory12%2Fsubsystem%2Fdevices%2Fmemory48%2Fnode0 HTTP/1.1" 200 2320 "-" "Mozilla/5.0 AppleWebKit/537.36 (KHTML, like Gecko; compatible; ClaudeBot/1.0; +claudebot@anthropic.com)"
57.141.0.22 - - [20/Sep/2025:15:29:17 +0200] "GET /2025/02/14/sex-chat-room-discover-your-adult-chat-companion-for-free-adult-chat-rooms/feed/?fileloc=/home/sareqgroup/ecommerce.com/wp-includes/class-wp-block-supports.php&path=/home/sareqgroup/ecommerce.com/wp-includes HTTP/1.1" 200 17868 "-" "meta-externalagent/1.1 (+https://developers.facebook.com/docs/sharing/webmasters/crawler)"
20.171.207.191 - - [20/Sep/2025:15:29:18 +0200] "GET /sitemap-hot-4227854.xml?path=//sys/devices/LNXSYSTM:00/LNXPWRBN:00/input/input0/subsystem/input4/id HTTP/1.1" 200 2723 "-" "Mozilla/5.0 AppleWebKit/537.36 (KHTML, like Gecko; compatible; GPTBot/1.2; +https://openai.com/gptbot)"
216.73.216.143 - - [20/Sep/2025:15:29:19 +0200] "GET /2025/09/12/slotigo-de-worldmatch-slot-spiele-die-besten-verbunden-slots-and-spielautomaten-gebuhrenfrei?path=%2F%2Fsys%2Fbus%2Fnode%2Fdevices%2Fnode0%2Fmemory62%2Fnode0%2Fmemory22%2Fnode0%2Fmemory22%2Fnode0%2Fmemory18%2Fsubsystem HTTP/1.1" 200 2802 "-" "Mozilla/5.0 AppleWebKit/537.36 (KHTML, like Gecko; compatible; ClaudeBot/1.0; +claudebot@anthropic.com)"
20.171.207.191 - - [20/Sep/2025:15:29:21 +0200] "GET /sitemap-hot-4227854.xml?path=//sys/devices/LNXSYSTM:00/LNXPWRBN:00/input/input0/subsystem/input4/power HTTP/1.1" 200 2892 "-" "Mozilla/5.0 AppleWebKit/537.36 (KHTML, like Gecko; compatible; GPTBot/1.2; +https://openai.com/gptbot)"
216.73.216.143 - - [20/Sep/2025:15:29:22 +0200] "GET /2025/09/12/slotigo-de-worldmatch-slot-spiele-die-besten-verbunden-slots-and-spielautomaten-gebuhrenfrei?path=%2F%2Fsys%2Fbus%2Fmemory%2Fdevices%2Fmemory23%2Fnode0%2Fmemory59%2Fnode0%2Fmemory59%2Fnode0%2Fmemory60%2Fnode0%2Fmemory10 HTTP/1.1" 200 2922 "-" "Mozilla/5.0 AppleWebKit/537.36 (KHTML, like Gecko; compatible; ClaudeBot/1.0; +claudebot@anthropic.com)"
20.171.207.191 - - [20/Sep/2025:15:29:25 +0200] "GET /sitemap-hot-4223854.xml?path=//sys/devices/LNXSYSTM:00/LNXPWRBN:00/input/input0/subsystem/event3/power HTTP/1.1" 200 2894 "-" "Mozilla/5.0 AppleWebKit/537.36 (KHTML, like Gecko; compatible; GPTBot/1.2; +https://openai.com/gptbot)"
216.73.216.143 - - [20/Sep/2025:15:29:25 +0200] "GET /2025/09/12/slotigo-de-worldmatch-slot-spiele-die-besten-verbunden-slots-and-spielautomaten-gebuhrenfrei?path=%2F%2Fsys%2Fbus%2Fmemory%2Fdevices%2Fmemory23%2Fnode0%2Fmemory17%2Fnode0%2Fmemory23%2Fnode0%2Fmemory0%2Fnode0%2Fcpu2 HTTP/1.1" 200 2967 "-" "Mozilla/5.0 AppleWebKit/537.36 (KHTML, like Gecko; compatible; ClaudeBot/1.0; +claudebot@anthropic.com)"
20.171.207.191 - - [20/Sep/2025:15:29:28 +0200] "GET /sitemap-hot-4227854.xml?path=//sys/devices/LNXSYSTM:00/LNXPWRBN:00/input/input0/subsystem/event4 HTTP/1.1" 200 2782 "-" "Mozilla/5.0 AppleWebKit/537.36 (KHTML, like Gecko; compatible; GPTBot/1.2; +https://openai.com/gptbot)"
216.73.216.143 - - [20/Sep/2025:15:29:28 +0200] "GET /2025/09/12/slotigo-de-worldmatch-slot-spiele-die-besten-verbunden-slots-and-spielautomaten-gebuhrenfrei?path=%2F%2Fsys%2Fbus%2Fmemory%2Fdevices%2Fmemory67%2Fnode0%2Fmemory63%2Fnode0%2Fmemory46%2Fnode0%2Fmemory38 HTTP/1.1" 200 2907 "-" "Mozilla/5.0 AppleWebKit/537.36 (KHTML, like Gecko; compatible; ClaudeBot/1.0; +claudebot@anthropic.com)"
57.141.0.72 - - [20/Sep/2025:15:29:30 +0200] "GET /wp-json/wp/v2/posts/3384?fileloc=/home/sareqgroup/ecommerce.com/wp-trackback.php&path=/home/sareqgroup/ecommerce.com HTTP/1.1" 200 17476 "-" "meta-externalagent/1.1 (+https://developers.facebook.com/docs/sharing/webmasters/crawler)"
57.141.0.47 - - [20/Sep/2025:15:29:30 +0200] "GET /2025/05/15/greatest-international-courting-websites/?fileloc=/home/sareqgroup/ecommerce.com/wp-login.php&path=/home/sareqgroup/ecommerce.com HTTP/1.1" 200 67353 "-" "meta-externalagent/1.1 (+https://developers.facebook.com/docs/sharing/webmasters/crawler)"
20.171.207.191 - - [20/Sep/2025:15:29:31 +0200] "GET /sitemap-hot-4227854.xml?path=//sys/devices/LNXSYSTM:00/LNXPWRBN:00/input/input0/subsystem/input4/event4 HTTP/1.1" 200 2793 "-" "Mozilla/5.0 AppleWebKit/537.36 (KHTML, like Gecko; compatible; GPTBot/1.2; +https://openai.com/gptbot)"
216.73.216.143 - - [20/Sep/2025:15:29:31 +0200] "GET /2025/09/12/slotigo-de-worldmatch-slot-spiele-die-besten-verbunden-slots-and-spielautomaten-gebuhrenfrei?path=%2F%2Fsys%2Fdevices%2Fvirtual%2Ftty%2Ftty53%2Fsubsystem%2Ftty38%2Fsubsystem%2Ftty25 HTTP/1.1" 200 2742 "-" "Mozilla/5.0 AppleWebKit/537.36 (KHTML, like Gecko; compatible; ClaudeBot/1.0; +claudebot@anthropic.com)"
20.171.207.191 - - [20/Sep/2025:15:29:34 +0200] "GET /sitemap-hot-4227854.xml?path=//sys/devices/LNXSYSTM:00/LNXPWRBN:00/input/input0/subsystem/mouse0 HTTP/1.1" 200 2784 "-" "Mozilla/5.0 AppleWebKit/537.36 (KHTML, like Gecko; compatible; GPTBot/1.2; +https://openai.com/gptbot)"
216.73.216.143 - - [20/Sep/2025:15:29:34 +0200] "GET /2025/09/12/slotigo-de-worldmatch-slot-spiele-die-besten-verbunden-slots-and-spielautomaten-gebuhrenfrei?path=%2F%2Fsys%2Fdevices%2Fvirtual%2Ftty%2Ftty31%2Fsubsystem%2Ftty20%2Fsubsystem%2Ftty8 HTTP/1.1" 200 2741 "-" "Mozilla/5.0 AppleWebKit/537.36 (KHTML, like Gecko; compatible; ClaudeBot/1.0; +claudebot@anthropic.com)"
20.171.207.191 - - [20/Sep/2025:15:29:37 +0200] "GET /sitemap-hot-4227854.xml?path=//sys/devices/LNXSYSTM:00/LNXPWRBN:00/input/input0/subsystem/input5 HTTP/1.1" 200 2964 "-" "Mozilla/5.0 AppleWebKit/537.36 (KHTML, like Gecko; compatible; GPTBot/1.2; +https://openai.com/gptbot)"
216.73.216.143 - - [20/Sep/2025:15:29:37 +0200] "GET /2025/09/12/slotigo-de-worldmatch-slot-spiele-die-besten-verbunden-slots-and-spielautomaten-gebuhrenfrei?path=%2F%2Fsys%2Fbus%2Fmemory%2Fdevices%2Fmemory23%2Fnode0%2Fmemory61%2Fnode0%2Fmemory58%2Fnode0%2Fmemory68%2Fnode0%2Fmemory12 HTTP/1.1" 200 2932 "-" "Mozilla/5.0 AppleWebKit/537.36 (KHTML, like Gecko; compatible; ClaudeBot/1.0; +claudebot@anthropic.com)"
57.141.0.27 - - [20/Sep/2025:15:29:39 +0200] "GET /2025/09/03/virginia-gambling-on-line-web-sites-2025-virtual-assistant-gambling-pokie-spin-enterprises-sports-poker/feed/?path=/home/sareqgroup/ecommerce.com/.well-known HTTP/1.1" 200 25589 "-" "meta-externalagent/1.1 (+https://developers.facebook.com/docs/sharing/webmasters/crawler)"
20.171.207.191 - - [20/Sep/2025:15:29:40 +0200] "GET /sitemap-hot-4227854.xml?path=//sys/devices/LNXSYSTM:00/LNXPWRBN:00/input/input0/event0/subsystem HTTP/1.1" 200 2885 "-" "Mozilla/5.0 AppleWebKit/537.36 (KHTML, like Gecko; compatible; GPTBot/1.2; +https://openai.com/gptbot)"
216.73.216.143 - - [20/Sep/2025:15:29:40 +0200] "GET /2025/09/12/slotigo-de-worldmatch-slot-spiele-die-besten-verbunden-slots-and-spielautomaten-gebuhrenfrei?path=%2F%2Fsys%2Fbus%2Fmemory%2Fdevices%2Fmemory22%2Fnode0%2Fmemory68%2Fnode0%2Fmemory69%2Fnode0%2Fmemory16%2Fnode0%2Fmemory6 HTTP/1.1" 200 2918 "-" "Mozilla/5.0 AppleWebKit/537.36 (KHTML, like Gecko; compatible; ClaudeBot/1.0; +claudebot@anthropic.com)"
57.141.0.44 - - [20/Sep/2025:15:29:42 +0200] "GET /wp-json/wp/v2/posts/13618?fileloc=/home/sareqgroup/ecommerce.com/category.template.1755515307.php&path=/home/sareqgroup/ecommerce.com HTTP/1.1" 200 12406 "-" "meta-externalagent/1.1 (+https://developers.facebook.com/docs/sharing/webmasters/crawler)"
20.171.207.191 - - [20/Sep/2025:15:29:43 +0200] "GET /sitemap-hot-4223854.xml?path=//sys/devices/LNXSYSTM:00/LNXPWRBN:00/input/input0/subsystem/event1 HTTP/1.1" 200 2782 "-" "Mozilla/5.0 AppleWebKit/537.36 (KHTML, like Gecko; compatible; GPTBot/1.2; +https://openai.com/gptbot)"
216.73.216.143 - - [20/Sep/2025:15:29:43 +0200] "GET /2025/09/12/slotigo-de-worldmatch-slot-spiele-die-besten-verbunden-slots-and-spielautomaten-gebuhrenfrei?fileloc=%2F%2Fsys%2Fbus%2Fmemory%2Fdevices%2Fmemory50%2Fnode0%2Fmemory12%2Fnode0%2Fmemory60%2Fonline&path=%2F%2Fsys%2Fbus%2Fmemory%2Fdevices%2Fmemory50%2Fnode0%2Fmemory12%2Fnode0%2Fmemory60 HTTP/1.1" 200 2314 "-" "Mozilla/5.0 AppleWebKit/537.36 (KHTML, like Gecko; compatible; ClaudeBot/1.0; +claudebot@anthropic.com)"
50.19.102.70 - - [20/Sep/2025:15:29:43 +0200] "GET /2020/10/?path=//sys/module/parport_pc/drivers/platform:parport_pc/module/drivers HTTP/1.1" 200 16120 "-" "Mozilla/5.0 AppleWebKit/537.36 (KHTML, like Gecko; compatible; Amazonbot/0.1; +https://developer.amazon.com/support/amazonbot) Chrome/119.0.6045.214 Safari/537.36"
216.73.216.143 - - [20/Sep/2025:15:29:46 +0200] "GET /2025/09/12/slotigo-de-worldmatch-slot-spiele-die-besten-verbunden-slots-and-spielautomaten-gebuhrenfrei?path=%2F%2Fsys%2Fbus%2Fmemory%2Fdevices%2Fmemory22%2Fnode0%2Fmemory71%2Fsubsystem%2Fdevices%2Fmemory1%2Fnode0%2Fmemory14 HTTP/1.1" 200 2919 "-" "Mozilla/5.0 AppleWebKit/537.36 (KHTML, like Gecko; compatible; ClaudeBot/1.0; +claudebot@anthropic.com)"
20.171.207.191 - - [20/Sep/2025:15:29:46 +0200] "GET /sitemap-hot-4227854.xml?path=//sys/devices/LNXSYSTM:00/LNXPWRBN:00/input/input0/subsystem/event4/power HTTP/1.1" 200 2894 "-" "Mozilla/5.0 AppleWebKit/537.36 (KHTML, like Gecko; compatible; GPTBot/1.2; +https://openai.com/gptbot)"
216.73.216.143 - - [20/Sep/2025:15:29:49 +0200] "GET /2025/09/12/slotigo-de-worldmatch-slot-spiele-die-besten-verbunden-slots-and-spielautomaten-gebuhrenfrei?path=%2F%2Fsys%2Fbus%2Fmemory%2Fdevices%2Fmemory51%2Fnode0%2Fmemory12%2Fnode0%2Fmemory16%2Fnode0%2Fmemory17%2Fnode0%2Fmemory45 HTTP/1.1" 200 2931 "-" "Mozilla/5.0 AppleWebKit/537.36 (KHTML, like Gecko; compatible; ClaudeBot/1.0; +claudebot@anthropic.com)"
20.171.207.191 - - [20/Sep/2025:15:29:50 +0200] "GET /sitemap-hot-4227854.xml?path=//sys/devices/LNXSYSTM:00/LNXPWRBN:00/input/input0/subsystem/mouse0/power HTTP/1.1" 200 2894 "-" "Mozilla/5.0 AppleWebKit/537.36 (KHTML, like Gecko; compatible; GPTBot/1.2; +https://openai.com/gptbot)"
100.25.120.246 - - [20/Sep/2025:15:29:51 +0200] "GET /2020/10/?path=//sys/devices/virtual/mem/port/subsystem/null HTTP/1.1" 200 18878 "-" "Mozilla/5.0 AppleWebKit/537.36 (KHTML, like Gecko; compatible; Amazonbot/0.1; +https://developer.amazon.com/support/amazonbot) Chrome/119.0.6045.214 Safari/537.36"
216.73.216.143 - - [20/Sep/2025:15:29:52 +0200] "GET /2025/09/12/slotigo-de-worldmatch-slot-spiele-die-besten-verbunden-slots-and-spielautomaten-gebuhrenfrei?path=%2F%2Fsys%2Fbus%2Fmemory%2Fdevices%2Fmemory71%2Fnode0%2Fmemory66%2Fnode0%2Fmemory67%2Fnode0%2Fmemory50 HTTP/1.1" 200 2907 "-" "Mozilla/5.0 AppleWebKit/537.36 (KHTML, like Gecko; compatible; ClaudeBot/1.0; +claudebot@anthropic.com)"
20.171.207.191 - - [20/Sep/2025:15:29:53 +0200] "GET /sitemap-hot-4227854.xml?path=//sys/devices/LNXSYSTM:00/LNXPWRBN:00/input/input0/subsystem/input5/power HTTP/1.1" 200 2892 "-" "Mozilla/5.0 AppleWebKit/537.36 (KHTML, like Gecko; compatible; GPTBot/1.2; +https://openai.com/gptbot)"
216.73.216.143 - - [20/Sep/2025:15:29:55 +0200] "GET /2025/09/12/slotigo-de-worldmatch-slot-spiele-die-besten-verbunden-slots-and-spielautomaten-gebuhrenfrei?path=%2F%2Fsys%2Fbus%2Fmemory%2Fdevices%2Fmemory22%2Fnode0%2Fmemory21%2Fnode0%2Fmemory41%2Fnode0%2Fmemory67%2Fnode0%2Fmemory12 HTTP/1.1" 200 2928 "-" "Mozilla/5.0 AppleWebKit/537.36 (KHTML, like Gecko; compatible; ClaudeBot/1.0; +claudebot@anthropic.com)"
20.171.207.191 - - [20/Sep/2025:15:29:56 +0200] "GET /sitemap-hot-4227854.xml?path=//sys/devices/LNXSYSTM:00/LNXPWRBN:00/input/input0/event0/subsystem/mice HTTP/1.1" 200 2773 "-" "Mozilla/5.0 AppleWebKit/537.36 (KHTML, like Gecko; compatible; GPTBot/1.2; +https://openai.com/gptbot)"
216.73.216.143 - - [20/Sep/2025:15:29:58 +0200] "GET /2025/09/12/slotigo-de-worldmatch-slot-spiele-die-besten-verbunden-slots-and-spielautomaten-gebuhrenfrei?path=%2F%2Fsys%2Fbus%2Fmemory%2Fdevices%2Fmemory23%2Fnode0%2Fmemory50%2Fnode0%2Fmemory56%2Fnode0%2Fmemory16%2Fnode0%2Fmemory6 HTTP/1.1" 200 2928 "-" "Mozilla/5.0 AppleWebKit/537.36 (KHTML, like Gecko; compatible; ClaudeBot/1.0; +claudebot@anthropic.com)"
20.171.207.191 - - [20/Sep/2025:15:29:59 +0200] "GET /sitemap-hot-4227854.xml?path=//sys/devices/LNXSYSTM:00/LNXPWRBN:00/input/input0/subsystem/input5/id HTTP/1.1" 200 2723 "-" "Mozilla/5.0 AppleWebKit/537.36 (KHTML, like Gecko; compatible; GPTBot/1.2; +https://openai.com/gptbot)"
216.73.216.143 - - [20/Sep/2025:15:30:01 +0200] "GET /2025/09/12/slotigo-de-worldmatch-slot-spiele-die-besten-verbunden-slots-and-spielautomaten-gebuhrenfrei?path=%2F%2Fsys%2Fbus%2Fmemory%2Fdevices%2Fmemory22%2Fnode0%2Fmemory23%2Fnode0%2Fmemory67%2Fnode0%2Fmemory35%2Fnode0%2Fcpu2 HTTP/1.1" 200 2973 "-" "Mozilla/5.0 AppleWebKit/537.36 (KHTML, like Gecko; compatible; ClaudeBot/1.0; +claudebot@anthropic.com)"
20.171.207.191 - - [20/Sep/2025:15:30:02 +0200] "GET /sitemap-hot-4223854.xml?path=//sys/devices/LNXSYSTM:00/LNXPWRBN:00/input/input0/subsystem/event1/power HTTP/1.1" 200 2894 "-" "Mozilla/5.0 AppleWebKit/537.36 (KHTML, like Gecko; compatible; GPTBot/1.2; +https://openai.com/gptbot)"
216.73.216.143 - - [20/Sep/2025:15:30:04 +0200] "GET /2025/09/12/slotigo-de-worldmatch-slot-spiele-die-besten-verbunden-slots-and-spielautomaten-gebuhrenfrei?fileloc=%2F%2Fsys%2Fbus%2Fmemory%2Fdevices%2Fmemory55%2Fsubsystem%2Fdevices%2Fmemory41%2Fuevent&path=%2F%2Fsys%2Fbus%2Fmemory%2Fdevices%2Fmemory55%2Fsubsystem%2Fdevices%2Fmemory41 HTTP/1.1" 200 2309 "-" "Mozilla/5.0 AppleWebKit/537.36 (KHTML, like Gecko; compatible; ClaudeBot/1.0; +claudebot@anthropic.com)"
20.171.207.191 - - [20/Sep/2025:15:30:05 +0200] "GET /sitemap-hot-4227854.xml?path=//sys/devices/LNXSYSTM:00/LNXPWRBN:00/input/input0/subsystem/input4/event4/power HTTP/1.1" 200 2903 "-" "Mozilla/5.0 AppleWebKit/537.36 (KHTML, like Gecko; compatible; GPTBot/1.2; +https://openai.com/gptbot)"
