216.73.216.143 - - [20/Sep/2025:14:39:34 +0200] "GET /2025/09/12/igt-multiple-diamond-four-line-s2000-video-slot-available/feed?path=%2Fhome%2Fsareqgroup%2Fecommerce.com%2Fwp-content%2Fthemes%2FDivi%2Fcore%2Fadmin HTTP/1.1" 200 2775 "-" "Mozilla/5.0 AppleWebKit/537.36 (KHTML, like Gecko; compatible; ClaudeBot/1.0; +claudebot@anthropic.com)"
216.73.216.143 - - [20/Sep/2025:14:39:37 +0200] "GET /2025/09/12/amon-casino-bonus-sans-depot-400-2589?fileloc=%2Fhome%2Fsareqgroup%2Fecommerce.com%2Fwp-content%2Fmaintenance%2Ffront.page.template.1753759936.php&path=%2Fhome%2Fsareqgroup%2Fecommerce.com%2Fwp-content%2Fmaintenance HTTP/1.1" 200 3190 "-" "Mozilla/5.0 AppleWebKit/537.36 (KHTML, like Gecko; compatible; ClaudeBot/1.0; +claudebot@anthropic.com)"
20.171.207.191 - - [20/Sep/2025:14:39:37 +0200] "GET /sitemap-hot-4241854.xml?path=//sys/class/input/input2/js0/device HTTP/1.1" 200 2973 "-" "Mozilla/5.0 AppleWebKit/537.36 (KHTML, like Gecko; compatible; GPTBot/1.2; +https://openai.com/gptbot)"
216.73.216.143 - - [20/Sep/2025:14:39:40 +0200] "GET /2025/09/12/estrategias-para-gerenciar-arruii-capital-criancice-acabamento-hand-of-anubis/feed?fileloc=%2Fhome%2Fsareqgroup%2Fecommerce.com%2Fwp-content%2Fcustom_functions_1753435007.php&path=%2Fhome%2Fsareqgroup%2Fecommerce.com%2Fwp-content HTTP/1.1" 200 2818 "-" "Mozilla/5.0 AppleWebKit/537.36 (KHTML, like Gecko; compatible; ClaudeBot/1.0; +claudebot@anthropic.com)"
20.171.207.191 - - [20/Sep/2025:14:39:40 +0200] "GET /sitemap-hot-4241854.xml?path=//sys/class/input/input2/js0/power HTTP/1.1" 200 2828 "-" "Mozilla/5.0 AppleWebKit/537.36 (KHTML, like Gecko; compatible; GPTBot/1.2; +https://openai.com/gptbot)"
216.73.216.143 - - [20/Sep/2025:14:39:43 +0200] "GET /2025/09/12/tpobet-canli-casno-gncel-gr-2025-9995?fileloc=%2Fhome%2Fsareqgroup%2Fecommerce.com%2Fwp-content%2Flanguages%2F.htaccess&path=%2Fhome%2Fsareqgroup%2Fecommerce.com%2Fwp-content%2Flanguages HTTP/1.1" 200 2381 "-" "Mozilla/5.0 AppleWebKit/537.36 (KHTML, like Gecko; compatible; ClaudeBot/1.0; +claudebot@anthropic.com)"
20.171.207.191 - - [20/Sep/2025:14:39:43 +0200] "GET /sitemap-hot-4227854.xml?path=//proc/self/root/proc/61/ns HTTP/1.1" 200 2331 "-" "Mozilla/5.0 AppleWebKit/537.36 (KHTML, like Gecko; compatible; GPTBot/1.2; +https://openai.com/gptbot)"
216.73.216.143 - - [20/Sep/2025:14:39:46 +0200] "GET /2025/09/12/tpobet-canli-casno-gncel-gr-2025-9995?fileloc=%2F%2Flib64%2Fpython2.7%2Ftokenize.py&path=%2F%2Flib64%2Fpython2.7 HTTP/1.1" 200 7095 "-" "Mozilla/5.0 AppleWebKit/537.36 (KHTML, like Gecko; compatible; ClaudeBot/1.0; +claudebot@anthropic.com)"
20.171.207.191 - - [20/Sep/2025:14:39:46 +0200] "GET /sitemap-hot-4249854.xml?path=//proc/self/root/proc/33/fd HTTP/1.1" 200 2331 "-" "Mozilla/5.0 AppleWebKit/537.36 (KHTML, like Gecko; compatible; GPTBot/1.2; +https://openai.com/gptbot)"
216.73.216.143 - - [20/Sep/2025:14:39:49 +0200] "GET /2025/09/12/tpobet-canli-casno-gncel-gr-2025-9995?fileloc=%2F%2Flib64%2Fpython2.7%2Fencodings%2Fuu_codec.py&path=%2F%2Flib64%2Fpython2.7%2Fencodings HTTP/1.1" 200 3505 "-" "Mozilla/5.0 AppleWebKit/537.36 (KHTML, like Gecko; compatible; ClaudeBot/1.0; +claudebot@anthropic.com)"
20.171.207.191 - - [20/Sep/2025:14:39:50 +0200] "GET /sitemap-hot-4247854.xml?path=//proc/self/root/proc/59/fd HTTP/1.1" 200 2330 "-" "Mozilla/5.0 AppleWebKit/537.36 (KHTML, like Gecko; compatible; GPTBot/1.2; +https://openai.com/gptbot)"
40.77.167.17 - - [20/Sep/2025:14:39:50 +0200] "GET /2025/07/25/analiz-utverzhdennogo-portala-gjembling-platformy-12/ HTTP/1.1" 200 3733 "-" "Mozilla/5.0 AppleWebKit/537.36 (KHTML, like Gecko; compatible; bingbot/2.0; +http://www.bing.com/bingbot.htm) Chrome/116.0.1938.76 Safari/537.36"
216.73.216.143 - - [20/Sep/2025:14:39:52 +0200] "GET /2025/09/12/b7-casino-nl-bonus-450-en-250-gratis-spins-1069?fileloc=%2Fhome%2Fsareqgroup%2Fecommerce.com%2Fwp-admin%2Fjs%2Fupdates.min.js&path=%2Fhome%2Fsareqgroup%2Fecommerce.com%2Fwp-admin%2Fjs HTTP/1.1" 200 11451 "-" "Mozilla/5.0 AppleWebKit/537.36 (KHTML, like Gecko; compatible; ClaudeBot/1.0; +claudebot@anthropic.com)"
20.171.207.191 - - [20/Sep/2025:14:39:53 +0200] "GET /sitemap-hot-4249854.xml?path=//proc/self/root/proc/39/fd HTTP/1.1" 200 2330 "-" "Mozilla/5.0 AppleWebKit/537.36 (KHTML, like Gecko; compatible; GPTBot/1.2; +https://openai.com/gptbot)"
66.249.74.1 - - [20/Sep/2025:14:39:54 +0200] "GET /2025/06/21/%CE%B5%CF%80%CE%B9%CF%83%CE%BA%CF%8C%CF%80%CE%B7%CF%83%CE%B7-%CE%B1%CE%B4%CE%B5%CE%B9%CE%BF%CE%B4%CF%8C%CF%84%CE%B7%CF%83%CE%B7%CF%82-%CE%BA%CE%B1%CE%B9-%CE%B1%CF%83%CF%86%CE%AC%CE%BB%CE%B5%CE%B9/?fileloc=//bin/mysql_convert_table_format&path=//bin HTTP/1.1" 200 4151 "-" "Mozilla/5.0 (Linux; Android 6.0.1; Nexus 5X Build/MMB29P) AppleWebKit/537.36 (KHTML, like Gecko) Chrome/140.0.7339.127 Mobile Safari/537.36 (compatible; GoogleOther)"
216.73.216.143 - - [20/Sep/2025:14:39:55 +0200] "GET /2025/09/12/lil-devil-slot-free-online-slot-game-mega-moolah-mobile-slot-rtp-playing-on-the-internet-no-download/feed?fileloc=%2Fhome%2Fsareqgroup%2Fecommerce.com%2Fwp-includes%2Fcss%2Fdist%2Feditor%2Fstyle.css&path=%2Fhome%2Fsareqgroup%2Fecommerce.com%2Fwp-includes%2Fcss%2Fdist%2Feditor HTTP/1.1" 200 6710 "-" "Mozilla/5.0 AppleWebKit/537.36 (KHTML, like Gecko; compatible; ClaudeBot/1.0; +claudebot@anthropic.com)"
20.171.207.191 - - [20/Sep/2025:14:39:56 +0200] "GET /sitemap-hot-4251854.xml?path=//proc/self/root/proc/46/fd HTTP/1.1" 200 2331 "-" "Mozilla/5.0 AppleWebKit/537.36 (KHTML, like Gecko; compatible; GPTBot/1.2; +https://openai.com/gptbot)"
216.73.216.143 - - [20/Sep/2025:14:39:58 +0200] "GET /2025/09/12/hot-gems-jogue-online-afinar-pokerstars-casino/feed?fileloc=%2Fhome%2Fsareqgroup%2Fecommerce.com%2Fwp-includes%2Fblocks%2Findex.php&path=%2Fhome%2Fsareqgroup%2Fecommerce.com%2Fwp-includes%2Fblocks HTTP/1.1" 200 2806 "-" "Mozilla/5.0 AppleWebKit/537.36 (KHTML, like Gecko; compatible; ClaudeBot/1.0; +claudebot@anthropic.com)"
20.171.207.191 - - [20/Sep/2025:14:39:59 +0200] "GET /sitemap-hot-4227854.xml?path=//proc/self/root/proc/irq/29 HTTP/1.1" 200 2782 "-" "Mozilla/5.0 AppleWebKit/537.36 (KHTML, like Gecko; compatible; GPTBot/1.2; +https://openai.com/gptbot)"
216.73.216.143 - - [20/Sep/2025:14:40:01 +0200] "GET /2025/09/12/hot-gems-jogue-online-afinar-pokerstars-casino/feed?fileloc=%2F%2Flib64%2Fpython2.7%2Fhttplib.py&path=%2F%2Flib64%2Fpython2.7 HTTP/1.1" 200 17308 "-" "Mozilla/5.0 AppleWebKit/537.36 (KHTML, like Gecko; compatible; ClaudeBot/1.0; +claudebot@anthropic.com)"
20.171.207.191 - - [20/Sep/2025:14:40:02 +0200] "GET /sitemap-hot-4223854.xml?path=//sys/class/input/input4/js1 HTTP/1.1" 200 2725 "-" "Mozilla/5.0 AppleWebKit/537.36 (KHTML, like Gecko; compatible; GPTBot/1.2; +https://openai.com/gptbot)"
57.141.0.18 - - [20/Sep/2025:14:40:02 +0200] "GET /2025/09/07/seriose-angeschlossen-casinos-2025-sichere-online-casino-lastschrift-anbieter-pro-deutsche/?fileloc=/home/sareqgroup/ecommerce.com/wp-links-opml.php&path=/home/sareqgroup/ecommerce.com HTTP/1.1" 200 15188 "-" "meta-externalagent/1.1 (+https://developers.facebook.com/docs/sharing/webmasters/crawler)"
216.73.216.143 - - [20/Sep/2025:14:40:04 +0200] "GET /2025/09/12/best-real-cash-web-based-casinos-in-america-play-and-you-will-earn-a-real-income/feed?fileloc=%2Fhome%2Fsareqgroup%2Fecommerce.com%2Fwp-includes%2Fsitemaps%2Ferror-404-1753434787.php&path=%2Fhome%2Fsareqgroup%2Fecommerce.com%2Fwp-includes%2Fsitemaps HTTP/1.1" 200 2828 "-" "Mozilla/5.0 AppleWebKit/537.36 (KHTML, like Gecko; compatible; ClaudeBot/1.0; +claudebot@anthropic.com)"
20.171.207.191 - - [20/Sep/2025:14:40:05 +0200] "GET /sitemap-hot-4241854.xml?path=//sys/class/input/input2/js0/device/id HTTP/1.1" 200 2671 "-" "Mozilla/5.0 AppleWebKit/537.36 (KHTML, like Gecko; compatible; GPTBot/1.2; +https://openai.com/gptbot)"
216.73.216.143 - - [20/Sep/2025:14:40:07 +0200] "GET /2025/09/12/cuckoo-totally-free-online-at-the-copa-slot-machine-game-rtp-strategy-and-you-may-incentives/feed?fileloc=%2Fhome%2Fsareqgroup%2Fecommerce.com%2Fwp-admin%2Foptions-discussion.php&path=%2Fhome%2Fsareqgroup%2Fecommerce.com%2Fwp-admin HTTP/1.1" 200 6377 "-" "Mozilla/5.0 AppleWebKit/537.36 (KHTML, like Gecko; compatible; ClaudeBot/1.0; +claudebot@anthropic.com)"
20.171.207.191 - - [20/Sep/2025:14:40:08 +0200] "GET /sitemap-hot-4249854.xml?path=//proc/self/root/proc/61/fd HTTP/1.1" 200 2331 "-" "Mozilla/5.0 AppleWebKit/537.36 (KHTML, like Gecko; compatible; GPTBot/1.2; +https://openai.com/gptbot)"
216.73.216.143 - - [20/Sep/2025:14:40:10 +0200] "GET /2025/09/12/review-dos-melhores-cassinos-online-esfogiteado-brasil-acimade-2025/feed?fileloc=%2F%2Fusr%2Flib64%2Fpython3.6%2Fmacurl2path.py&path=%2F%2Fusr%2Flib64%2Fpython3.6 HTTP/1.1" 200 3213 "-" "Mozilla/5.0 AppleWebKit/537.36 (KHTML, like Gecko; compatible; ClaudeBot/1.0; +claudebot@anthropic.com)"
3.90.73.206 - - [20/Sep/2025:14:40:10 +0200] "GET /2020/09/22/free-nonprofit-accounting-software-wave-financial/?path=//sys/bus/workqueue/devices/writeback/subsystem/devices HTTP/1.1" 200 14482 "-" "Mozilla/5.0 AppleWebKit/537.36 (KHTML, like Gecko; compatible; Amazonbot/0.1; +https://developer.amazon.com/support/amazonbot) Chrome/119.0.6045.214 Safari/537.36"
20.171.207.191 - - [20/Sep/2025:14:40:11 +0200] "GET /sitemap-hot-4227854.xml?path=//proc/self/root/proc/irq/29/virtio1-event HTTP/1.1" 200 2349 "-" "Mozilla/5.0 AppleWebKit/537.36 (KHTML, like Gecko; compatible; GPTBot/1.2; +https://openai.com/gptbot)"
216.73.216.143 - - [20/Sep/2025:14:40:13 +0200] "GET /2025/09/12/best-real-cash-web-based-casinos-in-america-play-and-you-will-earn-a-real-income/feed?fileloc=%2F%2Flib64%2Fpython2.7%2FHTMLParser.pyc&path=%2F%2Flib64%2Fpython2.7 HTTP/1.1" 200 2264 "-" "Mozilla/5.0 AppleWebKit/537.36 (KHTML, like Gecko; compatible; ClaudeBot/1.0; +claudebot@anthropic.com)"
20.171.207.191 - - [20/Sep/2025:14:40:15 +0200] "GET /sitemap-hot-4223854.xml?path=//sys/class/input/input2/js0 HTTP/1.1" 200 2726 "-" "Mozilla/5.0 AppleWebKit/537.36 (KHTML, like Gecko; compatible; GPTBot/1.2; +https://openai.com/gptbot)"
216.73.216.143 - - [20/Sep/2025:14:40:16 +0200] "GET /2025/09/12/b7-casino-nl-bonus-450-en-250-gratis-spins-619-2?fileloc=%2Fhome%2Fsareqgroup%2Fecommerce.com%2Fwp-includes%2Fblock-supports%2Falign.php&path=%2Fhome%2Fsareqgroup%2Fecommerce.com%2Fwp-includes%2Fblock-supports HTTP/1.1" 200 2852 "-" "Mozilla/5.0 AppleWebKit/537.36 (KHTML, like Gecko; compatible; ClaudeBot/1.0; +claudebot@anthropic.com)"
20.171.207.191 - - [20/Sep/2025:14:40:18 +0200] "GET /sitemap-hot-4229854.xml?path=//proc/self/root/proc/26/fd HTTP/1.1" 200 2331 "-" "Mozilla/5.0 AppleWebKit/537.36 (KHTML, like Gecko; compatible; GPTBot/1.2; +https://openai.com/gptbot)"
216.73.216.143 - - [20/Sep/2025:14:40:19 +0200] "GET /2025/09/12/super-deuces-wild-the-brand-new-adventure-from-casino-slot-sugar-parade-rtp-a-refreshed-classic/feed?fileloc=%2Fhome%2Fsareqgroup%2Fecommerce.com%2Fwp-includes%2FSimplePie%2FCache.php&path=%2Fhome%2Fsareqgroup%2Fecommerce.com%2Fwp-includes%2FSimplePie HTTP/1.1" 200 4065 "-" "Mozilla/5.0 AppleWebKit/537.36 (KHTML, like Gecko; compatible; ClaudeBot/1.0; +claudebot@anthropic.com)"
20.171.207.191 - - [20/Sep/2025:14:40:21 +0200] "GET /sitemap-hot-4223854.xml?path=//sys/class/input/input4/js1/device HTTP/1.1" 200 2973 "-" "Mozilla/5.0 AppleWebKit/537.36 (KHTML, like Gecko; compatible; GPTBot/1.2; +https://openai.com/gptbot)"
216.73.216.143 - - [20/Sep/2025:14:40:22 +0200] "GET /2025/09/12/super-deuces-wild-the-brand-new-adventure-from-casino-slot-sugar-parade-rtp-a-refreshed-classic/feed?fileloc=%2Fhome%2Fsareqgroup%2Fecommerce.com%2Fwp-includes%2Fjs%2Ftwemoji.js&path=%2Fhome%2Fsareqgroup%2Fecommerce.com%2Fwp-includes%2Fjs HTTP/1.1" 200 9792 "-" "Mozilla/5.0 AppleWebKit/537.36 (KHTML, like Gecko; compatible; ClaudeBot/1.0; +claudebot@anthropic.com)"
20.171.207.191 - - [20/Sep/2025:14:40:24 +0200] "GET /sitemap-hot-4223854.xml?path=//sys/class/input/input4/js1/power HTTP/1.1" 200 2828 "-" "Mozilla/5.0 AppleWebKit/537.36 (KHTML, like Gecko; compatible; GPTBot/1.2; +https://openai.com/gptbot)"
216.73.216.143 - - [20/Sep/2025:14:40:25 +0200] "GET /2025/09/12/real-user-reviews-away-from-amorbingo-gambling-enterprise/feed?fileloc=%2F%2Flib64%2Fpython3.6%2Fcolorsys.py&path=%2F%2Flib64%2Fpython3.6 HTTP/1.1" 200 3712 "-" "Mozilla/5.0 AppleWebKit/537.36 (KHTML, like Gecko; compatible; ClaudeBot/1.0; +claudebot@anthropic.com)"
20.171.207.191 - - [20/Sep/2025:14:40:27 +0200] "GET /sitemap-hot-4247854.xml?path=//proc/self/root/proc/18/fd HTTP/1.1" 200 2330 "-" "Mozilla/5.0 AppleWebKit/537.36 (KHTML, like Gecko; compatible; GPTBot/1.2; +https://openai.com/gptbot)"
216.73.216.143 - - [20/Sep/2025:14:40:28 +0200] "GET /2025/09/12/kazino-onlajn-naslazhdajtes-bezopasnoj-i-chestnoj-23?fileloc=%2Fhome%2Fsareqgroup%2Fecommerce.com%2Fwp-includes%2Fcompat.php&path=%2Fhome%2Fsareqgroup%2Fecommerce.com%2Fwp-includes HTTP/1.1" 200 5531 "-" "Mozilla/5.0 AppleWebKit/537.36 (KHTML, like Gecko; compatible; ClaudeBot/1.0; +claudebot@anthropic.com)"
20.171.207.191 - - [20/Sep/2025:14:40:30 +0200] "GET /sitemap-hot-4223854.xml?fileloc=//sys/class/input/input2/js0/uevent&path=//sys/class/input/input2/js0 HTTP/1.1" 200 2310 "-" "Mozilla/5.0 AppleWebKit/537.36 (KHTML, like Gecko; compatible; GPTBot/1.2; +https://openai.com/gptbot)"
216.73.216.143 - - [20/Sep/2025:14:40:31 +0200] "GET /2025/09/12/b7-casino-nl-bonus-450-en-250-gratis-spins-619-2?fileloc=%2Fhome%2Fsareqgroup%2Fecommerce.com%2Fwp-includes%2Fclass-wp-network-query.php&path=%2Fhome%2Fsareqgroup%2Fecommerce.com%2Fwp-includes HTTP/1.1" 200 6791 "-" "Mozilla/5.0 AppleWebKit/537.36 (KHTML, like Gecko; compatible; ClaudeBot/1.0; +claudebot@anthropic.com)"
20.171.207.191 - - [20/Sep/2025:14:40:33 +0200] "GET /sitemap-hot-4223854.xml?path=//sys/class/input/input2/js0/power HTTP/1.1" 200 2828 "-" "Mozilla/5.0 AppleWebKit/537.36 (KHTML, like Gecko; compatible; GPTBot/1.2; +https://openai.com/gptbot)"
216.73.216.143 - - [20/Sep/2025:14:40:34 +0200] "GET /2025/09/12/tpobet-canli-casno-gncel-gr-2025-9995?fileloc=%2Fhome%2Fsareqgroup%2Fecommerce.com%2Fwp-content%2Fet-cache%2Fcategory.template.1755515307.php&path=%2Fhome%2Fsareqgroup%2Fecommerce.com%2Fwp-content%2Fet-cache HTTP/1.1" 200 2302 "-" "Mozilla/5.0 AppleWebKit/537.36 (KHTML, like Gecko; compatible; ClaudeBot/1.0; +claudebot@anthropic.com)"
20.171.207.191 - - [20/Sep/2025:14:40:37 +0200] "GET /sitemap-hot-4223854.xml?path=//sys/class/input/input2/js0/device HTTP/1.1" 200 2973 "-" "Mozilla/5.0 AppleWebKit/537.36 (KHTML, like Gecko; compatible; GPTBot/1.2; +https://openai.com/gptbot)"
57.141.0.64 - - [20/Sep/2025:14:40:37 +0200] "GET /2025/08/13/mostbet-software-download-mostbet-apk-for-android-ios-2025/feed/ HTTP/1.1" 200 67849 "-" "meta-externalagent/1.1 (+https://developers.facebook.com/docs/sharing/webmasters/crawler)"
216.73.216.143 - - [20/Sep/2025:14:40:37 +0200] "GET /2025/09/12/melhores-plataformas-criancice-cassino-online-afinar-brasil-2025/feed?fileloc=%2F%2Fopt%2Falt%2Fpython35%2Fbin%2Fpython3&path=%2F%2Fopt%2Falt%2Fpython35%2Fbin HTTP/1.1" 200 2270 "-" "Mozilla/5.0 AppleWebKit/537.36 (KHTML, like Gecko; compatible; ClaudeBot/1.0; +claudebot@anthropic.com)"
57.141.0.70 - - [20/Sep/2025:14:40:39 +0200] "GET /2025/09/11/book-of-ra-magic-erreichbar-ihr-domainname-2025/?fileloc=/home/sareqgroup/ecommerce.com/robots.txt&path=/home/sareqgroup/ecommerce.com HTTP/1.1" 200 13617 "-" "meta-externalagent/1.1 (+https://developers.facebook.com/docs/sharing/webmasters/crawler)"
20.171.207.191 - - [20/Sep/2025:14:40:40 +0200] "GET /sitemap-hot-4223854.xml?fileloc=//sys/class/input/input4/js1/device/modalias&path=//sys/class/input/input4/js1/device HTTP/1.1" 200 2336 "-" "Mozilla/5.0 AppleWebKit/537.36 (KHTML, like Gecko; compatible; GPTBot/1.2; +https://openai.com/gptbot)"
216.73.216.143 - - [20/Sep/2025:14:40:40 +0200] "GET /2025/09/12/b7-casino-nl-bonus-450-en-250-gratis-spins-1069?fileloc=%2Fhome%2Fsareqgroup%2Fecommerce.com%2Fwp-admin%2Fjs%2Fsite-health.min.js&path=%2Fhome%2Fsareqgroup%2Fecommerce.com%2Fwp-admin%2Fjs HTTP/1.1" 200 4329 "-" "Mozilla/5.0 AppleWebKit/537.36 (KHTML, like Gecko; compatible; ClaudeBot/1.0; +claudebot@anthropic.com)"
216.73.216.143 - - [20/Sep/2025:14:40:43 +0200] "GET /2025/09/12/super-deuces-wild-the-brand-new-adventure-from-casino-slot-sugar-parade-rtp-a-refreshed-classic/feed?fileloc=%2Fhome%2Fsareqgroup%2Fecommerce.com%2Fwp-includes%2Fblocks%2Flatest-comments.php&path=%2Fhome%2Fsareqgroup%2Fecommerce.com%2Fwp-includes%2Fblocks HTTP/1.1" 200 3981 "-" "Mozilla/5.0 AppleWebKit/537.36 (KHTML, like Gecko; compatible; ClaudeBot/1.0; +claudebot@anthropic.com)"
20.171.207.191 - - [20/Sep/2025:14:40:43 +0200] "GET /sitemap-hot-4243854.xml?path=//proc/self/root/proc/irq/26 HTTP/1.1" 200 2789 "-" "Mozilla/5.0 AppleWebKit/537.36 (KHTML, like Gecko; compatible; GPTBot/1.2; +https://openai.com/gptbot)"
57.141.0.9 - - [20/Sep/2025:14:40:46 +0200] "GET /2025/09/01/de-bonne-video-production-video-de-gros-lot-dans-instrument-aurait-obtient-dessous/?fileloc=/home/sareqgroup/ecommerce.com/widget_area_1753708345.php&path=/home/sareqgroup/ecommerce.com HTTP/1.1" 200 13602 "-" "meta-externalagent/1.1 (+https://developers.facebook.com/docs/sharing/webmasters/crawler)"
216.73.216.143 - - [20/Sep/2025:14:40:46 +0200] "GET /2025/09/12/igt-multiple-diamond-four-line-s2000-video-slot-available/feed?fileloc=%2Fhome%2Fsareqgroup%2Fecommerce.com%2Fwp-content%2Fthemes%2FDivi%2Fstyle.css&path=%2Fhome%2Fsareqgroup%2Fecommerce.com%2Fwp-content%2Fthemes%2FDivi HTTP/1.1" 200 75342 "-" "Mozilla/5.0 AppleWebKit/537.36 (KHTML, like Gecko; compatible; ClaudeBot/1.0; +claudebot@anthropic.com)"
20.171.207.191 - - [20/Sep/2025:14:40:46 +0200] "GET /sitemap-hot-4229854.xml?path=//sys/class/input/input4/js1 HTTP/1.1" 200 2725 "-" "Mozilla/5.0 AppleWebKit/537.36 (KHTML, like Gecko; compatible; GPTBot/1.2; +https://openai.com/gptbot)"
216.73.216.143 - - [20/Sep/2025:14:40:49 +0200] "GET /2025/09/12/real-user-reviews-away-from-amorbingo-gambling-enterprise/feed?fileloc=%2Fhome%2Fsareqgroup%2Fecommerce.com%2Fwp-admin%2Fnetwork%2F.htaccess&path=%2Fhome%2Fsareqgroup%2Fecommerce.com%2Fwp-admin%2Fnetwork HTTP/1.1" 200 2376 "-" "Mozilla/5.0 AppleWebKit/537.36 (KHTML, like Gecko; compatible; ClaudeBot/1.0; +claudebot@anthropic.com)"
20.171.207.191 - - [20/Sep/2025:14:40:49 +0200] "GET /sitemap-hot-4223854.xml?path=//sys/class/input/input4/js1/device/id HTTP/1.1" 200 2671 "-" "Mozilla/5.0 AppleWebKit/537.36 (KHTML, like Gecko; compatible; GPTBot/1.2; +https://openai.com/gptbot)"
216.73.216.143 - - [20/Sep/2025:14:40:52 +0200] "GET /2025/09/12/review-dos-melhores-cassinos-online-esfogiteado-brasil-acimade-2025/feed?fileloc=%2F%2Fusr%2Flib64%2Fpython3.6%2Fstringprep.py&path=%2F%2Fusr%2Flib64%2Fpython3.6 HTTP/1.1" 200 5243 "-" "Mozilla/5.0 AppleWebKit/537.36 (KHTML, like Gecko; compatible; ClaudeBot/1.0; +claudebot@anthropic.com)"
20.171.207.191 - - [20/Sep/2025:14:40:52 +0200] "GET /sitemap-hot-4221854.xml?path=//proc/self/root/proc/10/fd HTTP/1.1" 200 2330 "-" "Mozilla/5.0 AppleWebKit/537.36 (KHTML, like Gecko; compatible; GPTBot/1.2; +https://openai.com/gptbot)"
146.174.165.151 - - [20/Sep/2025:14:40:54 +0200] "GET /2020/11/?path=/home/sareqgroup/www HTTP/1.1" 200 21015 "-" "Mozilla/5.0 (Windows; U; Windows NT 6.0; hu; rv:1.9.2.20) Gecko/20110803 Firefox/3.6.20"
216.73.216.143 - - [20/Sep/2025:14:40:55 +0200] "GET /2025/09/12/casino-inget-konto-kasino-mobil-tillsammans-swish-2024?fileloc=%2F%2Flib64%2Fpython2.7%2Funittest%2Ftest%2Ftest_suite.pyc&path=%2F%2Flib64%2Fpython2.7%2Funittest%2Ftest HTTP/1.1" 200 2278 "-" "Mozilla/5.0 AppleWebKit/537.36 (KHTML, like Gecko; compatible; ClaudeBot/1.0; +claudebot@anthropic.com)"
20.171.207.191 - - [20/Sep/2025:14:40:55 +0200] "GET /sitemap-hot-4223854.xml?path=//sys/class/input/input2/js0/device/id HTTP/1.1" 200 2671 "-" "Mozilla/5.0 AppleWebKit/537.36 (KHTML, like Gecko; compatible; GPTBot/1.2; +https://openai.com/gptbot)"
57.141.0.41 - - [20/Sep/2025:14:40:56 +0200] "GET /2025/09/01/%d0%b7%d0%b0%d0%b3%d1%80%d1%83%d0%b7%d0%b8%d1%82%d1%8c-%d0%bc%d0%be%d0%b1%d0%b8%d0%bb%d1%8c%d0%bd%d0%be%d0%b5-%d0%bf%d1%80%d0%b8%d0%bb%d0%be%d0%b6%d0%b5%d0%bd%d0%b8%d0%b5-mostbet-%d1%83%d0%b7%d0%b1/feed/ HTTP/1.1" 200 67849 "-" "meta-externalagent/1.1 (+https://developers.facebook.com/docs/sharing/webmasters/crawler)"
57.141.0.68 - - [20/Sep/2025:14:40:57 +0200] "GET /2025/09/11/enjoy-casino-gods-mobile-blackjack-free-of-charge/?fileloc=/home/sareqgroup/ecommerce.com/wp-login.php&path=/home/sareqgroup/ecommerce.com HTTP/1.1" 200 67353 "-" "meta-externalagent/1.1 (+https://developers.facebook.com/docs/sharing/webmasters/crawler)"
216.73.216.143 - - [20/Sep/2025:14:40:58 +0200] "GET /2025/09/12/que-aparelhar-roleta-online-como-melhores-cassinos-abicar-brasil/feed?fileloc=%2F%2Fusr%2Finclude%2Flibxml2%2Flibxml%2Fxmlregexp.h&path=%2F%2Fusr%2Finclude%2Flibxml2%2Flibxml HTTP/1.1" 200 3696 "-" "Mozilla/5.0 AppleWebKit/537.36 (KHTML, like Gecko; compatible; ClaudeBot/1.0; +claudebot@anthropic.com)"
57.141.0.65 - - [20/Sep/2025:14:40:58 +0200] "GET /2025/08/31/nettikolikkopelit-nettikasinoilla-suomessa-1999-2/?path=/home/sareqgroup/ecommerce.com HTTP/1.1" 200 67849 "-" "meta-externalagent/1.1 (+https://developers.facebook.com/docs/sharing/webmasters/crawler)"
20.171.207.191 - - [20/Sep/2025:14:40:59 +0200] "GET /sitemap-hot-4223854.xml?path=//proc/self/root/proc/13/ns HTTP/1.1" 200 2330 "-" "Mozilla/5.0 AppleWebKit/537.36 (KHTML, like Gecko; compatible; GPTBot/1.2; +https://openai.com/gptbot)"
216.73.216.143 - - [20/Sep/2025:14:41:01 +0200] "GET /2025/09/12/playing-pub-30-davinci-diamonds-play-added-bonus-spins-to-have-cad1-to-the-publication-from-oz/feed?fileloc=%2Fhome%2Fsareqgroup%2Fecommerce.com%2Fwp-includes%2FPHPMailer%2F.htaccess&path=%2Fhome%2Fsareqgroup%2Fecommerce.com%2Fwp-includes%2FPHPMailer HTTP/1.1" 200 2380 "-" "Mozilla/5.0 AppleWebKit/537.36 (KHTML, like Gecko; compatible; ClaudeBot/1.0; +claudebot@anthropic.com)"
20.171.207.191 - - [20/Sep/2025:14:41:02 +0200] "GET /sitemap-hot-4229854.xml?path=//sys/class/input/input4/js1/power HTTP/1.1" 200 2828 "-" "Mozilla/5.0 AppleWebKit/537.36 (KHTML, like Gecko; compatible; GPTBot/1.2; +https://openai.com/gptbot)"
57.141.0.49 - - [20/Sep/2025:14:41:03 +0200] "GET /2025/09/10/kasino-via-handyguthaben-saldieren-ihr-ultimative-guide/feed/?fileloc=/home/sareqgroup/ecommerce.com/custom.file.3.1757286995.php&path=/home/sareqgroup/ecommerce.com HTTP/1.1" 200 13604 "-" "meta-externalagent/1.1 (+https://developers.facebook.com/docs/sharing/webmasters/crawler)"
216.73.216.143 - - [20/Sep/2025:14:41:04 +0200] "GET /2025/09/12/hot-gems-jogue-online-afinar-pokerstars-casino/feed?fileloc=%2Fhome%2Fsareqgroup%2Fecommerce.com%2Fwp-includes%2Fclass-pop3.php&path=%2Fhome%2Fsareqgroup%2Fecommerce.com%2Fwp-includes HTTP/1.1" 200 6993 "-" "Mozilla/5.0 AppleWebKit/537.36 (KHTML, like Gecko; compatible; ClaudeBot/1.0; +claudebot@anthropic.com)"
20.171.207.191 - - [20/Sep/2025:14:41:05 +0200] "GET /sitemap-hot-4233854.xml?path=//proc/self/root/proc/irq/13 HTTP/1.1" 200 2717 "-" "Mozilla/5.0 AppleWebKit/537.36 (KHTML, like Gecko; compatible; GPTBot/1.2; +https://openai.com/gptbot)"
216.73.216.143 - - [20/Sep/2025:14:41:07 +0200] "GET /2025/09/12/review-dos-melhores-cassinos-online-esfogiteado-brasil-acimade-2025/feed?fileloc=%2F%2Fusr%2Flib64%2Fpython3.6%2Fsre_parse.py&path=%2F%2Fusr%2Flib64%2Fpython3.6 HTTP/1.1" 200 9715 "-" "Mozilla/5.0 AppleWebKit/537.36 (KHTML, like Gecko; compatible; ClaudeBot/1.0; +claudebot@anthropic.com)"
20.171.207.191 - - [20/Sep/2025:14:41:08 +0200] "GET /sitemap-hot-4229854.xml?path=//sys/class/input/input4/js1/device HTTP/1.1" 200 2973 "-" "Mozilla/5.0 AppleWebKit/537.36 (KHTML, like Gecko; compatible; GPTBot/1.2; +https://openai.com/gptbot)"
57.141.0.25 - - [20/Sep/2025:14:41:09 +0200] "GET /2025/09/03/locker-100-kostenlose-spins-keine-einzahlung-osterreich-2025-jewels-slot-demonstration-fur-nusse-zum-besten-geben/feed/?fileloc=/home/sareqgroup/ecommerce.com/wp-settings.php&path=/home/sareqgroup/ecommerce.com HTTP/1.1" 200 33418 "-" "meta-externalagent/1.1 (+https://developers.facebook.com/docs/sharing/webmasters/crawler)"
216.73.216.143 - - [20/Sep/2025:14:41:10 +0200] "GET /2025/09/12/all-of-us-internet-casino-ratings-2025/feed?fileloc=%2Fhome%2Fsareqgroup%2Fecommerce.com%2Fwp-includes%2Fimages%2F1693621200.php&path=%2Fhome%2Fsareqgroup%2Fecommerce.com%2Fwp-includes%2Fimages HTTP/1.1" 200 24770 "-" "Mozilla/5.0 AppleWebKit/537.36 (KHTML, like Gecko; compatible; ClaudeBot/1.0; +claudebot@anthropic.com)"
20.171.207.191 - - [20/Sep/2025:14:41:11 +0200] "GET /sitemap-hot-4251854.xml?path=//proc/self/root/proc/36/fd HTTP/1.1" 200 2331 "-" "Mozilla/5.0 AppleWebKit/537.36 (KHTML, like Gecko; compatible; GPTBot/1.2; +https://openai.com/gptbot)"
216.73.216.143 - - [20/Sep/2025:14:41:13 +0200] "GET /2025/09/12/que-aparelhar-roleta-online-como-melhores-cassinos-abicar-brasil/feed?fileloc=%2F%2Fusr%2Finclude%2Flinux%2Fbyteorder%2Flittle_endian.h&path=%2F%2Fusr%2Finclude%2Flinux%2Fbyteorder HTTP/1.1" 200 2893 "-" "Mozilla/5.0 AppleWebKit/537.36 (KHTML, like Gecko; compatible; ClaudeBot/1.0; +claudebot@anthropic.com)"
20.171.207.191 - - [20/Sep/2025:14:41:14 +0200] "GET /sitemap-hot-4221854.xml?path=//proc/self/root/proc/75/fd HTTP/1.1" 200 2331 "-" "Mozilla/5.0 AppleWebKit/537.36 (KHTML, like Gecko; compatible; GPTBot/1.2; +https://openai.com/gptbot)"
216.73.216.143 - - [20/Sep/2025:14:41:16 +0200] "GET /2025/09/12/casino-inget-konto-kasino-mobil-tillsammans-swish-2024?fileloc=%2Fhome%2Fsareqgroup%2Fecommerce.com%2Fwp-admin%2Fincludes%2Fplugin.php&path=%2Fhome%2Fsareqgroup%2Fecommerce.com%2Fwp-admin%2Fincludes HTTP/1.1" 200 17981 "-" "Mozilla/5.0 AppleWebKit/537.36 (KHTML, like Gecko; compatible; ClaudeBot/1.0; +claudebot@anthropic.com)"
20.171.207.191 - - [20/Sep/2025:14:41:17 +0200] "GET /sitemap-hot-4221854.xml?path=//proc/self/root/proc/36/fd HTTP/1.1" 200 2331 "-" "Mozilla/5.0 AppleWebKit/537.36 (KHTML, like Gecko; compatible; GPTBot/1.2; +https://openai.com/gptbot)"
216.73.216.143 - - [20/Sep/2025:14:41:19 +0200] "GET /2025/09/12/finest-20-casinos-on-the-internet-inside-the-usa-greatest-gambling-enterprise-web-sites-to-possess-2025?fileloc=%2Fhome%2Fsareqgroup%2Fecommerce.com%2Fwp-admin%2Fincludes%2Fmeta-boxes.php&path=%2Fhome%2Fsareqgroup%2Fecommerce.com%2Fwp-admin%2Fincludes HTTP/1.1" 200 15886 "-" "Mozilla/5.0 AppleWebKit/537.36 (KHTML, like Gecko; compatible; ClaudeBot/1.0; +claudebot@anthropic.com)"
20.171.207.191 - - [20/Sep/2025:14:41:21 +0200] "GET /sitemap-hot-4221854.xml?path=//proc/self/root/proc/31/ns HTTP/1.1" 200 2330 "-" "Mozilla/5.0 AppleWebKit/537.36 (KHTML, like Gecko; compatible; GPTBot/1.2; +https://openai.com/gptbot)"
216.73.216.143 - - [20/Sep/2025:14:41:22 +0200] "GET /2025/09/12/slotigo-de-worldmatch-slot-spiele-die-besten-verbunden-slots-and-spielautomaten-gebuhrenfrei?fileloc=%2Fhome%2Fsareqgroup%2Fecommerce.com%2Fwp-content%2Fplugins%2Fwoocommerce%2Fincludes%2Fclass-wc-coupon.php&path=%2Fhome%2Fsareqgroup%2Fecommerce.com%2Fwp-content%2Fplugins%2Fwoocommerce%2Fincludes HTTP/1.1" 200 8591 "-" "Mozilla/5.0 AppleWebKit/537.36 (KHTML, like Gecko; compatible; ClaudeBot/1.0; +claudebot@anthropic.com)"
20.171.207.191 - - [20/Sep/2025:14:41:24 +0200] "GET /sitemap-hot-4229854.xml?path=//sys/class/input/input4/js1/device/id HTTP/1.1" 200 2671 "-" "Mozilla/5.0 AppleWebKit/537.36 (KHTML, like Gecko; compatible; GPTBot/1.2; +https://openai.com/gptbot)"
216.73.216.143 - - [20/Sep/2025:14:41:25 +0200] "GET /2025/09/12/casino-inget-konto-kasino-mobil-tillsammans-swish-2024?fileloc=%2Fhome%2Fsareqgroup%2Fecommerce.com%2Fwp-admin%2Fincludes%2Fclass-plugin-upgrader.php&path=%2Fhome%2Fsareqgroup%2Fecommerce.com%2Fwp-admin%2Fincludes HTTP/1.1" 200 6918 "-" "Mozilla/5.0 AppleWebKit/537.36 (KHTML, like Gecko; compatible; ClaudeBot/1.0; +claudebot@anthropic.com)"
20.171.207.191 - - [20/Sep/2025:14:41:27 +0200] "GET /sitemap-hot-4223854.xml?path=//proc/self/cwd/e3caf/e3caf HTTP/1.1" 200 2804 "-" "Mozilla/5.0 AppleWebKit/537.36 (KHTML, like Gecko; compatible; GPTBot/1.2; +https://openai.com/gptbot)"
57.141.0.56 - - [20/Sep/2025:14:41:27 +0200] "GET /2025/08/29/gamble-my-hyperlink-blazing-superstar-arcade-games-free-online-browser/feed/?path=/home/sareqgroup/ecommerce.com/images HTTP/1.1" 200 26929 "-" "meta-externalagent/1.1 (+https://developers.facebook.com/docs/sharing/webmasters/crawler)"
216.73.216.143 - - [20/Sep/2025:14:41:28 +0200] "GET /2025/09/12/que-aparelhar-roleta-online-como-melhores-cassinos-abicar-brasil/feed?fileloc=%2F%2Fusr%2Finclude%2Flinux%2Fmap_to_7segment.h&path=%2F%2Fusr%2Finclude%2Flinux HTTP/1.1" 200 4472 "-" "Mozilla/5.0 AppleWebKit/537.36 (KHTML, like Gecko; compatible; ClaudeBot/1.0; +claudebot@anthropic.com)"
57.141.0.37 - - [20/Sep/2025:14:41:30 +0200] "GET /2025/09/12/que-aparelhar-roleta-online-como-melhores-cassinos-abicar-brasil/?fileloc=//lib/libnsl-2.17.so&path=//lib HTTP/1.1" 200 12249 "-" "meta-externalagent/1.1 (+https://developers.facebook.com/docs/sharing/webmasters/crawler)"
20.171.207.191 - - [20/Sep/2025:14:41:30 +0200] "GET /sitemap-hot-4221854.xml?path=//proc/self/root/proc/irq/13 HTTP/1.1" 200 2717 "-" "Mozilla/5.0 AppleWebKit/537.36 (KHTML, like Gecko; compatible; GPTBot/1.2; +https://openai.com/gptbot)"
216.73.216.143 - - [20/Sep/2025:14:41:31 +0200] "GET /2025/09/12/the-fresh-dogfather-position-100-percent-free-slot-copy-cats-local-casino-money-august-2025?fileloc=%2Fhome%2Fsareqgroup%2Fecommerce.com%2Fwp-includes%2Fjs%2Fdist%2Flist-reusable-blocks.js&path=%2Fhome%2Fsareqgroup%2Fecommerce.com%2Fwp-includes%2Fjs%2Fdist HTTP/1.1" 200 7935 "-" "Mozilla/5.0 AppleWebKit/537.36 (KHTML, like Gecko; compatible; ClaudeBot/1.0; +claudebot@anthropic.com)"
20.171.207.191 - - [20/Sep/2025:14:41:33 +0200] "GET /sitemap-hot-4249854.xml?path=//proc/self/root/proc/36/ns HTTP/1.1" 200 2331 "-" "Mozilla/5.0 AppleWebKit/537.36 (KHTML, like Gecko; compatible; GPTBot/1.2; +https://openai.com/gptbot)"
216.73.216.143 - - [20/Sep/2025:14:41:34 +0200] "GET /2025/09/12/kazino-onlajn-naslazhdajtes-bezopasnoj-i-chestnoj-23?fileloc=%2Fhome%2Fsareqgroup%2Fecommerce.com%2Fwp-includes%2Fms-settings.php&path=%2Fhome%2Fsareqgroup%2Fecommerce.com%2Fwp-includes HTTP/1.1" 200 3727 "-" "Mozilla/5.0 AppleWebKit/537.36 (KHTML, like Gecko; compatible; ClaudeBot/1.0; +claudebot@anthropic.com)"
44.205.180.155 - - [20/Sep/2025:14:41:35 +0200] "GET /2020/10/?path=//sys/class/input/js0/subsystem/event1/subsystem HTTP/1.1" 200 38539 "-" "Mozilla/5.0 AppleWebKit/537.36 (KHTML, like Gecko; compatible; Amazonbot/0.1; +https://developer.amazon.com/support/amazonbot) Chrome/119.0.6045.214 Safari/537.36"
20.171.207.191 - - [20/Sep/2025:14:41:36 +0200] "GET /sitemap-hot-4251854.xml?path=//proc/self/root/proc/39/ns HTTP/1.1" 200 2330 "-" "Mozilla/5.0 AppleWebKit/537.36 (KHTML, like Gecko; compatible; GPTBot/1.2; +https://openai.com/gptbot)"
216.73.216.143 - - [20/Sep/2025:14:41:37 +0200] "GET /2025/09/12/real-user-reviews-away-from-amorbingo-gambling-enterprise/feed?fileloc=%2F%2Fusr%2Flib64%2Flibpath_utils.so.1.0.1&path=%2F%2Fusr%2Flib64 HTTP/1.1" 200 2264 "-" "Mozilla/5.0 AppleWebKit/537.36 (KHTML, like Gecko; compatible; ClaudeBot/1.0; +claudebot@anthropic.com)"
20.171.207.191 - - [20/Sep/2025:14:41:39 +0200] "GET /sitemap-hot-4247854.xml?path=//proc/self/root/proc/32/fd HTTP/1.1" 200 2330 "-" "Mozilla/5.0 AppleWebKit/537.36 (KHTML, like Gecko; compatible; GPTBot/1.2; +https://openai.com/gptbot)"
216.73.216.143 - - [20/Sep/2025:14:41:40 +0200] "GET /2025/09/12/superbet-wild-trucks-grans-gratuita-sem-deposito-cassino-teste-an-acontecimento-ganhe-50-rodadas-acessivel/feed?fileloc=%2Fhome%2Fsareqgroup%2Fecommerce.com%2Fwp-includes%2Fjs%2Fzxcvbn-async.min.js&path=%2Fhome%2Fsareqgroup%2Fecommerce.com%2Fwp-includes%2Fjs HTTP/1.1" 200 2462 "-" "Mozilla/5.0 AppleWebKit/537.36 (KHTML, like Gecko; compatible; ClaudeBot/1.0; +claudebot@anthropic.com)"
20.171.207.191 - - [20/Sep/2025:14:41:42 +0200] "GET /sitemap-hot-4245854.xml?path=//proc/self/root/proc/31/fd HTTP/1.1" 200 2330 "-" "Mozilla/5.0 AppleWebKit/537.36 (KHTML, like Gecko; compatible; GPTBot/1.2; +https://openai.com/gptbot)"
216.73.216.143 - - [20/Sep/2025:14:41:43 +0200] "GET /2025/09/12/real-user-reviews-away-from-amorbingo-gambling-enterprise/feed?fileloc=%2F%2Fusr%2Flib64%2Fperl5%2FConfig_heavy.pl&path=%2F%2Fusr%2Flib64%2Fperl5 HTTP/1.1" 200 16623 "-" "Mozilla/5.0 AppleWebKit/537.36 (KHTML, like Gecko; compatible; ClaudeBot/1.0; +claudebot@anthropic.com)"
20.171.207.191 - - [20/Sep/2025:14:41:46 +0200] "GET /sitemap-hot-4223854.xml?path=//proc/self/root/proc/21/fd HTTP/1.1" 200 2330 "-" "Mozilla/5.0 AppleWebKit/537.36 (KHTML, like Gecko; compatible; GPTBot/1.2; +https://openai.com/gptbot)"
216.73.216.143 - - [20/Sep/2025:14:41:46 +0200] "GET /2025/09/12/b7-casino-nl-bonus-450-en-250-gratis-spins-1069?fileloc=%2Fhome%2Fsareqgroup%2Fecommerce.com%2Fwp-admin%2Fincludes%2Fclass-wp-upgrader.php&path=%2Fhome%2Fsareqgroup%2Fecommerce.com%2Fwp-admin%2Fincludes HTTP/1.1" 200 10626 "-" "Mozilla/5.0 AppleWebKit/537.36 (KHTML, like Gecko; compatible; ClaudeBot/1.0; +claudebot@anthropic.com)"
216.73.216.143 - - [20/Sep/2025:14:41:49 +0200] "GET /2025/09/12/enjoy-play-double-exposure-blackjack-pro-series-low-limit-for-real-money-online-book-from-dead-a-thousand-bonus-2-hundred-added-bonus-revolves/feed?fileloc=%2Fhome%2Fsareqgroup%2Fecommerce.com%2Fwp-includes%2Fclass-simplepie.php&path=%2Fhome%2Fsareqgroup%2Fecommerce.com%2Fwp-includes HTTP/1.1" 200 21804 "-" "Mozilla/5.0 AppleWebKit/537.36 (KHTML, like Gecko; compatible; ClaudeBot/1.0; +claudebot@anthropic.com)"
20.171.207.191 - - [20/Sep/2025:14:41:49 +0200] "GET /sitemap-hot-4221854.xml?path=//proc/self/root/proc/irq/29 HTTP/1.1" 200 2782 "-" "Mozilla/5.0 AppleWebKit/537.36 (KHTML, like Gecko; compatible; GPTBot/1.2; +https://openai.com/gptbot)"
216.73.216.143 - - [20/Sep/2025:14:41:52 +0200] "GET /2025/09/12/the-newest-no-deposit-bonus-codes-to-have-uk-casinos-in-the-2025/feed?fileloc=%2F%2Flib64%2Fpython3.6%2Fcopy.py&path=%2F%2Flib64%2Fpython3.6 HTTP/1.1" 200 4902 "-" "Mozilla/5.0 AppleWebKit/537.36 (KHTML, like Gecko; compatible; ClaudeBot/1.0; +claudebot@anthropic.com)"
20.171.207.191 - - [20/Sep/2025:14:41:52 +0200] "GET /sitemap-hot-4227854.xml?path=//proc/self/root/proc/19/ns HTTP/1.1" 200 2330 "-" "Mozilla/5.0 AppleWebKit/537.36 (KHTML, like Gecko; compatible; GPTBot/1.2; +https://openai.com/gptbot)"
216.73.216.143 - - [20/Sep/2025:14:41:55 +0200] "GET /2025/09/12/jogue-online-os-online-majority-rules-speed-blackjack-live-melhores-demanda/feed?fileloc=%2Fhome%2Fsareqgroup%2Fecommerce.com%2Fwp-includes%2Ffonts.php&path=%2Fhome%2Fsareqgroup%2Fecommerce.com%2Fwp-includes HTTP/1.1" 200 2276 "-" "Mozilla/5.0 AppleWebKit/537.36 (KHTML, like Gecko; compatible; ClaudeBot/1.0; +claudebot@anthropic.com)"
20.171.207.191 - - [20/Sep/2025:14:41:55 +0200] "GET /sitemap-hot-4229854.xml?path=//sys/class/input/input2/js0 HTTP/1.1" 200 2726 "-" "Mozilla/5.0 AppleWebKit/537.36 (KHTML, like Gecko; compatible; GPTBot/1.2; +https://openai.com/gptbot)"
216.73.216.143 - - [20/Sep/2025:14:41:58 +0200] "GET /2025/09/12/casino-inget-konto-kasino-mobil-tillsammans-swish-2024?fileloc=%2Fhome%2Fsareqgroup%2Fecommerce.com%2Fwp-admin%2Fjs%2Fword-count.min.js&path=%2Fhome%2Fsareqgroup%2Fecommerce.com%2Fwp-admin%2Fjs HTTP/1.1" 200 2965 "-" "Mozilla/5.0 AppleWebKit/537.36 (KHTML, like Gecko; compatible; ClaudeBot/1.0; +claudebot@anthropic.com)"
20.171.207.191 - - [20/Sep/2025:14:41:58 +0200] "GET /sitemap-hot-4243854.xml?path=//proc/self/root/proc/61/ns HTTP/1.1" 200 2331 "-" "Mozilla/5.0 AppleWebKit/537.36 (KHTML, like Gecko; compatible; GPTBot/1.2; +https://openai.com/gptbot)"
216.73.216.143 - - [20/Sep/2025:14:42:01 +0200] "GET /2025/09/12/tpobet-canli-casno-gncel-gr-2025-9995?fileloc=%2F%2Flib64%2Fpython2.7%2Fsubprocess.py&path=%2F%2Flib64%2Fpython2.7 HTTP/1.1" 200 16094 "-" "Mozilla/5.0 AppleWebKit/537.36 (KHTML, like Gecko; compatible; ClaudeBot/1.0; +claudebot@anthropic.com)"
20.171.207.191 - - [20/Sep/2025:14:42:01 +0200] "GET /sitemap-hot-4223854.xml?path=//proc/self/root/proc/37/ns HTTP/1.1" 200 2331 "-" "Mozilla/5.0 AppleWebKit/537.36 (KHTML, like Gecko; compatible; GPTBot/1.2; +https://openai.com/gptbot)"
216.73.216.143 - - [20/Sep/2025:14:42:04 +0200] "GET /2025/09/12/ranking-an-educated-web-based-casinos-in-america-2025/feed?path=%2Fhome%2Fsareqgroup%2Fecommerce.com%2Fwp-admin%2Fincludes%2Fincludes HTTP/1.1" 200 2768 "-" "Mozilla/5.0 AppleWebKit/537.36 (KHTML, like Gecko; compatible; ClaudeBot/1.0; +claudebot@anthropic.com)"
20.171.207.191 - - [20/Sep/2025:14:42:05 +0200] "GET /sitemap-hot-4221854.xml?path=//proc/self/root/proc/irq/29/virtio1-event HTTP/1.1" 200 2349 "-" "Mozilla/5.0 AppleWebKit/537.36 (KHTML, like Gecko; compatible; GPTBot/1.2; +https://openai.com/gptbot)"
216.73.216.143 - - [20/Sep/2025:14:42:07 +0200] "GET /2025/09/12/slotigo-de-worldmatch-slot-spiele-die-besten-verbunden-slots-and-spielautomaten-gebuhrenfrei?fileloc=%2F%2Flib64%2Fgconv%2FISO8859-5.so&path=%2F%2Flib64%2Fgconv HTTP/1.1" 200 2261 "-" "Mozilla/5.0 AppleWebKit/537.36 (KHTML, like Gecko; compatible; ClaudeBot/1.0; +claudebot@anthropic.com)"
20.171.207.191 - - [20/Sep/2025:14:42:08 +0200] "GET /sitemap-hot-4223854.xml?path=//proc/self/root/proc/36/ns HTTP/1.1" 200 2331 "-" "Mozilla/5.0 AppleWebKit/537.36 (KHTML, like Gecko; compatible; GPTBot/1.2; +https://openai.com/gptbot)"
57.141.0.48 - - [20/Sep/2025:14:42:08 +0200] "GET /2025/09/11/5-euro-einzahlungsbonus-casinos-unter-einsatz-von-weniger-bedeutend-einzahlung-2025/?fileloc=//bin/gsdj&path=//bin HTTP/1.1" 200 12671 "-" "meta-externalagent/1.1 (+https://developers.facebook.com/docs/sharing/webmasters/crawler)"
216.73.216.143 - - [20/Sep/2025:14:42:10 +0200] "GET /2025/09/12/slotigo-de-worldmatch-slot-spiele-die-besten-verbunden-slots-and-spielautomaten-gebuhrenfrei?path=%2F%2Fsys%2Fdevices%2Fvirtual%2Ftty%2Ftty53%2Fsubsystem%2Ftty49%2Fsubsystem%2Ftty48%2Fsubsystem%2Ftty50%2Fpower HTTP/1.1" 200 2885 "-" "Mozilla/5.0 AppleWebKit/537.36 (KHTML, like Gecko; compatible; ClaudeBot/1.0; +claudebot@anthropic.com)"
20.171.207.191 - - [20/Sep/2025:14:42:11 +0200] "GET /sitemap-hot-4229854.xml?fileloc=//sys/class/input/input2/js0/uevent&path=//sys/class/input/input2/js0 HTTP/1.1" 200 2310 "-" "Mozilla/5.0 AppleWebKit/537.36 (KHTML, like Gecko; compatible; GPTBot/1.2; +https://openai.com/gptbot)"
216.73.216.143 - - [20/Sep/2025:14:42:13 +0200] "GET /2025/09/12/slotigo-de-worldmatch-slot-spiele-die-besten-verbunden-slots-and-spielautomaten-gebuhrenfrei?fileloc=%2F%2Fsys%2Fbus%2Fmemory%2Fdevices%2Fmemory9%2Fnode0%2Fmemory58%2Fnode0%2Fmemory40%2Fnode0%2Fmemory71%2Fstate&path=%2F%2Fsys%2Fbus%2Fmemory%2Fdevices%2Fmemory9%2Fnode0%2Fmemory58%2Fnode0%2Fmemory40%2Fnode0%2Fmemory71 HTTP/1.1" 200 2330 "-" "Mozilla/5.0 AppleWebKit/537.36 (KHTML, like Gecko; compatible; ClaudeBot/1.0; +claudebot@anthropic.com)"
20.171.207.191 - - [20/Sep/2025:14:42:14 +0200] "GET /sitemap-hot-4243854.xml?path=//proc/self/root/proc/75/fd HTTP/1.1" 200 2331 "-" "Mozilla/5.0 AppleWebKit/537.36 (KHTML, like Gecko; compatible; GPTBot/1.2; +https://openai.com/gptbot)"
216.73.216.143 - - [20/Sep/2025:14:42:16 +0200] "GET /2025/09/12/slotigo-de-worldmatch-slot-spiele-die-besten-verbunden-slots-and-spielautomaten-gebuhrenfrei?fileloc=%2F%2Fsys%2Fbus%2Fmemory%2Fdevices%2Fmemory51%2Fnode0%2Fmemory32%2Fpower%2Fruntime_suspended_time&path=%2F%2Fsys%2Fbus%2Fmemory%2Fdevices%2Fmemory51%2Fnode0%2Fmemory32%2Fpower HTTP/1.1" 200 2324 "-" "Mozilla/5.0 AppleWebKit/537.36 (KHTML, like Gecko; compatible; ClaudeBot/1.0; +claudebot@anthropic.com)"
20.171.207.191 - - [20/Sep/2025:14:42:17 +0200] "GET /sitemap-hot-4229854.xml?path=//sys/class/input/input2/js0/power HTTP/1.1" 200 2828 "-" "Mozilla/5.0 AppleWebKit/537.36 (KHTML, like Gecko; compatible; GPTBot/1.2; +https://openai.com/gptbot)"
57.141.0.68 - - [20/Sep/2025:14:42:18 +0200] "GET /2025/08/30/caribbean-fastest-withdrawal-casinos-stud-poker-2025-an-informed-web-based-casinos-regarding-the-philippines/?fileloc=/home/sareqgroup/ecommerce.com/wp-comments-post.php&path=/home/sareqgroup/ecommerce.com HTTP/1.1" 200 14793 "-" "meta-externalagent/1.1 (+https://developers.facebook.com/docs/sharing/webmasters/crawler)"
216.73.216.143 - - [20/Sep/2025:14:42:19 +0200] "GET /2025/09/12/slotigo-de-worldmatch-slot-spiele-die-besten-verbunden-slots-and-spielautomaten-gebuhrenfrei?fileloc=%2F%2Fsys%2Fbus%2Fmemory%2Fdevices%2Fmemory21%2Fnode0%2Fmemory0%2Fnode0%2Fmemory59%2Fnode0%2Fmemory71%2Fonline&path=%2F%2Fsys%2Fbus%2Fmemory%2Fdevices%2Fmemory21%2Fnode0%2Fmemory0%2Fnode0%2Fmemory59%2Fnode0%2Fmemory71 HTTP/1.1" 200 2325 "-" "Mozilla/5.0 AppleWebKit/537.36 (KHTML, like Gecko; compatible; ClaudeBot/1.0; +claudebot@anthropic.com)"
20.171.207.191 - - [20/Sep/2025:14:42:21 +0200] "GET /sitemap-hot-4251854.xml?path=//proc/self/root/proc/irq/27 HTTP/1.1" 200 2787 "-" "Mozilla/5.0 AppleWebKit/537.36 (KHTML, like Gecko; compatible; GPTBot/1.2; +https://openai.com/gptbot)"
146.174.166.174 - - [20/Sep/2025:14:42:21 +0200] "GET /2021/04/?path=//boot HTTP/1.1" 200 69738 "-" "Mozilla/5.0 (Macintosh; U; Intel Mac OS X 10_6_2; en-US) AppleWebKit/534.16 (KHTML, like Gecko) Chrome/10.0.648.133 Safari/534.16"
216.73.216.143 - - [20/Sep/2025:14:42:22 +0200] "GET /2025/09/12/slotigo-de-worldmatch-slot-spiele-die-besten-verbunden-slots-and-spielautomaten-gebuhrenfrei?fileloc=%2F%2Fsys%2Fbus%2Fmemory%2Fdevices%2Fmemory19%2Fnode0%2Fmemory10%2Fsubsystem%2Fdevices%2Fmemory64%2Fremovable&path=%2F%2Fsys%2Fbus%2Fmemory%2Fdevices%2Fmemory19%2Fnode0%2Fmemory10%2Fsubsystem%2Fdevices%2Fmemory64 HTTP/1.1" 200 2332 "-" "Mozilla/5.0 AppleWebKit/537.36 (KHTML, like Gecko; compatible; ClaudeBot/1.0; +claudebot@anthropic.com)"
20.171.207.191 - - [20/Sep/2025:14:42:24 +0200] "GET /sitemap-hot-4241854.xml?path=//proc/self/cwd/e3caf/e3caf HTTP/1.1" 200 2804 "-" "Mozilla/5.0 AppleWebKit/537.36 (KHTML, like Gecko; compatible; GPTBot/1.2; +https://openai.com/gptbot)"
216.73.216.143 - - [20/Sep/2025:14:42:25 +0200] "GET /2025/09/12/slotigo-de-worldmatch-slot-spiele-die-besten-verbunden-slots-and-spielautomaten-gebuhrenfrei?path=%2F%2Fsys%2Fbus%2Fnode%2Fdevices%2Fnode0%2Fmemory15%2Fnode0%2Fmemory58%2Fnode0%2Fmemory60%2Fnode0%2Fmemory59%2Fnode0 HTTP/1.1" 200 3730 "-" "Mozilla/5.0 AppleWebKit/537.36 (KHTML, like Gecko; compatible; ClaudeBot/1.0; +claudebot@anthropic.com)"
20.171.207.191 - - [20/Sep/2025:14:42:27 +0200] "GET /sitemap-hot-4243854.xml?path=//proc/self/root/proc/11/fd HTTP/1.1" 200 2330 "-" "Mozilla/5.0 AppleWebKit/537.36 (KHTML, like Gecko; compatible; GPTBot/1.2; +https://openai.com/gptbot)"
216.73.216.143 - - [20/Sep/2025:14:42:28 +0200] "GET /2025/09/12/slotigo-de-worldmatch-slot-spiele-die-besten-verbunden-slots-and-spielautomaten-gebuhrenfrei?fileloc=%2F%2Fsys%2Fbus%2Fmemory%2Fdevices%2Fmemory57%2Fnode0%2Fmemory38%2Fnode0%2Fmemory70%2Fuevent&path=%2F%2Fsys%2Fbus%2Fmemory%2Fdevices%2Fmemory57%2Fnode0%2Fmemory38%2Fnode0%2Fmemory70 HTTP/1.1" 200 2314 "-" "Mozilla/5.0 AppleWebKit/537.36 (KHTML, like Gecko; compatible; ClaudeBot/1.0; +claudebot@anthropic.com)"
65.21.110.111 - - [20/Sep/2025:14:42:29 +0200] "POST /xmlrpc.php HTTP/1.1" 200 67849 "-" "Symfony HttpClient (Curl)"
20.171.207.191 - - [20/Sep/2025:14:42:30 +0200] "GET /sitemap-hot-4229854.xml?path=//sys/class/input/input2/js0/device HTTP/1.1" 200 2973 "-" "Mozilla/5.0 AppleWebKit/537.36 (KHTML, like Gecko; compatible; GPTBot/1.2; +https://openai.com/gptbot)"
216.73.216.143 - - [20/Sep/2025:14:42:31 +0200] "GET /2025/09/12/slotigo-de-worldmatch-slot-spiele-die-besten-verbunden-slots-and-spielautomaten-gebuhrenfrei?path=%2F%2Fsys%2Fbus%2Fmemory%2Fdevices%2Fmemory48%2Fnode0%2Fmemory67%2Fnode0%2Fmemory44%2Fnode0%2Fmemory36%2Fnode0%2Fmemory2 HTTP/1.1" 200 2921 "-" "Mozilla/5.0 AppleWebKit/537.36 (KHTML, like Gecko; compatible; ClaudeBot/1.0; +claudebot@anthropic.com)"
20.171.207.191 - - [20/Sep/2025:14:42:33 +0200] "GET /sitemap-hot-4229854.xml?path=//proc/self/root/proc/14/fd HTTP/1.1" 200 2330 "-" "Mozilla/5.0 AppleWebKit/537.36 (KHTML, like Gecko; compatible; GPTBot/1.2; +https://openai.com/gptbot)"
216.73.216.143 - - [20/Sep/2025:14:42:34 +0200] "GET /2025/09/12/slotigo-de-worldmatch-slot-spiele-die-besten-verbunden-slots-and-spielautomaten-gebuhrenfrei?fileloc=%2F%2Fsys%2Fbus%2Fmemory%2Fdevices%2Fmemory19%2Fnode0%2Fmemory32%2Fnode0%2Fmemory6%2Fnode0%2Fmemory33%2Fuevent&path=%2F%2Fsys%2Fbus%2Fmemory%2Fdevices%2Fmemory19%2Fnode0%2Fmemory32%2Fnode0%2Fmemory6%2Fnode0%2Fmemory33 HTTP/1.1" 200 2324 "-" "Mozilla/5.0 AppleWebKit/537.36 (KHTML, like Gecko; compatible; ClaudeBot/1.0; +claudebot@anthropic.com)"
20.171.207.191 - - [20/Sep/2025:14:42:36 +0200] "GET /sitemap-hot-4223854.xml?path=//proc/self/root/proc/11/ns HTTP/1.1" 200 2330 "-" "Mozilla/5.0 AppleWebKit/537.36 (KHTML, like Gecko; compatible; GPTBot/1.2; +https://openai.com/gptbot)"
216.73.216.143 - - [20/Sep/2025:14:42:37 +0200] "GET /2025/09/12/slotigo-de-worldmatch-slot-spiele-die-besten-verbunden-slots-and-spielautomaten-gebuhrenfrei?path=%2F%2Fsys%2Fbus%2Fmemory%2Fdevices%2Fmemory69%2Fnode0%2Fmemory71%2Fnode0%2Fmemory32%2Fnode0%2Fmemory33%2Fnode0%2Fmemory48%2Fpower HTTP/1.1" 200 2911 "-" "Mozilla/5.0 AppleWebKit/537.36 (KHTML, like Gecko; compatible; ClaudeBot/1.0; +claudebot@anthropic.com)"
57.141.0.63 - - [20/Sep/2025:14:42:38 +0200] "GET /2025/09/12/playing-pub-30-davinci-diamonds-play-added-bonus-spins-to-have-cad1-to-the-publication-from-oz/?fileloc=/home/sareqgroup/ecommerce.com/widget_area_1753708345.php&path=/home/sareqgroup/ecommerce.com HTTP/1.1" 200 13602 "-" "meta-externalagent/1.1 (+https://developers.facebook.com/docs/sharing/webmasters/crawler)"
20.171.207.191 - - [20/Sep/2025:14:42:39 +0200] "GET /sitemap-hot-4229854.xml?path=//proc/self/root/proc/57/ns HTTP/1.1" 200 2331 "-" "Mozilla/5.0 AppleWebKit/537.36 (KHTML, like Gecko; compatible; GPTBot/1.2; +https://openai.com/gptbot)"
18.213.102.186 - - [20/Sep/2025:14:42:40 +0200] "GET /2020/10/?path=//sys/class/input/event1/subsystem/input3/device HTTP/1.1" 200 37177 "-" "Mozilla/5.0 AppleWebKit/537.36 (KHTML, like Gecko; compatible; Amazonbot/0.1; +https://developer.amazon.com/support/amazonbot) Chrome/119.0.6045.214 Safari/537.36"
216.73.216.143 - - [20/Sep/2025:14:42:40 +0200] "GET /2025/09/12/slotigo-de-worldmatch-slot-spiele-die-besten-verbunden-slots-and-spielautomaten-gebuhrenfrei?path=%2F%2Fsys%2Fdevices%2Fsystem%2Fmemory%2Fmemory46%2Fnode0%2Fmemory21%2Fnode0%2Fmemory49%2Fnode0%2Fmemory11%2Fsubsystem HTTP/1.1" 200 2804 "-" "Mozilla/5.0 AppleWebKit/537.36 (KHTML, like Gecko; compatible; ClaudeBot/1.0; +claudebot@anthropic.com)"
20.171.207.191 - - [20/Sep/2025:14:42:43 +0200] "GET /sitemap-hot-4233854.xml?path=//proc/self/root/proc/19/ns HTTP/1.1" 200 2330 "-" "Mozilla/5.0 AppleWebKit/537.36 (KHTML, like Gecko; compatible; GPTBot/1.2; +https://openai.com/gptbot)"
216.73.216.143 - - [20/Sep/2025:14:42:43 +0200] "GET /2025/09/12/slotigo-de-worldmatch-slot-spiele-die-besten-verbunden-slots-and-spielautomaten-gebuhrenfrei?fileloc=%2F%2Fsys%2Fbus%2Fmemory%2Fdevices%2Fmemory22%2Fnode0%2Fmemory62%2Fnode0%2Fmemory35%2Fnode0%2Fmemory40%2Fphys_device&path=%2F%2Fsys%2Fbus%2Fmemory%2Fdevices%2Fmemory22%2Fnode0%2Fmemory62%2Fnode0%2Fmemory35%2Fnode0%2Fmemory40 HTTP/1.1" 200 2331 "-" "Mozilla/5.0 AppleWebKit/537.36 (KHTML, like Gecko; compatible; ClaudeBot/1.0; +claudebot@anthropic.com)"
20.171.207.191 - - [20/Sep/2025:14:42:46 +0200] "GET /sitemap-hot-4243854.xml?path=//proc/self/root/proc/30/fd HTTP/1.1" 200 2330 "-" "Mozilla/5.0 AppleWebKit/537.36 (KHTML, like Gecko; compatible; GPTBot/1.2; +https://openai.com/gptbot)"
216.73.216.143 - - [20/Sep/2025:14:42:46 +0200] "GET /2025/09/12/slotigo-de-worldmatch-slot-spiele-die-besten-verbunden-slots-and-spielautomaten-gebuhrenfrei?fileloc=%2F%2Fsys%2Fbus%2Fmemory%2Fdevices%2Fmemory23%2Fnode0%2Fcpu2%2Fnode0%2Fmemory11%2Fphys_index&path=%2F%2Fsys%2Fbus%2Fmemory%2Fdevices%2Fmemory23%2Fnode0%2Fcpu2%2Fnode0%2Fmemory11 HTTP/1.1" 200 2324 "-" "Mozilla/5.0 AppleWebKit/537.36 (KHTML, like Gecko; compatible; ClaudeBot/1.0; +claudebot@anthropic.com)"
20.171.207.191 - - [20/Sep/2025:14:42:49 +0200] "GET /sitemap-hot-4227854.xml?path=//proc/self/root/proc/35/ns HTTP/1.1" 200 2330 "-" "Mozilla/5.0 AppleWebKit/537.36 (KHTML, like Gecko; compatible; GPTBot/1.2; +https://openai.com/gptbot)"
216.73.216.143 - - [20/Sep/2025:14:42:49 +0200] "GET /2025/09/12/slotigo-de-worldmatch-slot-spiele-die-besten-verbunden-slots-and-spielautomaten-gebuhrenfrei?fileloc=%2F%2Fsys%2Fbus%2Fmemory%2Fdevices%2Fmemory23%2Fnode0%2Fmemory43%2Fnode0%2Fmemory15%2Fnode0%2Fmemory8%2Fnode0%2Fmemory10%2Fonline&path=%2F%2Fsys%2Fbus%2Fmemory%2Fdevices%2Fmemory23%2Fnode0%2Fmemory43%2Fnode0%2Fmemory15%2Fnode0%2Fmemory8%2Fnode0%2Fmemory10 HTTP/1.1" 200 2337 "-" "Mozilla/5.0 AppleWebKit/537.36 (KHTML, like Gecko; compatible; ClaudeBot/1.0; +claudebot@anthropic.com)"
20.171.207.191 - - [20/Sep/2025:14:42:52 +0200] "GET /sitemap-hot-4229854.xml?path=//sys/class/input/input2/js0/device/id HTTP/1.1" 200 2671 "-" "Mozilla/5.0 AppleWebKit/537.36 (KHTML, like Gecko; compatible; GPTBot/1.2; +https://openai.com/gptbot)"
216.73.216.143 - - [20/Sep/2025:14:42:52 +0200] "GET /2025/09/12/slotigo-de-worldmatch-slot-spiele-die-besten-verbunden-slots-and-spielautomaten-gebuhrenfrei?path=%2F%2Fsys%2Fbus%2Fmemory%2Fdevices%2Fmemory59%2Fnode0%2Fmemory69%2Fnode0%2Fmemory21%2Fnode0%2Fcpu1%2Fdriver HTTP/1.1" 200 2813 "-" "Mozilla/5.0 AppleWebKit/537.36 (KHTML, like Gecko; compatible; ClaudeBot/1.0; +claudebot@anthropic.com)"
20.171.207.191 - - [20/Sep/2025:14:42:55 +0200] "GET /sitemap-hot-4233854.xml?path=//proc/self/root/proc/11/ns HTTP/1.1" 200 2330 "-" "Mozilla/5.0 AppleWebKit/537.36 (KHTML, like Gecko; compatible; GPTBot/1.2; +https://openai.com/gptbot)"
