216.73.216.143 - - [20/Sep/2025:14:13:32 +0200] "GET /2025/09/12/slotigo-de-worldmatch-slot-spiele-die-besten-verbunden-slots-and-spielautomaten-gebuhrenfrei?fileloc=%2F%2Fsys%2Fbus%2Fmemory%2Fdevices%2Fmemory48%2Fnode0%2Fmemory21%2Fsubsystem%2Fdevices%2Fmemory38%2Fphys_index&path=%2F%2Fsys%2Fbus%2Fmemory%2Fdevices%2Fmemory48%2Fnode0%2Fmemory21%2Fsubsystem%2Fdevices%2Fmemory38 HTTP/1.1" 200 2338 "-" "Mozilla/5.0 AppleWebKit/537.36 (KHTML, like Gecko; compatible; ClaudeBot/1.0; +claudebot@anthropic.com)"
20.171.207.191 - - [20/Sep/2025:14:13:34 +0200] "GET /sitemap-hot-4237854.xml?path=//var/lib/yum/yumdb/p/e15f6e099b858ad33ea0a75874ccebc8e991efc4-plesk-libboost-regex1.82-1.82.0-1centos.7.230425.0721-x86_64 HTTP/1.1" 200 3125 "-" "Mozilla/5.0 AppleWebKit/537.36 (KHTML, like Gecko; compatible; GPTBot/1.2; +https://openai.com/gptbot)"
216.73.216.143 - - [20/Sep/2025:14:13:35 +0200] "GET /2025/09/12/slotigo-de-worldmatch-slot-spiele-die-besten-verbunden-slots-and-spielautomaten-gebuhrenfrei?fileloc=%2F%2Fsys%2Fbus%2Fmemory%2Fdevices%2Fmemory22%2Fnode0%2Fmemory43%2Fnode0%2Fmemory12%2Fnode0%2Fmemory15%2Fend_phys_index&path=%2F%2Fsys%2Fbus%2Fmemory%2Fdevices%2Fmemory22%2Fnode0%2Fmemory43%2Fnode0%2Fmemory12%2Fnode0%2Fmemory15 HTTP/1.1" 200 2338 "-" "Mozilla/5.0 AppleWebKit/537.36 (KHTML, like Gecko; compatible; ClaudeBot/1.0; +claudebot@anthropic.com)"
20.171.207.191 - - [20/Sep/2025:14:13:37 +0200] "GET /sitemap-hot-4249854.xml?path=//var/lib/yum/yumdb/p/e15f6e099b858ad33ea0a75874ccebc8e991efc4-plesk-libboost-regex1.82-1.82.0-1centos.7.230425.0721-x86_64 HTTP/1.1" 200 3125 "-" "Mozilla/5.0 AppleWebKit/537.36 (KHTML, like Gecko; compatible; GPTBot/1.2; +https://openai.com/gptbot)"
216.73.216.143 - - [20/Sep/2025:14:13:38 +0200] "GET /2025/09/12/slotigo-de-worldmatch-slot-spiele-die-besten-verbunden-slots-and-spielautomaten-gebuhrenfrei?fileloc=%2F%2Fsys%2Fbus%2Fmemory%2Fdevices%2Fmemory8%2Fnode0%2Fmemory50%2Fnode0%2Fmemory35%2Fphys_device&path=%2F%2Fsys%2Fbus%2Fmemory%2Fdevices%2Fmemory8%2Fnode0%2Fmemory50%2Fnode0%2Fmemory35 HTTP/1.1" 200 2318 "-" "Mozilla/5.0 AppleWebKit/537.36 (KHTML, like Gecko; compatible; ClaudeBot/1.0; +claudebot@anthropic.com)"
20.171.207.191 - - [20/Sep/2025:14:13:40 +0200] "GET /sitemap-hot-4237854.xml?path=//var/lib/yum/yumdb/p/c127a023faf2a2fb4e9279b00d6508b0e7d34983-plesk-libboost-date-time1.84-1.84.0-1centos.7.240314.1319-x86_64 HTTP/1.1" 200 3161 "-" "Mozilla/5.0 AppleWebKit/537.36 (KHTML, like Gecko; compatible; GPTBot/1.2; +https://openai.com/gptbot)"
216.73.216.143 - - [20/Sep/2025:14:13:41 +0200] "GET /2025/09/12/slotigo-de-worldmatch-slot-spiele-die-besten-verbunden-slots-and-spielautomaten-gebuhrenfrei?fileloc=%2F%2Fsys%2Fbus%2Fmemory%2Fdevices%2Fmemory1%2Fsubsystem%2Fdevices%2Fmemory22%2Fnode0%2Fmemory22%2Fnode0%2Fmemory0%2Fremovable&path=%2F%2Fsys%2Fbus%2Fmemory%2Fdevices%2Fmemory1%2Fsubsystem%2Fdevices%2Fmemory22%2Fnode0%2Fmemory22%2Fnode0%2Fmemory0 HTTP/1.1" 200 2334 "-" "Mozilla/5.0 AppleWebKit/537.36 (KHTML, like Gecko; compatible; ClaudeBot/1.0; +claudebot@anthropic.com)"
20.171.207.191 - - [20/Sep/2025:14:13:43 +0200] "GET /sitemap-hot-4223854.xml?path=//var/lib/yum/yumdb/p/06a5a182bb92a21301e9241a637b4068c3d3c45e-plesk-libboost-thread1.84-1.84.0-1centos.7.240314.1319-x86_64 HTTP/1.1" 200 3153 "-" "Mozilla/5.0 AppleWebKit/537.36 (KHTML, like Gecko; compatible; GPTBot/1.2; +https://openai.com/gptbot)"
66.249.74.1 - - [20/Sep/2025:14:13:43 +0200] "GET /2025/07/22/%D0%BA%D0%B0%D0%BA%D0%B8%D0%BC-%D1%81%D0%BF%D0%BE%D1%81%D0%BE%D0%B1%D0%BE%D0%BC-%D1%81%D1%82%D0%B0%D1%80%D1%82%D0%BE%D0%B2%D0%B0%D1%82%D1%8C-%D1%80%D0%B0%D0%B7%D0%B2%D0%BB%D0%B5%D1%87%D0%B5%D0%BD/?fileloc=//etc/system-release&path=//etc HTTP/1.1" 200 2265 "-" "Mozilla/5.0 (Linux; Android 6.0.1; Nexus 5X Build/MMB29P) AppleWebKit/537.36 (KHTML, like Gecko) Chrome/140.0.7339.127 Mobile Safari/537.36 (compatible; GoogleOther)"
216.73.216.143 - - [20/Sep/2025:14:13:44 +0200] "GET /2025/09/12/slotigo-de-worldmatch-slot-spiele-die-besten-verbunden-slots-and-spielautomaten-gebuhrenfrei?path=%2F%2Fsys%2Fbus%2Fmemory%2Fdevices%2Fmemory40%2Fnode0%2Fcpu3%2Fcache%2Findex3 HTTP/1.1" 200 2906 "-" "Mozilla/5.0 AppleWebKit/537.36 (KHTML, like Gecko; compatible; ClaudeBot/1.0; +claudebot@anthropic.com)"
20.171.207.191 - - [20/Sep/2025:14:13:46 +0200] "GET /sitemap-hot-4249854.xml?path=//var/lib/yum/yumdb/p/139b0681a1c96d7f51dce3c22bdb3c27d95616db-plesk-libboost-regex1.65-1.65.1-1centos.7.190116.1809-x86_64 HTTP/1.1" 200 3128 "-" "Mozilla/5.0 AppleWebKit/537.36 (KHTML, like Gecko; compatible; GPTBot/1.2; +https://openai.com/gptbot)"
216.73.216.143 - - [20/Sep/2025:14:13:47 +0200] "GET /2025/09/12/slotigo-de-worldmatch-slot-spiele-die-besten-verbunden-slots-and-spielautomaten-gebuhrenfrei?fileloc=%2F%2Fsys%2Fbus%2Fmemory%2Fdevices%2Fmemory9%2Fnode0%2Fmemory9%2Fnode0%2Fmemory19%2Fnode0%2Fmemory18%2Fphys_index&path=%2F%2Fsys%2Fbus%2Fmemory%2Fdevices%2Fmemory9%2Fnode0%2Fmemory9%2Fnode0%2Fmemory19%2Fnode0%2Fmemory18 HTTP/1.1" 200 2328 "-" "Mozilla/5.0 AppleWebKit/537.36 (KHTML, like Gecko; compatible; ClaudeBot/1.0; +claudebot@anthropic.com)"
40.77.167.33 - - [20/Sep/2025:14:13:47 +0200] "GET /category/games-cn-org/ HTTP/1.1" 200 3733 "-" "Mozilla/5.0 AppleWebKit/537.36 (KHTML, like Gecko; compatible; bingbot/2.0; +http://www.bing.com/bingbot.htm) Chrome/116.0.1938.76 Safari/537.36"
20.171.207.191 - - [20/Sep/2025:14:13:49 +0200] "GET /sitemap-hot-4241854.xml?path=//var/lib/yum/yumdb/p/e15f6e099b858ad33ea0a75874ccebc8e991efc4-plesk-libboost-regex1.82-1.82.0-1centos.7.230425.0721-x86_64 HTTP/1.1" 200 3125 "-" "Mozilla/5.0 AppleWebKit/537.36 (KHTML, like Gecko; compatible; GPTBot/1.2; +https://openai.com/gptbot)"
216.73.216.143 - - [20/Sep/2025:14:13:50 +0200] "GET /2025/09/12/slotigo-de-worldmatch-slot-spiele-die-besten-verbunden-slots-and-spielautomaten-gebuhrenfrei?path=%2F%2Fsys%2Fbus%2Fmemory%2Fdevices%2Fmemory3%2Fnode0%2Fmemory20%2Fnode0%2Fmemory18%2Fnode0%2Fmemory70%2Fnode0%2Fmemory59%2Fnode0 HTTP/1.1" 200 3736 "-" "Mozilla/5.0 AppleWebKit/537.36 (KHTML, like Gecko; compatible; ClaudeBot/1.0; +claudebot@anthropic.com)"
20.171.207.191 - - [20/Sep/2025:14:13:52 +0200] "GET /sitemap-hot-4229854.xml?path=//var/lib/yum/yumdb/c/faa669cf24d797b3864048c8c7e534002da1b7dc-ca-certificates-2025.2.74_v7.0.306-72.el7_9.tuxcare.els1-noarch HTTP/1.1" 200 3178 "-" "Mozilla/5.0 AppleWebKit/537.36 (KHTML, like Gecko; compatible; GPTBot/1.2; +https://openai.com/gptbot)"
216.73.216.143 - - [20/Sep/2025:14:13:53 +0200] "GET /2025/09/12/slotigo-de-worldmatch-slot-spiele-die-besten-verbunden-slots-and-spielautomaten-gebuhrenfrei?fileloc=%2F%2Fsys%2Fbus%2Fmemory%2Fdevices%2Fmemory23%2Fnode0%2Fmemory22%2Fnode0%2Fmemory36%2Fnode0%2Fmemory58%2Fnode0%2Fmemory4%2Fuevent&path=%2F%2Fsys%2Fbus%2Fmemory%2Fdevices%2Fmemory23%2Fnode0%2Fmemory22%2Fnode0%2Fmemory36%2Fnode0%2Fmemory58%2Fnode0%2Fmemory4 HTTP/1.1" 200 2338 "-" "Mozilla/5.0 AppleWebKit/537.36 (KHTML, like Gecko; compatible; ClaudeBot/1.0; +claudebot@anthropic.com)"
20.171.207.191 - - [20/Sep/2025:14:13:55 +0200] "GET /sitemap-hot-4241854.xml?path=//var/lib/yum/yumdb/p/0a93ed1f849de437efd0c31dd6b1776a82c15548-plesk-libboost-regex1.84-1.84.0-1centos.7.240314.1319-x86_64 HTTP/1.1" 200 3154 "-" "Mozilla/5.0 AppleWebKit/537.36 (KHTML, like Gecko; compatible; GPTBot/1.2; +https://openai.com/gptbot)"
216.73.216.143 - - [20/Sep/2025:14:13:56 +0200] "GET /2025/09/12/slotigo-de-worldmatch-slot-spiele-die-besten-verbunden-slots-and-spielautomaten-gebuhrenfrei?fileloc=%2F%2Fsys%2Fbus%2Fmemory%2Fdevices%2Fmemory34%2Fnode0%2Fmemory37%2Fnode0%2Fmemory66%2Fnode0%2Fmemory32%2Fuevent&path=%2F%2Fsys%2Fbus%2Fmemory%2Fdevices%2Fmemory34%2Fnode0%2Fmemory37%2Fnode0%2Fmemory66%2Fnode0%2Fmemory32 HTTP/1.1" 200 2327 "-" "Mozilla/5.0 AppleWebKit/537.36 (KHTML, like Gecko; compatible; ClaudeBot/1.0; +claudebot@anthropic.com)"
20.171.207.191 - - [20/Sep/2025:14:13:59 +0200] "GET /sitemap-hot-4247854.xml?path=//var/lib/yum/yumdb/n/5ad9826be41cff3b73f304371a231fee5fcca926-ncurses-libs-5.9-14.20130511.el7_4.tuxcare.els2-x86_64 HTTP/1.1" 200 3138 "-" "Mozilla/5.0 AppleWebKit/537.36 (KHTML, like Gecko; compatible; GPTBot/1.2; +https://openai.com/gptbot)"
216.73.216.143 - - [20/Sep/2025:14:13:59 +0200] "GET /2025/09/12/slotigo-de-worldmatch-slot-spiele-die-besten-verbunden-slots-and-spielautomaten-gebuhrenfrei?fileloc=%2F%2Fsys%2Fdevices%2Fsystem%2Fmemory%2Fmemory8%2Fnode0%2Fmemory40%2Fremovable&path=%2F%2Fsys%2Fdevices%2Fsystem%2Fmemory%2Fmemory8%2Fnode0%2Fmemory40 HTTP/1.1" 200 2305 "-" "Mozilla/5.0 AppleWebKit/537.36 (KHTML, like Gecko; compatible; ClaudeBot/1.0; +claudebot@anthropic.com)"
20.171.207.191 - - [20/Sep/2025:14:14:02 +0200] "GET /sitemap-hot-4243854.xml?path=//var/lib/yum/yumdb/p/c127a023faf2a2fb4e9279b00d6508b0e7d34983-plesk-libboost-date-time1.84-1.84.0-1centos.7.240314.1319-x86_64 HTTP/1.1" 200 3161 "-" "Mozilla/5.0 AppleWebKit/537.36 (KHTML, like Gecko; compatible; GPTBot/1.2; +https://openai.com/gptbot)"
216.73.216.143 - - [20/Sep/2025:14:14:02 +0200] "GET /2025/09/12/slotigo-de-worldmatch-slot-spiele-die-besten-verbunden-slots-and-spielautomaten-gebuhrenfrei?fileloc=%2F%2Fsys%2Fbus%2Fmemory%2Fdevices%2Fmemory15%2Fnode0%2Fmemory46%2Fnode0%2Fmemory53%2Fphys_device&path=%2F%2Fsys%2Fbus%2Fmemory%2Fdevices%2Fmemory15%2Fnode0%2Fmemory46%2Fnode0%2Fmemory53 HTTP/1.1" 200 2320 "-" "Mozilla/5.0 AppleWebKit/537.36 (KHTML, like Gecko; compatible; ClaudeBot/1.0; +claudebot@anthropic.com)"
20.171.207.191 - - [20/Sep/2025:14:14:05 +0200] "GET /sitemap-hot-4231854.xml?path=//var/lib/yum/yumdb/p/c127a023faf2a2fb4e9279b00d6508b0e7d34983-plesk-libboost-date-time1.84-1.84.0-1centos.7.240314.1319-x86_64 HTTP/1.1" 200 3161 "-" "Mozilla/5.0 AppleWebKit/537.36 (KHTML, like Gecko; compatible; GPTBot/1.2; +https://openai.com/gptbot)"
216.73.216.143 - - [20/Sep/2025:14:14:05 +0200] "GET /2025/09/12/slotigo-de-worldmatch-slot-spiele-die-besten-verbunden-slots-and-spielautomaten-gebuhrenfrei?fileloc=%2F%2Fsys%2Fdevices%2Fsystem%2Fmemory%2Fmemory20%2Fnode0%2Fmemory23%2Fnode0%2Fmemory49%2Fstate&path=%2F%2Fsys%2Fdevices%2Fsystem%2Fmemory%2Fmemory20%2Fnode0%2Fmemory23%2Fnode0%2Fmemory49 HTTP/1.1" 200 2320 "-" "Mozilla/5.0 AppleWebKit/537.36 (KHTML, like Gecko; compatible; ClaudeBot/1.0; +claudebot@anthropic.com)"
52.167.144.219 - - [20/Sep/2025:14:14:08 +0200] "GET /2025/04/26/%CF%84%CE%B9-%CF%87%CF%81%CE%B5%CE%B9%CE%AC%CE%B6%CE%B5%CF%83%CF%84%CE%B5-%CE%B3%CE%B9%CE%B1-%CE%BD%CE%B1-%CE%B5%CE%B3%CE%B3%CF%81%CE%B1%CF%86%CE%B5%CE%AF%CF%84%CE%B5-%CF%83%CF%84%CE%BF-malina-casino/ HTTP/1.1" 200 3733 "-" "Mozilla/5.0 AppleWebKit/537.36 (KHTML, like Gecko; compatible; bingbot/2.0; +http://www.bing.com/bingbot.htm) Chrome/116.0.1938.76 Safari/537.36"
20.171.207.191 - - [20/Sep/2025:14:14:08 +0200] "GET /sitemap-hot-4239854.xml?path=//var/lib/yum/yumdb/p/2f5a7920f93c17e122f10e1b1862c04f030713e4-plesk-libboost-date-time1.65-1.65.1-1centos.7.190116.1809-x86_64 HTTP/1.1" 200 3132 "-" "Mozilla/5.0 AppleWebKit/537.36 (KHTML, like Gecko; compatible; GPTBot/1.2; +https://openai.com/gptbot)"
216.73.216.143 - - [20/Sep/2025:14:14:08 +0200] "GET /2025/09/12/slotigo-de-worldmatch-slot-spiele-die-besten-verbunden-slots-and-spielautomaten-gebuhrenfrei?fileloc=%2F%2Fsys%2Fbus%2Fmemory%2Fdevices%2Fmemory35%2Fnode0%2Fmemory23%2Fnode0%2Fmemory64%2Fsubsystem%2Fdrivers_probe&path=%2F%2Fsys%2Fbus%2Fmemory%2Fdevices%2Fmemory35%2Fnode0%2Fmemory23%2Fnode0%2Fmemory64%2Fsubsystem HTTP/1.1" 200 2335 "-" "Mozilla/5.0 AppleWebKit/537.36 (KHTML, like Gecko; compatible; ClaudeBot/1.0; +claudebot@anthropic.com)"
57.141.0.25 - - [20/Sep/2025:14:14:10 +0200] "GET /2025/09/08/the-newest-ducks-are-in-the-house-with-duckyluck-casino-on-the-internet-and-mobile/?fileloc=/home/sareqgroup/ecommerce.com/wp-blog-header.php&path=/home/sareqgroup/ecommerce.com HTTP/1.1" 200 12746 "-" "meta-externalagent/1.1 (+https://developers.facebook.com/docs/sharing/webmasters/crawler)"
57.141.0.67 - - [20/Sep/2025:14:14:11 +0200] "GET /2025/09/11/soar-to-new-heights-while-mastering-the-challenges/?fileloc=//bin/mysqldump&path=//bin HTTP/1.1" 200 12244 "-" "meta-externalagent/1.1 (+https://developers.facebook.com/docs/sharing/webmasters/crawler)"
216.73.216.143 - - [20/Sep/2025:14:14:11 +0200] "GET /2025/09/12/slotigo-de-worldmatch-slot-spiele-die-besten-verbunden-slots-and-spielautomaten-gebuhrenfrei?fileloc=%2F%2Fsys%2Fbus%2Fmemory%2Fdevices%2Fmemory22%2Fnode0%2Fmemory10%2Fnode0%2Fmemory10%2Fnode0%2Fmemory45%2Fstate&path=%2F%2Fsys%2Fbus%2Fmemory%2Fdevices%2Fmemory22%2Fnode0%2Fmemory10%2Fnode0%2Fmemory10%2Fnode0%2Fmemory45 HTTP/1.1" 200 2323 "-" "Mozilla/5.0 AppleWebKit/537.36 (KHTML, like Gecko; compatible; ClaudeBot/1.0; +claudebot@anthropic.com)"
20.171.207.191 - - [20/Sep/2025:14:14:11 +0200] "GET /sitemap-hot-4229854.xml?path=//var/lib/yum/yumdb/p/2f5a7920f93c17e122f10e1b1862c04f030713e4-plesk-libboost-date-time1.65-1.65.1-1centos.7.190116.1809-x86_64 HTTP/1.1" 200 3132 "-" "Mozilla/5.0 AppleWebKit/537.36 (KHTML, like Gecko; compatible; GPTBot/1.2; +https://openai.com/gptbot)"
35.168.238.50 - - [20/Sep/2025:14:14:12 +0200] "GET /2020/10/?path=//sys/class/input/input3/device/subsystem/drivers HTTP/1.1" 200 17285 "-" "Mozilla/5.0 AppleWebKit/537.36 (KHTML, like Gecko; compatible; Amazonbot/0.1; +https://developer.amazon.com/support/amazonbot) Chrome/119.0.6045.214 Safari/537.36"
216.73.216.143 - - [20/Sep/2025:14:14:14 +0200] "GET /2025/09/12/slotigo-de-worldmatch-slot-spiele-die-besten-verbunden-slots-and-spielautomaten-gebuhrenfrei?fileloc=%2F%2Fsys%2Fbus%2Fmemory%2Fdevices%2Fmemory1%2Fsubsystem%2Fdevices%2Fmemory22%2Fnode0%2Fmemory34%2Fpower%2Fcontrol&path=%2F%2Fsys%2Fbus%2Fmemory%2Fdevices%2Fmemory1%2Fsubsystem%2Fdevices%2Fmemory22%2Fnode0%2Fmemory34%2Fpower HTTP/1.1" 200 2343 "-" "Mozilla/5.0 AppleWebKit/537.36 (KHTML, like Gecko; compatible; ClaudeBot/1.0; +claudebot@anthropic.com)"
20.171.207.191 - - [20/Sep/2025:14:14:14 +0200] "GET /sitemap-hot-4243854.xml?fileloc=//var/lib/yum/yumdb/p/c127a023faf2a2fb4e9279b00d6508b0e7d34983-plesk-libboost-date-time1.84-1.84.0-1centos.7.240314.1319-x86_64/command_line&path=//var/lib/yum/yumdb/p/c127a023faf2a2fb4e9279b00d6508b0e7d34983-plesk-libboost-date-time1.84-1.84.0-1centos.7.240314.1319-x86_64 HTTP/1.1" 200 2380 "-" "Mozilla/5.0 AppleWebKit/537.36 (KHTML, like Gecko; compatible; GPTBot/1.2; +https://openai.com/gptbot)"
216.73.216.143 - - [20/Sep/2025:14:14:17 +0200] "GET /2025/09/12/slotigo-de-worldmatch-slot-spiele-die-besten-verbunden-slots-and-spielautomaten-gebuhrenfrei?path=%2F%2Fsys%2Fdevices%2Fsystem%2Fmemory%2Fmemory67%2Fnode0%2Fmemory16%2Fnode0%2Fmemory37%2Fnode0%2Fmemory69%2Fnode0%2Fmemory42 HTTP/1.1" 200 2934 "-" "Mozilla/5.0 AppleWebKit/537.36 (KHTML, like Gecko; compatible; ClaudeBot/1.0; +claudebot@anthropic.com)"
20.171.207.191 - - [20/Sep/2025:14:14:18 +0200] "GET /sitemap-hot-4243854.xml?fileloc=//var/lib/yum/yumdb/p/c127a023faf2a2fb4e9279b00d6508b0e7d34983-plesk-libboost-date-time1.84-1.84.0-1centos.7.240314.1319-x86_64/releasever&path=//var/lib/yum/yumdb/p/c127a023faf2a2fb4e9279b00d6508b0e7d34983-plesk-libboost-date-time1.84-1.84.0-1centos.7.240314.1319-x86_64 HTTP/1.1" 200 2358 "-" "Mozilla/5.0 AppleWebKit/537.36 (KHTML, like Gecko; compatible; GPTBot/1.2; +https://openai.com/gptbot)"
57.141.0.8 - - [20/Sep/2025:14:14:20 +0200] "GET /wp-json/wp/v2/posts/13634?path=/home/sareqgroup/ecommerce.com/.well-known HTTP/1.1" 200 25589 "-" "meta-externalagent/1.1 (+https://developers.facebook.com/docs/sharing/webmasters/crawler)"
216.73.216.143 - - [20/Sep/2025:14:14:20 +0200] "GET /2025/09/12/slotigo-de-worldmatch-slot-spiele-die-besten-verbunden-slots-and-spielautomaten-gebuhrenfrei?fileloc=%2F%2Fsys%2Fbus%2Fmemory%2Fdevices%2Fmemory34%2Fnode0%2Fmemory37%2Fnode0%2Fmemory43%2Fend_phys_index&path=%2F%2Fsys%2Fbus%2Fmemory%2Fdevices%2Fmemory34%2Fnode0%2Fmemory37%2Fnode0%2Fmemory43 HTTP/1.1" 200 2327 "-" "Mozilla/5.0 AppleWebKit/537.36 (KHTML, like Gecko; compatible; ClaudeBot/1.0; +claudebot@anthropic.com)"
20.171.207.191 - - [20/Sep/2025:14:14:21 +0200] "GET /sitemap-hot-4231854.xml?fileloc=//var/lib/yum/yumdb/p/c127a023faf2a2fb4e9279b00d6508b0e7d34983-plesk-libboost-date-time1.84-1.84.0-1centos.7.240314.1319-x86_64/checksum_type&path=//var/lib/yum/yumdb/p/c127a023faf2a2fb4e9279b00d6508b0e7d34983-plesk-libboost-date-time1.84-1.84.0-1centos.7.240314.1319-x86_64 HTTP/1.1" 200 2363 "-" "Mozilla/5.0 AppleWebKit/537.36 (KHTML, like Gecko; compatible; GPTBot/1.2; +https://openai.com/gptbot)"
216.73.216.143 - - [20/Sep/2025:14:14:23 +0200] "GET /2025/09/12/slotigo-de-worldmatch-slot-spiele-die-besten-verbunden-slots-and-spielautomaten-gebuhrenfrei?fileloc=%2F%2Fsys%2Fbus%2Fmemory%2Fdevices%2Fmemory23%2Fsubsystem%2Fdevices%2Fmemory20%2Fpower%2Fruntime_active_time&path=%2F%2Fsys%2Fbus%2Fmemory%2Fdevices%2Fmemory23%2Fsubsystem%2Fdevices%2Fmemory20%2Fpower HTTP/1.1" 200 2330 "-" "Mozilla/5.0 AppleWebKit/537.36 (KHTML, like Gecko; compatible; ClaudeBot/1.0; +claudebot@anthropic.com)"
20.171.207.191 - - [20/Sep/2025:14:14:24 +0200] "GET /sitemap-hot-4245854.xml?path=//var/lib/yum/yumdb/p/650f1af1be8025355f499e098ea6aef096a17f7e-plesk-libboost-regex1.74-1.74.0.1-1centos.7.211202.1442-x86_64 HTTP/1.1" 200 3130 "-" "Mozilla/5.0 AppleWebKit/537.36 (KHTML, like Gecko; compatible; GPTBot/1.2; +https://openai.com/gptbot)"
216.73.216.143 - - [20/Sep/2025:14:14:26 +0200] "GET /2025/09/12/slotigo-de-worldmatch-slot-spiele-die-besten-verbunden-slots-and-spielautomaten-gebuhrenfrei?fileloc=%2F%2Fsys%2Fbus%2Fmemory%2Fdevices%2Fmemory48%2Fnode0%2Fmemory54%2Fnode0%2Fmemory17%2Fnode0%2Fmemory15%2Fuevent&path=%2F%2Fsys%2Fbus%2Fmemory%2Fdevices%2Fmemory48%2Fnode0%2Fmemory54%2Fnode0%2Fmemory17%2Fnode0%2Fmemory15 HTTP/1.1" 200 2327 "-" "Mozilla/5.0 AppleWebKit/537.36 (KHTML, like Gecko; compatible; ClaudeBot/1.0; +claudebot@anthropic.com)"
20.171.207.191 - - [20/Sep/2025:14:14:27 +0200] "GET /sitemap-hot-4245854.xml?path=//var/lib/yum/yumdb/p/cb0d72a752797be2f23b0327e779c19b6cdbf9be-plesk-libboost-thread1.74-1.74.0.1-1centos.7.211202.1442-x86_64 HTTP/1.1" 200 3130 "-" "Mozilla/5.0 AppleWebKit/537.36 (KHTML, like Gecko; compatible; GPTBot/1.2; +https://openai.com/gptbot)"
57.141.0.70 - - [20/Sep/2025:14:14:28 +0200] "GET /wp-json/wp/v2/posts/3478?path=/home HTTP/1.1" 200 12659 "-" "meta-externalagent/1.1 (+https://developers.facebook.com/docs/sharing/webmasters/crawler)"
216.73.216.143 - - [20/Sep/2025:14:14:29 +0200] "GET /2025/09/12/slotigo-de-worldmatch-slot-spiele-die-besten-verbunden-slots-and-spielautomaten-gebuhrenfrei?fileloc=%2F%2Fsys%2Fbus%2Fmemory%2Fdevices%2Fmemory51%2Fnode0%2Fmemory7%2Fnode0%2Fmemory65%2Fphys_index&path=%2F%2Fsys%2Fbus%2Fmemory%2Fdevices%2Fmemory51%2Fnode0%2Fmemory7%2Fnode0%2Fmemory65 HTTP/1.1" 200 2323 "-" "Mozilla/5.0 AppleWebKit/537.36 (KHTML, like Gecko; compatible; ClaudeBot/1.0; +claudebot@anthropic.com)"
20.171.207.191 - - [20/Sep/2025:14:14:30 +0200] "GET /sitemap-hot-4225854.xml?path=//var/lib/yum/yumdb/p/d103922a76bf987464db3e636e167a01fe748878-plesk-libboost-system1.84-1.84.0-1centos.7.240314.1319-x86_64 HTTP/1.1" 200 3152 "-" "Mozilla/5.0 AppleWebKit/537.36 (KHTML, like Gecko; compatible; GPTBot/1.2; +https://openai.com/gptbot)"
216.73.216.143 - - [20/Sep/2025:14:14:32 +0200] "GET /2025/09/12/slotigo-de-worldmatch-slot-spiele-die-besten-verbunden-slots-and-spielautomaten-gebuhrenfrei?fileloc=%2F%2Fsys%2Fbus%2Fmemory%2Fdevices%2Fmemory22%2Fnode0%2Fmemory19%2Fnode0%2Fmemory53%2Fnode0%2Fmemory59%2Fphys_index&path=%2F%2Fsys%2Fbus%2Fmemory%2Fdevices%2Fmemory22%2Fnode0%2Fmemory19%2Fnode0%2Fmemory53%2Fnode0%2Fmemory59 HTTP/1.1" 200 2334 "-" "Mozilla/5.0 AppleWebKit/537.36 (KHTML, like Gecko; compatible; ClaudeBot/1.0; +claudebot@anthropic.com)"
20.171.207.191 - - [20/Sep/2025:14:14:34 +0200] "GET /sitemap-hot-4221854.xml?path=//var/lib/yum/yumdb/k/59d8509620f61c10ba7cb1ddf83e815e632fdc85-kernel-headers-3.10.0-1160.119.1.el7.tuxcare.els22-x86_64 HTTP/1.1" 200 3156 "-" "Mozilla/5.0 AppleWebKit/537.36 (KHTML, like Gecko; compatible; GPTBot/1.2; +https://openai.com/gptbot)"
216.73.216.143 - - [20/Sep/2025:14:14:35 +0200] "GET /2025/09/12/slotigo-de-worldmatch-slot-spiele-die-besten-verbunden-slots-and-spielautomaten-gebuhrenfrei?fileloc=%2F%2Fsys%2Fbus%2Fmemory%2Fdevices%2Fmemory19%2Fnode0%2Fmemory10%2Fsubsystem%2Fdevices%2Fmemory16%2Fphys_index&path=%2F%2Fsys%2Fbus%2Fmemory%2Fdevices%2Fmemory19%2Fnode0%2Fmemory10%2Fsubsystem%2Fdevices%2Fmemory16 HTTP/1.1" 200 2336 "-" "Mozilla/5.0 AppleWebKit/537.36 (KHTML, like Gecko; compatible; ClaudeBot/1.0; +claudebot@anthropic.com)"
20.171.207.191 - - [20/Sep/2025:14:14:37 +0200] "GET /sitemap-hot-4231854.xml?path=//var/lib/yum/yumdb/p/913fa6c5c941d53d80cc0b8cd3a65b8e9119c5b7-plesk-libboost-system1.65-1.65.1-1centos.7.190116.1809-x86_64 HTTP/1.1" 200 3129 "-" "Mozilla/5.0 AppleWebKit/537.36 (KHTML, like Gecko; compatible; GPTBot/1.2; +https://openai.com/gptbot)"
216.73.216.143 - - [20/Sep/2025:14:14:38 +0200] "GET /2025/09/12/slotigo-de-worldmatch-slot-spiele-die-besten-verbunden-slots-and-spielautomaten-gebuhrenfrei?path=%2F%2Fsys%2Fbus%2Fmemory%2Fdevices%2Fmemory2%2Fnode0%2Fmemory71%2Fnode0%2Fmemory54%2Fnode0%2Fmemory66%2Fnode0%2Fcpu2 HTTP/1.1" 200 2971 "-" "Mozilla/5.0 AppleWebKit/537.36 (KHTML, like Gecko; compatible; ClaudeBot/1.0; +claudebot@anthropic.com)"
20.171.207.191 - - [20/Sep/2025:14:14:40 +0200] "GET /sitemap-hot-4221854.xml?path=//var/lib/yum/yumdb/p/139b0681a1c96d7f51dce3c22bdb3c27d95616db-plesk-libboost-regex1.65-1.65.1-1centos.7.190116.1809-x86_64 HTTP/1.1" 200 3128 "-" "Mozilla/5.0 AppleWebKit/537.36 (KHTML, like Gecko; compatible; GPTBot/1.2; +https://openai.com/gptbot)"
216.73.216.143 - - [20/Sep/2025:14:14:41 +0200] "GET /2025/09/12/slotigo-de-worldmatch-slot-spiele-die-besten-verbunden-slots-and-spielautomaten-gebuhrenfrei?fileloc=%2F%2Fsys%2Fbus%2Fmemory%2Fdevices%2Fmemory8%2Fnode0%2Fmemory40%2Fpower%2Fruntime_status&path=%2F%2Fsys%2Fbus%2Fmemory%2Fdevices%2Fmemory8%2Fnode0%2Fmemory40%2Fpower HTTP/1.1" 200 2322 "-" "Mozilla/5.0 AppleWebKit/537.36 (KHTML, like Gecko; compatible; ClaudeBot/1.0; +claudebot@anthropic.com)"
20.171.207.191 - - [20/Sep/2025:14:14:43 +0200] "GET /sitemap-hot-4241854.xml?path=//var/lib/yum/yumdb/p/06a5a182bb92a21301e9241a637b4068c3d3c45e-plesk-libboost-thread1.84-1.84.0-1centos.7.240314.1319-x86_64 HTTP/1.1" 200 3153 "-" "Mozilla/5.0 AppleWebKit/537.36 (KHTML, like Gecko; compatible; GPTBot/1.2; +https://openai.com/gptbot)"
216.73.216.143 - - [20/Sep/2025:14:14:44 +0200] "GET /2025/09/12/slotigo-de-worldmatch-slot-spiele-die-besten-verbunden-slots-and-spielautomaten-gebuhrenfrei?fileloc=%2F%2Fsys%2Fbus%2Fmemory%2Fdevices%2Fmemory67%2Fnode0%2Fmemory35%2Fnode0%2Fcpu3%2Fonline&path=%2F%2Fsys%2Fbus%2Fmemory%2Fdevices%2Fmemory67%2Fnode0%2Fmemory35%2Fnode0%2Fcpu3 HTTP/1.1" 200 2316 "-" "Mozilla/5.0 AppleWebKit/537.36 (KHTML, like Gecko; compatible; ClaudeBot/1.0; +claudebot@anthropic.com)"
20.171.207.191 - - [20/Sep/2025:14:14:46 +0200] "GET /sitemap-hot-4231854.xml?path=//var/lib/yum/yumdb/p/0dbc4d03fe390bd6ca629a63526af99598ff4ecd-plesk-libboost-thread1.65-1.65.1-1centos.7.190116.1809-x86_64 HTTP/1.1" 200 3129 "-" "Mozilla/5.0 AppleWebKit/537.36 (KHTML, like Gecko; compatible; GPTBot/1.2; +https://openai.com/gptbot)"
216.73.216.143 - - [20/Sep/2025:14:14:47 +0200] "GET /2025/09/12/slotigo-de-worldmatch-slot-spiele-die-besten-verbunden-slots-and-spielautomaten-gebuhrenfrei?fileloc=%2F%2Fsys%2Fbus%2Fmemory%2Fdevices%2Fmemory23%2Fnode0%2Fmemory22%2Fnode0%2Fmemory36%2Fnode0%2Fmemory36%2Fnode0%2Fmemory69%2Fstate&path=%2F%2Fsys%2Fbus%2Fmemory%2Fdevices%2Fmemory23%2Fnode0%2Fmemory22%2Fnode0%2Fmemory36%2Fnode0%2Fmemory36%2Fnode0%2Fmemory69 HTTP/1.1" 200 2334 "-" "Mozilla/5.0 AppleWebKit/537.36 (KHTML, like Gecko; compatible; ClaudeBot/1.0; +claudebot@anthropic.com)"
20.171.207.191 - - [20/Sep/2025:14:14:49 +0200] "GET /sitemap-hot-4229854.xml?path=//var/lib/yum/yumdb/k/59d8509620f61c10ba7cb1ddf83e815e632fdc85-kernel-headers-3.10.0-1160.119.1.el7.tuxcare.els22-x86_64 HTTP/1.1" 200 3156 "-" "Mozilla/5.0 AppleWebKit/537.36 (KHTML, like Gecko; compatible; GPTBot/1.2; +https://openai.com/gptbot)"
216.73.216.143 - - [20/Sep/2025:14:14:50 +0200] "GET /2025/09/12/slotigo-de-worldmatch-slot-spiele-die-besten-verbunden-slots-and-spielautomaten-gebuhrenfrei?fileloc=%2F%2Fsys%2Fbus%2Fmemory%2Fdevices%2Fmemory21%2Fnode0%2Fmemory5%2Fnode0%2Fmemory5%2Fnode0%2Fmemory64%2Fphys_index&path=%2F%2Fsys%2Fbus%2Fmemory%2Fdevices%2Fmemory21%2Fnode0%2Fmemory5%2Fnode0%2Fmemory5%2Fnode0%2Fmemory64 HTTP/1.1" 200 2330 "-" "Mozilla/5.0 AppleWebKit/537.36 (KHTML, like Gecko; compatible; ClaudeBot/1.0; +claudebot@anthropic.com)"
20.171.207.191 - - [20/Sep/2025:14:14:52 +0200] "GET /sitemap-hot-4223854.xml?path=//var/lib/yum/yumdb/p/e15f6e099b858ad33ea0a75874ccebc8e991efc4-plesk-libboost-regex1.82-1.82.0-1centos.7.230425.0721-x86_64 HTTP/1.1" 200 3125 "-" "Mozilla/5.0 AppleWebKit/537.36 (KHTML, like Gecko; compatible; GPTBot/1.2; +https://openai.com/gptbot)"
216.73.216.143 - - [20/Sep/2025:14:14:53 +0200] "GET /2025/09/12/slotigo-de-worldmatch-slot-spiele-die-besten-verbunden-slots-and-spielautomaten-gebuhrenfrei?fileloc=%2F%2Fsys%2Fbus%2Fmemory%2Fdevices%2Fmemory50%2Fnode0%2Fmemory8%2Fnode0%2Fmemory35%2Fphys_device&path=%2F%2Fsys%2Fbus%2Fmemory%2Fdevices%2Fmemory50%2Fnode0%2Fmemory8%2Fnode0%2Fmemory35 HTTP/1.1" 200 2318 "-" "Mozilla/5.0 AppleWebKit/537.36 (KHTML, like Gecko; compatible; ClaudeBot/1.0; +claudebot@anthropic.com)"
57.141.0.61 - - [20/Sep/2025:14:14:54 +0200] "GET /2025/09/11/soar-to-new-heights-while-mastering-the-challenges/?fileloc=//bin/fc-cat&path=//bin HTTP/1.1" 200 12241 "-" "meta-externalagent/1.1 (+https://developers.facebook.com/docs/sharing/webmasters/crawler)"
20.171.207.191 - - [20/Sep/2025:14:14:55 +0200] "GET /sitemap-hot-4239854.xml?path=//var/lib/yum/yumdb/p/5194fb2ed7d84028844c846fcf76fee854eb2fc1-plesk-libboost-system1.82-1.82.0-1centos.7.230425.0721-x86_64 HTTP/1.1" 200 3125 "-" "Mozilla/5.0 AppleWebKit/537.36 (KHTML, like Gecko; compatible; GPTBot/1.2; +https://openai.com/gptbot)"
216.73.216.143 - - [20/Sep/2025:14:14:56 +0200] "GET /2025/09/12/slotigo-de-worldmatch-slot-spiele-die-besten-verbunden-slots-and-spielautomaten-gebuhrenfrei?fileloc=%2F%2Fsys%2Fbus%2Fmemory%2Fdevices%2Fmemory51%2Fnode0%2Fmemory8%2Fnode0%2Fmemory10%2Fphys_index&path=%2F%2Fsys%2Fbus%2Fmemory%2Fdevices%2Fmemory51%2Fnode0%2Fmemory8%2Fnode0%2Fmemory10 HTTP/1.1" 200 2321 "-" "Mozilla/5.0 AppleWebKit/537.36 (KHTML, like Gecko; compatible; ClaudeBot/1.0; +claudebot@anthropic.com)"
20.171.207.191 - - [20/Sep/2025:14:14:59 +0200] "GET /sitemap-hot-4241854.xml?path=//var/lib/yum/yumdb/p/139b0681a1c96d7f51dce3c22bdb3c27d95616db-plesk-libboost-regex1.65-1.65.1-1centos.7.190116.1809-x86_64 HTTP/1.1" 200 3128 "-" "Mozilla/5.0 AppleWebKit/537.36 (KHTML, like Gecko; compatible; GPTBot/1.2; +https://openai.com/gptbot)"
52.73.142.41 - - [20/Sep/2025:14:14:59 +0200] "GET /2020/10/?path=//sys/class/input/input0/subsystem/input3/device HTTP/1.1" 200 37177 "-" "Mozilla/5.0 AppleWebKit/537.36 (KHTML, like Gecko; compatible; Amazonbot/0.1; +https://developer.amazon.com/support/amazonbot) Chrome/119.0.6045.214 Safari/537.36"
216.73.216.143 - - [20/Sep/2025:14:14:59 +0200] "GET /2025/09/12/slotigo-de-worldmatch-slot-spiele-die-besten-verbunden-slots-and-spielautomaten-gebuhrenfrei?fileloc=%2F%2Fsys%2Fbus%2Fmemory%2Fdevices%2Fmemory63%2Fnode0%2Fmemory20%2Fnode0%2Fmemory20%2Fnode0%2Fcpumap&path=%2F%2Fsys%2Fbus%2Fmemory%2Fdevices%2Fmemory63%2Fnode0%2Fmemory20%2Fnode0%2Fmemory20%2Fnode0 HTTP/1.1" 200 2313 "-" "Mozilla/5.0 AppleWebKit/537.36 (KHTML, like Gecko; compatible; ClaudeBot/1.0; +claudebot@anthropic.com)"
20.171.207.191 - - [20/Sep/2025:14:15:02 +0200] "GET /sitemap-hot-4229854.xml?path=//var/lib/yum/yumdb/p/650f1af1be8025355f499e098ea6aef096a17f7e-plesk-libboost-regex1.74-1.74.0.1-1centos.7.211202.1442-x86_64 HTTP/1.1" 200 3130 "-" "Mozilla/5.0 AppleWebKit/537.36 (KHTML, like Gecko; compatible; GPTBot/1.2; +https://openai.com/gptbot)"
216.73.216.143 - - [20/Sep/2025:14:15:02 +0200] "GET /2025/09/12/slotigo-de-worldmatch-slot-spiele-die-besten-verbunden-slots-and-spielautomaten-gebuhrenfrei?fileloc=%2F%2Fsys%2Fbus%2Fmemory%2Fdevices%2Fmemory5%2Fnode0%2Fmemory42%2Fsubsystem%2Fdevices%2Fmemory45%2Fphys_device&path=%2F%2Fsys%2Fbus%2Fmemory%2Fdevices%2Fmemory5%2Fnode0%2Fmemory42%2Fsubsystem%2Fdevices%2Fmemory45 HTTP/1.1" 200 2331 "-" "Mozilla/5.0 AppleWebKit/537.36 (KHTML, like Gecko; compatible; ClaudeBot/1.0; +claudebot@anthropic.com)"
216.73.216.143 - - [20/Sep/2025:14:15:05 +0200] "GET /2025/09/12/slotigo-de-worldmatch-slot-spiele-die-besten-verbunden-slots-and-spielautomaten-gebuhrenfrei?fileloc=%2F%2Fsys%2Fbus%2Fmemory%2Fdevices%2Fmemory23%2Fnode0%2Fmemory22%2Fnode0%2Fmemory36%2Fnode0%2Fmemory32%2Fend_phys_index&path=%2F%2Fsys%2Fbus%2Fmemory%2Fdevices%2Fmemory23%2Fnode0%2Fmemory22%2Fnode0%2Fmemory36%2Fnode0%2Fmemory32 HTTP/1.1" 200 2336 "-" "Mozilla/5.0 AppleWebKit/537.36 (KHTML, like Gecko; compatible; ClaudeBot/1.0; +claudebot@anthropic.com)"
20.171.207.191 - - [20/Sep/2025:14:15:05 +0200] "GET /sitemap-hot-4223854.xml?path=//var/lib/yum/yumdb/p/0a93ed1f849de437efd0c31dd6b1776a82c15548-plesk-libboost-regex1.84-1.84.0-1centos.7.240314.1319-x86_64 HTTP/1.1" 200 3154 "-" "Mozilla/5.0 AppleWebKit/537.36 (KHTML, like Gecko; compatible; GPTBot/1.2; +https://openai.com/gptbot)"
216.73.216.143 - - [20/Sep/2025:14:15:08 +0200] "GET /2025/09/12/slotigo-de-worldmatch-slot-spiele-die-besten-verbunden-slots-and-spielautomaten-gebuhrenfrei?path=%2F%2Fsys%2Fbus%2Fmemory%2Fdevices%2Fmemory1%2Fnode0%2Fmemory60%2Fnode0%2Fmemory9%2Fnode0%2Fmemory49%2Fnode0%2Fmemory38%2Fpower HTTP/1.1" 200 2909 "-" "Mozilla/5.0 AppleWebKit/537.36 (KHTML, like Gecko; compatible; ClaudeBot/1.0; +claudebot@anthropic.com)"
20.171.207.191 - - [20/Sep/2025:14:15:08 +0200] "GET /sitemap-hot-4225854.xml?path=//var/lib/yum/yumdb/l/910548b467bb800c7dbf9867c171c3038c5c3264-lm_sensors-libs-3.4.0-8.20160601gitf9185e5.el7_9.1-x86_64 HTTP/1.1" 200 3152 "-" "Mozilla/5.0 AppleWebKit/537.36 (KHTML, like Gecko; compatible; GPTBot/1.2; +https://openai.com/gptbot)"
216.73.216.143 - - [20/Sep/2025:14:15:11 +0200] "GET /2025/09/12/slotigo-de-worldmatch-slot-spiele-die-besten-verbunden-slots-and-spielautomaten-gebuhrenfrei?fileloc=%2F%2Fsys%2Fbus%2Fmemory%2Fdevices%2Fmemory49%2Fnode0%2Fmemory58%2Fnode0%2Fmemory49%2Fend_phys_index&path=%2F%2Fsys%2Fbus%2Fmemory%2Fdevices%2Fmemory49%2Fnode0%2Fmemory58%2Fnode0%2Fmemory49 HTTP/1.1" 200 2322 "-" "Mozilla/5.0 AppleWebKit/537.36 (KHTML, like Gecko; compatible; ClaudeBot/1.0; +claudebot@anthropic.com)"
20.171.207.191 - - [20/Sep/2025:14:15:11 +0200] "GET /sitemap-hot-4239854.xml?path=//var/lib/yum/yumdb/p/cb0d72a752797be2f23b0327e779c19b6cdbf9be-plesk-libboost-thread1.74-1.74.0.1-1centos.7.211202.1442-x86_64 HTTP/1.1" 200 3130 "-" "Mozilla/5.0 AppleWebKit/537.36 (KHTML, like Gecko; compatible; GPTBot/1.2; +https://openai.com/gptbot)"
216.73.216.143 - - [20/Sep/2025:14:15:14 +0200] "GET /2025/09/12/slotigo-de-worldmatch-slot-spiele-die-besten-verbunden-slots-and-spielautomaten-gebuhrenfrei?fileloc=%2F%2Fsys%2Fbus%2Fmemory%2Fdevices%2Fmemory68%2Fnode0%2Fmemory56%2Fpower%2Fruntime_active_kids&path=%2F%2Fsys%2Fbus%2Fmemory%2Fdevices%2Fmemory68%2Fnode0%2Fmemory56%2Fpower HTTP/1.1" 200 2323 "-" "Mozilla/5.0 AppleWebKit/537.36 (KHTML, like Gecko; compatible; ClaudeBot/1.0; +claudebot@anthropic.com)"
20.171.207.191 - - [20/Sep/2025:14:15:14 +0200] "GET /sitemap-hot-4227854.xml?path=//var/lib/yum/yumdb/n/4348b226d3700c1a94096e841d7e50e1ad5e8f33-ncurses-devel-5.9-14.20130511.el7_4.tuxcare.els2-x86_64 HTTP/1.1" 200 3141 "-" "Mozilla/5.0 AppleWebKit/537.36 (KHTML, like Gecko; compatible; GPTBot/1.2; +https://openai.com/gptbot)"
216.73.216.143 - - [20/Sep/2025:14:15:17 +0200] "GET /2025/09/12/slotigo-de-worldmatch-slot-spiele-die-besten-verbunden-slots-and-spielautomaten-gebuhrenfrei?fileloc=%2F%2Fsys%2Fbus%2Fmemory%2Fdevices%2Fmemory57%2Fnode0%2Fmemory17%2Fnode0%2Fmemory70%2Fremovable&path=%2F%2Fsys%2Fbus%2Fmemory%2Fdevices%2Fmemory57%2Fnode0%2Fmemory17%2Fnode0%2Fmemory70 HTTP/1.1" 200 2316 "-" "Mozilla/5.0 AppleWebKit/537.36 (KHTML, like Gecko; compatible; ClaudeBot/1.0; +claudebot@anthropic.com)"
20.171.207.191 - - [20/Sep/2025:14:15:18 +0200] "GET /sitemap-hot-4233854.xml?path=//var/lib/yum/yumdb/p/139b0681a1c96d7f51dce3c22bdb3c27d95616db-plesk-libboost-regex1.65-1.65.1-1centos.7.190116.1809-x86_64 HTTP/1.1" 200 3128 "-" "Mozilla/5.0 AppleWebKit/537.36 (KHTML, like Gecko; compatible; GPTBot/1.2; +https://openai.com/gptbot)"
216.73.216.143 - - [20/Sep/2025:14:15:20 +0200] "GET /2025/09/12/slotigo-de-worldmatch-slot-spiele-die-besten-verbunden-slots-and-spielautomaten-gebuhrenfrei?fileloc=%2F%2Fsys%2Fbus%2Fmemory%2Fdevices%2Fmemory23%2Fnode0%2Fmemory35%2Fnode0%2Fmemory59%2Fnode0%2Fmemory19%2Fnode0%2Fmemory39%2Fstate&path=%2F%2Fsys%2Fbus%2Fmemory%2Fdevices%2Fmemory23%2Fnode0%2Fmemory35%2Fnode0%2Fmemory59%2Fnode0%2Fmemory19%2Fnode0%2Fmemory39 HTTP/1.1" 200 2341 "-" "Mozilla/5.0 AppleWebKit/537.36 (KHTML, like Gecko; compatible; ClaudeBot/1.0; +claudebot@anthropic.com)"
20.171.207.191 - - [20/Sep/2025:14:15:21 +0200] "GET /sitemap-hot-4231854.xml?path=//var/lib/yum/yumdb/p/756542b2d07b6f5237822722b2e0877c0eac09ae-plesk-libboost-system1.74-1.74.0.1-1centos.7.211202.1442-x86_64 HTTP/1.1" 200 3129 "-" "Mozilla/5.0 AppleWebKit/537.36 (KHTML, like Gecko; compatible; GPTBot/1.2; +https://openai.com/gptbot)"
216.73.216.143 - - [20/Sep/2025:14:15:23 +0200] "GET /2025/09/12/slotigo-de-worldmatch-slot-spiele-die-besten-verbunden-slots-and-spielautomaten-gebuhrenfrei?fileloc=%2F%2Fsys%2Fbus%2Fmemory%2Fdevices%2Fmemory50%2Fnode0%2Fmemory1%2Fnode0%2Fmemory52%2Fuevent&path=%2F%2Fsys%2Fbus%2Fmemory%2Fdevices%2Fmemory50%2Fnode0%2Fmemory1%2Fnode0%2Fmemory52 HTTP/1.1" 200 2313 "-" "Mozilla/5.0 AppleWebKit/537.36 (KHTML, like Gecko; compatible; ClaudeBot/1.0; +claudebot@anthropic.com)"
20.171.207.191 - - [20/Sep/2025:14:15:24 +0200] "GET /sitemap-hot-4225854.xml?path=//var/lib/yum/yumdb/k/59d8509620f61c10ba7cb1ddf83e815e632fdc85-kernel-headers-3.10.0-1160.119.1.el7.tuxcare.els22-x86_64 HTTP/1.1" 200 3156 "-" "Mozilla/5.0 AppleWebKit/537.36 (KHTML, like Gecko; compatible; GPTBot/1.2; +https://openai.com/gptbot)"
216.73.216.143 - - [20/Sep/2025:14:15:26 +0200] "GET /2025/09/12/slotigo-de-worldmatch-slot-spiele-die-besten-verbunden-slots-and-spielautomaten-gebuhrenfrei?fileloc=%2F%2Fsys%2Fbus%2Fmemory%2Fdevices%2Fmemory23%2Fnode0%2Fmemory50%2Fnode0%2Fmemory1%2Fend_phys_index&path=%2F%2Fsys%2Fbus%2Fmemory%2Fdevices%2Fmemory23%2Fnode0%2Fmemory50%2Fnode0%2Fmemory1 HTTP/1.1" 200 2324 "-" "Mozilla/5.0 AppleWebKit/537.36 (KHTML, like Gecko; compatible; ClaudeBot/1.0; +claudebot@anthropic.com)"
20.171.207.191 - - [20/Sep/2025:14:15:27 +0200] "GET /sitemap-hot-4225854.xml?fileloc=//var/lib/yum/yumdb/l/910548b467bb800c7dbf9867c171c3038c5c3264-lm_sensors-libs-3.4.0-8.20160601gitf9185e5.el7_9.1-x86_64/from_repo&path=//var/lib/yum/yumdb/l/910548b467bb800c7dbf9867c171c3038c5c3264-lm_sensors-libs-3.4.0-8.20160601gitf9185e5.el7_9.1-x86_64 HTTP/1.1" 200 2365 "-" "Mozilla/5.0 AppleWebKit/537.36 (KHTML, like Gecko; compatible; GPTBot/1.2; +https://openai.com/gptbot)"
216.73.216.143 - - [20/Sep/2025:14:15:29 +0200] "GET /2025/09/12/slotigo-de-worldmatch-slot-spiele-die-besten-verbunden-slots-and-spielautomaten-gebuhrenfrei?fileloc=%2F%2Fsys%2Fdevices%2Fsystem%2Fmemory%2Fmemory20%2Fnode0%2Fmemory51%2Fnode0%2Fnumastat&path=%2F%2Fsys%2Fdevices%2Fsystem%2Fmemory%2Fmemory20%2Fnode0%2Fmemory51%2Fnode0 HTTP/1.1" 200 2362 "-" "Mozilla/5.0 AppleWebKit/537.36 (KHTML, like Gecko; compatible; ClaudeBot/1.0; +claudebot@anthropic.com)"
20.171.207.191 - - [20/Sep/2025:14:15:30 +0200] "GET /sitemap-hot-4221854.xml?path=//var/lib/yum/yumdb/p/756542b2d07b6f5237822722b2e0877c0eac09ae-plesk-libboost-system1.74-1.74.0.1-1centos.7.211202.1442-x86_64 HTTP/1.1" 200 3129 "-" "Mozilla/5.0 AppleWebKit/537.36 (KHTML, like Gecko; compatible; GPTBot/1.2; +https://openai.com/gptbot)"
216.73.216.143 - - [20/Sep/2025:14:15:32 +0200] "GET /2025/09/12/slotigo-de-worldmatch-slot-spiele-die-besten-verbunden-slots-and-spielautomaten-gebuhrenfrei?fileloc=%2F%2Fsys%2Fbus%2Fmemory%2Fdevices%2Fmemory57%2Fnode0%2Fmemory17%2Fnode0%2Fmemory34%2Fnode0%2Fmemory36%2Fstate&path=%2F%2Fsys%2Fbus%2Fmemory%2Fdevices%2Fmemory57%2Fnode0%2Fmemory17%2Fnode0%2Fmemory34%2Fnode0%2Fmemory36 HTTP/1.1" 200 2330 "-" "Mozilla/5.0 AppleWebKit/537.36 (KHTML, like Gecko; compatible; ClaudeBot/1.0; +claudebot@anthropic.com)"
20.171.207.191 - - [20/Sep/2025:14:15:34 +0200] "GET /sitemap-hot-4239854.xml?path=//var/lib/yum/yumdb/p/0dbc4d03fe390bd6ca629a63526af99598ff4ecd-plesk-libboost-thread1.65-1.65.1-1centos.7.190116.1809-x86_64 HTTP/1.1" 200 3129 "-" "Mozilla/5.0 AppleWebKit/537.36 (KHTML, like Gecko; compatible; GPTBot/1.2; +https://openai.com/gptbot)"
216.73.216.143 - - [20/Sep/2025:14:15:35 +0200] "GET /2025/09/12/slotigo-de-worldmatch-slot-spiele-die-besten-verbunden-slots-and-spielautomaten-gebuhrenfrei?fileloc=%2F%2Fsys%2Fbus%2Fmemory%2Fdevices%2Fmemory5%2Fnode0%2Fmemory40%2Fnode0%2Fmemory21%2Fnode0%2Fmemory66%2Fend_phys_index&path=%2F%2Fsys%2Fbus%2Fmemory%2Fdevices%2Fmemory5%2Fnode0%2Fmemory40%2Fnode0%2Fmemory21%2Fnode0%2Fmemory66 HTTP/1.1" 200 2339 "-" "Mozilla/5.0 AppleWebKit/537.36 (KHTML, like Gecko; compatible; ClaudeBot/1.0; +claudebot@anthropic.com)"
20.171.207.191 - - [20/Sep/2025:14:15:37 +0200] "GET /sitemap-hot-4229854.xml?path=//var/lib/yum/yumdb/p/e15f6e099b858ad33ea0a75874ccebc8e991efc4-plesk-libboost-regex1.82-1.82.0-1centos.7.230425.0721-x86_64 HTTP/1.1" 200 3125 "-" "Mozilla/5.0 AppleWebKit/537.36 (KHTML, like Gecko; compatible; GPTBot/1.2; +https://openai.com/gptbot)"
216.73.216.143 - - [20/Sep/2025:14:15:38 +0200] "GET /2025/09/12/slotigo-de-worldmatch-slot-spiele-die-besten-verbunden-slots-and-spielautomaten-gebuhrenfrei?fileloc=%2F%2Fsys%2Fbus%2Fmemory%2Fdevices%2Fmemory19%2Fnode0%2Fmemory10%2Fnode0%2Fmemory44%2Fphys_device&path=%2F%2Fsys%2Fbus%2Fmemory%2Fdevices%2Fmemory19%2Fnode0%2Fmemory10%2Fnode0%2Fmemory44 HTTP/1.1" 200 2317 "-" "Mozilla/5.0 AppleWebKit/537.36 (KHTML, like Gecko; compatible; ClaudeBot/1.0; +claudebot@anthropic.com)"
20.171.207.191 - - [20/Sep/2025:14:15:40 +0200] "GET /sitemap-hot-4235854.xml?path=//var/lib/yum/yumdb/p/e15f6e099b858ad33ea0a75874ccebc8e991efc4-plesk-libboost-regex1.82-1.82.0-1centos.7.230425.0721-x86_64 HTTP/1.1" 200 3125 "-" "Mozilla/5.0 AppleWebKit/537.36 (KHTML, like Gecko; compatible; GPTBot/1.2; +https://openai.com/gptbot)"
216.73.216.143 - - [20/Sep/2025:14:15:41 +0200] "GET /2025/09/12/slotigo-de-worldmatch-slot-spiele-die-besten-verbunden-slots-and-spielautomaten-gebuhrenfrei?fileloc=%2F%2Fsys%2Fbus%2Fmemory%2Fdevices%2Fmemory63%2Fnode0%2Fmemory59%2Fnode0%2Fmemory34%2Fnode0%2Fmemory60%2Fstate&path=%2F%2Fsys%2Fbus%2Fmemory%2Fdevices%2Fmemory63%2Fnode0%2Fmemory59%2Fnode0%2Fmemory34%2Fnode0%2Fmemory60 HTTP/1.1" 200 2330 "-" "Mozilla/5.0 AppleWebKit/537.36 (KHTML, like Gecko; compatible; ClaudeBot/1.0; +claudebot@anthropic.com)"
18.235.158.19 - - [20/Sep/2025:14:15:42 +0200] "GET /2020/10/?path=//sys/class/misc/snapshot/subsystem/network_throughput/subsystem HTTP/1.1" 200 32309 "-" "Mozilla/5.0 AppleWebKit/537.36 (KHTML, like Gecko; compatible; Amazonbot/0.1; +https://developer.amazon.com/support/amazonbot) Chrome/119.0.6045.214 Safari/537.36"
20.171.207.191 - - [20/Sep/2025:14:15:43 +0200] "GET /sitemap-hot-4231854.xml?path=//var/lib/yum/yumdb/n/4348b226d3700c1a94096e841d7e50e1ad5e8f33-ncurses-devel-5.9-14.20130511.el7_4.tuxcare.els2-x86_64 HTTP/1.1" 200 3141 "-" "Mozilla/5.0 AppleWebKit/537.36 (KHTML, like Gecko; compatible; GPTBot/1.2; +https://openai.com/gptbot)"
216.73.216.143 - - [20/Sep/2025:14:15:44 +0200] "GET /2025/09/12/slotigo-de-worldmatch-slot-spiele-die-besten-verbunden-slots-and-spielautomaten-gebuhrenfrei?fileloc=%2F%2Fsys%2Fbus%2Fmemory%2Fdevices%2Fmemory34%2Fnode0%2Fmemory5%2Fnode0%2Fcpu3%2Fnode0%2Fmemory15%2Fuevent&path=%2F%2Fsys%2Fbus%2Fmemory%2Fdevices%2Fmemory34%2Fnode0%2Fmemory5%2Fnode0%2Fcpu3%2Fnode0%2Fmemory15 HTTP/1.1" 200 2327 "-" "Mozilla/5.0 AppleWebKit/537.36 (KHTML, like Gecko; compatible; ClaudeBot/1.0; +claudebot@anthropic.com)"
20.171.207.191 - - [20/Sep/2025:14:15:46 +0200] "GET /sitemap-hot-4249854.xml?path=//var/lib/yum/yumdb/p/650f1af1be8025355f499e098ea6aef096a17f7e-plesk-libboost-regex1.74-1.74.0.1-1centos.7.211202.1442-x86_64 HTTP/1.1" 200 3130 "-" "Mozilla/5.0 AppleWebKit/537.36 (KHTML, like Gecko; compatible; GPTBot/1.2; +https://openai.com/gptbot)"
3.231.193.38 - - [20/Sep/2025:14:15:46 +0200] "GET /2020/10/?path=//sys/class/input/input2/subsystem/event3/subsystem HTTP/1.1" 200 38716 "-" "Mozilla/5.0 AppleWebKit/537.36 (KHTML, like Gecko; compatible; Amazonbot/0.1; +https://developer.amazon.com/support/amazonbot) Chrome/119.0.6045.214 Safari/537.36"
216.73.216.143 - - [20/Sep/2025:14:15:47 +0200] "GET /2025/09/12/slotigo-de-worldmatch-slot-spiele-die-besten-verbunden-slots-and-spielautomaten-gebuhrenfrei?fileloc=%2F%2Fsys%2Fbus%2Fmemory%2Fdevices%2Fmemory50%2Fnode0%2Fcpu2%2Fnode0%2Fmemory49%2Fphys_device&path=%2F%2Fsys%2Fbus%2Fmemory%2Fdevices%2Fmemory50%2Fnode0%2Fcpu2%2Fnode0%2Fmemory49 HTTP/1.1" 200 2321 "-" "Mozilla/5.0 AppleWebKit/537.36 (KHTML, like Gecko; compatible; ClaudeBot/1.0; +claudebot@anthropic.com)"
57.141.0.43 - - [20/Sep/2025:14:15:49 +0200] "GET /2025/08/13/1win-bukmekerskaja-kontora-1vin-2118/feed/?path=/home/sareqgroup HTTP/1.1" 200 63789 "-" "meta-externalagent/1.1 (+https://developers.facebook.com/docs/sharing/webmasters/crawler)"
20.171.207.191 - - [20/Sep/2025:14:15:49 +0200] "GET /sitemap-hot-4251854.xml?path=//var/lib/yum/yumdb/l/910548b467bb800c7dbf9867c171c3038c5c3264-lm_sensors-libs-3.4.0-8.20160601gitf9185e5.el7_9.1-x86_64 HTTP/1.1" 200 3152 "-" "Mozilla/5.0 AppleWebKit/537.36 (KHTML, like Gecko; compatible; GPTBot/1.2; +https://openai.com/gptbot)"
216.73.216.143 - - [20/Sep/2025:14:15:50 +0200] "GET /2025/09/12/slotigo-de-worldmatch-slot-spiele-die-besten-verbunden-slots-and-spielautomaten-gebuhrenfrei?fileloc=%2F%2Fsys%2Fbus%2Fmemory%2Fdevices%2Fmemory22%2Fnode0%2Fmemory68%2Fnode0%2Fmemory69%2Fnode0%2Fmemory51%2Fphys_index&path=%2F%2Fsys%2Fbus%2Fmemory%2Fdevices%2Fmemory22%2Fnode0%2Fmemory68%2Fnode0%2Fmemory69%2Fnode0%2Fmemory51 HTTP/1.1" 200 2336 "-" "Mozilla/5.0 AppleWebKit/537.36 (KHTML, like Gecko; compatible; ClaudeBot/1.0; +claudebot@anthropic.com)"
44.215.210.112 - - [20/Sep/2025:14:15:50 +0200] "GET /2020/10/?path=//sys/class/input/js0/subsystem/input1/id HTTP/1.1" 200 19047 "-" "Mozilla/5.0 AppleWebKit/537.36 (KHTML, like Gecko; compatible; Amazonbot/0.1; +https://developer.amazon.com/support/amazonbot) Chrome/119.0.6045.214 Safari/537.36"
20.171.207.191 - - [20/Sep/2025:14:15:52 +0200] "GET /sitemap-hot-4221854.xml?path=//var/lib/yum/yumdb/p/650f1af1be8025355f499e098ea6aef096a17f7e-plesk-libboost-regex1.74-1.74.0.1-1centos.7.211202.1442-x86_64 HTTP/1.1" 200 3130 "-" "Mozilla/5.0 AppleWebKit/537.36 (KHTML, like Gecko; compatible; GPTBot/1.2; +https://openai.com/gptbot)"
216.73.216.143 - - [20/Sep/2025:14:15:53 +0200] "GET /2025/09/12/slotigo-de-worldmatch-slot-spiele-die-besten-verbunden-slots-and-spielautomaten-gebuhrenfrei?fileloc=%2F%2Fsys%2Fbus%2Fmemory%2Fdevices%2Fmemory22%2Fnode0%2Fmemory10%2Fnode0%2Fmemory14%2Fnode0%2Fmemory9%2Fphys_index&path=%2F%2Fsys%2Fbus%2Fmemory%2Fdevices%2Fmemory22%2Fnode0%2Fmemory10%2Fnode0%2Fmemory14%2Fnode0%2Fmemory9 HTTP/1.1" 200 2333 "-" "Mozilla/5.0 AppleWebKit/537.36 (KHTML, like Gecko; compatible; ClaudeBot/1.0; +claudebot@anthropic.com)"
20.171.207.191 - - [20/Sep/2025:14:15:55 +0200] "GET /sitemap-hot-4223854.xml?path=//var/lib/yum/yumdb/p/802ff5c7d2e12089dc531e139a81e9a064330601-plymouth-core-libs-0.8.9-0.34.20140113.el7.centos-x86_64 HTTP/1.1" 200 3145 "-" "Mozilla/5.0 AppleWebKit/537.36 (KHTML, like Gecko; compatible; GPTBot/1.2; +https://openai.com/gptbot)"
216.73.216.143 - - [20/Sep/2025:14:15:56 +0200] "GET /2025/09/12/slotigo-de-worldmatch-slot-spiele-die-besten-verbunden-slots-and-spielautomaten-gebuhrenfrei?fileloc=%2F%2Fsys%2Fbus%2Fmemory%2Fdevices%2Fmemory22%2Fnode0%2Fmemory47%2Fnode0%2Fmemory14%2Fnode0%2Fmemory33%2Fphys_index&path=%2F%2Fsys%2Fbus%2Fmemory%2Fdevices%2Fmemory22%2Fnode0%2Fmemory47%2Fnode0%2Fmemory14%2Fnode0%2Fmemory33 HTTP/1.1" 200 2338 "-" "Mozilla/5.0 AppleWebKit/537.36 (KHTML, like Gecko; compatible; ClaudeBot/1.0; +claudebot@anthropic.com)"
20.171.207.191 - - [20/Sep/2025:14:15:59 +0200] "GET /sitemap-hot-4231854.xml?fileloc=//var/lib/yum/yumdb/n/4348b226d3700c1a94096e841d7e50e1ad5e8f33-ncurses-devel-5.9-14.20130511.el7_4.tuxcare.els2-x86_64/command_line&path=//var/lib/yum/yumdb/n/4348b226d3700c1a94096e841d7e50e1ad5e8f33-ncurses-devel-5.9-14.20130511.el7_4.tuxcare.els2-x86_64 HTTP/1.1" 200 2394 "-" "Mozilla/5.0 AppleWebKit/537.36 (KHTML, like Gecko; compatible; GPTBot/1.2; +https://openai.com/gptbot)"
216.73.216.143 - - [20/Sep/2025:14:15:59 +0200] "GET /2025/09/12/slotigo-de-worldmatch-slot-spiele-die-besten-verbunden-slots-and-spielautomaten-gebuhrenfrei?fileloc=%2F%2Fsys%2Fbus%2Fmemory%2Fdevices%2Fmemory22%2Fnode0%2Fmemory4%2Fnode0%2Fmemory38%2Fphys_index&path=%2F%2Fsys%2Fbus%2Fmemory%2Fdevices%2Fmemory22%2Fnode0%2Fmemory4%2Fnode0%2Fmemory38 HTTP/1.1" 200 2322 "-" "Mozilla/5.0 AppleWebKit/537.36 (KHTML, like Gecko; compatible; ClaudeBot/1.0; +claudebot@anthropic.com)"
57.141.0.63 - - [20/Sep/2025:14:16:01 +0200] "GET /2025/08/27/neobychnye-vozmozhnosti-dlja-razvlechenij-kotorye/feed/?fileloc=/home/sareqgroup/ecommerce.com/wp-config.php&path=/home/sareqgroup/ecommerce.com HTTP/1.1" 200 15829 "-" "meta-externalagent/1.1 (+https://developers.facebook.com/docs/sharing/webmasters/crawler)"
20.171.207.191 - - [20/Sep/2025:14:16:02 +0200] "GET /sitemap-hot-4239854.xml?path=//var/lib/yum/yumdb/n/4348b226d3700c1a94096e841d7e50e1ad5e8f33-ncurses-devel-5.9-14.20130511.el7_4.tuxcare.els2-x86_64 HTTP/1.1" 200 3141 "-" "Mozilla/5.0 AppleWebKit/537.36 (KHTML, like Gecko; compatible; GPTBot/1.2; +https://openai.com/gptbot)"
216.73.216.143 - - [20/Sep/2025:14:16:02 +0200] "GET /2025/09/12/slotigo-de-worldmatch-slot-spiele-die-besten-verbunden-slots-and-spielautomaten-gebuhrenfrei?fileloc=%2F%2Fsys%2Fbus%2Fmemory%2Fdevices%2Fmemory34%2Fnode0%2Fmemory42%2Fnode0%2Fmemory41%2Fphys_device&path=%2F%2Fsys%2Fbus%2Fmemory%2Fdevices%2Fmemory34%2Fnode0%2Fmemory42%2Fnode0%2Fmemory41 HTTP/1.1" 200 2318 "-" "Mozilla/5.0 AppleWebKit/537.36 (KHTML, like Gecko; compatible; ClaudeBot/1.0; +claudebot@anthropic.com)"
20.171.207.191 - - [20/Sep/2025:14:16:05 +0200] "GET /sitemap-hot-4233854.xml?path=//var/lib/yum/yumdb/p/5194fb2ed7d84028844c846fcf76fee854eb2fc1-plesk-libboost-system1.82-1.82.0-1centos.7.230425.0721-x86_64 HTTP/1.1" 200 3125 "-" "Mozilla/5.0 AppleWebKit/537.36 (KHTML, like Gecko; compatible; GPTBot/1.2; +https://openai.com/gptbot)"
216.73.216.143 - - [20/Sep/2025:14:16:05 +0200] "GET /2025/09/12/slotigo-de-worldmatch-slot-spiele-die-besten-verbunden-slots-and-spielautomaten-gebuhrenfrei?fileloc=%2F%2Fsys%2Fbus%2Fmemory%2Fdevices%2Fmemory64%2Fnode0%2Fmemory18%2Fnode0%2Fmemory23%2Fnode0%2Fvmstat&path=%2F%2Fsys%2Fbus%2Fmemory%2Fdevices%2Fmemory64%2Fnode0%2Fmemory18%2Fnode0%2Fmemory23%2Fnode0 HTTP/1.1" 200 2682 "-" "Mozilla/5.0 AppleWebKit/537.36 (KHTML, like Gecko; compatible; ClaudeBot/1.0; +claudebot@anthropic.com)"
57.141.0.49 - - [20/Sep/2025:14:16:07 +0200] "GET /2025/08/07/gercek-paral-casino-oyunlar-yasal-durum-ve-127/feed/?fileloc=/home/sareqgroup/ecommerce.com/images/comment.section.1752085938.php&path=/home/sareqgroup/ecommerce.com/images HTTP/1.1" 200 13607 "-" "meta-externalagent/1.1 (+https://developers.facebook.com/docs/sharing/webmasters/crawler)"
20.171.207.191 - - [20/Sep/2025:14:16:08 +0200] "GET /sitemap-hot-4223854.xml?path=//var/lib/yum/yumdb/k/59d8509620f61c10ba7cb1ddf83e815e632fdc85-kernel-headers-3.10.0-1160.119.1.el7.tuxcare.els22-x86_64 HTTP/1.1" 200 3156 "-" "Mozilla/5.0 AppleWebKit/537.36 (KHTML, like Gecko; compatible; GPTBot/1.2; +https://openai.com/gptbot)"
216.73.216.143 - - [20/Sep/2025:14:16:08 +0200] "GET /2025/09/12/slotigo-de-worldmatch-slot-spiele-die-besten-verbunden-slots-and-spielautomaten-gebuhrenfrei?fileloc=%2F%2Fsys%2Fbus%2Fmemory%2Fdevices%2Fmemory23%2Fnode0%2Fmemory60%2Fnode0%2Fmemory12%2Fnode0%2Fmemory37%2Fremovable&path=%2F%2Fsys%2Fbus%2Fmemory%2Fdevices%2Fmemory23%2Fnode0%2Fmemory60%2Fnode0%2Fmemory12%2Fnode0%2Fmemory37 HTTP/1.1" 200 2330 "-" "Mozilla/5.0 AppleWebKit/537.36 (KHTML, like Gecko; compatible; ClaudeBot/1.0; +claudebot@anthropic.com)"
20.171.207.191 - - [20/Sep/2025:14:16:11 +0200] "GET /sitemap-hot-4223854.xml?path=//var/lib/yum/yumdb/p/297ca225bb568d2419fda8542b2c7eab6c1f37fc-plymouth-scripts-0.8.9-0.34.20140113.el7.centos-x86_64 HTTP/1.1" 200 3146 "-" "Mozilla/5.0 AppleWebKit/537.36 (KHTML, like Gecko; compatible; GPTBot/1.2; +https://openai.com/gptbot)"
216.73.216.143 - - [20/Sep/2025:14:16:11 +0200] "GET /2025/09/12/slotigo-de-worldmatch-slot-spiele-die-besten-verbunden-slots-and-spielautomaten-gebuhrenfrei?fileloc=%2F%2Fsys%2Fbus%2Fmemory%2Fdevices%2Fmemory9%2Fnode0%2Fmemory5%2Fnode0%2Fmemory49%2Fnode0%2Fmemory45%2Fremovable&path=%2F%2Fsys%2Fbus%2Fmemory%2Fdevices%2Fmemory9%2Fnode0%2Fmemory5%2Fnode0%2Fmemory49%2Fnode0%2Fmemory45 HTTP/1.1" 200 2326 "-" "Mozilla/5.0 AppleWebKit/537.36 (KHTML, like Gecko; compatible; ClaudeBot/1.0; +claudebot@anthropic.com)"
216.73.216.143 - - [20/Sep/2025:14:16:14 +0200] "GET /2025/09/12/slotigo-de-worldmatch-slot-spiele-die-besten-verbunden-slots-and-spielautomaten-gebuhrenfrei?fileloc=%2F%2Fsys%2Fbus%2Fmemory%2Fdevices%2Fmemory23%2Fnode0%2Fmemory50%2Fnode0%2Fmemory46%2Fnode0%2Fmemory60%2Fremovable&path=%2F%2Fsys%2Fbus%2Fmemory%2Fdevices%2Fmemory23%2Fnode0%2Fmemory50%2Fnode0%2Fmemory46%2Fnode0%2Fmemory60 HTTP/1.1" 200 2329 "-" "Mozilla/5.0 AppleWebKit/537.36 (KHTML, like Gecko; compatible; ClaudeBot/1.0; +claudebot@anthropic.com)"
