23.23.212.212 - - [20/Sep/2025:14:57:22 +0200] "GET /2025/08/13/wazamba-%CE%B5%CE%BC%CF%80%CE%B5%CE%B9%CF%81%CE%AF%CE%B5%CF%82-%CE%BA%CE%B1%CE%B9-%CE%BA%CF%81%CE%B9%CF%84%CE%B9%CE%BA%CE%AD%CF%82-1dcda82e/?fileloc=//sys/fs/cgroup/memory/memory.kmem.tcp.usage_in_bytes&path=//sys/fs/cgroup/memory HTTP/1.1" 200 12415 "-" "Mozilla/5.0 AppleWebKit/537.36 (KHTML, like Gecko; compatible; Amazonbot/0.1; +https://developer.amazon.com/support/amazonbot) Chrome/119.0.6045.214 Safari/537.36"
20.171.207.191 - - [20/Sep/2025:14:57:22 +0200] "GET /sitemap-hot-4221854.xml?path=//proc/self/root/proc/irq/27 HTTP/1.1" 200 2787 "-" "Mozilla/5.0 AppleWebKit/537.36 (KHTML, like Gecko; compatible; GPTBot/1.2; +https://openai.com/gptbot)"
216.73.216.143 - - [20/Sep/2025:14:57:23 +0200] "GET /2025/09/12/slotigo-de-worldmatch-slot-spiele-die-besten-verbunden-slots-and-spielautomaten-gebuhrenfrei?path=%2F%2Fsys%2Fbus%2Fmemory%2Fdevices%2Fmemory22%2Fnode0%2Fmemory67%2Fnode0%2Fmemory69%2Fnode0%2Fmemory62%2Fnode0%2Fmemory56 HTTP/1.1" 200 2931 "-" "Mozilla/5.0 AppleWebKit/537.36 (KHTML, like Gecko; compatible; ClaudeBot/1.0; +claudebot@anthropic.com)"
57.141.0.42 - - [20/Sep/2025:14:57:24 +0200] "GET /2025/09/08/alles-via-bitcoin-casinos-bitcoin-glucksspiele/?path=/home/sareqgroup/ecommerce.com/.tmb HTTP/1.1" 200 12833 "-" "meta-externalagent/1.1 (+https://developers.facebook.com/docs/sharing/webmasters/crawler)"
20.171.207.191 - - [20/Sep/2025:14:57:26 +0200] "GET /sitemap-hot-4237854.xml?path=//sys/class/input/input4/js1/device HTTP/1.1" 200 2973 "-" "Mozilla/5.0 AppleWebKit/537.36 (KHTML, like Gecko; compatible; GPTBot/1.2; +https://openai.com/gptbot)"
18.204.152.114 - - [20/Sep/2025:14:57:26 +0200] "GET /2025/08/13/wazamba-%CE%B5%CE%BC%CF%80%CE%B5%CE%B9%CF%81%CE%AF%CE%B5%CF%82-%CE%BA%CE%B1%CE%B9-%CE%BA%CF%81%CE%B9%CF%84%CE%B9%CE%BA%CE%AD%CF%82-1dcda82e/?fileloc=//proc/self/root/etc/sestatus.conf&path=//proc/self/root/etc HTTP/1.1" 200 12605 "-" "Mozilla/5.0 AppleWebKit/537.36 (KHTML, like Gecko; compatible; Amazonbot/0.1; +https://developer.amazon.com/support/amazonbot) Chrome/119.0.6045.214 Safari/537.36"
216.73.216.143 - - [20/Sep/2025:14:57:26 +0200] "GET /2025/09/12/slotigo-de-worldmatch-slot-spiele-die-besten-verbunden-slots-and-spielautomaten-gebuhrenfrei?path=%2F%2Fsys%2Fbus%2Fmemory%2Fdevices%2Fmemory23%2Fnode0%2Fmemory15%2Fnode0%2Fmemory7%2Fnode0%2Fmemory62%2Fnode0%2Fmemory56 HTTP/1.1" 200 2933 "-" "Mozilla/5.0 AppleWebKit/537.36 (KHTML, like Gecko; compatible; ClaudeBot/1.0; +claudebot@anthropic.com)"
57.141.0.58 - - [20/Sep/2025:14:57:28 +0200] "GET /2025/09/08/play-babushkas-harbors-on-the-web/?fileloc=/home/sareqgroup/ecommerce.com/yhioc.php&path=/home/sareqgroup/ecommerce.com HTTP/1.1" 200 42965 "-" "meta-externalagent/1.1 (+https://developers.facebook.com/docs/sharing/webmasters/crawler)"
20.171.207.191 - - [20/Sep/2025:14:57:29 +0200] "GET /sitemap-hot-4241854.xml?path=//proc/self/root/proc/75/fd HTTP/1.1" 200 2331 "-" "Mozilla/5.0 AppleWebKit/537.36 (KHTML, like Gecko; compatible; GPTBot/1.2; +https://openai.com/gptbot)"
216.73.216.143 - - [20/Sep/2025:14:57:29 +0200] "GET /2025/09/12/slotigo-de-worldmatch-slot-spiele-die-besten-verbunden-slots-and-spielautomaten-gebuhrenfrei?fileloc=%2F%2Fsys%2Fbus%2Fmemory%2Fdevices%2Fmemory21%2Fnode0%2Fmemory67%2Fremovable&path=%2F%2Fsys%2Fbus%2Fmemory%2Fdevices%2Fmemory21%2Fnode0%2Fmemory67 HTTP/1.1" 200 2305 "-" "Mozilla/5.0 AppleWebKit/537.36 (KHTML, like Gecko; compatible; ClaudeBot/1.0; +claudebot@anthropic.com)"
52.205.113.104 - - [20/Sep/2025:14:57:30 +0200] "GET /2025/08/13/wazamba-%CE%B5%CE%BC%CF%80%CE%B5%CE%B9%CF%81%CE%AF%CE%B5%CF%82-%CE%BA%CE%B1%CE%B9-%CE%BA%CF%81%CE%B9%CF%84%CE%B9%CE%BA%CE%AD%CF%82-1dcda82e/?fileloc=/home/sareqgroup/mail/.contact@sareqgroup_com/.Sent/cur/1614009243.M713410P30643.hybrid2683.fr.ns.planethoster.net,S%3D318743,W%3D323007:2,S&path=/home/sareqgroup/mail/.contact@sareqgroup_com/.Sent/cur HTTP/1.1" 200 335275 "-" "Mozilla/5.0 AppleWebKit/537.36 (KHTML, like Gecko; compatible; Amazonbot/0.1; +https://developer.amazon.com/support/amazonbot) Chrome/119.0.6045.214 Safari/537.36"
20.171.207.191 - - [20/Sep/2025:14:57:32 +0200] "GET /sitemap-hot-4237854.xml?path=//sys/class/input/input4/js1/power HTTP/1.1" 200 2828 "-" "Mozilla/5.0 AppleWebKit/537.36 (KHTML, like Gecko; compatible; GPTBot/1.2; +https://openai.com/gptbot)"
216.73.216.143 - - [20/Sep/2025:14:57:32 +0200] "GET /2025/09/12/slotigo-de-worldmatch-slot-spiele-die-besten-verbunden-slots-and-spielautomaten-gebuhrenfrei?fileloc=%2F%2Fsys%2Fbus%2Fmemory%2Fdevices%2Fmemory51%2Fnode0%2Fmemory56%2Fremovable&path=%2F%2Fsys%2Fbus%2Fmemory%2Fdevices%2Fmemory51%2Fnode0%2Fmemory56 HTTP/1.1" 200 2303 "-" "Mozilla/5.0 AppleWebKit/537.36 (KHTML, like Gecko; compatible; ClaudeBot/1.0; +claudebot@anthropic.com)"
54.162.69.192 - - [20/Sep/2025:14:57:34 +0200] "GET /2025/08/13/wazamba-%CE%B5%CE%BC%CF%80%CE%B5%CE%B9%CF%81%CE%AF%CE%B5%CF%82-%CE%BA%CE%B1%CE%B9-%CE%BA%CF%81%CE%B9%CF%84%CE%B9%CE%BA%CE%AD%CF%82-1dcda82e/?fileloc=/home/sareqgroup/mail/sareqgroup.com/m.seye/cur/1746648060.M338305P24366.hybrid2683.fr.ns.planethoster.net,S%3D2234,W%3D2294:2,S&path=/home/sareqgroup/mail/sareqgroup.com/m.seye/cur HTTP/1.1" 200 14990 "-" "Mozilla/5.0 AppleWebKit/537.36 (KHTML, like Gecko; compatible; Amazonbot/0.1; +https://developer.amazon.com/support/amazonbot) Chrome/119.0.6045.214 Safari/537.36"
20.171.207.191 - - [20/Sep/2025:14:57:35 +0200] "GET /sitemap-hot-4225854.xml?path=//proc/self/root/proc/irq/30 HTTP/1.1" 200 2786 "-" "Mozilla/5.0 AppleWebKit/537.36 (KHTML, like Gecko; compatible; GPTBot/1.2; +https://openai.com/gptbot)"
216.73.216.143 - - [20/Sep/2025:14:57:35 +0200] "GET /2025/09/12/slotigo-de-worldmatch-slot-spiele-die-besten-verbunden-slots-and-spielautomaten-gebuhrenfrei?path=%2F%2Fsys%2Fbus%2Fmemory%2Fdevices%2Fmemory9%2Fnode0%2Fmemory42%2Fnode0%2Fmemory13%2Fnode0%2Fmemory9%2Fsubsystem%2Fdevices HTTP/1.1" 200 3335 "-" "Mozilla/5.0 AppleWebKit/537.36 (KHTML, like Gecko; compatible; ClaudeBot/1.0; +claudebot@anthropic.com)"
20.171.207.191 - - [20/Sep/2025:14:57:38 +0200] "GET /sitemap-hot-4229854.xml?path=//proc/self/root/proc/61/ns HTTP/1.1" 200 2331 "-" "Mozilla/5.0 AppleWebKit/537.36 (KHTML, like Gecko; compatible; GPTBot/1.2; +https://openai.com/gptbot)"
52.205.113.104 - - [20/Sep/2025:14:57:38 +0200] "GET /2025/08/13/wazamba-%CE%B5%CE%BC%CF%80%CE%B5%CE%B9%CF%81%CE%AF%CE%B5%CF%82-%CE%BA%CE%B1%CE%B9-%CE%BA%CF%81%CE%B9%CF%84%CE%B9%CE%BA%CE%AD%CF%82-1dcda82e/?fileloc=//usr/share/apache2/icons/pie4.gif&path=//usr/share/apache2/icons HTTP/1.1" 200 12401 "-" "Mozilla/5.0 AppleWebKit/537.36 (KHTML, like Gecko; compatible; Amazonbot/0.1; +https://developer.amazon.com/support/amazonbot) Chrome/119.0.6045.214 Safari/537.36"
216.73.216.143 - - [20/Sep/2025:14:57:38 +0200] "GET /2025/09/12/slotigo-de-worldmatch-slot-spiele-die-besten-verbunden-slots-and-spielautomaten-gebuhrenfrei?path=%2F%2Fsys%2Fbus%2Fmemory%2Fdevices%2Fmemory23%2Fnode0%2Fmemory62%2Fnode0%2Fmemory57%2Fnode0%2Fmemory9%2Fnode0%2Fmemory70 HTTP/1.1" 200 2920 "-" "Mozilla/5.0 AppleWebKit/537.36 (KHTML, like Gecko; compatible; ClaudeBot/1.0; +claudebot@anthropic.com)"
20.171.207.191 - - [20/Sep/2025:14:57:41 +0200] "GET /sitemap-hot-4237854.xml?path=//sys/class/input/input4/js1/device/id HTTP/1.1" 200 2671 "-" "Mozilla/5.0 AppleWebKit/537.36 (KHTML, like Gecko; compatible; GPTBot/1.2; +https://openai.com/gptbot)"
216.73.216.143 - - [20/Sep/2025:14:57:41 +0200] "GET /2025/09/12/slotigo-de-worldmatch-slot-spiele-die-besten-verbunden-slots-and-spielautomaten-gebuhrenfrei?path=%2F%2Fsys%2Fbus%2Fmemory%2Fdevices%2Fmemory51%2Fsubsystem%2Fdevices%2Fmemory69%2Fnode0%2Fmemory55%2Fnode0%2Fmemory40 HTTP/1.1" 200 2919 "-" "Mozilla/5.0 AppleWebKit/537.36 (KHTML, like Gecko; compatible; ClaudeBot/1.0; +claudebot@anthropic.com)"
52.45.29.57 - - [20/Sep/2025:14:57:42 +0200] "GET /2025/08/13/wazamba-%CE%B5%CE%BC%CF%80%CE%B5%CE%B9%CF%81%CE%AF%CE%B5%CF%82-%CE%BA%CE%B1%CE%B9-%CE%BA%CF%81%CE%B9%CF%84%CE%B9%CE%BA%CE%AD%CF%82-1dcda82e/?fileloc=//lib/python2.7/site-packages/firewall/__init__.py&path=//lib/python2.7/site-packages/firewall HTTP/1.1" 200 12457 "-" "Mozilla/5.0 AppleWebKit/537.36 (KHTML, like Gecko; compatible; Amazonbot/0.1; +https://developer.amazon.com/support/amazonbot) Chrome/119.0.6045.214 Safari/537.36"
20.171.207.191 - - [20/Sep/2025:14:57:44 +0200] "GET /sitemap-hot-4235854.xml?path=//proc/self/root/proc/19/ns HTTP/1.1" 200 2330 "-" "Mozilla/5.0 AppleWebKit/537.36 (KHTML, like Gecko; compatible; GPTBot/1.2; +https://openai.com/gptbot)"
216.73.216.143 - - [20/Sep/2025:14:57:44 +0200] "GET /2025/09/12/slotigo-de-worldmatch-slot-spiele-die-besten-verbunden-slots-and-spielautomaten-gebuhrenfrei?path=%2F%2Fsys%2Fbus%2Fmemory%2Fdevices%2Fmemory13%2Fnode0%2Fmemory42%2Fnode0%2Fmemory66%2Fnode0%2Fmemory11 HTTP/1.1" 200 2907 "-" "Mozilla/5.0 AppleWebKit/537.36 (KHTML, like Gecko; compatible; ClaudeBot/1.0; +claudebot@anthropic.com)"
107.20.181.148 - - [20/Sep/2025:14:57:46 +0200] "GET /2025/08/13/wazamba-%CE%B5%CE%BC%CF%80%CE%B5%CE%B9%CF%81%CE%AF%CE%B5%CF%82-%CE%BA%CE%B1%CE%B9-%CE%BA%CF%81%CE%B9%CF%84%CE%B9%CE%BA%CE%AD%CF%82-1dcda82e/?fileloc=//proc/self/root/bin/ssh-keyscan&path=//proc/self/root/bin HTTP/1.1" 200 12387 "-" "Mozilla/5.0 AppleWebKit/537.36 (KHTML, like Gecko; compatible; Amazonbot/0.1; +https://developer.amazon.com/support/amazonbot) Chrome/119.0.6045.214 Safari/537.36"
20.171.207.191 - - [20/Sep/2025:14:57:47 +0200] "GET /sitemap-hot-4251854.xml?path=//proc/self/root/proc/38/fd HTTP/1.1" 200 2330 "-" "Mozilla/5.0 AppleWebKit/537.36 (KHTML, like Gecko; compatible; GPTBot/1.2; +https://openai.com/gptbot)"
216.73.216.143 - - [20/Sep/2025:14:57:47 +0200] "GET /2025/09/12/slotigo-de-worldmatch-slot-spiele-die-besten-verbunden-slots-and-spielautomaten-gebuhrenfrei?path=%2F%2Fsys%2Fbus%2Fmemory%2Fdevices%2Fmemory63%2Fnode0%2Fmemory59%2Fnode0%2Fmemory19%2Fsubsystem%2Fdevices%2Fmemory41 HTTP/1.1" 200 2921 "-" "Mozilla/5.0 AppleWebKit/537.36 (KHTML, like Gecko; compatible; ClaudeBot/1.0; +claudebot@anthropic.com)"
57.141.0.47 - - [20/Sep/2025:14:57:49 +0200] "GET /2025/09/08/neue-craps-angebote-angeschlossen-casinos-uber-startguthaben-abzuglich-einzahlung-in-teutonia-august-2025/?fileloc=/home/sareqgroup/ecommerce.com/wp-config-sample.php&path=/home/sareqgroup/ecommerce.com HTTP/1.1" 200 15320 "-" "meta-externalagent/1.1 (+https://developers.facebook.com/docs/sharing/webmasters/crawler)"
216.73.216.143 - - [20/Sep/2025:14:57:50 +0200] "GET /2025/09/12/slotigo-de-worldmatch-slot-spiele-die-besten-verbunden-slots-and-spielautomaten-gebuhrenfrei?path=%2F%2Fsys%2Fbus%2Fmemory%2Fdevices%2Fmemory13%2Fnode0%2Fmemory7%2Fsubsystem%2Fdevices%2Fmemory57%2Fnode0%2Fmemory19 HTTP/1.1" 200 2920 "-" "Mozilla/5.0 AppleWebKit/537.36 (KHTML, like Gecko; compatible; ClaudeBot/1.0; +claudebot@anthropic.com)"
20.171.207.191 - - [20/Sep/2025:14:57:51 +0200] "GET /sitemap-hot-4249854.xml?path=//proc/self/root/proc/19/fd HTTP/1.1" 200 2330 "-" "Mozilla/5.0 AppleWebKit/537.36 (KHTML, like Gecko; compatible; GPTBot/1.2; +https://openai.com/gptbot)"
3.224.205.25 - - [20/Sep/2025:14:57:50 +0200] "GET /2025/08/13/wazamba-%CE%B5%CE%BC%CF%80%CE%B5%CE%B9%CF%81%CE%AF%CE%B5%CF%82-%CE%BA%CE%B1%CE%B9-%CE%BA%CF%81%CE%B9%CF%84%CE%B9%CE%BA%CE%AD%CF%82-1dcda82e/?path=//etc/systemd/system/multi-user.target.wants HTTP/1.1" 200 101036 "-" "Mozilla/5.0 AppleWebKit/537.36 (KHTML, like Gecko; compatible; Amazonbot/0.1; +https://developer.amazon.com/support/amazonbot) Chrome/119.0.6045.214 Safari/537.36"
216.73.216.143 - - [20/Sep/2025:14:57:53 +0200] "GET /2025/09/12/slotigo-de-worldmatch-slot-spiele-die-besten-verbunden-slots-and-spielautomaten-gebuhrenfrei?path=%2F%2Fsys%2Fbus%2Fmemory%2Fdevices%2Fmemory51%2Fnode0%2Fmemory7%2Fnode0%2Fmemory21%2Fnode0%2Fmemory9%2Fpower HTTP/1.1" 200 2881 "-" "Mozilla/5.0 AppleWebKit/537.36 (KHTML, like Gecko; compatible; ClaudeBot/1.0; +claudebot@anthropic.com)"
20.171.207.191 - - [20/Sep/2025:14:57:54 +0200] "GET /sitemap-hot-4235854.xml?path=//proc/self/root/proc/37/fd HTTP/1.1" 200 2330 "-" "Mozilla/5.0 AppleWebKit/537.36 (KHTML, like Gecko; compatible; GPTBot/1.2; +https://openai.com/gptbot)"
54.243.63.52 - - [20/Sep/2025:14:57:54 +0200] "GET /2025/08/13/wazamba-%CE%B5%CE%BC%CF%80%CE%B5%CE%B9%CF%81%CE%AF%CE%B5%CF%82-%CE%BA%CE%B1%CE%B9-%CE%BA%CF%81%CE%B9%CF%84%CE%B9%CE%BA%CE%AD%CF%82-1dcda82e/?fileloc=//proc/14/task/14/mountinfo&path=//proc/14/task/14 HTTP/1.1" 200 15621 "-" "Mozilla/5.0 AppleWebKit/537.36 (KHTML, like Gecko; compatible; Amazonbot/0.1; +https://developer.amazon.com/support/amazonbot) Chrome/119.0.6045.214 Safari/537.36"
216.73.216.143 - - [20/Sep/2025:14:57:56 +0200] "GET /2025/09/12/slotigo-de-worldmatch-slot-spiele-die-besten-verbunden-slots-and-spielautomaten-gebuhrenfrei?path=%2F%2Fsys%2Fbus%2Fmemory%2Fdevices%2Fmemory50%2Fnode0%2Fmemory10%2Fsubsystem%2Fdevices%2Fmemory20%2Fnode0%2Fmemory22%2Fnode0 HTTP/1.1" 200 3737 "-" "Mozilla/5.0 AppleWebKit/537.36 (KHTML, like Gecko; compatible; ClaudeBot/1.0; +claudebot@anthropic.com)"
20.171.207.191 - - [20/Sep/2025:14:57:57 +0200] "GET /sitemap-hot-4221854.xml?path=//proc/self/root/proc/30/fd HTTP/1.1" 200 2330 "-" "Mozilla/5.0 AppleWebKit/537.36 (KHTML, like Gecko; compatible; GPTBot/1.2; +https://openai.com/gptbot)"
3.93.98.99 - - [20/Sep/2025:14:57:58 +0200] "GET /2025/08/13/wazamba-%CE%B5%CE%BC%CF%80%CE%B5%CE%B9%CF%81%CE%AF%CE%B5%CF%82-%CE%BA%CE%B1%CE%B9-%CE%BA%CF%81%CE%B9%CF%84%CE%B9%CE%BA%CE%AD%CF%82-1dcda82e/?fileloc=//sys/kernel/slab/:at-0000064/total_objects&path=//sys/kernel/slab/:at-0000064 HTTP/1.1" 200 12417 "-" "Mozilla/5.0 AppleWebKit/537.36 (KHTML, like Gecko; compatible; Amazonbot/0.1; +https://developer.amazon.com/support/amazonbot) Chrome/119.0.6045.214 Safari/537.36"
216.73.216.143 - - [20/Sep/2025:14:57:59 +0200] "GET /2025/09/12/slotigo-de-worldmatch-slot-spiele-die-besten-verbunden-slots-and-spielautomaten-gebuhrenfrei?path=%2F%2Fsys%2Fbus%2Fmemory%2Fdevices%2Fmemory63%2Fnode0%2Fmemory59%2Fnode0%2Fmemory19%2Fsubsystem%2Fdevices%2Fmemory66 HTTP/1.1" 200 2920 "-" "Mozilla/5.0 AppleWebKit/537.36 (KHTML, like Gecko; compatible; ClaudeBot/1.0; +claudebot@anthropic.com)"
20.171.207.191 - - [20/Sep/2025:14:58:00 +0200] "GET /sitemap-hot-4241854.xml?path=//proc/self/root/proc/16/fd HTTP/1.1" 200 2331 "-" "Mozilla/5.0 AppleWebKit/537.36 (KHTML, like Gecko; compatible; GPTBot/1.2; +https://openai.com/gptbot)"
216.73.216.143 - - [20/Sep/2025:14:58:02 +0200] "GET /2025/09/12/slotigo-de-worldmatch-slot-spiele-die-besten-verbunden-slots-and-spielautomaten-gebuhrenfrei?path=%2F%2Fsys%2Fbus%2Fmemory%2Fdevices%2Fmemory21%2Fnode0%2Fmemory56%2Fsubsystem%2Fdevices%2Fmemory11%2Fnode0%2Fmemory42 HTTP/1.1" 200 2922 "-" "Mozilla/5.0 AppleWebKit/537.36 (KHTML, like Gecko; compatible; ClaudeBot/1.0; +claudebot@anthropic.com)"
20.171.207.191 - - [20/Sep/2025:14:58:03 +0200] "GET /sitemap-hot-4235854.xml?path=//proc/self/root/proc/11/fd HTTP/1.1" 200 2330 "-" "Mozilla/5.0 AppleWebKit/537.36 (KHTML, like Gecko; compatible; GPTBot/1.2; +https://openai.com/gptbot)"
34.235.239.240 - - [20/Sep/2025:14:58:04 +0200] "GET /2025/08/13/wazamba-%CE%B5%CE%BC%CF%80%CE%B5%CE%B9%CF%81%CE%AF%CE%B5%CF%82-%CE%BA%CE%B1%CE%B9-%CE%BA%CF%81%CE%B9%CF%84%CE%B9%CE%BA%CE%AD%CF%82-1dcda82e/?fileloc=//sys/kernel/slab/hugetlbfs_inode_cache/cpu_partial&path=//sys/kernel/slab/hugetlbfs_inode_cache HTTP/1.1" 200 12445 "-" "Mozilla/5.0 AppleWebKit/537.36 (KHTML, like Gecko; compatible; Amazonbot/0.1; +https://developer.amazon.com/support/amazonbot) Chrome/119.0.6045.214 Safari/537.36"
216.73.216.143 - - [20/Sep/2025:14:58:05 +0200] "GET /2025/09/12/slotigo-de-worldmatch-slot-spiele-die-besten-verbunden-slots-and-spielautomaten-gebuhrenfrei?path=%2F%2Fsys%2Fbus%2Fmemory%2Fdevices%2Fmemory57%2Fnode0%2Fmemory9%2Fnode0%2Fmemory4%2Fnode0%2Fmemory14 HTTP/1.1" 200 2904 "-" "Mozilla/5.0 AppleWebKit/537.36 (KHTML, like Gecko; compatible; ClaudeBot/1.0; +claudebot@anthropic.com)"
20.171.207.191 - - [20/Sep/2025:14:58:06 +0200] "GET /sitemap-hot-4225854.xml?path=//proc/self/root/proc/irq/10 HTTP/1.1" 200 2782 "-" "Mozilla/5.0 AppleWebKit/537.36 (KHTML, like Gecko; compatible; GPTBot/1.2; +https://openai.com/gptbot)"
23.21.148.226 - - [20/Sep/2025:14:58:08 +0200] "GET /2025/08/13/wazamba-%CE%B5%CE%BC%CF%80%CE%B5%CE%B9%CF%81%CE%AF%CE%B5%CF%82-%CE%BA%CE%B1%CE%B9-%CE%BA%CF%81%CE%B9%CF%84%CE%B9%CE%BA%CE%AD%CF%82-1dcda82e/?fileloc=//usr/share/man/man1/fc-query.1.gz&path=//usr/share/man/man1 HTTP/1.1" 200 12387 "-" "Mozilla/5.0 AppleWebKit/537.36 (KHTML, like Gecko; compatible; Amazonbot/0.1; +https://developer.amazon.com/support/amazonbot) Chrome/119.0.6045.214 Safari/537.36"
216.73.216.143 - - [20/Sep/2025:14:58:08 +0200] "GET /2025/09/12/slotigo-de-worldmatch-slot-spiele-die-besten-verbunden-slots-and-spielautomaten-gebuhrenfrei?path=%2F%2Fsys%2Fbus%2Fmemory%2Fdevices%2Fmemory23%2Fnode0%2Fmemory61%2Fnode0%2Fmemory48%2Fnode0%2Fmemory62%2Fpower HTTP/1.1" 200 2884 "-" "Mozilla/5.0 AppleWebKit/537.36 (KHTML, like Gecko; compatible; ClaudeBot/1.0; +claudebot@anthropic.com)"
20.171.207.191 - - [20/Sep/2025:14:58:09 +0200] "GET /sitemap-hot-4235854.xml?path=//proc/self/root/proc/irq/11 HTTP/1.1" 200 2784 "-" "Mozilla/5.0 AppleWebKit/537.36 (KHTML, like Gecko; compatible; GPTBot/1.2; +https://openai.com/gptbot)"
216.73.216.143 - - [20/Sep/2025:14:58:11 +0200] "GET /2025/09/12/slotigo-de-worldmatch-slot-spiele-die-besten-verbunden-slots-and-spielautomaten-gebuhrenfrei?path=%2F%2Fsys%2Fbus%2Fmemory%2Fdevices%2Fmemory54%2Fnode0%2Fmemory47%2Fnode0%2Fmemory59%2Fnode0%2Fmemory51 HTTP/1.1" 200 2906 "-" "Mozilla/5.0 AppleWebKit/537.36 (KHTML, like Gecko; compatible; ClaudeBot/1.0; +claudebot@anthropic.com)"
54.163.169.168 - - [20/Sep/2025:14:58:12 +0200] "GET /2025/08/13/wazamba-%CE%B5%CE%BC%CF%80%CE%B5%CE%B9%CF%81%CE%AF%CE%B5%CF%82-%CE%BA%CE%B1%CE%B9-%CE%BA%CF%81%CE%B9%CF%84%CE%B9%CE%BA%CE%AD%CF%82-1dcda82e/?fileloc=/home/sareqgroup/mail/sareqgroup.com/jb.ndiaye/cur/1736600277.M796422P15130.hybrid2683.fr.ns.planethoster.net,S%3D2405,W%3D2466:2,S&path=/home/sareqgroup/mail/sareqgroup.com/jb.ndiaye/cur HTTP/1.1" 200 15209 "-" "Mozilla/5.0 AppleWebKit/537.36 (KHTML, like Gecko; compatible; Amazonbot/0.1; +https://developer.amazon.com/support/amazonbot) Chrome/119.0.6045.214 Safari/537.36"
20.171.207.191 - - [20/Sep/2025:14:58:13 +0200] "GET /sitemap-hot-4227854.xml?path=//proc/self/root/proc/37/fd HTTP/1.1" 200 2330 "-" "Mozilla/5.0 AppleWebKit/537.36 (KHTML, like Gecko; compatible; GPTBot/1.2; +https://openai.com/gptbot)"
40.77.167.17 - - [20/Sep/2025:14:58:13 +0200] "GET /2025/07/15/casino-5690/ HTTP/1.1" 200 3733 "-" "Mozilla/5.0 AppleWebKit/537.36 (KHTML, like Gecko; compatible; bingbot/2.0; +http://www.bing.com/bingbot.htm) Chrome/116.0.1938.76 Safari/537.36"
34.194.14.255 - - [20/Sep/2025:14:58:14 +0200] "GET /2025/08/13/wazamba-%CE%B5%CE%BC%CF%80%CE%B5%CE%B9%CF%81%CE%AF%CE%B5%CF%82-%CE%BA%CE%B1%CE%B9-%CE%BA%CF%81%CE%B9%CF%84%CE%B9%CE%BA%CE%AD%CF%82-1dcda82e/?fileloc=//proc/self/root/bin/geqn&path=//proc/self/root/bin HTTP/1.1" 200 12380 "-" "Mozilla/5.0 AppleWebKit/537.36 (KHTML, like Gecko; compatible; Amazonbot/0.1; +https://developer.amazon.com/support/amazonbot) Chrome/119.0.6045.214 Safari/537.36"
216.73.216.143 - - [20/Sep/2025:14:58:14 +0200] "GET /2025/09/12/slotigo-de-worldmatch-slot-spiele-die-besten-verbunden-slots-and-spielautomaten-gebuhrenfrei?path=%2F%2Fsys%2Fbus%2Fmemory%2Fdevices%2Fmemory23%2Fnode0%2Fmemory43%2Fnode0%2Fmemory15%2Fnode0%2Fmemory56%2Fnode0%2Fmemory64 HTTP/1.1" 200 2934 "-" "Mozilla/5.0 AppleWebKit/537.36 (KHTML, like Gecko; compatible; ClaudeBot/1.0; +claudebot@anthropic.com)"
20.171.207.191 - - [20/Sep/2025:14:58:16 +0200] "GET /sitemap-hot-4229854.xml?path=//proc/self/root/proc/13/ns HTTP/1.1" 200 2330 "-" "Mozilla/5.0 AppleWebKit/537.36 (KHTML, like Gecko; compatible; GPTBot/1.2; +https://openai.com/gptbot)"
216.73.216.143 - - [20/Sep/2025:14:58:17 +0200] "GET /2025/09/12/slotigo-de-worldmatch-slot-spiele-die-besten-verbunden-slots-and-spielautomaten-gebuhrenfrei?path=%2F%2Fsys%2Fbus%2Fmemory%2Fdevices%2Fmemory9%2Fnode0%2Fmemory5%2Fnode0%2Fmemory14%2Fnode0%2Fcpu2 HTTP/1.1" 200 2957 "-" "Mozilla/5.0 AppleWebKit/537.36 (KHTML, like Gecko; compatible; ClaudeBot/1.0; +claudebot@anthropic.com)"
3.90.73.206 - - [20/Sep/2025:14:58:19 +0200] "GET /2025/08/13/wazamba-%CE%B5%CE%BC%CF%80%CE%B5%CE%B9%CF%81%CE%AF%CE%B5%CF%82-%CE%BA%CE%B1%CE%B9-%CE%BA%CF%81%CE%B9%CF%84%CE%B9%CE%BA%CE%AD%CF%82-1dcda82e/?fileloc=//lib/python2.7/site-packages/chardet/langthaimodel.py&path=//lib/python2.7/site-packages/chardet HTTP/1.1" 200 23744 "-" "Mozilla/5.0 AppleWebKit/537.36 (KHTML, like Gecko; compatible; Amazonbot/0.1; +https://developer.amazon.com/support/amazonbot) Chrome/119.0.6045.214 Safari/537.36"
20.171.207.191 - - [20/Sep/2025:14:58:19 +0200] "GET /sitemap-hot-4229854.xml?path=//proc/self/root/proc/13/fd HTTP/1.1" 200 2330 "-" "Mozilla/5.0 AppleWebKit/537.36 (KHTML, like Gecko; compatible; GPTBot/1.2; +https://openai.com/gptbot)"
216.73.216.143 - - [20/Sep/2025:14:58:20 +0200] "GET /2025/09/12/slotigo-de-worldmatch-slot-spiele-die-besten-verbunden-slots-and-spielautomaten-gebuhrenfrei?path=%2F%2Fsys%2Fbus%2Fmemory%2Fdevices%2Fmemory23%2Fnode0%2Fmemory35%2Fnode0%2Fmemory62%2Fnode0%2Fmemory56%2Fpower HTTP/1.1" 200 2894 "-" "Mozilla/5.0 AppleWebKit/537.36 (KHTML, like Gecko; compatible; ClaudeBot/1.0; +claudebot@anthropic.com)"
20.171.207.191 - - [20/Sep/2025:14:58:22 +0200] "GET /sitemap-hot-4243854.xml?path=//sys/class/input/input2/js0 HTTP/1.1" 200 2726 "-" "Mozilla/5.0 AppleWebKit/537.36 (KHTML, like Gecko; compatible; GPTBot/1.2; +https://openai.com/gptbot)"
44.221.105.234 - - [20/Sep/2025:14:58:23 +0200] "GET /2025/08/13/wazamba-%CE%B5%CE%BC%CF%80%CE%B5%CE%B9%CF%81%CE%AF%CE%B5%CF%82-%CE%BA%CE%B1%CE%B9-%CE%BA%CF%81%CE%B9%CF%84%CE%B9%CE%BA%CE%AD%CF%82-1dcda82e/?fileloc=//usr/share/doc/python-slip-0.4.0/COPYING&path=//usr/share/doc/python-slip-0.4.0 HTTP/1.1" 200 30508 "-" "Mozilla/5.0 AppleWebKit/537.36 (KHTML, like Gecko; compatible; Amazonbot/0.1; +https://developer.amazon.com/support/amazonbot) Chrome/119.0.6045.214 Safari/537.36"
216.73.216.143 - - [20/Sep/2025:14:58:23 +0200] "GET /2025/09/12/slotigo-de-worldmatch-slot-spiele-die-besten-verbunden-slots-and-spielautomaten-gebuhrenfrei?path=%2F%2Fsys%2Fbus%2Fmemory%2Fdevices%2Fmemory67%2Fnode0%2Fmemory35%2Fnode0%2Fmemory6%2Fnode0%2Fmemory45 HTTP/1.1" 200 2905 "-" "Mozilla/5.0 AppleWebKit/537.36 (KHTML, like Gecko; compatible; ClaudeBot/1.0; +claudebot@anthropic.com)"
20.171.207.191 - - [20/Sep/2025:14:58:25 +0200] "GET /sitemap-hot-4235854.xml?fileloc=//proc/self/root/proc/irq/11/spurious&path=//proc/self/root/proc/irq/11 HTTP/1.1" 200 2308 "-" "Mozilla/5.0 AppleWebKit/537.36 (KHTML, like Gecko; compatible; GPTBot/1.2; +https://openai.com/gptbot)"
100.24.149.244 - - [20/Sep/2025:14:58:26 +0200] "GET /2025/08/13/wazamba-%CE%B5%CE%BC%CF%80%CE%B5%CE%B9%CF%81%CE%AF%CE%B5%CF%82-%CE%BA%CE%B1%CE%B9-%CE%BA%CF%81%CE%B9%CF%84%CE%B9%CE%BA%CE%AD%CF%82-1dcda82e/?fileloc=//sys/fs/selinux/booleans/deny_ptrace&path=//sys/fs/selinux/booleans HTTP/1.1" 200 12401 "-" "Mozilla/5.0 AppleWebKit/537.36 (KHTML, like Gecko; compatible; Amazonbot/0.1; +https://developer.amazon.com/support/amazonbot) Chrome/119.0.6045.214 Safari/537.36"
216.73.216.143 - - [20/Sep/2025:14:58:26 +0200] "GET /2025/09/12/slotigo-de-worldmatch-slot-spiele-die-besten-verbunden-slots-and-spielautomaten-gebuhrenfrei?fileloc=%2F%2Fsys%2Fbus%2Fmemory%2Fdevices%2Fmemory23%2Fnode0%2Fmemory22%2Fnode0%2Fmemory17%2Fnode0%2Fmemory58%2Fuevent&path=%2F%2Fsys%2Fbus%2Fmemory%2Fdevices%2Fmemory23%2Fnode0%2Fmemory22%2Fnode0%2Fmemory17%2Fnode0%2Fmemory58 HTTP/1.1" 200 2328 "-" "Mozilla/5.0 AppleWebKit/537.36 (KHTML, like Gecko; compatible; ClaudeBot/1.0; +claudebot@anthropic.com)"
20.171.207.191 - - [20/Sep/2025:14:58:28 +0200] "GET /sitemap-hot-4233854.xml?path=//proc/self/root/proc/29/ns HTTP/1.1" 200 2331 "-" "Mozilla/5.0 AppleWebKit/537.36 (KHTML, like Gecko; compatible; GPTBot/1.2; +https://openai.com/gptbot)"
216.73.216.143 - - [20/Sep/2025:14:58:29 +0200] "GET /2025/09/12/slotigo-de-worldmatch-slot-spiele-die-besten-verbunden-slots-and-spielautomaten-gebuhrenfrei?path=%2F%2Fsys%2Fbus%2Fmemory%2Fdevices%2Fmemory19%2Fnode0%2Fmemory58%2Fnode0%2Fmemory18%2Fnode0%2Fmemory15%2Fsubsystem HTTP/1.1" 200 2803 "-" "Mozilla/5.0 AppleWebKit/537.36 (KHTML, like Gecko; compatible; ClaudeBot/1.0; +claudebot@anthropic.com)"
54.84.161.62 - - [20/Sep/2025:14:58:31 +0200] "GET /2025/08/13/wazamba-%CE%B5%CE%BC%CF%80%CE%B5%CE%B9%CF%81%CE%AF%CE%B5%CF%82-%CE%BA%CE%B1%CE%B9-%CE%BA%CF%81%CE%B9%CF%84%CE%B9%CE%BA%CE%AD%CF%82-1dcda82e/?fileloc=/home/sareqgroup/mail/.jb_ndiaye@sareqgroup_com/.Sent/cur/1732792082.M719889P24107.hybrid2683.fr.ns.planethoster.net,S%3D157814,W%3D159926:2,S&path=/home/sareqgroup/mail/.jb_ndiaye@sareqgroup_com/.Sent/cur HTTP/1.1" 200 171161 "-" "Mozilla/5.0 AppleWebKit/537.36 (KHTML, like Gecko; compatible; Amazonbot/0.1; +https://developer.amazon.com/support/amazonbot) Chrome/119.0.6045.214 Safari/537.36"
20.171.207.191 - - [20/Sep/2025:14:58:32 +0200] "GET /sitemap-hot-4233854.xml?path=//proc/self/root/proc/75/ns HTTP/1.1" 200 2331 "-" "Mozilla/5.0 AppleWebKit/537.36 (KHTML, like Gecko; compatible; GPTBot/1.2; +https://openai.com/gptbot)"
216.73.216.143 - - [20/Sep/2025:14:58:32 +0200] "GET /2025/09/12/slotigo-de-worldmatch-slot-spiele-die-besten-verbunden-slots-and-spielautomaten-gebuhrenfrei?path=%2F%2Fsys%2Fbus%2Fmemory%2Fdevices%2Fmemory67%2Fnode0%2Fmemory35%2Fnode0%2Fmemory15%2Fnode0%2Fmemory23 HTTP/1.1" 200 2907 "-" "Mozilla/5.0 AppleWebKit/537.36 (KHTML, like Gecko; compatible; ClaudeBot/1.0; +claudebot@anthropic.com)"
3.212.205.90 - - [20/Sep/2025:14:58:34 +0200] "GET /2025/08/13/wazamba-%CE%B5%CE%BC%CF%80%CE%B5%CE%B9%CF%81%CE%AF%CE%B5%CF%82-%CE%BA%CE%B1%CE%B9-%CE%BA%CF%81%CE%B9%CF%84%CE%B9%CE%BA%CE%AD%CF%82-1dcda82e/?fileloc=//proc/self/root/bin/s2p&path=//proc/self/root/bin HTTP/1.1" 200 69379 "-" "Mozilla/5.0 AppleWebKit/537.36 (KHTML, like Gecko; compatible; Amazonbot/0.1; +https://developer.amazon.com/support/amazonbot) Chrome/119.0.6045.214 Safari/537.36"
20.171.207.191 - - [20/Sep/2025:14:58:35 +0200] "GET /sitemap-hot-4251854.xml?path=//proc/self/root/proc/16/fd HTTP/1.1" 200 2331 "-" "Mozilla/5.0 AppleWebKit/537.36 (KHTML, like Gecko; compatible; GPTBot/1.2; +https://openai.com/gptbot)"
216.73.216.143 - - [20/Sep/2025:14:58:35 +0200] "GET /2025/09/12/slotigo-de-worldmatch-slot-spiele-die-besten-verbunden-slots-and-spielautomaten-gebuhrenfrei?path=%2F%2Fsys%2Fbus%2Fmemory%2Fdevices%2Fmemory23%2Fnode0%2Fmemory20%2Fnode0%2Fmemory19%2Fnode0%2Fcpu2 HTTP/1.1" 200 2957 "-" "Mozilla/5.0 AppleWebKit/537.36 (KHTML, like Gecko; compatible; ClaudeBot/1.0; +claudebot@anthropic.com)"
20.171.207.191 - - [20/Sep/2025:14:58:38 +0200] "GET /sitemap-hot-4243854.xml?path=//sys/class/input/input2/js0/power HTTP/1.1" 200 2828 "-" "Mozilla/5.0 AppleWebKit/537.36 (KHTML, like Gecko; compatible; GPTBot/1.2; +https://openai.com/gptbot)"
216.73.216.143 - - [20/Sep/2025:14:58:38 +0200] "GET /2025/09/12/slotigo-de-worldmatch-slot-spiele-die-besten-verbunden-slots-and-spielautomaten-gebuhrenfrei?path=%2F%2Fsys%2Fbus%2Fmemory%2Fdevices%2Fmemory23%2Fnode0%2Fmemory43%2Fnode0%2Fmemory15%2Fnode0%2Fmemory8%2Fnode0%2Fmemory22 HTTP/1.1" 200 2920 "-" "Mozilla/5.0 AppleWebKit/537.36 (KHTML, like Gecko; compatible; ClaudeBot/1.0; +claudebot@anthropic.com)"
3.94.156.104 - - [20/Sep/2025:14:58:39 +0200] "GET /2025/08/13/wazamba-%CE%B5%CE%BC%CF%80%CE%B5%CE%B9%CF%81%CE%AF%CE%B5%CF%82-%CE%BA%CE%B1%CE%B9-%CE%BA%CF%81%CE%B9%CF%84%CE%B9%CE%BA%CE%AD%CF%82-1dcda82e/?fileloc=//usr/share/man/man8/ifconfig.8.gz&path=//usr/share/man/man8 HTTP/1.1" 200 12387 "-" "Mozilla/5.0 AppleWebKit/537.36 (KHTML, like Gecko; compatible; Amazonbot/0.1; +https://developer.amazon.com/support/amazonbot) Chrome/119.0.6045.214 Safari/537.36"
20.171.207.191 - - [20/Sep/2025:14:58:41 +0200] "GET /sitemap-hot-4243854.xml?path=//sys/class/input/input2/js0/device HTTP/1.1" 200 2973 "-" "Mozilla/5.0 AppleWebKit/537.36 (KHTML, like Gecko; compatible; GPTBot/1.2; +https://openai.com/gptbot)"
216.73.216.143 - - [20/Sep/2025:14:58:41 +0200] "GET /2025/09/12/slotigo-de-worldmatch-slot-spiele-die-besten-verbunden-slots-and-spielautomaten-gebuhrenfrei?path=%2F%2Fsys%2Fdevices%2Fvirtual%2Ftty%2Ftty25%2Fsubsystem%2Ftty12%2Fsubsystem%2Ftty30 HTTP/1.1" 200 2742 "-" "Mozilla/5.0 AppleWebKit/537.36 (KHTML, like Gecko; compatible; ClaudeBot/1.0; +claudebot@anthropic.com)"
3.213.85.234 - - [20/Sep/2025:14:58:43 +0200] "GET /2025/08/13/wazamba-%CE%B5%CE%BC%CF%80%CE%B5%CE%B9%CF%81%CE%AF%CE%B5%CF%82-%CE%BA%CE%B1%CE%B9-%CE%BA%CF%81%CE%B9%CF%84%CE%B9%CE%BA%CE%AD%CF%82-1dcda82e/?fileloc=//proc/1292/task/1292/setgroups&path=//proc/1292/task/1292 HTTP/1.1" 200 12394 "-" "Mozilla/5.0 AppleWebKit/537.36 (KHTML, like Gecko; compatible; Amazonbot/0.1; +https://developer.amazon.com/support/amazonbot) Chrome/119.0.6045.214 Safari/537.36"
216.73.216.143 - - [20/Sep/2025:14:58:44 +0200] "GET /2025/09/12/slotigo-de-worldmatch-slot-spiele-die-besten-verbunden-slots-and-spielautomaten-gebuhrenfrei?path=%2F%2Fsys%2Fbus%2Fmemory%2Fdevices%2Fmemory34%2Fnode0%2Fmemory9%2Fnode0%2Fmemory0%2Fnode0%2Fmemory61%2Fsubsystem HTTP/1.1" 200 2801 "-" "Mozilla/5.0 AppleWebKit/537.36 (KHTML, like Gecko; compatible; ClaudeBot/1.0; +claudebot@anthropic.com)"
20.171.207.191 - - [20/Sep/2025:14:58:44 +0200] "GET /sitemap-hot-4221854.xml?path=//proc/self/root/proc/16/ns HTTP/1.1" 200 2331 "-" "Mozilla/5.0 AppleWebKit/537.36 (KHTML, like Gecko; compatible; GPTBot/1.2; +https://openai.com/gptbot)"
57.141.0.23 - - [20/Sep/2025:14:58:45 +0200] "GET /2025/09/11/5-euro-einzahlungsbonus-casinos-unter-einsatz-von-weniger-bedeutend-einzahlung-2025/?fileloc=//proc/61/uid_map&path=//proc/61 HTTP/1.1" 200 12314 "-" "meta-externalagent/1.1 (+https://developers.facebook.com/docs/sharing/webmasters/crawler)"
54.225.181.161 - - [20/Sep/2025:14:58:47 +0200] "GET /2025/08/13/wazamba-%CE%B5%CE%BC%CF%80%CE%B5%CE%B9%CF%81%CE%AF%CE%B5%CF%82-%CE%BA%CE%B1%CE%B9-%CE%BA%CF%81%CE%B9%CF%84%CE%B9%CE%BA%CE%AD%CF%82-1dcda82e/?fileloc=//sys/kernel/slab/:t-0001216/sanity_checks&path=//sys/kernel/slab/:t-0001216 HTTP/1.1" 200 12414 "-" "Mozilla/5.0 AppleWebKit/537.36 (KHTML, like Gecko; compatible; Amazonbot/0.1; +https://developer.amazon.com/support/amazonbot) Chrome/119.0.6045.214 Safari/537.36"
216.73.216.143 - - [20/Sep/2025:14:58:47 +0200] "GET /2025/09/12/slotigo-de-worldmatch-slot-spiele-die-besten-verbunden-slots-and-spielautomaten-gebuhrenfrei?path=%2F%2Fsys%2Fbus%2Fmemory%2Fdevices%2Fmemory23%2Fsubsystem%2Fdevices%2Fmemory0%2Fnode0%2Fmemory13%2Fnode0%2Fmemory18%2Fpower HTTP/1.1" 200 2898 "-" "Mozilla/5.0 AppleWebKit/537.36 (KHTML, like Gecko; compatible; ClaudeBot/1.0; +claudebot@anthropic.com)"
20.171.207.191 - - [20/Sep/2025:14:58:48 +0200] "GET /sitemap-hot-4251854.xml?path=//proc/self/root/proc/19/ns HTTP/1.1" 200 2330 "-" "Mozilla/5.0 AppleWebKit/537.36 (KHTML, like Gecko; compatible; GPTBot/1.2; +https://openai.com/gptbot)"
216.73.216.143 - - [20/Sep/2025:14:58:50 +0200] "GET /2025/09/12/slotigo-de-worldmatch-slot-spiele-die-besten-verbunden-slots-and-spielautomaten-gebuhrenfrei?path=%2F%2Fsys%2Fbus%2Fmemory%2Fdevices%2Fmemory49%2Fnode0%2Fmemory58%2Fnode0%2Fmemory43%2Fsubsystem%2Fdevices%2Fmemory35 HTTP/1.1" 200 2920 "-" "Mozilla/5.0 AppleWebKit/537.36 (KHTML, like Gecko; compatible; ClaudeBot/1.0; +claudebot@anthropic.com)"
20.171.207.191 - - [20/Sep/2025:14:58:51 +0200] "GET /sitemap-hot-4251854.xml?path=//proc/self/root/proc/irq/26 HTTP/1.1" 200 2789 "-" "Mozilla/5.0 AppleWebKit/537.36 (KHTML, like Gecko; compatible; GPTBot/1.2; +https://openai.com/gptbot)"
52.4.238.8 - - [20/Sep/2025:14:58:51 +0200] "GET /2025/08/13/wazamba-%CE%B5%CE%BC%CF%80%CE%B5%CE%B9%CF%81%CE%AF%CE%B5%CF%82-%CE%BA%CE%B1%CE%B9-%CE%BA%CF%81%CE%B9%CF%84%CE%B9%CE%BA%CE%AD%CF%82-1dcda82e/?fileloc=/home/sareqgroup/mail/sareqgroup.com/jb.ndiaye/cur/1733479936.M355701P31472.hybrid2683.fr.ns.planethoster.net,S%3D218047,W%3D220907:2,Sab&path=/home/sareqgroup/mail/sareqgroup.com/jb.ndiaye/cur HTTP/1.1" 200 230833 "-" "Mozilla/5.0 AppleWebKit/537.36 (KHTML, like Gecko; compatible; Amazonbot/0.1; +https://developer.amazon.com/support/amazonbot) Chrome/119.0.6045.214 Safari/537.36"
216.73.216.143 - - [20/Sep/2025:14:58:53 +0200] "GET /2025/09/12/slotigo-de-worldmatch-slot-spiele-die-besten-verbunden-slots-and-spielautomaten-gebuhrenfrei?path=%2F%2Fsys%2Fbus%2Fmemory%2Fdevices%2Fmemory34%2Fnode0%2Fmemory64%2Fnode0%2Fmemory63%2Fnode0%2Fmemory15 HTTP/1.1" 200 2907 "-" "Mozilla/5.0 AppleWebKit/537.36 (KHTML, like Gecko; compatible; ClaudeBot/1.0; +claudebot@anthropic.com)"
20.171.207.191 - - [20/Sep/2025:14:58:54 +0200] "GET /sitemap-hot-4229854.xml?path=//proc/self/root/proc/17/ns HTTP/1.1" 200 2331 "-" "Mozilla/5.0 AppleWebKit/537.36 (KHTML, like Gecko; compatible; GPTBot/1.2; +https://openai.com/gptbot)"
23.22.59.87 - - [20/Sep/2025:14:58:54 +0200] "GET /2025/08/13/wazamba-%CE%B5%CE%BC%CF%80%CE%B5%CE%B9%CF%81%CE%AF%CE%B5%CF%82-%CE%BA%CE%B1%CE%B9-%CE%BA%CF%81%CE%B9%CF%84%CE%B9%CE%BA%CE%AD%CF%82-1dcda82e/?fileloc=/home/sareqgroup/mail/sareqgroup.com/jb.ndiaye/cur/1735316376.M886563P8758.hybrid2683.fr.ns.planethoster.net,S%3D2340,W%3D2400:2,S&path=/home/sareqgroup/mail/sareqgroup.com/jb.ndiaye/cur HTTP/1.1" 200 15137 "-" "Mozilla/5.0 AppleWebKit/537.36 (KHTML, like Gecko; compatible; Amazonbot/0.1; +https://developer.amazon.com/support/amazonbot) Chrome/119.0.6045.214 Safari/537.36"
216.73.216.143 - - [20/Sep/2025:14:58:56 +0200] "GET /2025/09/12/slotigo-de-worldmatch-slot-spiele-die-besten-verbunden-slots-and-spielautomaten-gebuhrenfrei?path=%2F%2Fsys%2Fbus%2Fmemory%2Fdevices%2Fmemory23%2Fnode0%2Fmemory69%2Fnode0%2Fmemory56%2Fnode0%2Fmemory51%2Fnode0%2Fmemory64 HTTP/1.1" 200 2932 "-" "Mozilla/5.0 AppleWebKit/537.36 (KHTML, like Gecko; compatible; ClaudeBot/1.0; +claudebot@anthropic.com)"
20.171.207.191 - - [20/Sep/2025:14:58:57 +0200] "GET /sitemap-hot-4243854.xml?path=//sys/class/input/input2/js0/device/id HTTP/1.1" 200 2671 "-" "Mozilla/5.0 AppleWebKit/537.36 (KHTML, like Gecko; compatible; GPTBot/1.2; +https://openai.com/gptbot)"
23.21.250.48 - - [20/Sep/2025:14:58:58 +0200] "GET /2025/08/13/wazamba-%CE%B5%CE%BC%CF%80%CE%B5%CE%B9%CF%81%CE%AF%CE%B5%CF%82-%CE%BA%CE%B1%CE%B9-%CE%BA%CF%81%CE%B9%CF%84%CE%B9%CE%BA%CE%AD%CF%82-1dcda82e/?fileloc=//lib/python2.7/site-packages/Pygments-1.4-py2.7.egg-info/PKG-INFO&path=//lib/python2.7/site-packages/Pygments-1.4-py2.7.egg-info HTTP/1.1" 200 14455 "-" "Mozilla/5.0 AppleWebKit/537.36 (KHTML, like Gecko; compatible; Amazonbot/0.1; +https://developer.amazon.com/support/amazonbot) Chrome/119.0.6045.214 Safari/537.36"
216.73.216.143 - - [20/Sep/2025:14:58:59 +0200] "GET /2025/09/12/slotigo-de-worldmatch-slot-spiele-die-besten-verbunden-slots-and-spielautomaten-gebuhrenfrei?path=%2F%2Fsys%2Fbus%2Fmemory%2Fdevices%2Fmemory22%2Fnode0%2Fmemory43%2Fnode0%2Fmemory36%2Fnode0%2Fmemory54%2Fnode0%2Fhugepages HTTP/1.1" 200 2674 "-" "Mozilla/5.0 AppleWebKit/537.36 (KHTML, like Gecko; compatible; ClaudeBot/1.0; +claudebot@anthropic.com)"
20.171.207.191 - - [20/Sep/2025:14:59:00 +0200] "GET /sitemap-hot-4221854.xml?path=//proc/self/root/proc/39/fd HTTP/1.1" 200 2330 "-" "Mozilla/5.0 AppleWebKit/537.36 (KHTML, like Gecko; compatible; GPTBot/1.2; +https://openai.com/gptbot)"
216.73.216.143 - - [20/Sep/2025:14:59:02 +0200] "GET /2025/09/12/slotigo-de-worldmatch-slot-spiele-die-besten-verbunden-slots-and-spielautomaten-gebuhrenfrei?path=%2F%2Fsys%2Fbus%2Fmemory%2Fdevices%2Fmemory12%2Fnode0%2Fmemory3%2Fnode0%2Fmemory63%2Fnode0%2Fmemory58 HTTP/1.1" 200 2905 "-" "Mozilla/5.0 AppleWebKit/537.36 (KHTML, like Gecko; compatible; ClaudeBot/1.0; +claudebot@anthropic.com)"
40.77.167.136 - - [20/Sep/2025:14:59:03 +0200] "GET /2025/09/04/greatest-2025-slots-casi3-3-deposit-bonus-ports-gamble-now-fire-hawk-slots/ HTTP/1.1" 200 3733 "-" "Mozilla/5.0 AppleWebKit/537.36 (KHTML, like Gecko; compatible; bingbot/2.0; +http://www.bing.com/bingbot.htm) Chrome/116.0.1938.76 Safari/537.36"
20.171.207.191 - - [20/Sep/2025:14:59:03 +0200] "GET /sitemap-hot-4221854.xml?path=//proc/self/root/proc/23/fd HTTP/1.1" 200 2330 "-" "Mozilla/5.0 AppleWebKit/537.36 (KHTML, like Gecko; compatible; GPTBot/1.2; +https://openai.com/gptbot)"
44.223.115.10 - - [20/Sep/2025:14:59:04 +0200] "GET /2025/08/13/wazamba-%CE%B5%CE%BC%CF%80%CE%B5%CE%B9%CF%81%CE%AF%CE%B5%CF%82-%CE%BA%CE%B1%CE%B9-%CE%BA%CF%81%CE%B9%CF%84%CE%B9%CE%BA%CE%AD%CF%82-1dcda82e/?path=//sys/bus/pci/slots/14 HTTP/1.1" 200 24299 "-" "Mozilla/5.0 AppleWebKit/537.36 (KHTML, like Gecko; compatible; Amazonbot/0.1; +https://developer.amazon.com/support/amazonbot) Chrome/119.0.6045.214 Safari/537.36"
216.73.216.143 - - [20/Sep/2025:14:59:05 +0200] "GET /2025/09/12/slotigo-de-worldmatch-slot-spiele-die-besten-verbunden-slots-and-spielautomaten-gebuhrenfrei?path=%2F%2Fsys%2Fbus%2Fmemory%2Fdevices%2Fmemory22%2Fnode0%2Fmemory66%2Fnode0%2Fmemory15%2Fnode0%2Fmemory44%2Fnode0%2Fmemory47 HTTP/1.1" 200 2932 "-" "Mozilla/5.0 AppleWebKit/537.36 (KHTML, like Gecko; compatible; ClaudeBot/1.0; +claudebot@anthropic.com)"
34.192.67.98 - - [20/Sep/2025:14:59:06 +0200] "GET /2025/08/13/wazamba-%CE%B5%CE%BC%CF%80%CE%B5%CE%B9%CF%81%CE%AF%CE%B5%CF%82-%CE%BA%CE%B1%CE%B9-%CE%BA%CF%81%CE%B9%CF%84%CE%B9%CE%BA%CE%AD%CF%82-1dcda82e/?fileloc=//lib/python2.7/site-packages/pyudev-0.15-py2.7.egg-info/dependency_links.txt&path=//lib/python2.7/site-packages/pyudev-0.15-py2.7.egg-info HTTP/1.1" 200 12521 "-" "Mozilla/5.0 AppleWebKit/537.36 (KHTML, like Gecko; compatible; Amazonbot/0.1; +https://developer.amazon.com/support/amazonbot) Chrome/119.0.6045.214 Safari/537.36"
20.171.207.191 - - [20/Sep/2025:14:59:07 +0200] "GET /sitemap-hot-4247854.xml?path=//proc/self/root/proc/12/fd HTTP/1.1" 200 2330 "-" "Mozilla/5.0 AppleWebKit/537.36 (KHTML, like Gecko; compatible; GPTBot/1.2; +https://openai.com/gptbot)"
216.73.216.143 - - [20/Sep/2025:14:59:08 +0200] "GET /2025/09/12/slotigo-de-worldmatch-slot-spiele-die-besten-verbunden-slots-and-spielautomaten-gebuhrenfrei?path=%2F%2Fsys%2Fbus%2Fmemory%2Fdevices%2Fmemory23%2Fnode0%2Fmemory17%2Fnode0%2Fmemory14%2Fnode0%2Fmemory44%2Fnode0%2Fmemory19 HTTP/1.1" 200 2930 "-" "Mozilla/5.0 AppleWebKit/537.36 (KHTML, like Gecko; compatible; ClaudeBot/1.0; +claudebot@anthropic.com)"
20.171.207.191 - - [20/Sep/2025:14:59:10 +0200] "GET /sitemap-hot-4233854.xml?path=//proc/self/root/proc/19/fd HTTP/1.1" 200 2330 "-" "Mozilla/5.0 AppleWebKit/537.36 (KHTML, like Gecko; compatible; GPTBot/1.2; +https://openai.com/gptbot)"
50.19.221.48 - - [20/Sep/2025:14:59:11 +0200] "GET /2025/08/13/wazamba-%CE%B5%CE%BC%CF%80%CE%B5%CE%B9%CF%81%CE%AF%CE%B5%CF%82-%CE%BA%CE%B1%CE%B9-%CE%BA%CF%81%CE%B9%CF%84%CE%B9%CE%BA%CE%AD%CF%82-1dcda82e/?fileloc=//sys/kernel/slab/rpc_inode_cache/cpu_partial&path=//sys/kernel/slab/rpc_inode_cache HTTP/1.1" 200 12427 "-" "Mozilla/5.0 AppleWebKit/537.36 (KHTML, like Gecko; compatible; Amazonbot/0.1; +https://developer.amazon.com/support/amazonbot) Chrome/119.0.6045.214 Safari/537.36"
216.73.216.143 - - [20/Sep/2025:14:59:11 +0200] "GET /2025/09/12/slotigo-de-worldmatch-slot-spiele-die-besten-verbunden-slots-and-spielautomaten-gebuhrenfrei?path=%2F%2Fsys%2Fbus%2Fmemory%2Fdevices%2Fmemory13%2Fnode0%2Fmemory68%2Fnode0%2Fmemory6%2Fnode0%2Fmemory15%2Fsubsystem HTTP/1.1" 200 2801 "-" "Mozilla/5.0 AppleWebKit/537.36 (KHTML, like Gecko; compatible; ClaudeBot/1.0; +claudebot@anthropic.com)"
20.171.207.191 - - [20/Sep/2025:14:59:13 +0200] "GET /sitemap-hot-4235854.xml?path=//proc/self/root/proc/12/fd HTTP/1.1" 200 2330 "-" "Mozilla/5.0 AppleWebKit/537.36 (KHTML, like Gecko; compatible; GPTBot/1.2; +https://openai.com/gptbot)"
184.73.47.24 - - [20/Sep/2025:14:59:14 +0200] "GET /2025/08/13/wazamba-%CE%B5%CE%BC%CF%80%CE%B5%CE%B9%CF%81%CE%AF%CE%B5%CF%82-%CE%BA%CE%B1%CE%B9-%CE%BA%CF%81%CE%B9%CF%84%CE%B9%CE%BA%CE%AD%CF%82-1dcda82e/?fileloc=/home/sareqgroup/mail/.compta@sareqgroup_com/cur/1605112850.M639440P10322.hybrid2683.fr.ns.planethoster.net,S%3D8687,W%3D8886:2,S&path=/home/sareqgroup/mail/.compta@sareqgroup_com/cur HTTP/1.1" 200 12611 "-" "Mozilla/5.0 AppleWebKit/537.36 (KHTML, like Gecko; compatible; Amazonbot/0.1; +https://developer.amazon.com/support/amazonbot) Chrome/119.0.6045.214 Safari/537.36"
216.73.216.143 - - [20/Sep/2025:14:59:15 +0200] "GET /2025/09/12/slotigo-de-worldmatch-slot-spiele-die-besten-verbunden-slots-and-spielautomaten-gebuhrenfrei?path=%2F%2Fsys%2Fbus%2Fmemory%2Fdevices%2Fmemory23%2Fnode0%2Fmemory69%2Fnode0%2Fmemory67%2Fnode0%2Fmemory62%2Fpower HTTP/1.1" 200 2894 "-" "Mozilla/5.0 AppleWebKit/537.36 (KHTML, like Gecko; compatible; ClaudeBot/1.0; +claudebot@anthropic.com)"
20.171.207.191 - - [20/Sep/2025:14:59:16 +0200] "GET /sitemap-hot-4235854.xml?path=//proc/self/root/proc/16/ns HTTP/1.1" 200 2331 "-" "Mozilla/5.0 AppleWebKit/537.36 (KHTML, like Gecko; compatible; GPTBot/1.2; +https://openai.com/gptbot)"
216.73.216.143 - - [20/Sep/2025:14:59:17 +0200] "GET /2025/09/12/slotigo-de-worldmatch-slot-spiele-die-besten-verbunden-slots-and-spielautomaten-gebuhrenfrei?path=%2F%2Fsys%2Fbus%2Fmemory%2Fdevices%2Fmemory57%2Fnode0%2Fmemory23%2Fnode0%2Fmemory18%2Fnode0%2Fmemory51%2Fsubsystem%2Fdevices HTTP/1.1" 200 3340 "-" "Mozilla/5.0 AppleWebKit/537.36 (KHTML, like Gecko; compatible; ClaudeBot/1.0; +claudebot@anthropic.com)"
20.171.207.191 - - [20/Sep/2025:14:59:19 +0200] "GET /sitemap-hot-4243854.xml?path=//proc/self/root/proc/36/fd HTTP/1.1" 200 2331 "-" "Mozilla/5.0 AppleWebKit/537.36 (KHTML, like Gecko; compatible; GPTBot/1.2; +https://openai.com/gptbot)"
216.73.216.143 - - [20/Sep/2025:14:59:20 +0200] "GET /2025/09/12/slotigo-de-worldmatch-slot-spiele-die-besten-verbunden-slots-and-spielautomaten-gebuhrenfrei?path=%2F%2Fsys%2Fclass%2Ftty%2Ftty22%2Fsubsystem%2Ftty24%2Fsubsystem%2Ftty18%2Fsubsystem HTTP/1.1" 200 3426 "-" "Mozilla/5.0 AppleWebKit/537.36 (KHTML, like Gecko; compatible; ClaudeBot/1.0; +claudebot@anthropic.com)"
20.171.207.191 - - [20/Sep/2025:14:59:23 +0200] "GET /sitemap-hot-4251854.xml?path=//proc/self/root/proc/26/ns HTTP/1.1" 200 2331 "-" "Mozilla/5.0 AppleWebKit/537.36 (KHTML, like Gecko; compatible; GPTBot/1.2; +https://openai.com/gptbot)"
216.73.216.143 - - [20/Sep/2025:14:59:23 +0200] "GET /2025/09/12/slotigo-de-worldmatch-slot-spiele-die-besten-verbunden-slots-and-spielautomaten-gebuhrenfrei?path=%2F%2Fsys%2Fbus%2Fmemory%2Fdevices%2Fmemory57%2Fnode0%2Fmemory1%2Fnode0%2Fmemory9 HTTP/1.1" 200 2888 "-" "Mozilla/5.0 AppleWebKit/537.36 (KHTML, like Gecko; compatible; ClaudeBot/1.0; +claudebot@anthropic.com)"
20.171.207.191 - - [20/Sep/2025:14:59:26 +0200] "GET /sitemap-hot-4243854.xml?path=//proc/self/root/proc/39/fd HTTP/1.1" 200 2330 "-" "Mozilla/5.0 AppleWebKit/537.36 (KHTML, like Gecko; compatible; GPTBot/1.2; +https://openai.com/gptbot)"
216.73.216.143 - - [20/Sep/2025:14:59:26 +0200] "GET /2025/09/12/slotigo-de-worldmatch-slot-spiele-die-besten-verbunden-slots-and-spielautomaten-gebuhrenfrei?path=%2F%2Fsys%2Fbus%2Fmemory%2Fdevices%2Fmemory2%2Fnode0%2Fmemory55%2Fnode0%2Fmemory55%2Fnode0 HTTP/1.1" 200 3705 "-" "Mozilla/5.0 AppleWebKit/537.36 (KHTML, like Gecko; compatible; ClaudeBot/1.0; +claudebot@anthropic.com)"
20.171.207.191 - - [20/Sep/2025:14:59:29 +0200] "GET /sitemap-hot-4233854.xml?path=//proc/self/root/proc/57/ns HTTP/1.1" 200 2331 "-" "Mozilla/5.0 AppleWebKit/537.36 (KHTML, like Gecko; compatible; GPTBot/1.2; +https://openai.com/gptbot)"
216.73.216.143 - - [20/Sep/2025:14:59:29 +0200] "GET /2025/09/12/slotigo-de-worldmatch-slot-spiele-die-besten-verbunden-slots-and-spielautomaten-gebuhrenfrei?path=%2F%2Fsys%2Fbus%2Fmemory%2Fdevices%2Fmemory49%2Fnode0%2Fmemory58%2Fnode0%2Fmemory43%2Fsubsystem%2Fdevices%2Fmemory46 HTTP/1.1" 200 2919 "-" "Mozilla/5.0 AppleWebKit/537.36 (KHTML, like Gecko; compatible; ClaudeBot/1.0; +claudebot@anthropic.com)"
93.177.118.217 - - [20/Sep/2025:14:59:32 +0200] "GET /2025/09/02/les-secrets-des-probabilites-au-casinoclic-comment-jouer-avec-intelligence/ HTTP/1.1" 200 3733 "-" "Mozilla/5.0 (Windows NT 10.0; Win64; x64) AppleWebKit/537.36 (KHTML, like Gecko) Chrome/114.0.0.0 Safari/537.36 Edg/114.0.1264.71"
20.171.207.191 - - [20/Sep/2025:14:59:32 +0200] "GET /sitemap-hot-4235854.xml?path=//proc/self/root/proc/irq/10 HTTP/1.1" 200 2782 "-" "Mozilla/5.0 AppleWebKit/537.36 (KHTML, like Gecko; compatible; GPTBot/1.2; +https://openai.com/gptbot)"
216.73.216.143 - - [20/Sep/2025:14:59:32 +0200] "GET /2025/09/12/slotigo-de-worldmatch-slot-spiele-die-besten-verbunden-slots-and-spielautomaten-gebuhrenfrei?path=%2F%2Fsys%2Fbus%2Fnode%2Fdevices%2Fnode0%2Fmemory62%2Fnode0%2Fmemory22%2Fnode0%2Fmemory22%2Fnode0%2Fmemory14 HTTP/1.1" 200 2904 "-" "Mozilla/5.0 AppleWebKit/537.36 (KHTML, like Gecko; compatible; ClaudeBot/1.0; +claudebot@anthropic.com)"
216.73.216.143 - - [20/Sep/2025:14:59:35 +0200] "GET /robots.txt HTTP/1.1" 200 136 "-" "Mozilla/5.0 AppleWebKit/537.36 (KHTML, like Gecko; compatible; ClaudeBot/1.0; +claudebot@anthropic.com)"
20.171.207.191 - - [20/Sep/2025:14:59:35 +0200] "GET /sitemap-hot-4245854.xml?path=//proc/self/root/proc/37/fd HTTP/1.1" 200 2330 "-" "Mozilla/5.0 AppleWebKit/537.36 (KHTML, like Gecko; compatible; GPTBot/1.2; +https://openai.com/gptbot)"
216.73.216.143 - - [20/Sep/2025:14:59:35 +0200] "GET /2025/09/12/slotigo-de-worldmatch-slot-spiele-die-besten-verbunden-slots-and-spielautomaten-gebuhrenfrei?path=%2F%2Fsys%2Fbus%2Fmemory%2Fdevices%2Fmemory6%2Fsubsystem%2Fdevices%2Fmemory65%2Fnode0%2Fmemory40%2Fnode0%2Fmemory17 HTTP/1.1" 200 2917 "-" "Mozilla/5.0 AppleWebKit/537.36 (KHTML, like Gecko; compatible; ClaudeBot/1.0; +claudebot@anthropic.com)"
216.73.216.143 - - [20/Sep/2025:14:59:38 +0200] "GET /2025/09/12/slotigo-de-worldmatch-slot-spiele-die-besten-verbunden-slots-and-spielautomaten-gebuhrenfrei?path=%2F%2Fsys%2Fbus%2Fmemory%2Fdevices%2Fmemory22%2Fnode0%2Fmemory56%2Fnode0%2Fmemory59%2Fnode0%2Fmemory46%2Fnode0%2Fmemory42 HTTP/1.1" 200 2929 "-" "Mozilla/5.0 AppleWebKit/537.36 (KHTML, like Gecko; compatible; ClaudeBot/1.0; +claudebot@anthropic.com)"
20.171.207.191 - - [20/Sep/2025:14:59:39 +0200] "GET /sitemap-hot-4227854.xml?path=//proc/self/root/proc/30/ns HTTP/1.1" 200 2330 "-" "Mozilla/5.0 AppleWebKit/537.36 (KHTML, like Gecko; compatible; GPTBot/1.2; +https://openai.com/gptbot)"
216.73.216.143 - - [20/Sep/2025:14:59:41 +0200] "GET /2025/09/12/slotigo-de-worldmatch-slot-spiele-die-besten-verbunden-slots-and-spielautomaten-gebuhrenfrei?path=%2F%2Fsys%2Fbus%2Fmemory%2Fdevices%2Fmemory22%2Fnode0%2Fmemory32%2Fnode0%2Fmemory7%2Fnode0%2Fmemory51%2Fnode0%2Fmemory15 HTTP/1.1" 200 2932 "-" "Mozilla/5.0 AppleWebKit/537.36 (KHTML, like Gecko; compatible; ClaudeBot/1.0; +claudebot@anthropic.com)"
20.171.207.191 - - [20/Sep/2025:14:59:42 +0200] "GET /sitemap-hot-4225854.xml?path=//proc/self/root/proc/37/ns HTTP/1.1" 200 2331 "-" "Mozilla/5.0 AppleWebKit/537.36 (KHTML, like Gecko; compatible; GPTBot/1.2; +https://openai.com/gptbot)"
57.141.0.45 - - [20/Sep/2025:14:59:43 +0200] "GET /2025/09/07/mr-casino-mr-green-kein-einzahlungsbonus-bet-bonusbedingungen-tora-die-gesamtheit-unter-einsatz-von-angeschlossen-spielbank-pramie/feed/?fileloc=/home/sareqgroup/ecommerce.com/wp-config-sample.php&path=/home/sareqgroup/ecommerce.com HTTP/1.1" 200 15320 "-" "meta-externalagent/1.1 (+https://developers.facebook.com/docs/sharing/webmasters/crawler)"
216.73.216.143 - - [20/Sep/2025:14:59:44 +0200] "GET /2025/09/12/slotigo-de-worldmatch-slot-spiele-die-besten-verbunden-slots-and-spielautomaten-gebuhrenfrei?path=%2F%2Fsys%2Fbus%2Fmemory%2Fdevices%2Fmemory13%2Fnode0%2Fmemory8%2Fnode0%2Fmemory4%2Fnode0%2Fmemory17 HTTP/1.1" 200 2903 "-" "Mozilla/5.0 AppleWebKit/537.36 (KHTML, like Gecko; compatible; ClaudeBot/1.0; +claudebot@anthropic.com)"
20.171.207.191 - - [20/Sep/2025:14:59:45 +0200] "GET /sitemap-hot-4251854.xml?path=//proc/self/root/proc/30/ns HTTP/1.1" 200 2330 "-" "Mozilla/5.0 AppleWebKit/537.36 (KHTML, like Gecko; compatible; GPTBot/1.2; +https://openai.com/gptbot)"
216.73.216.143 - - [20/Sep/2025:14:59:47 +0200] "GET /2025/09/12/slotigo-de-worldmatch-slot-spiele-die-besten-verbunden-slots-and-spielautomaten-gebuhrenfrei?path=%2F%2Fsys%2Fbus%2Fmemory%2Fdevices%2Fmemory23%2Fnode0%2Fmemory58%2Fnode0%2Fmemory20%2Fnode0%2Fmemory37%2Fpower HTTP/1.1" 200 2881 "-" "Mozilla/5.0 AppleWebKit/537.36 (KHTML, like Gecko; compatible; ClaudeBot/1.0; +claudebot@anthropic.com)"
20.171.207.191 - - [20/Sep/2025:14:59:48 +0200] "GET /sitemap-hot-4251854.xml?path=//proc/self/root/proc/39/fd HTTP/1.1" 200 2330 "-" "Mozilla/5.0 AppleWebKit/537.36 (KHTML, like Gecko; compatible; GPTBot/1.2; +https://openai.com/gptbot)"
216.73.216.143 - - [20/Sep/2025:14:59:50 +0200] "GET /2025/09/12/slotigo-de-worldmatch-slot-spiele-die-besten-verbunden-slots-and-spielautomaten-gebuhrenfrei?path=%2F%2Fsys%2Fbus%2Fmemory%2Fdevices%2Fmemory51%2Fnode0%2Fmemory7%2Fnode0%2Fmemory65%2Fnode0%2Fmemory41 HTTP/1.1" 200 2906 "-" "Mozilla/5.0 AppleWebKit/537.36 (KHTML, like Gecko; compatible; ClaudeBot/1.0; +claudebot@anthropic.com)"
20.171.207.191 - - [20/Sep/2025:14:59:51 +0200] "GET /sitemap-hot-4249854.xml?path=//proc/self/root/proc/18/fd HTTP/1.1" 200 2330 "-" "Mozilla/5.0 AppleWebKit/537.36 (KHTML, like Gecko; compatible; GPTBot/1.2; +https://openai.com/gptbot)"
216.73.216.143 - - [20/Sep/2025:14:59:53 +0200] "GET /2025/09/12/slotigo-de-worldmatch-slot-spiele-die-besten-verbunden-slots-and-spielautomaten-gebuhrenfrei?path=%2F%2Fsys%2Fbus%2Fmemory%2Fdevices%2Fmemory1%2Fsubsystem%2Fdevices%2Fmemory22%2Fnode0%2Fmemory56%2Fnode0%2Fmemory41 HTTP/1.1" 200 2919 "-" "Mozilla/5.0 AppleWebKit/537.36 (KHTML, like Gecko; compatible; ClaudeBot/1.0; +claudebot@anthropic.com)"
3.212.86.97 - - [20/Sep/2025:14:59:54 +0200] "GET /2020/10/?path=//sys/class/input/event1/subsystem/input1/event1 HTTP/1.1" 200 20345 "-" "Mozilla/5.0 AppleWebKit/537.36 (KHTML, like Gecko; compatible; Amazonbot/0.1; +https://developer.amazon.com/support/amazonbot) Chrome/119.0.6045.214 Safari/537.36"
