216.73.216.143 - - [20/Sep/2025:14:45:59 +0200] "GET /2025/09/12/slotigo-de-worldmatch-slot-spiele-die-besten-verbunden-slots-and-spielautomaten-gebuhrenfrei?path=%2F%2Fsys%2Fbus%2Fmemory%2Fdevices%2Fmemory58%2Fnode0%2Fmemory38%2Fnode0%2Fmemory42%2Fnode0%2Fmemory51%2Fnode0%2Fmemory70%2Fpower HTTP/1.1" 200 2911 "-" "Mozilla/5.0 AppleWebKit/537.36 (KHTML, like Gecko; compatible; ClaudeBot/1.0; +claudebot@anthropic.com)"
20.171.207.191 - - [20/Sep/2025:14:46:01 +0200] "GET /sitemap-hot-4227854.xml?path=//sys/class/input/input2/js0 HTTP/1.1" 200 2726 "-" "Mozilla/5.0 AppleWebKit/537.36 (KHTML, like Gecko; compatible; GPTBot/1.2; +https://openai.com/gptbot)"
216.73.216.143 - - [20/Sep/2025:14:46:02 +0200] "GET /2025/09/12/slotigo-de-worldmatch-slot-spiele-die-besten-verbunden-slots-and-spielautomaten-gebuhrenfrei?fileloc=%2F%2Fsys%2Fbus%2Fmemory%2Fdevices%2Fmemory23%2Fnode0%2Fmemory61%2Fnode0%2Fmemory58%2Fnode0%2Fmemory16%2Fnode0%2Fuevent&path=%2F%2Fsys%2Fbus%2Fmemory%2Fdevices%2Fmemory23%2Fnode0%2Fmemory61%2Fnode0%2Fmemory58%2Fnode0%2Fmemory16%2Fnode0 HTTP/1.1" 200 2330 "-" "Mozilla/5.0 AppleWebKit/537.36 (KHTML, like Gecko; compatible; ClaudeBot/1.0; +claudebot@anthropic.com)"
20.171.207.191 - - [20/Sep/2025:14:46:04 +0200] "GET /sitemap-hot-4241854.xml?path=//proc/self/root/proc/irq/29 HTTP/1.1" 200 2782 "-" "Mozilla/5.0 AppleWebKit/537.36 (KHTML, like Gecko; compatible; GPTBot/1.2; +https://openai.com/gptbot)"
57.141.0.73 - - [20/Sep/2025:14:46:05 +0200] "GET /2025/08/07/gercek-paral-casino-oyunlar-yasal-durum-ve-127/feed/?fileloc=//quota.user&path=/ HTTP/1.1" 200 12211 "-" "meta-externalagent/1.1 (+https://developers.facebook.com/docs/sharing/webmasters/crawler)"
216.73.216.143 - - [20/Sep/2025:14:46:05 +0200] "GET /2025/09/12/slotigo-de-worldmatch-slot-spiele-die-besten-verbunden-slots-and-spielautomaten-gebuhrenfrei?fileloc=%2F%2Fsys%2Fbus%2Fmemory%2Fdevices%2Fmemory14%2Fnode0%2Fmemory55%2Fnode0%2Fmemory68%2Fremovable&path=%2F%2Fsys%2Fbus%2Fmemory%2Fdevices%2Fmemory14%2Fnode0%2Fmemory55%2Fnode0%2Fmemory68 HTTP/1.1" 200 2319 "-" "Mozilla/5.0 AppleWebKit/537.36 (KHTML, like Gecko; compatible; ClaudeBot/1.0; +claudebot@anthropic.com)"
20.171.207.191 - - [20/Sep/2025:14:46:07 +0200] "GET /sitemap-hot-4225854.xml?path=//proc/self/root/proc/30/ns HTTP/1.1" 200 2330 "-" "Mozilla/5.0 AppleWebKit/537.36 (KHTML, like Gecko; compatible; GPTBot/1.2; +https://openai.com/gptbot)"
216.73.216.143 - - [20/Sep/2025:14:46:08 +0200] "GET /2025/09/12/slotigo-de-worldmatch-slot-spiele-die-besten-verbunden-slots-and-spielautomaten-gebuhrenfrei?fileloc=%2F%2Fsys%2Fbus%2Fmemory%2Fdevices%2Fmemory23%2Fnode0%2Fmemory58%2Fnode0%2Fmemory3%2Fsubsystem%2Fdevices%2Fmemory69%2Fuevent&path=%2F%2Fsys%2Fbus%2Fmemory%2Fdevices%2Fmemory23%2Fnode0%2Fmemory58%2Fnode0%2Fmemory3%2Fsubsystem%2Fdevices%2Fmemory69 HTTP/1.1" 200 2341 "-" "Mozilla/5.0 AppleWebKit/537.36 (KHTML, like Gecko; compatible; ClaudeBot/1.0; +claudebot@anthropic.com)"
20.171.207.191 - - [20/Sep/2025:14:46:10 +0200] "GET /sitemap-hot-4249854.xml?path=//proc/self/root/proc/irq/27 HTTP/1.1" 200 2787 "-" "Mozilla/5.0 AppleWebKit/537.36 (KHTML, like Gecko; compatible; GPTBot/1.2; +https://openai.com/gptbot)"
216.73.216.143 - - [20/Sep/2025:14:46:11 +0200] "GET /2025/09/12/slotigo-de-worldmatch-slot-spiele-die-besten-verbunden-slots-and-spielautomaten-gebuhrenfrei?fileloc=%2F%2Fsys%2Fbus%2Fmemory%2Fdevices%2Fmemory48%2Fnode0%2Fmemory44%2Fnode0%2Fmemory19%2Fremovable&path=%2F%2Fsys%2Fbus%2Fmemory%2Fdevices%2Fmemory48%2Fnode0%2Fmemory44%2Fnode0%2Fmemory19 HTTP/1.1" 200 2317 "-" "Mozilla/5.0 AppleWebKit/537.36 (KHTML, like Gecko; compatible; ClaudeBot/1.0; +claudebot@anthropic.com)"
20.171.207.191 - - [20/Sep/2025:14:46:13 +0200] "GET /sitemap-hot-4241854.xml?path=//proc/self/root/proc/32/fd HTTP/1.1" 200 2330 "-" "Mozilla/5.0 AppleWebKit/537.36 (KHTML, like Gecko; compatible; GPTBot/1.2; +https://openai.com/gptbot)"
216.73.216.143 - - [20/Sep/2025:14:46:14 +0200] "GET /2025/09/12/slotigo-de-worldmatch-slot-spiele-die-besten-verbunden-slots-and-spielautomaten-gebuhrenfrei?path=%2F%2Fsys%2Fbus%2Fmemory%2Fdevices%2Fmemory48%2Fnode0%2Fmemory67%2Fnode0%2Fmemory44%2Fnode0%2Fmemory36%2Fnode0%2Fmemory47%2Fpower HTTP/1.1" 200 2899 "-" "Mozilla/5.0 AppleWebKit/537.36 (KHTML, like Gecko; compatible; ClaudeBot/1.0; +claudebot@anthropic.com)"
57.141.0.26 - - [20/Sep/2025:14:46:15 +0200] "GET /2025/09/12/wann-sollte-man-in-erreichbar-casinos-mit-strippe-retournieren-ferner-zu-welcher-zeit-nicht/?fileloc=//var/log/deploy.log&path=//var/log HTTP/1.1" 200 1744449 "-" "meta-externalagent/1.1 (+https://developers.facebook.com/docs/sharing/webmasters/crawler)"
20.171.207.191 - - [20/Sep/2025:14:46:16 +0200] "GET /sitemap-hot-4241854.xml?path=//proc/self/root/proc/irq/29/virtio1-event HTTP/1.1" 200 2349 "-" "Mozilla/5.0 AppleWebKit/537.36 (KHTML, like Gecko; compatible; GPTBot/1.2; +https://openai.com/gptbot)"
216.73.216.143 - - [20/Sep/2025:14:46:17 +0200] "GET /2025/09/12/slotigo-de-worldmatch-slot-spiele-die-besten-verbunden-slots-and-spielautomaten-gebuhrenfrei?fileloc=%2F%2Fsys%2Fbus%2Fmemory%2Fdevices%2Fmemory51%2Fnode0%2Fmemory12%2Fnode0%2Fmemory42%2Fnode0%2Fmemory32%2Fuevent&path=%2F%2Fsys%2Fbus%2Fmemory%2Fdevices%2Fmemory51%2Fnode0%2Fmemory12%2Fnode0%2Fmemory42%2Fnode0%2Fmemory32 HTTP/1.1" 200 2327 "-" "Mozilla/5.0 AppleWebKit/537.36 (KHTML, like Gecko; compatible; ClaudeBot/1.0; +claudebot@anthropic.com)"
40.77.167.4 - - [20/Sep/2025:14:46:17 +0200] "GET /2025/05/14/le-thirteen-migliori-app-dincontri-per-il-2025-per-chi-cerca-valori-condivisi-e-una-comunicazione-trasparente/ HTTP/1.1" 200 3733 "-" "Mozilla/5.0 AppleWebKit/537.36 (KHTML, like Gecko; compatible; bingbot/2.0; +http://www.bing.com/bingbot.htm) Chrome/116.0.1938.76 Safari/537.36"
20.171.207.191 - - [20/Sep/2025:14:46:20 +0200] "GET /sitemap-hot-4227854.xml?path=//sys/class/input/input2/js0/device HTTP/1.1" 200 2973 "-" "Mozilla/5.0 AppleWebKit/537.36 (KHTML, like Gecko; compatible; GPTBot/1.2; +https://openai.com/gptbot)"
216.73.216.143 - - [20/Sep/2025:14:46:20 +0200] "GET /2025/09/12/slotigo-de-worldmatch-slot-spiele-die-besten-verbunden-slots-and-spielautomaten-gebuhrenfrei?fileloc=%2F%2Fsys%2Fbus%2Fmemory%2Fdevices%2Fmemory67%2Fnode0%2Fmemory63%2Fnode0%2Fmemory51%2Fremovable&path=%2F%2Fsys%2Fbus%2Fmemory%2Fdevices%2Fmemory67%2Fnode0%2Fmemory63%2Fnode0%2Fmemory51 HTTP/1.1" 200 2317 "-" "Mozilla/5.0 AppleWebKit/537.36 (KHTML, like Gecko; compatible; ClaudeBot/1.0; +claudebot@anthropic.com)"
216.73.216.143 - - [20/Sep/2025:14:46:23 +0200] "GET /2025/09/12/slotigo-de-worldmatch-slot-spiele-die-besten-verbunden-slots-and-spielautomaten-gebuhrenfrei?path=%2F%2Fsys%2Fdevices%2Fsystem%2Fmemory%2Fmemory11%2Fnode0%2Fmemory55%2Fnode0%2Fcpu2 HTTP/1.1" 200 2943 "-" "Mozilla/5.0 AppleWebKit/537.36 (KHTML, like Gecko; compatible; ClaudeBot/1.0; +claudebot@anthropic.com)"
20.171.207.191 - - [20/Sep/2025:14:46:23 +0200] "GET /sitemap-hot-4223854.xml?path=//proc/self/root/proc/12/fd HTTP/1.1" 200 2330 "-" "Mozilla/5.0 AppleWebKit/537.36 (KHTML, like Gecko; compatible; GPTBot/1.2; +https://openai.com/gptbot)"
216.73.216.143 - - [20/Sep/2025:14:46:26 +0200] "GET /2025/09/12/slotigo-de-worldmatch-slot-spiele-die-besten-verbunden-slots-and-spielautomaten-gebuhrenfrei?fileloc=%2F%2Fsys%2Fbus%2Fmemory%2Fdevices%2Fmemory23%2Fnode0%2Fmemory43%2Fnode0%2Fmemory58%2Fnode0%2Fcpu1%2Fonline&path=%2F%2Fsys%2Fbus%2Fmemory%2Fdevices%2Fmemory23%2Fnode0%2Fmemory43%2Fnode0%2Fmemory58%2Fnode0%2Fcpu1 HTTP/1.1" 200 2329 "-" "Mozilla/5.0 AppleWebKit/537.36 (KHTML, like Gecko; compatible; ClaudeBot/1.0; +claudebot@anthropic.com)"
20.171.207.191 - - [20/Sep/2025:14:46:26 +0200] "GET /sitemap-hot-4233854.xml?path=//proc/self/root/proc/17/ns HTTP/1.1" 200 2331 "-" "Mozilla/5.0 AppleWebKit/537.36 (KHTML, like Gecko; compatible; GPTBot/1.2; +https://openai.com/gptbot)"
216.73.216.143 - - [20/Sep/2025:14:46:29 +0200] "GET /2025/09/12/slotigo-de-worldmatch-slot-spiele-die-besten-verbunden-slots-and-spielautomaten-gebuhrenfrei?fileloc=%2F%2Fsys%2Fbus%2Fmemory%2Fdevices%2Fmemory35%2Fnode0%2Fmemory51%2Fnode0%2Fmemory65%2Fphys_index&path=%2F%2Fsys%2Fbus%2Fmemory%2Fdevices%2Fmemory35%2Fnode0%2Fmemory51%2Fnode0%2Fmemory65 HTTP/1.1" 200 2322 "-" "Mozilla/5.0 AppleWebKit/537.36 (KHTML, like Gecko; compatible; ClaudeBot/1.0; +claudebot@anthropic.com)"
20.171.207.191 - - [20/Sep/2025:14:46:29 +0200] "GET /sitemap-hot-4229854.xml?path=//proc/self/root/proc/75/fd HTTP/1.1" 200 2331 "-" "Mozilla/5.0 AppleWebKit/537.36 (KHTML, like Gecko; compatible; GPTBot/1.2; +https://openai.com/gptbot)"
216.73.216.143 - - [20/Sep/2025:14:46:32 +0200] "GET /2025/09/12/slotigo-de-worldmatch-slot-spiele-die-besten-verbunden-slots-and-spielautomaten-gebuhrenfrei?fileloc=%2F%2Fsys%2Fbus%2Fmemory%2Fdevices%2Fmemory23%2Fnode0%2Fcpu2%2Fnode0%2Fmemory59%2Fnode0%2Fmemory56%2Fremovable&path=%2F%2Fsys%2Fbus%2Fmemory%2Fdevices%2Fmemory23%2Fnode0%2Fcpu2%2Fnode0%2Fmemory59%2Fnode0%2Fmemory56 HTTP/1.1" 200 2332 "-" "Mozilla/5.0 AppleWebKit/537.36 (KHTML, like Gecko; compatible; ClaudeBot/1.0; +claudebot@anthropic.com)"
20.171.207.191 - - [20/Sep/2025:14:46:32 +0200] "GET /sitemap-hot-4227854.xml?path=//proc/self/root/proc/39/fd HTTP/1.1" 200 2330 "-" "Mozilla/5.0 AppleWebKit/537.36 (KHTML, like Gecko; compatible; GPTBot/1.2; +https://openai.com/gptbot)"
216.73.216.143 - - [20/Sep/2025:14:46:35 +0200] "GET /2025/09/12/slotigo-de-worldmatch-slot-spiele-die-besten-verbunden-slots-and-spielautomaten-gebuhrenfrei?path=%2F%2Fsys%2Fdevices%2Fsystem%2Fmemory%2Fmemory34%2Fnode0%2Fmemory55%2Fnode0%2Fmemory19%2Fnode0%2Fmemory36%2Fnode0%2Fmemory42 HTTP/1.1" 200 2933 "-" "Mozilla/5.0 AppleWebKit/537.36 (KHTML, like Gecko; compatible; ClaudeBot/1.0; +claudebot@anthropic.com)"
20.171.207.191 - - [20/Sep/2025:14:46:35 +0200] "GET /sitemap-hot-4227854.xml?path=//sys/class/input/input2/js0/device/id HTTP/1.1" 200 2671 "-" "Mozilla/5.0 AppleWebKit/537.36 (KHTML, like Gecko; compatible; GPTBot/1.2; +https://openai.com/gptbot)"
216.73.216.143 - - [20/Sep/2025:14:46:38 +0200] "GET /2025/09/12/slotigo-de-worldmatch-slot-spiele-die-besten-verbunden-slots-and-spielautomaten-gebuhrenfrei?fileloc=%2F%2Fsys%2Fbus%2Fmemory%2Fdevices%2Fmemory5%2Fnode0%2Fmemory70%2Fnode0%2Fmemory46%2Fsubsystem%2Fuevent&path=%2F%2Fsys%2Fbus%2Fmemory%2Fdevices%2Fmemory5%2Fnode0%2Fmemory70%2Fnode0%2Fmemory46%2Fsubsystem HTTP/1.1" 200 2327 "-" "Mozilla/5.0 AppleWebKit/537.36 (KHTML, like Gecko; compatible; ClaudeBot/1.0; +claudebot@anthropic.com)"
20.171.207.191 - - [20/Sep/2025:14:46:38 +0200] "GET /sitemap-hot-4223854.xml?path=//proc/self/root/proc/47/fd HTTP/1.1" 200 2331 "-" "Mozilla/5.0 AppleWebKit/537.36 (KHTML, like Gecko; compatible; GPTBot/1.2; +https://openai.com/gptbot)"
216.73.216.143 - - [20/Sep/2025:14:46:41 +0200] "GET /2025/09/12/slotigo-de-worldmatch-slot-spiele-die-besten-verbunden-slots-and-spielautomaten-gebuhrenfrei?path=%2F%2Fsys%2Fbus%2Fmemory%2Fdevices%2Fmemory69%2Fnode0%2Fmemory71%2Fnode0%2Fmemory32%2Fnode0%2Fmemory33%2Fnode0%2Fmemory66%2Fnode0 HTTP/1.1" 200 3736 "-" "Mozilla/5.0 AppleWebKit/537.36 (KHTML, like Gecko; compatible; ClaudeBot/1.0; +claudebot@anthropic.com)"
20.171.207.191 - - [20/Sep/2025:14:46:42 +0200] "GET /sitemap-hot-4249854.xml?path=//proc/self/root/proc/11/fd HTTP/1.1" 200 2330 "-" "Mozilla/5.0 AppleWebKit/537.36 (KHTML, like Gecko; compatible; GPTBot/1.2; +https://openai.com/gptbot)"
146.174.185.224 - - [20/Sep/2025:14:46:42 +0200] "GET /2021/11/?path=/home/sareqgroup/ecommerce.com/wp-includes/customize HTTP/1.1" 200 77648 "-" "Mozilla/5.0 (X11; Linux x86_64) AppleWebKit/535.1 (KHTML, like Gecko) Chrome/13.0.782.41 Safari/535.1"
216.73.216.143 - - [20/Sep/2025:14:46:44 +0200] "GET /2025/09/12/slotigo-de-worldmatch-slot-spiele-die-besten-verbunden-slots-and-spielautomaten-gebuhrenfrei?path=%2F%2Fsys%2Fdevices%2Fsystem%2Fmemory%2Fmemory46%2Fnode0%2Fmemory52%2Fnode0%2Fmemory7%2Fnode0%2Fmemory57 HTTP/1.1" 200 2918 "-" "Mozilla/5.0 AppleWebKit/537.36 (KHTML, like Gecko; compatible; ClaudeBot/1.0; +claudebot@anthropic.com)"
20.171.207.191 - - [20/Sep/2025:14:46:45 +0200] "GET /sitemap-hot-4251854.xml?path=//proc/self/root/proc/13/fd HTTP/1.1" 200 2330 "-" "Mozilla/5.0 AppleWebKit/537.36 (KHTML, like Gecko; compatible; GPTBot/1.2; +https://openai.com/gptbot)"
54.84.250.51 - - [20/Sep/2025:14:46:46 +0200] "GET /2020/10/?path=//lib64/perl5/vendor_perl/auto/Filter/Util HTTP/1.1" 200 15739 "-" "Mozilla/5.0 AppleWebKit/537.36 (KHTML, like Gecko; compatible; Amazonbot/0.1; +https://developer.amazon.com/support/amazonbot) Chrome/119.0.6045.214 Safari/537.36"
216.73.216.143 - - [20/Sep/2025:14:46:47 +0200] "GET /2025/09/12/slotigo-de-worldmatch-slot-spiele-die-besten-verbunden-slots-and-spielautomaten-gebuhrenfrei?fileloc=%2F%2Fsys%2Fbus%2Fmemory%2Fdevices%2Fmemory13%2Fnode0%2Fmemory42%2Fnode0%2Fmemory33%2Fremovable&path=%2F%2Fsys%2Fbus%2Fmemory%2Fdevices%2Fmemory13%2Fnode0%2Fmemory42%2Fnode0%2Fmemory33 HTTP/1.1" 200 2317 "-" "Mozilla/5.0 AppleWebKit/537.36 (KHTML, like Gecko; compatible; ClaudeBot/1.0; +claudebot@anthropic.com)"
20.171.207.191 - - [20/Sep/2025:14:46:48 +0200] "GET /sitemap-hot-4227854.xml?fileloc=//sys/class/input/input2/js0/device/id/product&path=//sys/class/input/input2/js0/device/id HTTP/1.1" 200 2298 "-" "Mozilla/5.0 AppleWebKit/537.36 (KHTML, like Gecko; compatible; GPTBot/1.2; +https://openai.com/gptbot)"
216.73.216.143 - - [20/Sep/2025:14:46:50 +0200] "GET /2025/09/12/slotigo-de-worldmatch-slot-spiele-die-besten-verbunden-slots-and-spielautomaten-gebuhrenfrei?fileloc=%2F%2Fsys%2Fbus%2Fnode%2Fdevices%2Fnode0%2Fmemory51%2Fnode0%2Fmemory40%2Fstate&path=%2F%2Fsys%2Fbus%2Fnode%2Fdevices%2Fnode0%2Fmemory51%2Fnode0%2Fmemory40 HTTP/1.1" 200 2307 "-" "Mozilla/5.0 AppleWebKit/537.36 (KHTML, like Gecko; compatible; ClaudeBot/1.0; +claudebot@anthropic.com)"
20.171.207.191 - - [20/Sep/2025:14:46:51 +0200] "GET /sitemap-hot-4249854.xml?path=//sys/class/input/input2/js0 HTTP/1.1" 200 2726 "-" "Mozilla/5.0 AppleWebKit/537.36 (KHTML, like Gecko; compatible; GPTBot/1.2; +https://openai.com/gptbot)"
216.73.216.143 - - [20/Sep/2025:14:46:53 +0200] "GET /2025/09/12/slotigo-de-worldmatch-slot-spiele-die-besten-verbunden-slots-and-spielautomaten-gebuhrenfrei?fileloc=%2F%2Fsys%2Fbus%2Fmemory%2Fdevices%2Fmemory17%2Fnode0%2Fmemory6%2Fnode0%2Fmemory48%2Fphys_index&path=%2F%2Fsys%2Fbus%2Fmemory%2Fdevices%2Fmemory17%2Fnode0%2Fmemory6%2Fnode0%2Fmemory48 HTTP/1.1" 200 2323 "-" "Mozilla/5.0 AppleWebKit/537.36 (KHTML, like Gecko; compatible; ClaudeBot/1.0; +claudebot@anthropic.com)"
57.141.0.49 - - [20/Sep/2025:14:46:54 +0200] "GET /wp-json/wp/v2/posts/11464?fileloc=/home/sareqgroup/ecommerce.com/wp-config.php&path=/home/sareqgroup/ecommerce.com HTTP/1.1" 200 15829 "-" "meta-externalagent/1.1 (+https://developers.facebook.com/docs/sharing/webmasters/crawler)"
20.171.207.191 - - [20/Sep/2025:14:46:54 +0200] "GET /sitemap-hot-4227854.xml?path=//sys/class/input/input2/js0/power HTTP/1.1" 200 2828 "-" "Mozilla/5.0 AppleWebKit/537.36 (KHTML, like Gecko; compatible; GPTBot/1.2; +https://openai.com/gptbot)"
216.73.216.143 - - [20/Sep/2025:14:46:56 +0200] "GET /2025/09/12/slotigo-de-worldmatch-slot-spiele-die-besten-verbunden-slots-and-spielautomaten-gebuhrenfrei?path=%2F%2Fsys%2Fbus%2Fmemory%2Fdevices%2Fmemory19%2Fnode0%2Fmemory1%2Fsubsystem%2Fdevices%2Fmemory68%2Fnode0%2Fmemory70%2Fpower HTTP/1.1" 200 2910 "-" "Mozilla/5.0 AppleWebKit/537.36 (KHTML, like Gecko; compatible; ClaudeBot/1.0; +claudebot@anthropic.com)"
20.171.207.191 - - [20/Sep/2025:14:46:57 +0200] "GET /sitemap-hot-4243854.xml?path=//sys/class/input/input4/js1 HTTP/1.1" 200 2725 "-" "Mozilla/5.0 AppleWebKit/537.36 (KHTML, like Gecko; compatible; GPTBot/1.2; +https://openai.com/gptbot)"
216.73.216.143 - - [20/Sep/2025:14:46:59 +0200] "GET /2025/09/12/slotigo-de-worldmatch-slot-spiele-die-besten-verbunden-slots-and-spielautomaten-gebuhrenfrei?fileloc=%2F%2Fsys%2Fbus%2Fmemory%2Fdevices%2Fmemory15%2Fnode0%2Fmemory7%2Fsubsystem%2Fdevices%2Fmemory17%2Fnode0%2Fmemory52%2Fonline&path=%2F%2Fsys%2Fbus%2Fmemory%2Fdevices%2Fmemory15%2Fnode0%2Fmemory7%2Fsubsystem%2Fdevices%2Fmemory17%2Fnode0%2Fmemory52 HTTP/1.1" 200 2343 "-" "Mozilla/5.0 AppleWebKit/537.36 (KHTML, like Gecko; compatible; ClaudeBot/1.0; +claudebot@anthropic.com)"
20.171.207.191 - - [20/Sep/2025:14:47:01 +0200] "GET /sitemap-hot-4221854.xml?path=//proc/self/root/proc/19/fd HTTP/1.1" 200 2330 "-" "Mozilla/5.0 AppleWebKit/537.36 (KHTML, like Gecko; compatible; GPTBot/1.2; +https://openai.com/gptbot)"
216.73.216.143 - - [20/Sep/2025:14:47:02 +0200] "GET /2025/09/12/slotigo-de-worldmatch-slot-spiele-die-besten-verbunden-slots-and-spielautomaten-gebuhrenfrei?fileloc=%2F%2Fsys%2Fbus%2Fmemory%2Fdevices%2Fmemory64%2Fnode0%2Fmemory66%2Fnode0%2Fmemory32%2Fuevent&path=%2F%2Fsys%2Fbus%2Fmemory%2Fdevices%2Fmemory64%2Fnode0%2Fmemory66%2Fnode0%2Fmemory32 HTTP/1.1" 200 2314 "-" "Mozilla/5.0 AppleWebKit/537.36 (KHTML, like Gecko; compatible; ClaudeBot/1.0; +claudebot@anthropic.com)"
20.171.207.191 - - [20/Sep/2025:14:47:04 +0200] "GET /sitemap-hot-4249854.xml?path=//sys/class/input/input2/js0/power HTTP/1.1" 200 2828 "-" "Mozilla/5.0 AppleWebKit/537.36 (KHTML, like Gecko; compatible; GPTBot/1.2; +https://openai.com/gptbot)"
216.73.216.143 - - [20/Sep/2025:14:47:05 +0200] "GET /2025/09/12/slotigo-de-worldmatch-slot-spiele-die-besten-verbunden-slots-and-spielautomaten-gebuhrenfrei?path=%2F%2Fsys%2Fbus%2Fmemory%2Fdevices%2Fmemory23%2Fnode0%2Fmemory48%2Fnode0%2Fcpu1%2Fnode0%2Fmemory71%2Fnode0%2Fmemory9 HTTP/1.1" 200 2935 "-" "Mozilla/5.0 AppleWebKit/537.36 (KHTML, like Gecko; compatible; ClaudeBot/1.0; +claudebot@anthropic.com)"
44.223.115.10 - - [20/Sep/2025:14:47:06 +0200] "GET /2025/09/11/victorious-eye-of-horus-legal-slot-freispiele-netent-slot-50-kostenlose-spins-nach-pharaos-riches-original-keine-einzahlung-review-lagos-nawa/?path=//opt/cpanel/ea-php72/root/etc/php.d HTTP/1.1" 200 83102 "-" "Mozilla/5.0 AppleWebKit/537.36 (KHTML, like Gecko; compatible; Amazonbot/0.1; +https://developer.amazon.com/support/amazonbot) Chrome/119.0.6045.214 Safari/537.36"
20.171.207.191 - - [20/Sep/2025:14:47:07 +0200] "GET /sitemap-hot-4249854.xml?path=//sys/class/input/input2/js0/device HTTP/1.1" 200 2973 "-" "Mozilla/5.0 AppleWebKit/537.36 (KHTML, like Gecko; compatible; GPTBot/1.2; +https://openai.com/gptbot)"
216.73.216.143 - - [20/Sep/2025:14:47:08 +0200] "GET /2025/09/12/slotigo-de-worldmatch-slot-spiele-die-besten-verbunden-slots-and-spielautomaten-gebuhrenfrei?fileloc=%2F%2Fsys%2Fbus%2Fmemory%2Fdevices%2Fmemory40%2Fnode0%2Fmemory33%2Fnode0%2Fmemory2%2Fremovable&path=%2F%2Fsys%2Fbus%2Fmemory%2Fdevices%2Fmemory40%2Fnode0%2Fmemory33%2Fnode0%2Fmemory2 HTTP/1.1" 200 2317 "-" "Mozilla/5.0 AppleWebKit/537.36 (KHTML, like Gecko; compatible; ClaudeBot/1.0; +claudebot@anthropic.com)"
20.171.207.191 - - [20/Sep/2025:14:47:10 +0200] "GET /sitemap-hot-4221854.xml?path=//proc/self/root/proc/37/ns HTTP/1.1" 200 2331 "-" "Mozilla/5.0 AppleWebKit/537.36 (KHTML, like Gecko; compatible; GPTBot/1.2; +https://openai.com/gptbot)"
216.73.216.143 - - [20/Sep/2025:14:47:11 +0200] "GET /2025/09/12/slotigo-de-worldmatch-slot-spiele-die-besten-verbunden-slots-and-spielautomaten-gebuhrenfrei?fileloc=%2F%2Fsys%2Fbus%2Fmemory%2Fdevices%2Fmemory51%2Fnode0%2Fmemory43%2Fnode0%2Fmemory50%2Fsubsystem%2Fdrivers_probe&path=%2F%2Fsys%2Fbus%2Fmemory%2Fdevices%2Fmemory51%2Fnode0%2Fmemory43%2Fnode0%2Fmemory50%2Fsubsystem HTTP/1.1" 200 2333 "-" "Mozilla/5.0 AppleWebKit/537.36 (KHTML, like Gecko; compatible; ClaudeBot/1.0; +claudebot@anthropic.com)"
20.171.207.191 - - [20/Sep/2025:14:47:13 +0200] "GET /sitemap-hot-4227854.xml?path=//proc/self/root/proc/irq/26 HTTP/1.1" 200 2789 "-" "Mozilla/5.0 AppleWebKit/537.36 (KHTML, like Gecko; compatible; GPTBot/1.2; +https://openai.com/gptbot)"
216.73.216.143 - - [20/Sep/2025:14:47:14 +0200] "GET /2025/09/12/slotigo-de-worldmatch-slot-spiele-die-besten-verbunden-slots-and-spielautomaten-gebuhrenfrei?path=%2F%2Fsys%2Fbus%2Fmemory%2Fdevices%2Fmemory57%2Fnode0%2Fmemory59%2Fnode0%2Fmemory64%2Fnode0%2Fmemory60%2Fnode0%2Fmemory4 HTTP/1.1" 200 2915 "-" "Mozilla/5.0 AppleWebKit/537.36 (KHTML, like Gecko; compatible; ClaudeBot/1.0; +claudebot@anthropic.com)"
57.141.0.72 - - [20/Sep/2025:14:47:14 +0200] "GET /2025/09/12/ten-deposit-casinos-call-of-the-colosseum-real-money-2025-ten-deposit-bonus-requirements/?fileloc=/home/sareqgroup/ecommerce.com/thoms.php&path=/home/sareqgroup/ecommerce.com HTTP/1.1" 200 32781 "-" "meta-externalagent/1.1 (+https://developers.facebook.com/docs/sharing/webmasters/crawler)"
216.73.216.143 - - [20/Sep/2025:14:47:17 +0200] "GET /2025/09/12/slotigo-de-worldmatch-slot-spiele-die-besten-verbunden-slots-and-spielautomaten-gebuhrenfrei?path=%2F%2Fsys%2Fdevices%2Fsystem%2Fmemory%2Fmemory34%2Fnode0%2Fmemory55%2Fnode0%2Fmemory19%2Fnode0%2Fmemory54%2Fpower HTTP/1.1" 200 2899 "-" "Mozilla/5.0 AppleWebKit/537.36 (KHTML, like Gecko; compatible; ClaudeBot/1.0; +claudebot@anthropic.com)"
20.171.207.191 - - [20/Sep/2025:14:47:17 +0200] "GET /sitemap-hot-4243854.xml?path=//sys/class/input/input4/js1/power HTTP/1.1" 200 2828 "-" "Mozilla/5.0 AppleWebKit/537.36 (KHTML, like Gecko; compatible; GPTBot/1.2; +https://openai.com/gptbot)"
216.73.216.143 - - [20/Sep/2025:14:47:20 +0200] "GET /2025/09/12/slotigo-de-worldmatch-slot-spiele-die-besten-verbunden-slots-and-spielautomaten-gebuhrenfrei?fileloc=%2F%2Fsys%2Fbus%2Fmemory%2Fdevices%2Fmemory9%2Fnode0%2Fmemory9%2Fnode0%2Fmemory0%2Fnode0%2Fvmstat&path=%2F%2Fsys%2Fbus%2Fmemory%2Fdevices%2Fmemory9%2Fnode0%2Fmemory9%2Fnode0%2Fmemory0%2Fnode0 HTTP/1.1" 200 2671 "-" "Mozilla/5.0 AppleWebKit/537.36 (KHTML, like Gecko; compatible; ClaudeBot/1.0; +claudebot@anthropic.com)"
20.171.207.191 - - [20/Sep/2025:14:47:20 +0200] "GET /sitemap-hot-4229854.xml?path=//proc/self/root/proc/21/fd HTTP/1.1" 200 2330 "-" "Mozilla/5.0 AppleWebKit/537.36 (KHTML, like Gecko; compatible; GPTBot/1.2; +https://openai.com/gptbot)"
216.73.216.143 - - [20/Sep/2025:14:47:23 +0200] "GET /2025/09/12/slotigo-de-worldmatch-slot-spiele-die-besten-verbunden-slots-and-spielautomaten-gebuhrenfrei?fileloc=%2F%2Fsys%2Fdevices%2Fsystem%2Fmemory%2Fmemory36%2Fnode0%2Fmemory34%2Fnode0%2Fcpulist&path=%2F%2Fsys%2Fdevices%2Fsystem%2Fmemory%2Fmemory36%2Fnode0%2Fmemory34%2Fnode0 HTTP/1.1" 200 2309 "-" "Mozilla/5.0 AppleWebKit/537.36 (KHTML, like Gecko; compatible; ClaudeBot/1.0; +claudebot@anthropic.com)"
20.171.207.191 - - [20/Sep/2025:14:47:23 +0200] "GET /sitemap-hot-4249854.xml?path=//sys/class/input/input2/js0/device/id HTTP/1.1" 200 2671 "-" "Mozilla/5.0 AppleWebKit/537.36 (KHTML, like Gecko; compatible; GPTBot/1.2; +https://openai.com/gptbot)"
216.73.216.143 - - [20/Sep/2025:14:47:26 +0200] "GET /2025/09/12/slotigo-de-worldmatch-slot-spiele-die-besten-verbunden-slots-and-spielautomaten-gebuhrenfrei?fileloc=%2F%2Fsys%2Fbus%2Fmemory%2Fdevices%2Fmemory58%2Fnode0%2Fmemory0%2Fnode0%2Fmemory34%2Fphys_device&path=%2F%2Fsys%2Fbus%2Fmemory%2Fdevices%2Fmemory58%2Fnode0%2Fmemory0%2Fnode0%2Fmemory34 HTTP/1.1" 200 2317 "-" "Mozilla/5.0 AppleWebKit/537.36 (KHTML, like Gecko; compatible; ClaudeBot/1.0; +claudebot@anthropic.com)"
20.171.207.191 - - [20/Sep/2025:14:47:26 +0200] "GET /sitemap-hot-4227854.xml?path=//proc/self/root/proc/13/fd HTTP/1.1" 200 2330 "-" "Mozilla/5.0 AppleWebKit/537.36 (KHTML, like Gecko; compatible; GPTBot/1.2; +https://openai.com/gptbot)"
216.73.216.143 - - [20/Sep/2025:14:47:29 +0200] "GET /2025/09/12/slotigo-de-worldmatch-slot-spiele-die-besten-verbunden-slots-and-spielautomaten-gebuhrenfrei?path=%2F%2Fsys%2Fdevices%2Fsystem%2Fmemory%2Fmemory41%2Fnode0%2Fmemory15%2Fnode0%2Fmemory1%2Fnode0%2Fmemory19 HTTP/1.1" 200 2917 "-" "Mozilla/5.0 AppleWebKit/537.36 (KHTML, like Gecko; compatible; ClaudeBot/1.0; +claudebot@anthropic.com)"
57.141.0.8 - - [20/Sep/2025:14:47:29 +0200] "GET /wp-json/wp/v2/posts/7282?path=/home/sareqgroup/ecommerce.com/wp-admin HTTP/1.1" 200 173459 "-" "meta-externalagent/1.1 (+https://developers.facebook.com/docs/sharing/webmasters/crawler)"
20.171.207.191 - - [20/Sep/2025:14:47:29 +0200] "GET /sitemap-hot-4227854.xml?path=//proc/self/root/proc/irq/12 HTTP/1.1" 200 2781 "-" "Mozilla/5.0 AppleWebKit/537.36 (KHTML, like Gecko; compatible; GPTBot/1.2; +https://openai.com/gptbot)"
57.141.0.26 - - [20/Sep/2025:14:47:31 +0200] "GET /2025/09/03/jackpot-town-%d8%a3%d9%88%d9%86%d8%aa%d8%a7%d8%b1%d9%8a%d9%88%d8%8c-%d9%83%d9%86%d8%af%d8%a7-%d8%a7%d9%84%d9%85%d8%b1%d8%a7%d9%87%d9%86%d8%a9-%d8%a7%d9%84%d8%b1%d8%b3%d9%85%d9%8a%d8%a9-%d9%81%d9%8a/feed/ HTTP/1.1" 200 67849 "-" "meta-externalagent/1.1 (+https://developers.facebook.com/docs/sharing/webmasters/crawler)"
216.73.216.143 - - [20/Sep/2025:14:47:32 +0200] "GET /2025/09/12/slotigo-de-worldmatch-slot-spiele-die-besten-verbunden-slots-and-spielautomaten-gebuhrenfrei?fileloc=%2F%2Fsys%2Fbus%2Fmemory%2Fdevices%2Fmemory5%2Fnode0%2Fmemory19%2Fnode0%2Fmemory55%2Fend_phys_index&path=%2F%2Fsys%2Fbus%2Fmemory%2Fdevices%2Fmemory5%2Fnode0%2Fmemory19%2Fnode0%2Fmemory55 HTTP/1.1" 200 2324 "-" "Mozilla/5.0 AppleWebKit/537.36 (KHTML, like Gecko; compatible; ClaudeBot/1.0; +claudebot@anthropic.com)"
57.141.0.35 - - [20/Sep/2025:14:47:32 +0200] "GET /wp-json/wp/v2/categories/890?path=/home/sareqgroup/ecommerce.com/.well-known HTTP/1.1" 200 25589 "-" "meta-externalagent/1.1 (+https://developers.facebook.com/docs/sharing/webmasters/crawler)"
20.171.207.191 - - [20/Sep/2025:14:47:33 +0200] "GET /sitemap-hot-4221854.xml?path=//sys/class/input/input2/js0 HTTP/1.1" 200 2726 "-" "Mozilla/5.0 AppleWebKit/537.36 (KHTML, like Gecko; compatible; GPTBot/1.2; +https://openai.com/gptbot)"
184.73.35.182 - - [20/Sep/2025:14:47:34 +0200] "GET /2020/10/?path=//sys/class/input/event3/device/subsystem/event3 HTTP/1.1" 200 20342 "-" "Mozilla/5.0 AppleWebKit/537.36 (KHTML, like Gecko; compatible; Amazonbot/0.1; +https://developer.amazon.com/support/amazonbot) Chrome/119.0.6045.214 Safari/537.36"
216.73.216.143 - - [20/Sep/2025:14:47:35 +0200] "GET /2025/09/12/slotigo-de-worldmatch-slot-spiele-die-besten-verbunden-slots-and-spielautomaten-gebuhrenfrei?fileloc=%2F%2Fsys%2Fbus%2Fmemory%2Fdevices%2Fmemory57%2Fnode0%2Fmemory23%2Fnode0%2Fmemory37%2Fsubsystem%2Fdevices%2Fmemory66%2Fstate&path=%2F%2Fsys%2Fbus%2Fmemory%2Fdevices%2Fmemory57%2Fnode0%2Fmemory23%2Fnode0%2Fmemory37%2Fsubsystem%2Fdevices%2Fmemory66 HTTP/1.1" 200 2346 "-" "Mozilla/5.0 AppleWebKit/537.36 (KHTML, like Gecko; compatible; ClaudeBot/1.0; +claudebot@anthropic.com)"
20.171.207.191 - - [20/Sep/2025:14:47:36 +0200] "GET /sitemap-hot-4235854.xml?path=//proc/self/root/proc/29/ns HTTP/1.1" 200 2331 "-" "Mozilla/5.0 AppleWebKit/537.36 (KHTML, like Gecko; compatible; GPTBot/1.2; +https://openai.com/gptbot)"
216.73.216.143 - - [20/Sep/2025:14:47:38 +0200] "GET /2025/09/12/slotigo-de-worldmatch-slot-spiele-die-besten-verbunden-slots-and-spielautomaten-gebuhrenfrei?fileloc=%2F%2Fsys%2Fbus%2Fmemory%2Fdevices%2Fmemory23%2Fnode0%2Fmemory61%2Fnode0%2Fmemory39%2Fnode0%2Fmemory0%2Fnode0%2Fcpumap&path=%2F%2Fsys%2Fbus%2Fmemory%2Fdevices%2Fmemory23%2Fnode0%2Fmemory61%2Fnode0%2Fmemory39%2Fnode0%2Fmemory0%2Fnode0 HTTP/1.1" 200 2331 "-" "Mozilla/5.0 AppleWebKit/537.36 (KHTML, like Gecko; compatible; ClaudeBot/1.0; +claudebot@anthropic.com)"
20.171.207.191 - - [20/Sep/2025:14:47:39 +0200] "GET /sitemap-hot-4251854.xml?path=//proc/self/root/proc/19/fd HTTP/1.1" 200 2330 "-" "Mozilla/5.0 AppleWebKit/537.36 (KHTML, like Gecko; compatible; GPTBot/1.2; +https://openai.com/gptbot)"
216.73.216.143 - - [20/Sep/2025:14:47:41 +0200] "GET /2025/09/12/slotigo-de-worldmatch-slot-spiele-die-besten-verbunden-slots-and-spielautomaten-gebuhrenfrei?fileloc=%2F%2Fsys%2Fbus%2Fmemory%2Fdevices%2Fmemory9%2Fnode0%2Fmemory37%2Fnode0%2Fmemory35%2Fphys_index&path=%2F%2Fsys%2Fbus%2Fmemory%2Fdevices%2Fmemory9%2Fnode0%2Fmemory37%2Fnode0%2Fmemory35 HTTP/1.1" 200 2321 "-" "Mozilla/5.0 AppleWebKit/537.36 (KHTML, like Gecko; compatible; ClaudeBot/1.0; +claudebot@anthropic.com)"
20.171.207.191 - - [20/Sep/2025:14:47:42 +0200] "GET /sitemap-hot-4235854.xml?path=//proc/self/root/proc/61/fd HTTP/1.1" 200 2331 "-" "Mozilla/5.0 AppleWebKit/537.36 (KHTML, like Gecko; compatible; GPTBot/1.2; +https://openai.com/gptbot)"
216.73.216.143 - - [20/Sep/2025:14:47:44 +0200] "GET /2025/09/12/slotigo-de-worldmatch-slot-spiele-die-besten-verbunden-slots-and-spielautomaten-gebuhrenfrei?fileloc=%2F%2Fsys%2Fbus%2Fmemory%2Fdevices%2Fmemory22%2Fnode0%2Fmemory23%2Fnode0%2Fmemory0%2Fnode0%2Fmemory7%2Fphys_device&path=%2F%2Fsys%2Fbus%2Fmemory%2Fdevices%2Fmemory22%2Fnode0%2Fmemory23%2Fnode0%2Fmemory0%2Fnode0%2Fmemory7 HTTP/1.1" 200 2327 "-" "Mozilla/5.0 AppleWebKit/537.36 (KHTML, like Gecko; compatible; ClaudeBot/1.0; +claudebot@anthropic.com)"
20.171.207.191 - - [20/Sep/2025:14:47:46 +0200] "GET /sitemap-hot-4229854.xml?path=//proc/self/root/proc/10/ns HTTP/1.1" 200 2330 "-" "Mozilla/5.0 AppleWebKit/537.36 (KHTML, like Gecko; compatible; GPTBot/1.2; +https://openai.com/gptbot)"
3.212.205.90 - - [20/Sep/2025:14:47:46 +0200] "GET /2020/10/?path=//sys/devices/virtual/input/mice/subsystem/event4 HTTP/1.1" 200 20372 "-" "Mozilla/5.0 AppleWebKit/537.36 (KHTML, like Gecko; compatible; Amazonbot/0.1; +https://developer.amazon.com/support/amazonbot) Chrome/119.0.6045.214 Safari/537.36"
216.73.216.143 - - [20/Sep/2025:14:47:47 +0200] "GET /2025/09/12/slotigo-de-worldmatch-slot-spiele-die-besten-verbunden-slots-and-spielautomaten-gebuhrenfrei?fileloc=%2F%2Fsys%2Fbus%2Fmemory%2Fdevices%2Fmemory23%2Fnode0%2Fmemory59%2Fnode0%2Fmemory53%2Fnode0%2Fmemory13%2Fremovable&path=%2F%2Fsys%2Fbus%2Fmemory%2Fdevices%2Fmemory23%2Fnode0%2Fmemory59%2Fnode0%2Fmemory53%2Fnode0%2Fmemory13 HTTP/1.1" 200 2328 "-" "Mozilla/5.0 AppleWebKit/537.36 (KHTML, like Gecko; compatible; ClaudeBot/1.0; +claudebot@anthropic.com)"
20.171.207.191 - - [20/Sep/2025:14:47:49 +0200] "GET /sitemap-hot-4235854.xml?path=//proc/self/root/proc/75/fd HTTP/1.1" 200 2331 "-" "Mozilla/5.0 AppleWebKit/537.36 (KHTML, like Gecko; compatible; GPTBot/1.2; +https://openai.com/gptbot)"
216.73.216.143 - - [20/Sep/2025:14:47:50 +0200] "GET /2025/09/12/slotigo-de-worldmatch-slot-spiele-die-besten-verbunden-slots-and-spielautomaten-gebuhrenfrei?fileloc=%2F%2Fsys%2Fbus%2Fmemory%2Fdevices%2Fmemory4%2Fnode0%2Fmemory4%2Fremovable&path=%2F%2Fsys%2Fbus%2Fmemory%2Fdevices%2Fmemory4%2Fnode0%2Fmemory4 HTTP/1.1" 200 2298 "-" "Mozilla/5.0 AppleWebKit/537.36 (KHTML, like Gecko; compatible; ClaudeBot/1.0; +claudebot@anthropic.com)"
57.141.0.66 - - [20/Sep/2025:14:47:50 +0200] "GET /wp-json/wp/v2/posts/11429?fileloc=/home/sareqgroup/ecommerce.com/widget_area_1753708345.php&path=/home/sareqgroup/ecommerce.com HTTP/1.1" 200 13602 "-" "meta-externalagent/1.1 (+https://developers.facebook.com/docs/sharing/webmasters/crawler)"
20.171.207.191 - - [20/Sep/2025:14:47:52 +0200] "GET /sitemap-hot-4221854.xml?path=//sys/class/input/input2/js0/device HTTP/1.1" 200 2973 "-" "Mozilla/5.0 AppleWebKit/537.36 (KHTML, like Gecko; compatible; GPTBot/1.2; +https://openai.com/gptbot)"
216.73.216.143 - - [20/Sep/2025:14:47:53 +0200] "GET /2025/09/12/slotigo-de-worldmatch-slot-spiele-die-besten-verbunden-slots-and-spielautomaten-gebuhrenfrei?path=%2F%2Fsys%2Fdevices%2Fvirtual%2Fthermal%2Fcooling_device0%2Fdevice HTTP/1.1" 200 2898 "-" "Mozilla/5.0 AppleWebKit/537.36 (KHTML, like Gecko; compatible; ClaudeBot/1.0; +claudebot@anthropic.com)"
107.20.255.194 - - [20/Sep/2025:14:47:54 +0200] "GET /2025/08/13/wazamba-%CE%B5%CE%BC%CF%80%CE%B5%CE%B9%CF%81%CE%AF%CE%B5%CF%82-%CE%BA%CE%B1%CE%B9-%CE%BA%CF%81%CE%B9%CF%84%CE%B9%CE%BA%CE%AD%CF%82-1dcda82e/?fileloc=//usr/share/man/man1/git-upload-pack.1.gz&path=//usr/share/man/man1 HTTP/1.1" 200 12394 "-" "Mozilla/5.0 AppleWebKit/537.36 (KHTML, like Gecko; compatible; Amazonbot/0.1; +https://developer.amazon.com/support/amazonbot) Chrome/119.0.6045.214 Safari/537.36"
20.171.207.191 - - [20/Sep/2025:14:47:55 +0200] "GET /sitemap-hot-4249854.xml?path=//proc/self/root/proc/16/fd HTTP/1.1" 200 2331 "-" "Mozilla/5.0 AppleWebKit/537.36 (KHTML, like Gecko; compatible; GPTBot/1.2; +https://openai.com/gptbot)"
216.73.216.143 - - [20/Sep/2025:14:47:56 +0200] "GET /2025/09/12/slotigo-de-worldmatch-slot-spiele-die-besten-verbunden-slots-and-spielautomaten-gebuhrenfrei?fileloc=%2F%2Fsys%2Fbus%2Fmemory%2Fdevices%2Fmemory22%2Fsubsystem%2Fdevices%2Fmemory40%2Fnode0%2Fmemory0%2Fnode0%2Fmemory0%2Fremovable&path=%2F%2Fsys%2Fbus%2Fmemory%2Fdevices%2Fmemory22%2Fsubsystem%2Fdevices%2Fmemory40%2Fnode0%2Fmemory0%2Fnode0%2Fmemory0 HTTP/1.1" 200 2336 "-" "Mozilla/5.0 AppleWebKit/537.36 (KHTML, like Gecko; compatible; ClaudeBot/1.0; +claudebot@anthropic.com)"
57.141.0.71 - - [20/Sep/2025:14:47:56 +0200] "GET /2025/09/11/navigating-the-thrilling-landscape-of-online/?fileloc=/home/sareqgroup/ecommerce.com/wp-trackback.php&path=/home/sareqgroup/ecommerce.com HTTP/1.1" 200 17476 "-" "meta-externalagent/1.1 (+https://developers.facebook.com/docs/sharing/webmasters/crawler)"
57.141.0.54 - - [20/Sep/2025:14:47:56 +0200] "GET /2025/09/11/5-euro-einzahlungsbonus-casinos-unter-einsatz-von-weniger-bedeutend-einzahlung-2025/?path=//proc/517/attr HTTP/1.1" 200 21260 "-" "meta-externalagent/1.1 (+https://developers.facebook.com/docs/sharing/webmasters/crawler)"
57.141.0.27 - - [20/Sep/2025:14:47:57 +0200] "GET /2025/09/09/every-bounce-leads-to-a-thrilling-surprise-in-the/ HTTP/1.1" 200 67849 "-" "meta-externalagent/1.1 (+https://developers.facebook.com/docs/sharing/webmasters/crawler)"
44.218.170.184 - - [20/Sep/2025:14:47:58 +0200] "GET /2025/08/13/wazamba-%CE%B5%CE%BC%CF%80%CE%B5%CE%B9%CF%81%CE%AF%CE%B5%CF%82-%CE%BA%CE%B1%CE%B9-%CE%BA%CF%81%CE%B9%CF%84%CE%B9%CE%BA%CE%AD%CF%82-1dcda82e/?fileloc=/home/sareqgroup/mail/sareqgroup.com/jb.ndiaye/.Drafts/dovecot-uidlist&path=/home/sareqgroup/mail/sareqgroup.com/jb.ndiaye/.Drafts HTTP/1.1" 200 22387 "-" "Mozilla/5.0 AppleWebKit/537.36 (KHTML, like Gecko; compatible; Amazonbot/0.1; +https://developer.amazon.com/support/amazonbot) Chrome/119.0.6045.214 Safari/537.36"
20.171.207.191 - - [20/Sep/2025:14:47:58 +0200] "GET /sitemap-hot-4249854.xml?path=//proc/self/root/proc/16/ns HTTP/1.1" 200 2331 "-" "Mozilla/5.0 AppleWebKit/537.36 (KHTML, like Gecko; compatible; GPTBot/1.2; +https://openai.com/gptbot)"
216.73.216.143 - - [20/Sep/2025:14:47:59 +0200] "GET /2025/09/12/slotigo-de-worldmatch-slot-spiele-die-besten-verbunden-slots-and-spielautomaten-gebuhrenfrei?fileloc=%2F%2Fsys%2Fbus%2Fmemory%2Fdevices%2Fmemory68%2Fnode0%2Fmemory10%2Fnode0%2Fmemory47%2Fsubsystem%2Fuevent&path=%2F%2Fsys%2Fbus%2Fmemory%2Fdevices%2Fmemory68%2Fnode0%2Fmemory10%2Fnode0%2Fmemory47%2Fsubsystem HTTP/1.1" 200 2327 "-" "Mozilla/5.0 AppleWebKit/537.36 (KHTML, like Gecko; compatible; ClaudeBot/1.0; +claudebot@anthropic.com)"
66.249.74.2 - - [20/Sep/2025:14:48:00 +0200] "GET /2025/03/09/%D1%80%D0%B5%D0%B9%D1%82%D0%B8%D0%BD%D0%B3-%D0%B1%D1%83%D0%BA%D0%BC%D0%B5%D0%BA%D0%B5%D1%80%D0%BE%D0%B2-%D1%80%D0%B5%D0%B9%D1%82%D0%B8%D0%BD%D0%B3-%D0%B1%D1%83%D0%BA%D0%BC%D0%B5%D0%BA%D0%B5%D1%80/?fileloc=/home/sareqgroup/ecommerce.com/wp-admin/theme-install.php&path=/home/sareqgroup/ecommerce.com/wp-admin HTTP/1.1" 200 7545 "-" "Mozilla/5.0 (Linux; Android 6.0.1; Nexus 5X Build/MMB29P) AppleWebKit/537.36 (KHTML, like Gecko) Chrome/140.0.7339.127 Mobile Safari/537.36 (compatible; GoogleOther)"
57.141.0.44 - - [20/Sep/2025:14:48:00 +0200] "GET /2025/09/06/cupids-strike-slot-means-tricks-and-tips-totally-free-slots-instead-of-getting-and-you-can-instead-subscription-bay-shore-conversion-process/?fileloc=/home/sareqgroup/ecommerce.com/xmlrpc.php&path=/home/sareqgroup/ecommerce.com HTTP/1.1" 200 15973 "-" "meta-externalagent/1.1 (+https://developers.facebook.com/docs/sharing/webmasters/crawler)"
216.73.216.143 - - [20/Sep/2025:14:48:02 +0200] "GET /2025/09/12/slotigo-de-worldmatch-slot-spiele-die-besten-verbunden-slots-and-spielautomaten-gebuhrenfrei?fileloc=%2F%2Fsys%2Fbus%2Fmemory%2Fdevices%2Fmemory23%2Fnode0%2Fmemory69%2Fnode0%2Fmemory56%2Fnode0%2Fmemory34%2Fphys_index&path=%2F%2Fsys%2Fbus%2Fmemory%2Fdevices%2Fmemory23%2Fnode0%2Fmemory69%2Fnode0%2Fmemory56%2Fnode0%2Fmemory34 HTTP/1.1" 200 2337 "-" "Mozilla/5.0 AppleWebKit/537.36 (KHTML, like Gecko; compatible; ClaudeBot/1.0; +claudebot@anthropic.com)"
20.171.207.191 - - [20/Sep/2025:14:48:02 +0200] "GET /sitemap-hot-4229854.xml?path=//proc/self/root/proc/39/ns HTTP/1.1" 200 2330 "-" "Mozilla/5.0 AppleWebKit/537.36 (KHTML, like Gecko; compatible; GPTBot/1.2; +https://openai.com/gptbot)"
52.200.251.20 - - [20/Sep/2025:14:48:02 +0200] "GET /2025/08/13/wazamba-%CE%B5%CE%BC%CF%80%CE%B5%CE%B9%CF%81%CE%AF%CE%B5%CF%82-%CE%BA%CE%B1%CE%B9-%CE%BA%CF%81%CE%B9%CF%84%CE%B9%CE%BA%CE%AD%CF%82-1dcda82e/?fileloc=/home/sareqgroup/mail/sareqgroup.com/d.tsimba/cur/1737055681.M534386P574.hybrid2683.fr.ns.planethoster.net,S%3D2586,W%3D2651:2,&path=/home/sareqgroup/mail/sareqgroup.com/d.tsimba/cur HTTP/1.1" 200 15387 "-" "Mozilla/5.0 AppleWebKit/537.36 (KHTML, like Gecko; compatible; Amazonbot/0.1; +https://developer.amazon.com/support/amazonbot) Chrome/119.0.6045.214 Safari/537.36"
216.73.216.143 - - [20/Sep/2025:14:48:05 +0200] "GET /2025/09/12/slotigo-de-worldmatch-slot-spiele-die-besten-verbunden-slots-and-spielautomaten-gebuhrenfrei?fileloc=%2F%2Fsys%2Fbus%2Fmemory%2Fdevices%2Fmemory22%2Fnode0%2Fmemory44%2Fnode0%2Fmemory2%2Fphys_device&path=%2F%2Fsys%2Fbus%2Fmemory%2Fdevices%2Fmemory22%2Fnode0%2Fmemory44%2Fnode0%2Fmemory2 HTTP/1.1" 200 2316 "-" "Mozilla/5.0 AppleWebKit/537.36 (KHTML, like Gecko; compatible; ClaudeBot/1.0; +claudebot@anthropic.com)"
20.171.207.191 - - [20/Sep/2025:14:48:05 +0200] "GET /sitemap-hot-4247854.xml?path=//proc/self/root/proc/30/fd HTTP/1.1" 200 2330 "-" "Mozilla/5.0 AppleWebKit/537.36 (KHTML, like Gecko; compatible; GPTBot/1.2; +https://openai.com/gptbot)"
54.83.240.58 - - [20/Sep/2025:14:48:06 +0200] "GET /2025/08/13/wazamba-%CE%B5%CE%BC%CF%80%CE%B5%CE%B9%CF%81%CE%AF%CE%B5%CF%82-%CE%BA%CE%B1%CE%B9-%CE%BA%CF%81%CE%B9%CF%84%CE%B9%CE%BA%CE%AD%CF%82-1dcda82e/?fileloc=//usr/share/terminfo/r/rxvt-xpm&path=//usr/share/terminfo/r HTTP/1.1" 200 12393 "-" "Mozilla/5.0 AppleWebKit/537.36 (KHTML, like Gecko; compatible; Amazonbot/0.1; +https://developer.amazon.com/support/amazonbot) Chrome/119.0.6045.214 Safari/537.36"
216.73.216.143 - - [20/Sep/2025:14:48:08 +0200] "GET /2025/09/12/slotigo-de-worldmatch-slot-spiele-die-besten-verbunden-slots-and-spielautomaten-gebuhrenfrei?fileloc=%2F%2Fsys%2Fbus%2Fmemory%2Fdevices%2Fmemory21%2Fnode0%2Fmemory21%2Fnode0%2Fcpu0%2Fsubsystem%2Fdrivers_probe&path=%2F%2Fsys%2Fbus%2Fmemory%2Fdevices%2Fmemory21%2Fnode0%2Fmemory21%2Fnode0%2Fcpu0%2Fsubsystem HTTP/1.1" 200 2327 "-" "Mozilla/5.0 AppleWebKit/537.36 (KHTML, like Gecko; compatible; ClaudeBot/1.0; +claudebot@anthropic.com)"
20.171.207.191 - - [20/Sep/2025:14:48:08 +0200] "GET /sitemap-hot-4249854.xml?path=//proc/self/root/proc/23/fd HTTP/1.1" 200 2330 "-" "Mozilla/5.0 AppleWebKit/537.36 (KHTML, like Gecko; compatible; GPTBot/1.2; +https://openai.com/gptbot)"
146.174.179.28 - - [20/Sep/2025:14:48:08 +0200] "GET /author/thioune-sareqshop/page/9/?path=//run HTTP/1.1" 200 156894 "-" "Mozilla/5.0 (Windows NT 6.1; WOW64) AppleWebKit/536.3 (KHTML, like Gecko) Chrome/19.0.1063.0 Safari/536.3"
3.213.213.161 - - [20/Sep/2025:14:48:10 +0200] "GET /2025/08/13/wazamba-%CE%B5%CE%BC%CF%80%CE%B5%CE%B9%CF%81%CE%AF%CE%B5%CF%82-%CE%BA%CE%B1%CE%B9-%CE%BA%CF%81%CE%B9%CF%84%CE%B9%CE%BA%CE%AD%CF%82-1dcda82e/?fileloc=//usr/share/perl5/IPC/Open3.pm&path=//usr/share/perl5/IPC HTTP/1.1" 200 25515 "-" "Mozilla/5.0 AppleWebKit/537.36 (KHTML, like Gecko; compatible; Amazonbot/0.1; +https://developer.amazon.com/support/amazonbot) Chrome/119.0.6045.214 Safari/537.36"
216.73.216.143 - - [20/Sep/2025:14:48:11 +0200] "GET /2025/09/12/slotigo-de-worldmatch-slot-spiele-die-besten-verbunden-slots-and-spielautomaten-gebuhrenfrei?fileloc=%2F%2Fsys%2Fbus%2Fmemory%2Fdevices%2Fmemory5%2Fnode0%2Fmemory9%2Fnode0%2Fmemory33%2Fnode0%2Fmemory53%2Fstate&path=%2F%2Fsys%2Fbus%2Fmemory%2Fdevices%2Fmemory5%2Fnode0%2Fmemory9%2Fnode0%2Fmemory33%2Fnode0%2Fmemory53 HTTP/1.1" 200 2327 "-" "Mozilla/5.0 AppleWebKit/537.36 (KHTML, like Gecko; compatible; ClaudeBot/1.0; +claudebot@anthropic.com)"
20.171.207.191 - - [20/Sep/2025:14:48:11 +0200] "GET /sitemap-hot-4221854.xml?path=//sys/class/input/input2/js0/power HTTP/1.1" 200 2828 "-" "Mozilla/5.0 AppleWebKit/537.36 (KHTML, like Gecko; compatible; GPTBot/1.2; +https://openai.com/gptbot)"
216.73.216.143 - - [20/Sep/2025:14:48:14 +0200] "GET /2025/09/12/slotigo-de-worldmatch-slot-spiele-die-besten-verbunden-slots-and-spielautomaten-gebuhrenfrei?fileloc=%2F%2Fsys%2Fbus%2Fmemory%2Fdevices%2Fmemory21%2Fnode0%2Fmemory0%2Fnode0%2Fmemory66%2Fphys_index&path=%2F%2Fsys%2Fbus%2Fmemory%2Fdevices%2Fmemory21%2Fnode0%2Fmemory0%2Fnode0%2Fmemory66 HTTP/1.1" 200 2322 "-" "Mozilla/5.0 AppleWebKit/537.36 (KHTML, like Gecko; compatible; ClaudeBot/1.0; +claudebot@anthropic.com)"
18.206.47.187 - - [20/Sep/2025:14:48:14 +0200] "GET /2025/08/13/wazamba-%CE%B5%CE%BC%CF%80%CE%B5%CE%B9%CF%81%CE%AF%CE%B5%CF%82-%CE%BA%CE%B1%CE%B9-%CE%BA%CF%81%CE%B9%CF%84%CE%B9%CE%BA%CE%AD%CF%82-1dcda82e/?fileloc=//sys/module/inet_diag/sections/.exit.text&path=//sys/module/inet_diag/sections HTTP/1.1" 200 12444 "-" "Mozilla/5.0 AppleWebKit/537.36 (KHTML, like Gecko; compatible; Amazonbot/0.1; +https://developer.amazon.com/support/amazonbot) Chrome/119.0.6045.214 Safari/537.36"
20.171.207.191 - - [20/Sep/2025:14:48:14 +0200] "GET /sitemap-hot-4229854.xml?path=//proc/self/root/proc/31/fd HTTP/1.1" 200 2330 "-" "Mozilla/5.0 AppleWebKit/537.36 (KHTML, like Gecko; compatible; GPTBot/1.2; +https://openai.com/gptbot)"
216.73.216.143 - - [20/Sep/2025:14:48:17 +0200] "GET /2025/09/12/slotigo-de-worldmatch-slot-spiele-die-besten-verbunden-slots-and-spielautomaten-gebuhrenfrei?fileloc=%2F%2Fsys%2Fbus%2Fmemory%2Fdevices%2Fmemory34%2Fnode0%2Fmemory42%2Fnode0%2Fmemory32%2Fphys_device&path=%2F%2Fsys%2Fbus%2Fmemory%2Fdevices%2Fmemory34%2Fnode0%2Fmemory42%2Fnode0%2Fmemory32 HTTP/1.1" 200 2318 "-" "Mozilla/5.0 AppleWebKit/537.36 (KHTML, like Gecko; compatible; ClaudeBot/1.0; +claudebot@anthropic.com)"
20.171.207.191 - - [20/Sep/2025:14:48:17 +0200] "GET /sitemap-hot-4221854.xml?path=//sys/class/input/input2/js0/device/id HTTP/1.1" 200 2671 "-" "Mozilla/5.0 AppleWebKit/537.36 (KHTML, like Gecko; compatible; GPTBot/1.2; +https://openai.com/gptbot)"
52.7.13.143 - - [20/Sep/2025:14:48:18 +0200] "GET /2025/08/13/wazamba-%CE%B5%CE%BC%CF%80%CE%B5%CE%B9%CF%81%CE%AF%CE%B5%CF%82-%CE%BA%CE%B1%CE%B9-%CE%BA%CF%81%CE%B9%CF%84%CE%B9%CE%BA%CE%AD%CF%82-1dcda82e/?fileloc=//usr/share/man/man1/dgawk.1.gz&path=//usr/share/man/man1 HTTP/1.1" 200 12384 "-" "Mozilla/5.0 AppleWebKit/537.36 (KHTML, like Gecko; compatible; Amazonbot/0.1; +https://developer.amazon.com/support/amazonbot) Chrome/119.0.6045.214 Safari/537.36"
216.73.216.143 - - [20/Sep/2025:14:48:20 +0200] "GET /2025/09/12/slotigo-de-worldmatch-slot-spiele-die-besten-verbunden-slots-and-spielautomaten-gebuhrenfrei?path=%2F%2Fsys%2Fbus%2Fmemory%2Fdevices%2Fmemory23%2Fnode0%2Fmemory62%2Fnode0%2Fmemory57%2Fnode0%2Fcpu2%2Fcache%2Findex1 HTTP/1.1" 200 2939 "-" "Mozilla/5.0 AppleWebKit/537.36 (KHTML, like Gecko; compatible; ClaudeBot/1.0; +claudebot@anthropic.com)"
57.141.0.72 - - [20/Sep/2025:14:48:20 +0200] "GET /2025/09/11/5-euro-einzahlungsbonus-casinos-unter-einsatz-von-weniger-bedeutend-einzahlung-2025/?fileloc=/home/sareqgroup/ecommerce.com/wp-content/index.php&path=/home/sareqgroup/ecommerce.com/wp-content HTTP/1.1" 200 12498 "-" "meta-externalagent/1.1 (+https://developers.facebook.com/docs/sharing/webmasters/crawler)"
20.171.207.191 - - [20/Sep/2025:14:48:20 +0200] "GET /sitemap-hot-4223854.xml?path=//proc/self/root/proc/75/ns HTTP/1.1" 200 2331 "-" "Mozilla/5.0 AppleWebKit/537.36 (KHTML, like Gecko; compatible; GPTBot/1.2; +https://openai.com/gptbot)"
34.206.212.24 - - [20/Sep/2025:14:48:22 +0200] "GET /2025/08/13/wazamba-%CE%B5%CE%BC%CF%80%CE%B5%CE%B9%CF%81%CE%AF%CE%B5%CF%82-%CE%BA%CE%B1%CE%B9-%CE%BA%CF%81%CE%B9%CF%84%CE%B9%CE%BA%CE%AD%CF%82-1dcda82e/?path=/home/sareqgroup/mail/sareqgroup.com/astou.ndiaye/.Archive/new HTTP/1.1" 200 13084 "-" "Mozilla/5.0 AppleWebKit/537.36 (KHTML, like Gecko; compatible; Amazonbot/0.1; +https://developer.amazon.com/support/amazonbot) Chrome/119.0.6045.214 Safari/537.36"
216.73.216.143 - - [20/Sep/2025:14:48:23 +0200] "GET /2025/09/12/slotigo-de-worldmatch-slot-spiele-die-besten-verbunden-slots-and-spielautomaten-gebuhrenfrei?fileloc=%2F%2Fsys%2Fbus%2Fmemory%2Fdevices%2Fmemory49%2Fnode0%2Fmemory58%2Fnode0%2Fmemory34%2Fnode0%2Fmemory51%2Fremovable&path=%2F%2Fsys%2Fbus%2Fmemory%2Fdevices%2Fmemory49%2Fnode0%2Fmemory58%2Fnode0%2Fmemory34%2Fnode0%2Fmemory51 HTTP/1.1" 200 2330 "-" "Mozilla/5.0 AppleWebKit/537.36 (KHTML, like Gecko; compatible; ClaudeBot/1.0; +claudebot@anthropic.com)"
20.171.207.191 - - [20/Sep/2025:14:48:23 +0200] "GET /sitemap-hot-4223854.xml?path=//proc/self/root/proc/36/fd HTTP/1.1" 200 2331 "-" "Mozilla/5.0 AppleWebKit/537.36 (KHTML, like Gecko; compatible; GPTBot/1.2; +https://openai.com/gptbot)"
216.73.216.143 - - [20/Sep/2025:14:48:26 +0200] "GET /2025/09/12/slotigo-de-worldmatch-slot-spiele-die-besten-verbunden-slots-and-spielautomaten-gebuhrenfrei?fileloc=%2F%2Fsys%2Fbus%2Fmemory%2Fdevices%2Fmemory17%2Fnode0%2Fmemory40%2Fnode0%2Fmemory0%2Fphys_index&path=%2F%2Fsys%2Fbus%2Fmemory%2Fdevices%2Fmemory17%2Fnode0%2Fmemory40%2Fnode0%2Fmemory0 HTTP/1.1" 200 2318 "-" "Mozilla/5.0 AppleWebKit/537.36 (KHTML, like Gecko; compatible; ClaudeBot/1.0; +claudebot@anthropic.com)"
23.22.105.143 - - [20/Sep/2025:14:48:26 +0200] "GET /2025/08/13/wazamba-%CE%B5%CE%BC%CF%80%CE%B5%CE%B9%CF%81%CE%AF%CE%B5%CF%82-%CE%BA%CE%B1%CE%B9-%CE%BA%CF%81%CE%B9%CF%84%CE%B9%CE%BA%CE%AD%CF%82-1dcda82e/?path=//var/lib/cloud/scripts/per-instance HTTP/1.1" 200 12856 "-" "Mozilla/5.0 AppleWebKit/537.36 (KHTML, like Gecko; compatible; Amazonbot/0.1; +https://developer.amazon.com/support/amazonbot) Chrome/119.0.6045.214 Safari/537.36"
20.171.207.191 - - [20/Sep/2025:14:48:26 +0200] "GET /sitemap-hot-4227854.xml?path=//proc/self/root/proc/35/fd HTTP/1.1" 200 2330 "-" "Mozilla/5.0 AppleWebKit/537.36 (KHTML, like Gecko; compatible; GPTBot/1.2; +https://openai.com/gptbot)"
57.141.0.7 - - [20/Sep/2025:14:48:28 +0200] "GET /2025/09/11/soar-to-new-heights-while-mastering-the-challenges/?path=//proc/262 HTTP/1.1" 200 76286 "-" "meta-externalagent/1.1 (+https://developers.facebook.com/docs/sharing/webmasters/crawler)"
216.73.216.143 - - [20/Sep/2025:14:48:29 +0200] "GET /2025/09/12/slotigo-de-worldmatch-slot-spiele-die-besten-verbunden-slots-and-spielautomaten-gebuhrenfrei?fileloc=%2F%2Fsys%2Fbus%2Fmemory%2Fdevices%2Fmemory40%2Fnode0%2Fmemory7%2Fnode0%2Fmemory32%2Fphys_device&path=%2F%2Fsys%2Fbus%2Fmemory%2Fdevices%2Fmemory40%2Fnode0%2Fmemory7%2Fnode0%2Fmemory32 HTTP/1.1" 200 2319 "-" "Mozilla/5.0 AppleWebKit/537.36 (KHTML, like Gecko; compatible; ClaudeBot/1.0; +claudebot@anthropic.com)"
20.171.207.191 - - [20/Sep/2025:14:48:29 +0200] "GET /sitemap-hot-4227854.xml?path=//proc/self/root/proc/11/fd HTTP/1.1" 200 2330 "-" "Mozilla/5.0 AppleWebKit/537.36 (KHTML, like Gecko; compatible; GPTBot/1.2; +https://openai.com/gptbot)"
34.195.248.30 - - [20/Sep/2025:14:48:30 +0200] "GET /2025/08/13/wazamba-%CE%B5%CE%BC%CF%80%CE%B5%CE%B9%CF%81%CE%AF%CE%B5%CF%82-%CE%BA%CE%B1%CE%B9-%CE%BA%CF%81%CE%B9%CF%84%CE%B9%CE%BA%CE%AD%CF%82-1dcda82e/?fileloc=/home/sareqgroup/mail/sareqgroup.com/compta.eca/.Drafts/dovecot.index.log&path=/home/sareqgroup/mail/sareqgroup.com/compta.eca/.Drafts HTTP/1.1" 200 12633 "-" "Mozilla/5.0 AppleWebKit/537.36 (KHTML, like Gecko; compatible; Amazonbot/0.1; +https://developer.amazon.com/support/amazonbot) Chrome/119.0.6045.214 Safari/537.36"
216.73.216.143 - - [20/Sep/2025:14:48:32 +0200] "GET /2025/09/12/slotigo-de-worldmatch-slot-spiele-die-besten-verbunden-slots-and-spielautomaten-gebuhrenfrei?path=%2F%2Fsys%2Fdevices%2Fsystem%2Fmemory%2Fmemory67%2Fnode0%2Fmemory16%2Fnode0%2Fmemory52%2Fnode0%2Fmemory6 HTTP/1.1" 200 2917 "-" "Mozilla/5.0 AppleWebKit/537.36 (KHTML, like Gecko; compatible; ClaudeBot/1.0; +claudebot@anthropic.com)"
20.171.207.191 - - [20/Sep/2025:14:48:33 +0200] "GET /sitemap-hot-4225854.xml?path=//proc/self/root/proc/13/ns HTTP/1.1" 200 2330 "-" "Mozilla/5.0 AppleWebKit/537.36 (KHTML, like Gecko; compatible; GPTBot/1.2; +https://openai.com/gptbot)"
50.17.193.48 - - [20/Sep/2025:14:48:34 +0200] "GET /2025/08/13/wazamba-%CE%B5%CE%BC%CF%80%CE%B5%CE%B9%CF%81%CE%AF%CE%B5%CF%82-%CE%BA%CE%B1%CE%B9-%CE%BA%CF%81%CE%B9%CF%84%CE%B9%CE%BA%CE%AD%CF%82-1dcda82e/?fileloc=/home/sareqgroup/mail/sareqgroup.com/admin/cur/1604497177.M519779P28013.hybrid2683.fr.ns.planethoster.net,S%3D208893,W%3D211642:2,S&path=/home/sareqgroup/mail/sareqgroup.com/admin/cur HTTP/1.1" 200 222625 "-" "Mozilla/5.0 AppleWebKit/537.36 (KHTML, like Gecko; compatible; Amazonbot/0.1; +https://developer.amazon.com/support/amazonbot) Chrome/119.0.6045.214 Safari/537.36"
216.73.216.143 - - [20/Sep/2025:14:48:35 +0200] "GET /2025/09/12/slotigo-de-worldmatch-slot-spiele-die-besten-verbunden-slots-and-spielautomaten-gebuhrenfrei?fileloc=%2F%2Flib64%2Fgconv%2FISO8859-11.so&path=%2F%2Flib64%2Fgconv HTTP/1.1" 200 2262 "-" "Mozilla/5.0 AppleWebKit/537.36 (KHTML, like Gecko; compatible; ClaudeBot/1.0; +claudebot@anthropic.com)"
20.171.207.191 - - [20/Sep/2025:14:48:36 +0200] "GET /sitemap-hot-4233854.xml?path=//sys/class/input/input4/js1 HTTP/1.1" 200 2725 "-" "Mozilla/5.0 AppleWebKit/537.36 (KHTML, like Gecko; compatible; GPTBot/1.2; +https://openai.com/gptbot)"
216.73.216.143 - - [20/Sep/2025:14:48:38 +0200] "GET /2025/09/12/slotigo-de-worldmatch-slot-spiele-die-besten-verbunden-slots-and-spielautomaten-gebuhrenfrei?fileloc=%2F%2Fsys%2Fbus%2Fmemory%2Fdevices%2Fmemory21%2Fnode0%2Fmemory65%2Fnode0%2Fmemory68%2Fphys_device&path=%2F%2Fsys%2Fbus%2Fmemory%2Fdevices%2Fmemory21%2Fnode0%2Fmemory65%2Fnode0%2Fmemory68 HTTP/1.1" 200 2318 "-" "Mozilla/5.0 AppleWebKit/537.36 (KHTML, like Gecko; compatible; ClaudeBot/1.0; +claudebot@anthropic.com)"
