216.73.216.143 - - [20/Sep/2025:15:30:07 +0200] "GET /2025/09/12/slotigo-de-worldmatch-slot-spiele-die-besten-verbunden-slots-and-spielautomaten-gebuhrenfrei?path=%2F%2Fsys%2Fbus%2Fnode%2Fdevices%2Fnode0%2Fmemory35%2Fnode0%2Fmemory41%2Fsubsystem%2Fdrivers HTTP/1.1" 200 2379 "-" "Mozilla/5.0 AppleWebKit/537.36 (KHTML, like Gecko; compatible; ClaudeBot/1.0; +claudebot@anthropic.com)"
20.171.207.191 - - [20/Sep/2025:15:30:08 +0200] "GET /sitemap-hot-4227854.xml?path=//sys/devices/LNXSYSTM:00/LNXPWRBN:00/input/input0/event0/subsystem/input3 HTTP/1.1" 200 2999 "-" "Mozilla/5.0 AppleWebKit/537.36 (KHTML, like Gecko; compatible; GPTBot/1.2; +https://openai.com/gptbot)"
216.73.216.143 - - [20/Sep/2025:15:30:10 +0200] "GET /2025/09/12/slotigo-de-worldmatch-slot-spiele-die-besten-verbunden-slots-and-spielautomaten-gebuhrenfrei?fileloc=%2F%2Fsys%2Fbus%2Fmemory%2Fdevices%2Fmemory23%2Fnode0%2Fmemory47%2Fnode0%2Fmemory39%2Fnode0%2Fmeminfo&path=%2F%2Fsys%2Fbus%2Fmemory%2Fdevices%2Fmemory23%2Fnode0%2Fmemory47%2Fnode0%2Fmemory39%2Fnode0 HTTP/1.1" 200 2631 "-" "Mozilla/5.0 AppleWebKit/537.36 (KHTML, like Gecko; compatible; ClaudeBot/1.0; +claudebot@anthropic.com)"
20.171.207.191 - - [20/Sep/2025:15:30:11 +0200] "GET /sitemap-hot-4227854.xml?path=//sys/devices/LNXSYSTM:00/LNXPWRBN:00/input/input0/event0/subsystem/input4 HTTP/1.1" 200 3022 "-" "Mozilla/5.0 AppleWebKit/537.36 (KHTML, like Gecko; compatible; GPTBot/1.2; +https://openai.com/gptbot)"
216.73.216.143 - - [20/Sep/2025:15:30:13 +0200] "GET /2025/09/12/slotigo-de-worldmatch-slot-spiele-die-besten-verbunden-slots-and-spielautomaten-gebuhrenfrei?path=%2F%2Fsys%2Fbus%2Fmemory%2Fdevices%2Fmemory23%2Fnode0%2Fmemory43%2Fnode0%2Fmemory15%2Fnode0%2Fmemory49%2Fnode0%2Fmemory2 HTTP/1.1" 200 2918 "-" "Mozilla/5.0 AppleWebKit/537.36 (KHTML, like Gecko; compatible; ClaudeBot/1.0; +claudebot@anthropic.com)"
57.141.0.22 - - [20/Sep/2025:15:30:14 +0200] "GET /2025/09/11/soar-to-new-heights-while-mastering-the-challenges/?fileloc=//bin/newuidmap&path=//bin HTTP/1.1" 200 12244 "-" "meta-externalagent/1.1 (+https://developers.facebook.com/docs/sharing/webmasters/crawler)"
20.171.207.191 - - [20/Sep/2025:15:30:15 +0200] "GET /sitemap-hot-4227854.xml?path=//sys/devices/LNXSYSTM:00/LNXPWRBN:00/input/input0/event0/subsystem/mice/power HTTP/1.1" 200 2903 "-" "Mozilla/5.0 AppleWebKit/537.36 (KHTML, like Gecko; compatible; GPTBot/1.2; +https://openai.com/gptbot)"
216.73.216.143 - - [20/Sep/2025:15:30:16 +0200] "GET /2025/09/12/slotigo-de-worldmatch-slot-spiele-die-besten-verbunden-slots-and-spielautomaten-gebuhrenfrei?path=%2F%2Fsys%2Fbus%2Fmemory%2Fdevices%2Fmemory23%2Fnode0%2Fmemory20%2Fnode0%2Fmemory60%2Fnode0%2Fmemory18%2Fnode0%2Fmemory70 HTTP/1.1" 200 2926 "-" "Mozilla/5.0 AppleWebKit/537.36 (KHTML, like Gecko; compatible; ClaudeBot/1.0; +claudebot@anthropic.com)"
20.171.207.191 - - [20/Sep/2025:15:30:18 +0200] "GET /sitemap-hot-4227854.xml?path=//sys/devices/LNXSYSTM:00/LNXPWRBN:00/input/input0/event0/subsystem/event5 HTTP/1.1" 200 2791 "-" "Mozilla/5.0 AppleWebKit/537.36 (KHTML, like Gecko; compatible; GPTBot/1.2; +https://openai.com/gptbot)"
216.73.216.143 - - [20/Sep/2025:15:30:19 +0200] "GET /2025/09/12/slotigo-de-worldmatch-slot-spiele-die-besten-verbunden-slots-and-spielautomaten-gebuhrenfrei?path=%2F%2Fsys%2Fbus%2Fmemory%2Fdevices%2Fmemory5%2Fnode0%2Fmemory9%2Fnode0%2Fmemory35%2Fnode0%2Fmemory53%2Fnode0%2Fmemory70 HTTP/1.1" 200 2918 "-" "Mozilla/5.0 AppleWebKit/537.36 (KHTML, like Gecko; compatible; ClaudeBot/1.0; +claudebot@anthropic.com)"
20.171.207.191 - - [20/Sep/2025:15:30:21 +0200] "GET /sitemap-hot-4227854.xml?path=//sys/devices/LNXSYSTM:00/LNXPWRBN:00/input/input0/event0/subsystem/mouse1 HTTP/1.1" 200 2796 "-" "Mozilla/5.0 AppleWebKit/537.36 (KHTML, like Gecko; compatible; GPTBot/1.2; +https://openai.com/gptbot)"
57.141.0.75 - - [20/Sep/2025:15:30:21 +0200] "GET /2025/09/11/with-over-100-virtual-mobile-slot-machines-and-you-will-an-enthusiastic-immersive-gambling-enterprise-form-that-it-app-offers-the-greatest-societal-local-casino-sense-the-online-game-allows-people-f/?path=/home/sareqgroup/ecommerce.com/wp-admin HTTP/1.1" 200 173459 "-" "meta-externalagent/1.1 (+https://developers.facebook.com/docs/sharing/webmasters/crawler)"
216.73.216.143 - - [20/Sep/2025:15:30:22 +0200] "GET /2025/09/12/slotigo-de-worldmatch-slot-spiele-die-besten-verbunden-slots-and-spielautomaten-gebuhrenfrei?path=%2F%2Fsys%2Fbus%2Fmemory%2Fdevices%2Fmemory57%2Fnode0%2Fmemory23%2Fnode0%2Fmemory37%2Fsubsystem%2Fdevices%2Fmemory66%2Fnode0 HTTP/1.1" 200 3740 "-" "Mozilla/5.0 AppleWebKit/537.36 (KHTML, like Gecko; compatible; ClaudeBot/1.0; +claudebot@anthropic.com)"
20.171.207.191 - - [20/Sep/2025:15:30:24 +0200] "GET /sitemap-hot-4227854.xml?path=//sys/devices/LNXSYSTM:00/LNXPWRBN:00/input/input0/event0/subsystem/event2 HTTP/1.1" 200 2791 "-" "Mozilla/5.0 AppleWebKit/537.36 (KHTML, like Gecko; compatible; GPTBot/1.2; +https://openai.com/gptbot)"
216.73.216.143 - - [20/Sep/2025:15:30:25 +0200] "GET /2025/09/12/slotigo-de-worldmatch-slot-spiele-die-besten-verbunden-slots-and-spielautomaten-gebuhrenfrei?path=%2F%2Fsys%2Fbus%2Fmemory%2Fdevices%2Fmemory48%2Fnode0%2Fmemory36%2Fsubsystem%2Fdevices%2Fmemory65%2Fnode0%2Fmemory69 HTTP/1.1" 200 2922 "-" "Mozilla/5.0 AppleWebKit/537.36 (KHTML, like Gecko; compatible; ClaudeBot/1.0; +claudebot@anthropic.com)"
20.171.207.191 - - [20/Sep/2025:15:30:27 +0200] "GET /sitemap-hot-4227854.xml?path=//sys/devices/LNXSYSTM:00/LNXPWRBN:00/input/input0/event0/subsystem/input3/id HTTP/1.1" 200 2736 "-" "Mozilla/5.0 AppleWebKit/537.36 (KHTML, like Gecko; compatible; GPTBot/1.2; +https://openai.com/gptbot)"
216.73.216.143 - - [20/Sep/2025:15:30:28 +0200] "GET /2025/09/12/slotigo-de-worldmatch-slot-spiele-die-besten-verbunden-slots-and-spielautomaten-gebuhrenfrei?path=%2F%2Fsys%2Fbus%2Fmemory%2Fdevices%2Fmemory48%2Fnode0%2Fmemory55%2Fnode0%2Fmemory19%2Fnode0%2Fmemory7 HTTP/1.1" 200 2906 "-" "Mozilla/5.0 AppleWebKit/537.36 (KHTML, like Gecko; compatible; ClaudeBot/1.0; +claudebot@anthropic.com)"
20.171.207.191 - - [20/Sep/2025:15:30:30 +0200] "GET /sitemap-hot-4227854.xml?path=//sys/devices/LNXSYSTM:00/LNXPWRBN:00/input/input0/event0/subsystem/input4/id HTTP/1.1" 200 2735 "-" "Mozilla/5.0 AppleWebKit/537.36 (KHTML, like Gecko; compatible; GPTBot/1.2; +https://openai.com/gptbot)"
216.73.216.143 - - [20/Sep/2025:15:30:31 +0200] "GET /2025/09/12/slotigo-de-worldmatch-slot-spiele-die-besten-verbunden-slots-and-spielautomaten-gebuhrenfrei?path=%2F%2Fsys%2Fbus%2Fnode%2Fdevices%2Fnode0%2Fmemory56%2Fnode0%2Fmemory49%2Fnode0%2Fmemory64 HTTP/1.1" 200 2898 "-" "Mozilla/5.0 AppleWebKit/537.36 (KHTML, like Gecko; compatible; ClaudeBot/1.0; +claudebot@anthropic.com)"
20.171.207.191 - - [20/Sep/2025:15:30:33 +0200] "GET /sitemap-hot-4227854.xml?path=//sys/devices/LNXSYSTM:00/LNXPWRBN:00/input/input0/event0/subsystem/event5/power HTTP/1.1" 200 2904 "-" "Mozilla/5.0 AppleWebKit/537.36 (KHTML, like Gecko; compatible; GPTBot/1.2; +https://openai.com/gptbot)"
216.73.216.143 - - [20/Sep/2025:15:30:34 +0200] "GET /2025/09/12/slotigo-de-worldmatch-slot-spiele-die-besten-verbunden-slots-and-spielautomaten-gebuhrenfrei?path=%2F%2Fsys%2Fbus%2Fnode%2Fdevices%2Fnode0%2Fmemory62%2Fnode0%2Fmemory22%2Fnode0%2Fmemory12%2Fnode0%2Fmemory46 HTTP/1.1" 200 2910 "-" "Mozilla/5.0 AppleWebKit/537.36 (KHTML, like Gecko; compatible; ClaudeBot/1.0; +claudebot@anthropic.com)"
20.171.207.191 - - [20/Sep/2025:15:30:36 +0200] "GET /sitemap-hot-4227854.xml?path=//sys/devices/LNXSYSTM:00/LNXPWRBN:00/input/input0/event0/subsystem/input4/power HTTP/1.1" 200 2904 "-" "Mozilla/5.0 AppleWebKit/537.36 (KHTML, like Gecko; compatible; GPTBot/1.2; +https://openai.com/gptbot)"
57.141.0.23 - - [20/Sep/2025:15:30:37 +0200] "GET /wp-json/wp/v2/posts/2519?path=/home/sareqgroup/ecommerce.com/assets HTTP/1.1" 200 20661 "-" "meta-externalagent/1.1 (+https://developers.facebook.com/docs/sharing/webmasters/crawler)"
216.73.216.143 - - [20/Sep/2025:15:30:37 +0200] "GET /2025/09/12/slotigo-de-worldmatch-slot-spiele-die-besten-verbunden-slots-and-spielautomaten-gebuhrenfrei?path=%2F%2Fsys%2Fbus%2Fmemory%2Fdevices%2Fmemory23%2Fnode0%2Fmemory59%2Fnode0%2Fmemory42%2Fnode0%2Fmemory11%2Fnode0%2Fmemory60 HTTP/1.1" 200 2932 "-" "Mozilla/5.0 AppleWebKit/537.36 (KHTML, like Gecko; compatible; ClaudeBot/1.0; +claudebot@anthropic.com)"
20.171.207.191 - - [20/Sep/2025:15:30:40 +0200] "GET /sitemap-hot-4227854.xml?path=//sys/devices/LNXSYSTM:00/LNXPWRBN:00/input/input0/event0/subsystem/event2/power HTTP/1.1" 200 2904 "-" "Mozilla/5.0 AppleWebKit/537.36 (KHTML, like Gecko; compatible; GPTBot/1.2; +https://openai.com/gptbot)"
216.73.216.143 - - [20/Sep/2025:15:30:40 +0200] "GET /2025/09/12/slotigo-de-worldmatch-slot-spiele-die-besten-verbunden-slots-and-spielautomaten-gebuhrenfrei?path=%2F%2Fsys%2Fbus%2Fmemory%2Fdevices%2Fmemory9%2Fnode0%2Fmemory9%2Fnode0%2Fmemory18%2Fnode0%2Fmemory68%2Fnode0%2Fmemory11 HTTP/1.1" 200 2911 "-" "Mozilla/5.0 AppleWebKit/537.36 (KHTML, like Gecko; compatible; ClaudeBot/1.0; +claudebot@anthropic.com)"
20.171.207.191 - - [20/Sep/2025:15:30:43 +0200] "GET /sitemap-hot-4227854.xml?path=//sys/devices/LNXSYSTM:00/LNXPWRBN:00/input/input0/event0/subsystem/mouse1/power HTTP/1.1" 200 2904 "-" "Mozilla/5.0 AppleWebKit/537.36 (KHTML, like Gecko; compatible; GPTBot/1.2; +https://openai.com/gptbot)"
216.73.216.143 - - [20/Sep/2025:15:30:43 +0200] "GET /2025/09/12/slotigo-de-worldmatch-slot-spiele-die-besten-verbunden-slots-and-spielautomaten-gebuhrenfrei?path=%2F%2Fsys%2Fbus%2Fmemory%2Fdevices%2Fmemory34%2Fnode0%2Fmemory37%2Fnode0%2Fmemory35%2Fnode0%2Fmemory10%2Fnode0 HTTP/1.1" 200 3719 "-" "Mozilla/5.0 AppleWebKit/537.36 (KHTML, like Gecko; compatible; ClaudeBot/1.0; +claudebot@anthropic.com)"
20.171.207.191 - - [20/Sep/2025:15:30:46 +0200] "GET /sitemap-hot-4227854.xml?path=//sys/devices/LNXSYSTM:00/LNXPWRBN:00/input/input0/event0/subsystem/input3/power HTTP/1.1" 200 2905 "-" "Mozilla/5.0 AppleWebKit/537.36 (KHTML, like Gecko; compatible; GPTBot/1.2; +https://openai.com/gptbot)"
216.73.216.143 - - [20/Sep/2025:15:30:46 +0200] "GET /2025/09/12/slotigo-de-worldmatch-slot-spiele-die-besten-verbunden-slots-and-spielautomaten-gebuhrenfrei?path=%2F%2Fsys%2Fbus%2Fmemory%2Fdevices%2Fmemory17%2Fnode0%2Fmemory10%2Fsubsystem%2Fdevices%2Fmemory71%2Fnode0%2Fmemory66 HTTP/1.1" 200 2921 "-" "Mozilla/5.0 AppleWebKit/537.36 (KHTML, like Gecko; compatible; ClaudeBot/1.0; +claudebot@anthropic.com)"
20.171.207.191 - - [20/Sep/2025:15:30:49 +0200] "GET /sitemap-hot-4227854.xml?path=//sys/devices/LNXSYSTM:00/LNXPWRBN:00/input/input0/event0/subsystem/event1 HTTP/1.1" 200 2791 "-" "Mozilla/5.0 AppleWebKit/537.36 (KHTML, like Gecko; compatible; GPTBot/1.2; +https://openai.com/gptbot)"
216.73.216.143 - - [20/Sep/2025:15:30:49 +0200] "GET /2025/09/12/slotigo-de-worldmatch-slot-spiele-die-besten-verbunden-slots-and-spielautomaten-gebuhrenfrei?path=%2F%2Fsys%2Fdevices%2Fsystem%2Fmemory%2Fmemory41%2Fnode0%2Fmemory15%2Fnode0%2Fmemory68 HTTP/1.1" 200 2904 "-" "Mozilla/5.0 AppleWebKit/537.36 (KHTML, like Gecko; compatible; ClaudeBot/1.0; +claudebot@anthropic.com)"
3.208.146.193 - - [20/Sep/2025:15:30:50 +0200] "GET /2020/10/?path=//sys/devices/virtual/input/mice/subsystem/event2 HTTP/1.1" 200 20372 "-" "Mozilla/5.0 AppleWebKit/537.36 (KHTML, like Gecko; compatible; Amazonbot/0.1; +https://developer.amazon.com/support/amazonbot) Chrome/119.0.6045.214 Safari/537.36"
66.249.74.1 - - [20/Sep/2025:15:30:51 +0200] "GET /2025/07/22/%D0%BA%D0%B0%D0%BA%D0%B8%D0%BC-%D1%81%D0%BF%D0%BE%D1%81%D0%BE%D0%B1%D0%BE%D0%BC-%D1%81%D1%82%D0%B0%D1%80%D1%82%D0%BE%D0%B2%D0%B0%D1%82%D1%8C-%D1%80%D0%B0%D0%B7%D0%B2%D0%BB%D0%B5%D1%87%D0%B5%D0%BD/?fileloc=//scripts/restartsrv_crond&path=//scripts HTTP/1.1" 200 2252 "-" "Mozilla/5.0 (Linux; Android 6.0.1; Nexus 5X Build/MMB29P) AppleWebKit/537.36 (KHTML, like Gecko) Chrome/140.0.7339.127 Mobile Safari/537.36 (compatible; GoogleOther)"
20.171.207.191 - - [20/Sep/2025:15:30:52 +0200] "GET /sitemap-hot-4223854.xml?path=//sys/devices/LNXSYSTM:00/LNXPWRBN:00/input/input0/subsystem/mouse2 HTTP/1.1" 200 2784 "-" "Mozilla/5.0 AppleWebKit/537.36 (KHTML, like Gecko; compatible; GPTBot/1.2; +https://openai.com/gptbot)"
216.73.216.143 - - [20/Sep/2025:15:30:52 +0200] "GET /2025/09/12/slotigo-de-worldmatch-slot-spiele-die-besten-verbunden-slots-and-spielautomaten-gebuhrenfrei?path=%2F%2Fsys%2Fbus%2Fmemory%2Fdevices%2Fmemory54%2Fnode0%2Fmemory52%2Fnode0%2Fmemory0%2Fsubsystem%2Fdevices%2Fmemory61 HTTP/1.1" 200 2916 "-" "Mozilla/5.0 AppleWebKit/537.36 (KHTML, like Gecko; compatible; ClaudeBot/1.0; +claudebot@anthropic.com)"
20.171.207.191 - - [20/Sep/2025:15:30:55 +0200] "GET /sitemap-hot-4223854.xml?path=//sys/devices/LNXSYSTM:00/LNXPWRBN:00/input/input0/event0/subsystem HTTP/1.1" 200 2885 "-" "Mozilla/5.0 AppleWebKit/537.36 (KHTML, like Gecko; compatible; GPTBot/1.2; +https://openai.com/gptbot)"
216.73.216.143 - - [20/Sep/2025:15:30:55 +0200] "GET /2025/09/12/slotigo-de-worldmatch-slot-spiele-die-besten-verbunden-slots-and-spielautomaten-gebuhrenfrei?path=%2F%2Fsys%2Fbus%2Fmemory%2Fdevices%2Fmemory5%2Fnode0%2Fmemory69%2Fnode0%2Fmemory18%2Fnode0%2Fmemory6%2Fnode0%2Fmemory23 HTTP/1.1" 200 2917 "-" "Mozilla/5.0 AppleWebKit/537.36 (KHTML, like Gecko; compatible; ClaudeBot/1.0; +claudebot@anthropic.com)"
50.16.216.166 - - [20/Sep/2025:15:30:55 +0200] "GET /2020/10/?path=//sys/class/input/event1/subsystem/input3/id HTTP/1.1" 200 19110 "-" "Mozilla/5.0 AppleWebKit/537.36 (KHTML, like Gecko; compatible; Amazonbot/0.1; +https://developer.amazon.com/support/amazonbot) Chrome/119.0.6045.214 Safari/537.36"
20.171.207.191 - - [20/Sep/2025:15:30:58 +0200] "GET /sitemap-hot-4223854.xml?path=//sys/devices/LNXSYSTM:00/LNXPWRBN:00/input/input0/subsystem/input1 HTTP/1.1" 200 3045 "-" "Mozilla/5.0 AppleWebKit/537.36 (KHTML, like Gecko; compatible; GPTBot/1.2; +https://openai.com/gptbot)"
216.73.216.143 - - [20/Sep/2025:15:30:58 +0200] "GET /2025/09/12/finest-united-states-online-casinos-2025-internet-casino-cuckoo-casino-game-a-real-income?fileloc=%2F%2Fproc%2F19%2Fstack&path=%2F%2Fproc%2F19 HTTP/1.1" 200 2251 "-" "Mozilla/5.0 AppleWebKit/537.36 (KHTML, like Gecko; compatible; ClaudeBot/1.0; +claudebot@anthropic.com)"
52.167.144.142 - - [20/Sep/2025:15:31:00 +0200] "GET /2025/08/30/la-emocion-de-ganar-esta-a-un-paso-simplemente/ HTTP/1.1" 200 3733 "-" "Mozilla/5.0 AppleWebKit/537.36 (KHTML, like Gecko; compatible; bingbot/2.0; +http://www.bing.com/bingbot.htm) Chrome/116.0.1938.76 Safari/537.36"
20.171.207.191 - - [20/Sep/2025:15:31:01 +0200] "GET /sitemap-hot-4227854.xml?path=//sys/devices/LNXSYSTM:00/LNXPWRBN:00/input/input0/event0/subsystem/event4 HTTP/1.1" 200 2791 "-" "Mozilla/5.0 AppleWebKit/537.36 (KHTML, like Gecko; compatible; GPTBot/1.2; +https://openai.com/gptbot)"
216.73.216.143 - - [20/Sep/2025:15:31:01 +0200] "GET /2025/09/12/slotigo-de-worldmatch-slot-spiele-die-besten-verbunden-slots-and-spielautomaten-gebuhrenfrei?path=%2F%2Fsys%2Fdevices%2Fsystem%2Fmemory%2Fmemory16%2Fnode0%2Fmemory54%2Fnode0%2Fmemory49 HTTP/1.1" 200 2905 "-" "Mozilla/5.0 AppleWebKit/537.36 (KHTML, like Gecko; compatible; ClaudeBot/1.0; +claudebot@anthropic.com)"
57.141.0.73 - - [20/Sep/2025:15:31:01 +0200] "GET /2025/09/11/5-euro-einzahlungsbonus-casinos-unter-einsatz-von-weniger-bedeutend-einzahlung-2025/?fileloc=//proc/27170/limits&path=//proc/27170 HTTP/1.1" 200 12289 "-" "meta-externalagent/1.1 (+https://developers.facebook.com/docs/sharing/webmasters/crawler)"
216.73.216.143 - - [20/Sep/2025:15:31:04 +0200] "GET /2025/09/12/slotigo-de-worldmatch-slot-spiele-die-besten-verbunden-slots-and-spielautomaten-gebuhrenfrei?path=%2F%2Fsys%2Fbus%2Fmemory%2Fdevices%2Fmemory68%2Fnode0%2Fmemory10%2Fnode0%2Fmemory36%2Fnode0%2Fmemory32 HTTP/1.1" 200 2907 "-" "Mozilla/5.0 AppleWebKit/537.36 (KHTML, like Gecko; compatible; ClaudeBot/1.0; +claudebot@anthropic.com)"
20.171.207.191 - - [20/Sep/2025:15:31:04 +0200] "GET /sitemap-hot-4227854.xml?path=//sys/devices/LNXSYSTM:00/LNXPWRBN:00/input/input0/event0/subsystem/event1/power HTTP/1.1" 200 2903 "-" "Mozilla/5.0 AppleWebKit/537.36 (KHTML, like Gecko; compatible; GPTBot/1.2; +https://openai.com/gptbot)"
57.141.0.21 - - [20/Sep/2025:15:31:05 +0200] "GET /2025/09/12/wann-sollte-man-in-erreichbar-casinos-mit-strippe-retournieren-ferner-zu-welcher-zeit-nicht/?path=//etc/popt.d HTTP/1.1" 200 12698 "-" "meta-externalagent/1.1 (+https://developers.facebook.com/docs/sharing/webmasters/crawler)"
216.73.216.143 - - [20/Sep/2025:15:31:07 +0200] "GET /2025/09/12/slotigo-de-worldmatch-slot-spiele-die-besten-verbunden-slots-and-spielautomaten-gebuhrenfrei?path=%2F%2Fsys%2Fbus%2Fmemory%2Fdevices%2Fmemory51%2Fnode0%2Fmemory43%2Fnode0%2Fmemory20%2Fnode0%2Fmemory51%2Fnode0%2Fmemory36 HTTP/1.1" 200 2929 "-" "Mozilla/5.0 AppleWebKit/537.36 (KHTML, like Gecko; compatible; ClaudeBot/1.0; +claudebot@anthropic.com)"
20.171.207.191 - - [20/Sep/2025:15:31:08 +0200] "GET /sitemap-hot-4227854.xml?path=//sys/devices/LNXSYSTM:00/LNXPWRBN:00/input/input0/subsystem/mouse2 HTTP/1.1" 200 2784 "-" "Mozilla/5.0 AppleWebKit/537.36 (KHTML, like Gecko; compatible; GPTBot/1.2; +https://openai.com/gptbot)"
216.73.216.143 - - [20/Sep/2025:15:31:10 +0200] "GET /2025/09/12/slotigo-de-worldmatch-slot-spiele-die-besten-verbunden-slots-and-spielautomaten-gebuhrenfrei?path=%2F%2Fsys%2Fbus%2Fmemory%2Fdevices%2Fmemory34%2Fnode0%2Fmemory37%2Fnode0%2Fmemory59%2Fnode0%2Fmemory17%2Fnode0%2Fmemory45 HTTP/1.1" 200 2932 "-" "Mozilla/5.0 AppleWebKit/537.36 (KHTML, like Gecko; compatible; ClaudeBot/1.0; +claudebot@anthropic.com)"
20.171.207.191 - - [20/Sep/2025:15:31:11 +0200] "GET /sitemap-hot-4223854.xml?path=//sys/devices/LNXSYSTM:00/LNXPWRBN:00/input/input0/subsystem/mouse2/power HTTP/1.1" 200 2894 "-" "Mozilla/5.0 AppleWebKit/537.36 (KHTML, like Gecko; compatible; GPTBot/1.2; +https://openai.com/gptbot)"
216.73.216.143 - - [20/Sep/2025:15:31:13 +0200] "GET /2025/09/12/slotigo-de-worldmatch-slot-spiele-die-besten-verbunden-slots-and-spielautomaten-gebuhrenfrei?path=%2F%2Fsys%2Fbus%2Fmemory%2Fdevices%2Fmemory51%2Fnode0%2Fmemory43%2Fnode0%2Fmemory20%2Fnode0%2Fmemory51%2Fnode0%2Fmemory60 HTTP/1.1" 200 2928 "-" "Mozilla/5.0 AppleWebKit/537.36 (KHTML, like Gecko; compatible; ClaudeBot/1.0; +claudebot@anthropic.com)"
20.171.207.191 - - [20/Sep/2025:15:31:14 +0200] "GET /sitemap-hot-4223854.xml?path=//sys/devices/LNXSYSTM:00/LNXPWRBN:00/input/input0/subsystem/input1/device HTTP/1.1" 200 3146 "-" "Mozilla/5.0 AppleWebKit/537.36 (KHTML, like Gecko; compatible; GPTBot/1.2; +https://openai.com/gptbot)"
216.73.216.143 - - [20/Sep/2025:15:31:16 +0200] "GET /2025/09/12/slotigo-de-worldmatch-slot-spiele-die-besten-verbunden-slots-and-spielautomaten-gebuhrenfrei?fileloc=%2F%2Fsys%2Fbus%2Fmemory%2Fdevices%2Fmemory23%2Fnode0%2Fmemory63%2Fnode0%2Fmemory69%2Fnode0%2Fcpulist&path=%2F%2Fsys%2Fbus%2Fmemory%2Fdevices%2Fmemory23%2Fnode0%2Fmemory63%2Fnode0%2Fmemory69%2Fnode0 HTTP/1.1" 200 2319 "-" "Mozilla/5.0 AppleWebKit/537.36 (KHTML, like Gecko; compatible; ClaudeBot/1.0; +claudebot@anthropic.com)"
20.171.207.191 - - [20/Sep/2025:15:31:17 +0200] "GET /sitemap-hot-4223854.xml?path=//sys/devices/LNXSYSTM:00/LNXPWRBN:00/input/input0/subsystem/input1/id HTTP/1.1" 200 2723 "-" "Mozilla/5.0 AppleWebKit/537.36 (KHTML, like Gecko; compatible; GPTBot/1.2; +https://openai.com/gptbot)"
18.209.201.119 - - [20/Sep/2025:15:31:19 +0200] "GET /2020/10/?path=//sys/class/input/input2/subsystem/input3/device HTTP/1.1" 200 37177 "-" "Mozilla/5.0 AppleWebKit/537.36 (KHTML, like Gecko; compatible; Amazonbot/0.1; +https://developer.amazon.com/support/amazonbot) Chrome/119.0.6045.214 Safari/537.36"
216.73.216.143 - - [20/Sep/2025:15:31:19 +0200] "GET /2025/09/12/slotigo-de-worldmatch-slot-spiele-die-besten-verbunden-slots-and-spielautomaten-gebuhrenfrei?path=%2F%2Fsys%2Fbus%2Fmemory%2Fdevices%2Fmemory34%2Fnode0%2Fmemory37%2Fnode0%2Fmemory16%2Fnode0%2Fmemory0%2Fnode0%2Fhugepages HTTP/1.1" 200 2672 "-" "Mozilla/5.0 AppleWebKit/537.36 (KHTML, like Gecko; compatible; ClaudeBot/1.0; +claudebot@anthropic.com)"
20.171.207.191 - - [20/Sep/2025:15:31:20 +0200] "GET /sitemap-hot-4223854.xml?path=//sys/devices/LNXSYSTM:00/LNXPWRBN:00/input/input0/event0/subsystem/mice HTTP/1.1" 200 2773 "-" "Mozilla/5.0 AppleWebKit/537.36 (KHTML, like Gecko; compatible; GPTBot/1.2; +https://openai.com/gptbot)"
216.73.216.143 - - [20/Sep/2025:15:31:22 +0200] "GET /2025/09/12/slotigo-de-worldmatch-slot-spiele-die-besten-verbunden-slots-and-spielautomaten-gebuhrenfrei?path=%2F%2Fsys%2Fbus%2Fmemory%2Fdevices%2Fmemory40%2Fnode0%2Fmemory58%2Fnode0%2Fmemory8%2Fnode0%2Fmemory67%2Fnode0%2Fmemory61 HTTP/1.1" 200 2929 "-" "Mozilla/5.0 AppleWebKit/537.36 (KHTML, like Gecko; compatible; ClaudeBot/1.0; +claudebot@anthropic.com)"
20.171.207.191 - - [20/Sep/2025:15:31:23 +0200] "GET /sitemap-hot-4227854.xml?path=//sys/devices/LNXSYSTM:00/LNXPWRBN:00/input/input0/subsystem/mouse2/power HTTP/1.1" 200 2894 "-" "Mozilla/5.0 AppleWebKit/537.36 (KHTML, like Gecko; compatible; GPTBot/1.2; +https://openai.com/gptbot)"
20.171.207.191 - - [20/Sep/2025:15:31:26 +0200] "GET /sitemap-hot-4227854.xml?path=//sys/devices/LNXSYSTM:00/LNXPWRBN:00/input/input0/event0/subsystem/event4/power HTTP/1.1" 200 2904 "-" "Mozilla/5.0 AppleWebKit/537.36 (KHTML, like Gecko; compatible; GPTBot/1.2; +https://openai.com/gptbot)"
57.141.0.24 - - [20/Sep/2025:15:31:28 +0200] "GET /2025/09/01/ekscytujce-moliwoci-czekaj-na-ciebie-gdy-wybierasz/?fileloc=//lib64/libdrm_radeon.so.1&path=//lib64 HTTP/1.1" 200 12259 "-" "meta-externalagent/1.1 (+https://developers.facebook.com/docs/sharing/webmasters/crawler)"
20.171.207.191 - - [20/Sep/2025:15:31:29 +0200] "GET /sitemap-hot-4223854.xml?path=//sys/devices/LNXSYSTM:00/LNXPWRBN:00/input/input0/subsystem/input1/device/id HTTP/1.1" 200 2719 "-" "Mozilla/5.0 AppleWebKit/537.36 (KHTML, like Gecko; compatible; GPTBot/1.2; +https://openai.com/gptbot)"
20.171.207.191 - - [20/Sep/2025:15:31:33 +0200] "GET /sitemap-hot-4223854.xml?path=//sys/devices/LNXSYSTM:00/LNXPWRBN:00/input/input0/subsystem/input1/power HTTP/1.1" 200 2892 "-" "Mozilla/5.0 AppleWebKit/537.36 (KHTML, like Gecko; compatible; GPTBot/1.2; +https://openai.com/gptbot)"
216.73.216.143 - - [20/Sep/2025:15:31:33 +0200] "GET /2025/09/12/100-casino-oceanbets-100-free-spins-percent-free-casino-games-online-slots-kingdom-town-internet-casino/feed?fileloc=%2F%2Fusr%2Fshare%2Fmime%2Fglobs&path=%2F%2Fusr%2Fshare%2Fmime HTTP/1.1" 200 9806 "-" "Mozilla/5.0 AppleWebKit/537.36 (KHTML, like Gecko; compatible; ClaudeBot/1.0; +claudebot@anthropic.com)"
216.73.216.143 - - [20/Sep/2025:15:31:35 +0200] "GET /2025/09/12/latest-play-sweet-life-real-money-no-deposit-incentives-british-2025-best-ranked-now-offers?fileloc=%2F%2Flib64%2Flibverto.so.1.0.0&path=%2F%2Flib64 HTTP/1.1" 200 2248 "-" "Mozilla/5.0 AppleWebKit/537.36 (KHTML, like Gecko; compatible; ClaudeBot/1.0; +claudebot@anthropic.com)"
20.171.207.191 - - [20/Sep/2025:15:31:36 +0200] "GET /sitemap-hot-4223854.xml?path=//sys/devices/LNXSYSTM:00/LNXPWRBN:00/input/input0/event0/subsystem/input3 HTTP/1.1" 200 2999 "-" "Mozilla/5.0 AppleWebKit/537.36 (KHTML, like Gecko; compatible; GPTBot/1.2; +https://openai.com/gptbot)"
216.73.216.143 - - [20/Sep/2025:15:31:38 +0200] "GET /2025/09/12/best-online-casino-internet-sites-you-a-real-income-gambling-classico-1-deposit-enterprises-2025?fileloc=%2F%2Fsbin%2Fimunify-notifier&path=%2F%2Fsbin HTTP/1.1" 200 2250 "-" "Mozilla/5.0 AppleWebKit/537.36 (KHTML, like Gecko; compatible; ClaudeBot/1.0; +claudebot@anthropic.com)"
20.171.207.191 - - [20/Sep/2025:15:31:39 +0200] "GET /sitemap-hot-4223854.xml?path=//sys/devices/LNXSYSTM:00/LNXPWRBN:00/input/input0/event0/subsystem/mice/power HTTP/1.1" 200 2903 "-" "Mozilla/5.0 AppleWebKit/537.36 (KHTML, like Gecko; compatible; GPTBot/1.2; +https://openai.com/gptbot)"
216.73.216.143 - - [20/Sep/2025:15:31:41 +0200] "GET /2025/09/12/free-spins-aztec-goldt-slot-echtes-piepen-2025-letzter-schrei-110-freispiele-slot-ariana-nur-einzahlung/feed?fileloc=%2F%2Fscripts%2Fexportmydnsdb&path=%2F%2Fscripts HTTP/1.1" 200 3587 "-" "Mozilla/5.0 AppleWebKit/537.36 (KHTML, like Gecko; compatible; ClaudeBot/1.0; +claudebot@anthropic.com)"
20.171.207.191 - - [20/Sep/2025:15:31:42 +0200] "GET /sitemap-hot-4223854.xml?path=//sys/devices/LNXSYSTM:00/LNXPWRBN:00/input/input0/event0/subsystem/mouse2 HTTP/1.1" 200 2796 "-" "Mozilla/5.0 AppleWebKit/537.36 (KHTML, like Gecko; compatible; GPTBot/1.2; +https://openai.com/gptbot)"
216.73.216.143 - - [20/Sep/2025:15:31:44 +0200] "GET /2025/09/12/gamble-dj-nuts-gambling-establishment-game-free-spins-on-stinkin-rich-savibet-online-slots-local-casino-real-money-demonstration?fileloc=%2F%2Flib%2Fgconv%2FCP771.so&path=%2F%2Flib%2Fgconv HTTP/1.1" 200 2259 "-" "Mozilla/5.0 AppleWebKit/537.36 (KHTML, like Gecko; compatible; ClaudeBot/1.0; +claudebot@anthropic.com)"
20.171.207.191 - - [20/Sep/2025:15:31:45 +0200] "GET /sitemap-hot-4223854.xml?path=//sys/devices/LNXSYSTM:00/LNXPWRBN:00/input/input0/event0/subsystem/input5 HTTP/1.1" 200 2974 "-" "Mozilla/5.0 AppleWebKit/537.36 (KHTML, like Gecko; compatible; GPTBot/1.2; +https://openai.com/gptbot)"
216.73.216.143 - - [20/Sep/2025:15:31:47 +0200] "GET /2025/09/12/best-spielsaal-lucky-days-freie-spins-9-gamesys-casino-spin-palace-kein-einzahlungsbonus-chinese-dragon-online-slot-casinos-watrbar?fileloc=%2Fhome%2Fsareqgroup%2Ftmp%2Fawstats%2Fawstats022024.ecommerce.sareqgroup.com.txt&path=%2Fhome%2Fsareqgroup%2Ftmp%2Fawstats HTTP/1.1" 200 17121 "-" "Mozilla/5.0 AppleWebKit/537.36 (KHTML, like Gecko; compatible; ClaudeBot/1.0; +claudebot@anthropic.com)"
20.171.207.191 - - [20/Sep/2025:15:31:49 +0200] "GET /sitemap-hot-4223854.xml?path=//sys/devices/LNXSYSTM:00/LNXPWRBN:00/input/input0/event0/subsystem/input1 HTTP/1.1" 200 3054 "-" "Mozilla/5.0 AppleWebKit/537.36 (KHTML, like Gecko; compatible; GPTBot/1.2; +https://openai.com/gptbot)"
216.73.216.143 - - [20/Sep/2025:15:31:50 +0200] "GET /2025/09/12/finest-united-states-online-casinos-2025-internet-casino-cuckoo-casino-game-a-real-income?fileloc=%2F%2Flib%2Ffirmware%2Fqca%2Fnvm_00440302.bin&path=%2F%2Flib%2Ffirmware%2Fqca HTTP/1.1" 200 2274 "-" "Mozilla/5.0 AppleWebKit/537.36 (KHTML, like Gecko; compatible; ClaudeBot/1.0; +claudebot@anthropic.com)"
34.227.156.153 - - [20/Sep/2025:15:31:51 +0200] "GET /2020/10/?path=//sys/bus/acpi/devices/device:1d/subsystem/devices HTTP/1.1" 200 99438 "-" "Mozilla/5.0 AppleWebKit/537.36 (KHTML, like Gecko; compatible; Amazonbot/0.1; +https://developer.amazon.com/support/amazonbot) Chrome/119.0.6045.214 Safari/537.36"
20.171.207.191 - - [20/Sep/2025:15:31:52 +0200] "GET /sitemap-hot-4223854.xml?path=//sys/devices/LNXSYSTM:00/LNXPWRBN:00/input/input0/event0/subsystem/input3/id HTTP/1.1" 200 2736 "-" "Mozilla/5.0 AppleWebKit/537.36 (KHTML, like Gecko; compatible; GPTBot/1.2; +https://openai.com/gptbot)"
157.55.39.205 - - [20/Sep/2025:15:31:53 +0200] "GET /2025/08/23/casinos-en-linea-confiables-en-mexico-2510/ HTTP/1.1" 200 3733 "-" "Mozilla/5.0 AppleWebKit/537.36 (KHTML, like Gecko; compatible; bingbot/2.0; +http://www.bing.com/bingbot.htm) Chrome/116.0.1938.76 Safari/537.36"
216.73.216.143 - - [20/Sep/2025:15:31:53 +0200] "GET /2025/09/12/twin-spin-netent-slot-slot-tornado-farm-escape-review?path=%2F%2Fproc%2F9298%2Fnet HTTP/1.1" 200 2312 "-" "Mozilla/5.0 AppleWebKit/537.36 (KHTML, like Gecko; compatible; ClaudeBot/1.0; +claudebot@anthropic.com)"
212.119.46.120 - - [20/Sep/2025:15:31:53 +0200] "GET /2025/09/02/les-secrets-des-probabilites-au-casinoclic-comment-jouer-avec-intelligence/ HTTP/1.1" 200 3733 "-" "Mozilla/5.0 (Windows NT 10.0; Win64; x64) AppleWebKit/537.36 (KHTML, like Gecko) Chrome/114.0.0.0 Safari/537.36 Edg/114.0.1264.71"
20.171.207.191 - - [20/Sep/2025:15:31:55 +0200] "GET /sitemap-hot-4223854.xml?path=//sys/devices/LNXSYSTM:00/LNXPWRBN:00/input/input0/event0/subsystem/event1 HTTP/1.1" 200 2791 "-" "Mozilla/5.0 AppleWebKit/537.36 (KHTML, like Gecko; compatible; GPTBot/1.2; +https://openai.com/gptbot)"
216.73.216.143 - - [20/Sep/2025:15:31:56 +0200] "GET /2025/09/12/melhores-plataformas-criancice-cassino-online-afinar-brasil-2025/feed?fileloc=%2F%2Fproc%2F120%2Fnet%2Fnetstat&path=%2F%2Fproc%2F120%2Fnet HTTP/1.1" 200 3533 "-" "Mozilla/5.0 AppleWebKit/537.36 (KHTML, like Gecko; compatible; ClaudeBot/1.0; +claudebot@anthropic.com)"
20.171.207.191 - - [20/Sep/2025:15:31:58 +0200] "GET /sitemap-hot-4223854.xml?path=//sys/devices/LNXSYSTM:00/LNXPWRBN:00/input/input0/event0/subsystem/mouse2/power HTTP/1.1" 200 2905 "-" "Mozilla/5.0 AppleWebKit/537.36 (KHTML, like Gecko; compatible; GPTBot/1.2; +https://openai.com/gptbot)"
216.73.216.143 - - [20/Sep/2025:15:31:59 +0200] "GET /2025/09/12/b7-casino-nl-bonus-450-en-250-gratis-spins-1069?fileloc=%2F%2Fsys%2Fkernel%2Fslab%2F%3At-0000496%2Fctor&path=%2F%2Fsys%2Fkernel%2Fslab%2F%3At-0000496 HTTP/1.1" 200 2276 "-" "Mozilla/5.0 AppleWebKit/537.36 (KHTML, like Gecko; compatible; ClaudeBot/1.0; +claudebot@anthropic.com)"
20.171.207.191 - - [20/Sep/2025:15:32:01 +0200] "GET /sitemap-hot-4223854.xml?path=//sys/devices/LNXSYSTM:00/LNXPWRBN:00/input/input0/event0/subsystem/input3/power HTTP/1.1" 200 2905 "-" "Mozilla/5.0 AppleWebKit/537.36 (KHTML, like Gecko; compatible; GPTBot/1.2; +https://openai.com/gptbot)"
216.73.216.143 - - [20/Sep/2025:15:32:02 +0200] "GET /2025/09/12/1win-zerkalo-sajta-bukmekerskoj-kontory-1vin-4060?fileloc=%2F%2Fetc%2Fapache2%2Fmodules%2Fmod_logio.so&path=%2F%2Fetc%2Fapache2%2Fmodules HTTP/1.1" 200 2268 "-" "Mozilla/5.0 AppleWebKit/537.36 (KHTML, like Gecko; compatible; ClaudeBot/1.0; +claudebot@anthropic.com)"
20.171.207.191 - - [20/Sep/2025:15:32:04 +0200] "GET /sitemap-hot-4223854.xml?path=//sys/devices/LNXSYSTM:00/LNXPWRBN:00/input/input0/event0/subsystem/input1/id HTTP/1.1" 200 2735 "-" "Mozilla/5.0 AppleWebKit/537.36 (KHTML, like Gecko; compatible; GPTBot/1.2; +https://openai.com/gptbot)"
216.73.216.143 - - [20/Sep/2025:15:32:05 +0200] "GET /2025/09/12/best-spielsaal-lucky-days-freie-spins-9-gamesys-casino-spin-palace-kein-einzahlungsbonus-chinese-dragon-online-slot-casinos-watrbar?path=%2F%2Fusr%2Flib64%2Fphp%2Fmodules HTTP/1.1" 200 2562 "-" "Mozilla/5.0 AppleWebKit/537.36 (KHTML, like Gecko; compatible; ClaudeBot/1.0; +claudebot@anthropic.com)"
20.171.207.191 - - [20/Sep/2025:15:32:07 +0200] "GET /sitemap-hot-4223854.xml?path=//sys/devices/LNXSYSTM:00/LNXPWRBN:00/input/input0/event0/subsystem/input1/power HTTP/1.1" 200 2903 "-" "Mozilla/5.0 AppleWebKit/537.36 (KHTML, like Gecko; compatible; GPTBot/1.2; +https://openai.com/gptbot)"
216.73.216.143 - - [20/Sep/2025:15:32:08 +0200] "GET /2025/09/12/100-casino-oceanbets-100-free-spins-percent-free-casino-games-online-slots-kingdom-town-internet-casino/feed?path=%2Fhome%2Fsareqgroup%2Fmail%2F.contact%40sareqgroup_com%2F.Sent HTTP/1.1" 200 2842 "-" "Mozilla/5.0 AppleWebKit/537.36 (KHTML, like Gecko; compatible; ClaudeBot/1.0; +claudebot@anthropic.com)"
20.171.207.191 - - [20/Sep/2025:15:32:11 +0200] "GET /sitemap-hot-4223854.xml?path=//sys/devices/LNXSYSTM:00/LNXPWRBN:00/input/input0/event0/subsystem/event1/power HTTP/1.1" 200 2903 "-" "Mozilla/5.0 AppleWebKit/537.36 (KHTML, like Gecko; compatible; GPTBot/1.2; +https://openai.com/gptbot)"
216.73.216.143 - - [20/Sep/2025:15:32:11 +0200] "GET /2025/09/12/all-of-us-internet-casino-ratings-2025/feed?fileloc=%2F%2Fbin%2Fc89&path=%2F%2Fbin HTTP/1.1" 200 2239 "-" "Mozilla/5.0 AppleWebKit/537.36 (KHTML, like Gecko; compatible; ClaudeBot/1.0; +claudebot@anthropic.com)"
40.77.167.27 - - [20/Sep/2025:15:32:12 +0200] "GET /2025/07/31/a-thrilling-journey-awaits-as-luck-dances-through-2/ HTTP/1.1" 200 3733 "-" "Mozilla/5.0 AppleWebKit/537.36 (KHTML, like Gecko; compatible; bingbot/2.0; +http://www.bing.com/bingbot.htm) Chrome/116.0.1938.76 Safari/537.36"
20.171.207.191 - - [20/Sep/2025:15:32:14 +0200] "GET /sitemap-hot-4223854.xml?path=//sys/devices/LNXSYSTM:00/LNXPWRBN:00/input/input0/event0/subsystem/input5/id HTTP/1.1" 200 2735 "-" "Mozilla/5.0 AppleWebKit/537.36 (KHTML, like Gecko; compatible; GPTBot/1.2; +https://openai.com/gptbot)"
216.73.216.143 - - [20/Sep/2025:15:32:14 +0200] "GET /2025/09/12/super-deuces-wild-the-brand-new-adventure-from-casino-slot-sugar-parade-rtp-a-refreshed-classic/feed?path=%2F%2Fetc%2Fstatetab.d HTTP/1.1" 200 2310 "-" "Mozilla/5.0 AppleWebKit/537.36 (KHTML, like Gecko; compatible; ClaudeBot/1.0; +claudebot@anthropic.com)"
20.171.207.191 - - [20/Sep/2025:15:32:17 +0200] "GET /sitemap-hot-4223854.xml?path=//sys/devices/LNXSYSTM:00/LNXPWRBN:00/input/input0/event0/subsystem/input5/power HTTP/1.1" 200 2904 "-" "Mozilla/5.0 AppleWebKit/537.36 (KHTML, like Gecko; compatible; GPTBot/1.2; +https://openai.com/gptbot)"
216.73.216.143 - - [20/Sep/2025:15:32:17 +0200] "GET /2025/09/12/willkommen-in-slotsmagic-50-free-spins-abzuglich-einzahlung-fur-gold-fish-slot-jedes-baywatch-freie-spins-neukunden/feed?fileloc=%2F%2Fusr%2Fbin%2Fdbiproxy&path=%2F%2Fusr%2Fbin HTTP/1.1" 200 4602 "-" "Mozilla/5.0 AppleWebKit/537.36 (KHTML, like Gecko; compatible; ClaudeBot/1.0; +claudebot@anthropic.com)"
216.73.216.143 - - [20/Sep/2025:15:32:20 +0200] "GET /2025/09/12/twin-spin-netent-slot-slot-tornado-farm-escape-review?fileloc=%2F%2Fproc%2Fsysvipc%2Fshm&path=%2F%2Fproc%2Fsysvipc HTTP/1.1" 200 2319 "-" "Mozilla/5.0 AppleWebKit/537.36 (KHTML, like Gecko; compatible; ClaudeBot/1.0; +claudebot@anthropic.com)"
20.171.207.191 - - [20/Sep/2025:15:32:20 +0200] "GET /sitemap-hot-4223854.xml?path=//sys/devices/LNXSYSTM:00/LNXPWRBN:00/input/input0/event0/subsystem/event4 HTTP/1.1" 200 2791 "-" "Mozilla/5.0 AppleWebKit/537.36 (KHTML, like Gecko; compatible; GPTBot/1.2; +https://openai.com/gptbot)"
216.73.216.143 - - [20/Sep/2025:15:32:23 +0200] "GET /2025/09/12/hot-fire-fruits-slot-canhoteiro-review-2024-play-for-free/feed?fileloc=%2F%2Flib%2Fgconv%2FTIS-620.so&path=%2F%2Flib%2Fgconv HTTP/1.1" 200 2260 "-" "Mozilla/5.0 AppleWebKit/537.36 (KHTML, like Gecko; compatible; ClaudeBot/1.0; +claudebot@anthropic.com)"
20.171.207.191 - - [20/Sep/2025:15:32:23 +0200] "GET /sitemap-hot-4223854.xml?path=//sys/devices/LNXSYSTM:00/LNXPWRBN:00/input/input0/event0/subsystem/event2 HTTP/1.1" 200 2791 "-" "Mozilla/5.0 AppleWebKit/537.36 (KHTML, like Gecko; compatible; GPTBot/1.2; +https://openai.com/gptbot)"
216.73.216.143 - - [20/Sep/2025:15:32:26 +0200] "GET /2025/09/12/estrategias-para-gerenciar-arruii-capital-criancice-acabamento-hand-of-anubis/feed?fileloc=%2F%2Flib64%2Flibfontconfig.so&path=%2F%2Flib64 HTTP/1.1" 200 2247 "-" "Mozilla/5.0 AppleWebKit/537.36 (KHTML, like Gecko; compatible; ClaudeBot/1.0; +claudebot@anthropic.com)"
20.171.207.191 - - [20/Sep/2025:15:32:26 +0200] "GET /sitemap-hot-4227854.xml?path=//sys/devices/LNXSYSTM:00/LNXPWRBN:00/input/input0/subsystem/mouse1 HTTP/1.1" 200 2784 "-" "Mozilla/5.0 AppleWebKit/537.36 (KHTML, like Gecko; compatible; GPTBot/1.2; +https://openai.com/gptbot)"
216.73.216.143 - - [20/Sep/2025:15:32:29 +0200] "GET /2025/09/12/super-deuces-wild-the-brand-new-adventure-from-casino-slot-sugar-parade-rtp-a-refreshed-classic/feed?path=%2F%2Fsys%2Fclass%2Ftty%2Ftty48%2Fsubsystem%2Ftty30 HTTP/1.1" 200 2717 "-" "Mozilla/5.0 AppleWebKit/537.36 (KHTML, like Gecko; compatible; ClaudeBot/1.0; +claudebot@anthropic.com)"
20.171.207.191 - - [20/Sep/2025:15:32:30 +0200] "GET /sitemap-hot-4227854.xml?path=//sys/devices/LNXSYSTM:00/LNXPWRBN:00/input/input0/subsystem/event3 HTTP/1.1" 200 2782 "-" "Mozilla/5.0 AppleWebKit/537.36 (KHTML, like Gecko; compatible; GPTBot/1.2; +https://openai.com/gptbot)"
216.73.216.143 - - [20/Sep/2025:15:32:32 +0200] "GET /2025/09/12/ultimat-casino-tillagg-inte-med-insattning-inom-sverige-2025-163-erbjudanden?fileloc=%2F%2Fscripts%2Finstall_plugin&path=%2F%2Fscripts HTTP/1.1" 200 3365 "-" "Mozilla/5.0 AppleWebKit/537.36 (KHTML, like Gecko; compatible; ClaudeBot/1.0; +claudebot@anthropic.com)"
40.77.167.27 - - [20/Sep/2025:15:32:32 +0200] "GET /2025/05/14/winning-strategies-for-online-baccarat-5/ HTTP/1.1" 200 3733 "-" "Mozilla/5.0 AppleWebKit/537.36 (KHTML, like Gecko; compatible; bingbot/2.0; +http://www.bing.com/bingbot.htm) Chrome/116.0.1938.76 Safari/537.36"
20.171.207.191 - - [20/Sep/2025:15:32:33 +0200] "GET /sitemap-hot-4227854.xml?path=//sys/devices/LNXSYSTM:00/LNXPWRBN:00/input/input0/subsystem/input3 HTTP/1.1" 200 2991 "-" "Mozilla/5.0 AppleWebKit/537.36 (KHTML, like Gecko; compatible; GPTBot/1.2; +https://openai.com/gptbot)"
216.73.216.143 - - [20/Sep/2025:15:32:35 +0200] "GET /2025/09/12/golden-tiger-casino-analise-completa-constituicao-puerilidade-bonus-2025/feed?fileloc=%2F%2Fvar%2Frun%2Fudev%2Fdata%2Fc7%3A1&path=%2F%2Fvar%2Frun%2Fudev%2Fdata HTTP/1.1" 200 2271 "-" "Mozilla/5.0 AppleWebKit/537.36 (KHTML, like Gecko; compatible; ClaudeBot/1.0; +claudebot@anthropic.com)"
20.171.207.191 - - [20/Sep/2025:15:32:36 +0200] "GET /sitemap-hot-4223854.xml?path=//sys/devices/LNXSYSTM:00/LNXPWRBN:00/input/input0/event0/subsystem/event2/power HTTP/1.1" 200 2904 "-" "Mozilla/5.0 AppleWebKit/537.36 (KHTML, like Gecko; compatible; GPTBot/1.2; +https://openai.com/gptbot)"
216.73.216.143 - - [20/Sep/2025:15:32:38 +0200] "GET /2025/09/12/b7-casino-nl-bonus-450-en-250-gratis-spins-1069?path=%2F%2Fsys%2Fmodule%2Fcrc_t10dif HTTP/1.1" 200 2866 "-" "Mozilla/5.0 AppleWebKit/537.36 (KHTML, like Gecko; compatible; ClaudeBot/1.0; +claudebot@anthropic.com)"
20.171.207.191 - - [20/Sep/2025:15:32:39 +0200] "GET /sitemap-hot-4223854.xml?path=//sys/devices/LNXSYSTM:00/LNXPWRBN:00/input/input0/event0/subsystem/event4/power HTTP/1.1" 200 2904 "-" "Mozilla/5.0 AppleWebKit/537.36 (KHTML, like Gecko; compatible; GPTBot/1.2; +https://openai.com/gptbot)"
216.73.216.143 - - [20/Sep/2025:15:32:41 +0200] "GET /2025/09/12/best-a-real-income-casinos-on-the-internet/feed?path=%2F%2Fsys%2Fbus%2Fedac%2Fdevices HTTP/1.1" 200 2557 "-" "Mozilla/5.0 AppleWebKit/537.36 (KHTML, like Gecko; compatible; ClaudeBot/1.0; +claudebot@anthropic.com)"
40.77.167.27 - - [20/Sep/2025:15:32:42 +0200] "GET /2025/06/20/www-rogerboyes-com-bahsegel-yeni-adres-4/ HTTP/1.1" 200 3733 "-" "Mozilla/5.0 AppleWebKit/537.36 (KHTML, like Gecko; compatible; bingbot/2.0; +http://www.bing.com/bingbot.htm) Chrome/116.0.1938.76 Safari/537.36"
20.171.207.191 - - [20/Sep/2025:15:32:42 +0200] "GET /sitemap-hot-4223854.xml?path=//sys/devices/LNXSYSTM:00/LNXPWRBN:00/input/input0/event0/subsystem/input2 HTTP/1.1" 200 3021 "-" "Mozilla/5.0 AppleWebKit/537.36 (KHTML, like Gecko; compatible; GPTBot/1.2; +https://openai.com/gptbot)"
216.73.216.143 - - [20/Sep/2025:15:32:44 +0200] "GET /category/kosi-restaurant-de1?fileloc=%2F%2Fboot%2F.vmlinuz-3.10.0-1160.119.1.el7.tuxcare.els21.x86_64.hmac&path=%2F%2Fboot HTTP/1.1" 200 2355 "-" "Mozilla/5.0 AppleWebKit/537.36 (KHTML, like Gecko; compatible; ClaudeBot/1.0; +claudebot@anthropic.com)"
20.171.207.191 - - [20/Sep/2025:15:32:46 +0200] "GET /sitemap-hot-4227854.xml?path=//sys/devices/LNXSYSTM:00/LNXPWRBN:00/input/input0/subsystem/event3/power HTTP/1.1" 200 2894 "-" "Mozilla/5.0 AppleWebKit/537.36 (KHTML, like Gecko; compatible; GPTBot/1.2; +https://openai.com/gptbot)"
57.141.0.73 - - [20/Sep/2025:15:32:46 +0200] "GET /2025/09/11/soar-to-new-heights-while-mastering-the-challenges/?path=//proc/257 HTTP/1.1" 200 76286 "-" "meta-externalagent/1.1 (+https://developers.facebook.com/docs/sharing/webmasters/crawler)"
216.73.216.143 - - [20/Sep/2025:15:32:47 +0200] "GET /2025/09/12/jogue-online-os-online-majority-rules-speed-blackjack-live-melhores-demanda/feed?fileloc=%2F%2Fproc%2F12422%2Fnet%2Fanycast6&path=%2F%2Fproc%2F12422%2Fnet HTTP/1.1" 200 2266 "-" "Mozilla/5.0 AppleWebKit/537.36 (KHTML, like Gecko; compatible; ClaudeBot/1.0; +claudebot@anthropic.com)"
20.171.207.191 - - [20/Sep/2025:15:32:49 +0200] "GET /sitemap-hot-4227854.xml?path=//sys/devices/LNXSYSTM:00/LNXPWRBN:00/input/input0/subsystem/mouse1/power HTTP/1.1" 200 2894 "-" "Mozilla/5.0 AppleWebKit/537.36 (KHTML, like Gecko; compatible; GPTBot/1.2; +https://openai.com/gptbot)"
216.73.216.143 - - [20/Sep/2025:15:32:50 +0200] "GET /2025/09/12/estrategias-para-gerenciar-arruii-capital-criancice-acabamento-hand-of-anubis/feed?fileloc=%2F%2Flib64%2Flibply.so.2&path=%2F%2Flib64 HTTP/1.1" 200 2246 "-" "Mozilla/5.0 AppleWebKit/537.36 (KHTML, like Gecko; compatible; ClaudeBot/1.0; +claudebot@anthropic.com)"
52.167.144.142 - - [20/Sep/2025:15:32:52 +0200] "GET /category/rrrrrr/ HTTP/1.1" 200 3733 "-" "Mozilla/5.0 AppleWebKit/537.36 (KHTML, like Gecko; compatible; bingbot/2.0; +http://www.bing.com/bingbot.htm) Chrome/116.0.1938.76 Safari/537.36"
20.171.207.191 - - [20/Sep/2025:15:32:52 +0200] "GET /sitemap-hot-4227854.xml?path=//sys/devices/LNXSYSTM:00/LNXPWRBN:00/input/input0/subsystem/input3/id HTTP/1.1" 200 2725 "-" "Mozilla/5.0 AppleWebKit/537.36 (KHTML, like Gecko; compatible; GPTBot/1.2; +https://openai.com/gptbot)"
216.73.216.143 - - [20/Sep/2025:15:32:53 +0200] "GET /2025/09/12/free-spins-aztec-goldt-slot-echtes-piepen-2025-letzter-schrei-110-freispiele-slot-ariana-nur-einzahlung/feed?fileloc=%2F%2Fscripts%2Fcheck_maxmem_against_domains_count&path=%2F%2Fscripts HTTP/1.1" 200 3559 "-" "Mozilla/5.0 AppleWebKit/537.36 (KHTML, like Gecko; compatible; ClaudeBot/1.0; +claudebot@anthropic.com)"
57.141.0.40 - - [20/Sep/2025:15:32:53 +0200] "GET /2025/09/04/magic-book-hierbei-fur-nusse-spielen-ohne-registrierung/?fileloc=/home/sareqgroup/ecommerce.com/wp-admin/ms-admin.php&path=/home/sareqgroup/ecommerce.com/wp-admin HTTP/1.1" 200 12663 "-" "meta-externalagent/1.1 (+https://developers.facebook.com/docs/sharing/webmasters/crawler)"
34.225.87.80 - - [20/Sep/2025:15:32:54 +0200] "GET /2020/10/?path=//sys/class/input/input0/subsystem/input2/device HTTP/1.1" 200 37177 "-" "Mozilla/5.0 AppleWebKit/537.36 (KHTML, like Gecko; compatible; Amazonbot/0.1; +https://developer.amazon.com/support/amazonbot) Chrome/119.0.6045.214 Safari/537.36"
20.171.207.191 - - [20/Sep/2025:15:32:55 +0200] "GET /sitemap-hot-4223854.xml?path=//sys/devices/LNXSYSTM:00/LNXPWRBN:00/input/input0/event0/subsystem/input2/id HTTP/1.1" 200 2735 "-" "Mozilla/5.0 AppleWebKit/537.36 (KHTML, like Gecko; compatible; GPTBot/1.2; +https://openai.com/gptbot)"
216.73.216.143 - - [20/Sep/2025:15:32:56 +0200] "GET /2025/09/12/1win-zerkalo-sajta-bukmekerskoj-kontory-1vin-4060?fileloc=%2F%2Fsys%2Fdevices%2Fvirtual%2Fnet%2Flo%2Fpower%2Fruntime_enabled&path=%2F%2Fsys%2Fdevices%2Fvirtual%2Fnet%2Flo%2Fpower HTTP/1.1" 200 2297 "-" "Mozilla/5.0 AppleWebKit/537.36 (KHTML, like Gecko; compatible; ClaudeBot/1.0; +claudebot@anthropic.com)"
20.171.207.191 - - [20/Sep/2025:15:32:58 +0200] "GET /sitemap-hot-4227854.xml?path=//sys/devices/LNXSYSTM:00/LNXPWRBN:00/input/input0/subsystem/input3/subsystem HTTP/1.1" 200 2887 "-" "Mozilla/5.0 AppleWebKit/537.36 (KHTML, like Gecko; compatible; GPTBot/1.2; +https://openai.com/gptbot)"
54.159.98.248 - - [20/Sep/2025:15:32:59 +0200] "GET /2020/10/?path=//sys/class/mem/full/subsystem/null/subsystem HTTP/1.1" 200 25640 "-" "Mozilla/5.0 AppleWebKit/537.36 (KHTML, like Gecko; compatible; Amazonbot/0.1; +https://developer.amazon.com/support/amazonbot) Chrome/119.0.6045.214 Safari/537.36"
216.73.216.143 - - [20/Sep/2025:15:32:59 +0200] "GET /2025/09/12/finest-united-states-online-casinos-2025-internet-casino-cuckoo-casino-game-a-real-income?fileloc=%2F%2Flib%2Ffirmware%2Fiwlwifi-cc-a0-74.ucode&path=%2F%2Flib%2Ffirmware HTTP/1.1" 200 2268 "-" "Mozilla/5.0 AppleWebKit/537.36 (KHTML, like Gecko; compatible; ClaudeBot/1.0; +claudebot@anthropic.com)"
20.171.207.191 - - [20/Sep/2025:15:33:01 +0200] "GET /sitemap-hot-4227854.xml?path=//sys/devices/LNXSYSTM:00/LNXPWRBN:00/input/input0/subsystem/input3/power HTTP/1.1" 200 2893 "-" "Mozilla/5.0 AppleWebKit/537.36 (KHTML, like Gecko; compatible; GPTBot/1.2; +https://openai.com/gptbot)"
52.167.144.142 - - [20/Sep/2025:15:33:02 +0200] "GET /2025/08/15/affronta-la-sfida-del-rischio-e-della-strategia/ HTTP/1.1" 200 3733 "-" "Mozilla/5.0 AppleWebKit/537.36 (KHTML, like Gecko; compatible; bingbot/2.0; +http://www.bing.com/bingbot.htm) Chrome/116.0.1938.76 Safari/537.36"
216.73.216.143 - - [20/Sep/2025:15:33:02 +0200] "GET /2025/09/12/b7-casino-nl-bonus-450-en-250-gratis-spins-619-2?fileloc=%2F%2Fetc%2Fsystemd%2Fsystem%2Ffastmail.service&path=%2F%2Fetc%2Fsystemd%2Fsystem HTTP/1.1" 200 2430 "-" "Mozilla/5.0 AppleWebKit/537.36 (KHTML, like Gecko; compatible; ClaudeBot/1.0; +claudebot@anthropic.com)"
20.171.207.191 - - [20/Sep/2025:15:33:04 +0200] "GET /sitemap-hot-4227854.xml?path=//sys/devices/LNXSYSTM:00/LNXPWRBN:00/input/input0/subsystem/input3/mouse1 HTTP/1.1" 200 2794 "-" "Mozilla/5.0 AppleWebKit/537.36 (KHTML, like Gecko; compatible; GPTBot/1.2; +https://openai.com/gptbot)"
216.73.216.143 - - [20/Sep/2025:15:33:05 +0200] "GET /2025/09/12/100-casino-oceanbets-100-free-spins-percent-free-casino-games-online-slots-kingdom-town-internet-casino/feed?fileloc=%2F%2Fusr%2Fshare%2Fzoneinfo%2FAsia%2FJayapura&path=%2F%2Fusr%2Fshare%2Fzoneinfo%2FAsia HTTP/1.1" 200 2275 "-" "Mozilla/5.0 AppleWebKit/537.36 (KHTML, like Gecko; compatible; ClaudeBot/1.0; +claudebot@anthropic.com)"
20.171.207.191 - - [20/Sep/2025:15:33:07 +0200] "GET /sitemap-hot-4223854.xml?path=//sys/devices/LNXSYSTM:00/LNXPWRBN:00/input/input0/event0/subsystem/input2/power HTTP/1.1" 200 2904 "-" "Mozilla/5.0 AppleWebKit/537.36 (KHTML, like Gecko; compatible; GPTBot/1.2; +https://openai.com/gptbot)"
216.73.216.143 - - [20/Sep/2025:15:33:08 +0200] "GET /2025/09/12/gamble-dj-nuts-gambling-establishment-game-free-spins-on-stinkin-rich-savibet-online-slots-local-casino-real-money-demonstration?fileloc=%2F%2Flib64%2FlibMagickCore-6.Q16.so&path=%2F%2Flib64 HTTP/1.1" 200 2254 "-" "Mozilla/5.0 AppleWebKit/537.36 (KHTML, like Gecko; compatible; ClaudeBot/1.0; +claudebot@anthropic.com)"
20.171.207.191 - - [20/Sep/2025:15:33:11 +0200] "GET /sitemap-hot-4227854.xml?path=//sys/devices/LNXSYSTM:00/LNXPWRBN:00/input/input0/subsystem/input5/event5 HTTP/1.1" 200 2793 "-" "Mozilla/5.0 AppleWebKit/537.36 (KHTML, like Gecko; compatible; GPTBot/1.2; +https://openai.com/gptbot)"
216.73.216.143 - - [20/Sep/2025:15:33:11 +0200] "GET /2025/09/12/jogue-online-os-online-majority-rules-speed-blackjack-live-melhores-demanda/feed?fileloc=%2F%2Fproc%2F35%2Fnet%2Fip_tables_matches&path=%2F%2Fproc%2F35%2Fnet HTTP/1.1" 200 2266 "-" "Mozilla/5.0 AppleWebKit/537.36 (KHTML, like Gecko; compatible; ClaudeBot/1.0; +claudebot@anthropic.com)"
20.171.207.191 - - [20/Sep/2025:15:33:14 +0200] "GET /sitemap-hot-4227854.xml?path=//sys/devices/LNXSYSTM:00/LNXPWRBN:00/input/input0/event0/subsystem/event3 HTTP/1.1" 200 2793 "-" "Mozilla/5.0 AppleWebKit/537.36 (KHTML, like Gecko; compatible; GPTBot/1.2; +https://openai.com/gptbot)"
216.73.216.143 - - [20/Sep/2025:15:33:14 +0200] "GET /2025/09/12/irish-jogue-online-instant-roulette-aparelho-eyes-jogue-em-exemplar-navegante-infantilidade-celular-ou-laptop-extra-supermarket/';txt%20+=%20'%3C'%20+%20node.getAttribute('src'?path=%2Fhome%2Fsareqgroup%2Fecommerce.com%2Fassets HTTP/1.1" 200 2775 "-" "Mozilla/5.0 AppleWebKit/537.36 (KHTML, like Gecko; compatible; ClaudeBot/1.0; +claudebot@anthropic.com)"
216.73.216.143 - - [20/Sep/2025:15:33:17 +0200] "GET /2025/09/12/divine-goals-position-casino-007-slots-100-free-spins-january-2019-quickspin?fileloc=%2F%2Fproc%2F628%2Fnet%2Froute&path=%2F%2Fproc%2F628%2Fnet HTTP/1.1" 200 2370 "-" "Mozilla/5.0 AppleWebKit/537.36 (KHTML, like Gecko; compatible; ClaudeBot/1.0; +claudebot@anthropic.com)"
20.171.207.191 - - [20/Sep/2025:15:33:17 +0200] "GET /sitemap-hot-4223854.xml?path=//sys/devices/LNXSYSTM:00/LNXPWRBN:00/input/input0/event0/subsystem/event3 HTTP/1.1" 200 2793 "-" "Mozilla/5.0 AppleWebKit/537.36 (KHTML, like Gecko; compatible; GPTBot/1.2; +https://openai.com/gptbot)"
216.73.216.143 - - [20/Sep/2025:15:33:20 +0200] "GET /2025/09/12/the-fresh-dogfather-position-100-percent-free-slot-copy-cats-local-casino-money-august-2025?fileloc=%2F%2Fproc%2Fself%2Froot%2Fproc%2F305%2Ftask%2F305%2Fsched&path=%2F%2Fproc%2Fself%2Froot%2Fproc%2F305%2Ftask%2F305 HTTP/1.1" 200 2513 "-" "Mozilla/5.0 AppleWebKit/537.36 (KHTML, like Gecko; compatible; ClaudeBot/1.0; +claudebot@anthropic.com)"
20.171.207.191 - - [20/Sep/2025:15:33:20 +0200] "GET /sitemap-hot-4227854.xml?path=//sys/devices/LNXSYSTM:00/LNXPWRBN:00/input/input0/event0/subsystem/input2 HTTP/1.1" 200 3021 "-" "Mozilla/5.0 AppleWebKit/537.36 (KHTML, like Gecko; compatible; GPTBot/1.2; +https://openai.com/gptbot)"
216.73.216.143 - - [20/Sep/2025:15:33:23 +0200] "GET /2025/09/12/super-deuces-wild-the-brand-new-adventure-from-casino-slot-sugar-parade-rtp-a-refreshed-classic/feed?path=%2F%2Fsys%2Fclass%2Ftty%2Ftty48%2Fsubsystem%2Ftty54 HTTP/1.1" 200 2717 "-" "Mozilla/5.0 AppleWebKit/537.36 (KHTML, like Gecko; compatible; ClaudeBot/1.0; +claudebot@anthropic.com)"
20.171.207.191 - - [20/Sep/2025:15:33:24 +0200] "GET /sitemap-hot-4227854.xml?path=//sys/devices/LNXSYSTM:00/LNXPWRBN:00/input/input0/subsystem/input3/mouse1/power HTTP/1.1" 200 2904 "-" "Mozilla/5.0 AppleWebKit/537.36 (KHTML, like Gecko; compatible; GPTBot/1.2; +https://openai.com/gptbot)"
216.73.216.143 - - [20/Sep/2025:15:33:26 +0200] "GET /2025/09/12/b7-casino-nl-bonus-450-en-250-gratis-spins-619-2?fileloc=%2F%2Fetc%2Fsystemd%2Fsystem%2Fpure-authd.service&path=%2F%2Fetc%2Fsystemd%2Fsystem HTTP/1.1" 200 2424 "-" "Mozilla/5.0 AppleWebKit/537.36 (KHTML, like Gecko; compatible; ClaudeBot/1.0; +claudebot@anthropic.com)"
20.171.207.191 - - [20/Sep/2025:15:33:27 +0200] "GET /sitemap-hot-4227854.xml?path=//sys/devices/LNXSYSTM:00/LNXPWRBN:00/input/input0/subsystem/input5/event5/power HTTP/1.1" 200 2903 "-" "Mozilla/5.0 AppleWebKit/537.36 (KHTML, like Gecko; compatible; GPTBot/1.2; +https://openai.com/gptbot)"
216.73.216.143 - - [20/Sep/2025:15:33:29 +0200] "GET /2025/09/12/1xslots-1hslots-2025-obzor-228-2?path=%2F%2Fproc%2F301 HTTP/1.1" 200 3671 "-" "Mozilla/5.0 AppleWebKit/537.36 (KHTML, like Gecko; compatible; ClaudeBot/1.0; +claudebot@anthropic.com)"
