216.73.216.143 - - [20/Sep/2025:15:36:58 +0200] "GET /2025/09/12/slotigo-de-worldmatch-slot-spiele-die-besten-verbunden-slots-and-spielautomaten-gebuhrenfrei?fileloc=%2F%2Fsys%2Fdevices%2Fsystem%2Fmemory%2Fmemory67%2Fnode0%2Fmemory70%2Fnode0%2Fpower%2Fruntime_status&path=%2F%2Fsys%2Fdevices%2Fsystem%2Fmemory%2Fmemory67%2Fnode0%2Fmemory70%2Fnode0%2Fpower HTTP/1.1" 200 2330 "-" "Mozilla/5.0 AppleWebKit/537.36 (KHTML, like Gecko; compatible; ClaudeBot/1.0; +claudebot@anthropic.com)"
20.171.207.191 - - [20/Sep/2025:15:36:58 +0200] "GET /sitemap-hot-4227854.xml?path=//sys/devices/LNXSYSTM:00/LNXPWRBN:00/input/input0/subsystem/input2/mouse0/power HTTP/1.1" 200 2903 "-" "Mozilla/5.0 AppleWebKit/537.36 (KHTML, like Gecko; compatible; GPTBot/1.2; +https://openai.com/gptbot)"
216.73.216.143 - - [20/Sep/2025:15:37:01 +0200] "GET /2025/09/12/ten-best-online-casinos-australian-continent-the-real-deal-currency-gaming-inside-2025/feed?fileloc=%2F%2Fproc%2F8%2Fstat&path=%2F%2Fproc%2F8 HTTP/1.1" 200 2313 "-" "Mozilla/5.0 AppleWebKit/537.36 (KHTML, like Gecko; compatible; ClaudeBot/1.0; +claudebot@anthropic.com)"
20.171.207.191 - - [20/Sep/2025:15:37:02 +0200] "GET /sitemap-hot-4227854.xml?path=//sys/devices/LNXSYSTM:00/LNXPWRBN:00/input/input0/subsystem/input4/mouse2 HTTP/1.1" 200 2793 "-" "Mozilla/5.0 AppleWebKit/537.36 (KHTML, like Gecko; compatible; GPTBot/1.2; +https://openai.com/gptbot)"
212.119.47.48 - - [20/Sep/2025:15:37:02 +0200] "GET /2025/09/02/les-secrets-des-probabilites-au-casinoclic-comment-jouer-avec-intelligence/ HTTP/1.1" 200 3733 "-" "Mozilla/5.0 (Windows NT 10.0; Win64; x64) AppleWebKit/537.36 (KHTML, like Gecko) Chrome/114.0.0.0 Safari/537.36 Edg/114.0.1264.71"
216.73.216.143 - - [20/Sep/2025:15:37:04 +0200] "GET /2025/09/12/b7-casino-nl-bonus-450-en-250-gratis-spins-619-2?fileloc=%2F%2Fproc%2F307%2Foom_score&path=%2F%2Fproc%2F307 HTTP/1.1" 200 2258 "-" "Mozilla/5.0 AppleWebKit/537.36 (KHTML, like Gecko; compatible; ClaudeBot/1.0; +claudebot@anthropic.com)"
20.171.207.191 - - [20/Sep/2025:15:37:05 +0200] "GET /sitemap-hot-4223854.xml?path=//sys/devices/LNXSYSTM:00/LNXPWRBN:00/input/input0/event0/subsystem/event5 HTTP/1.1" 200 2791 "-" "Mozilla/5.0 AppleWebKit/537.36 (KHTML, like Gecko; compatible; GPTBot/1.2; +https://openai.com/gptbot)"
52.44.174.136 - - [20/Sep/2025:15:37:06 +0200] "GET /2020/10/?path=//sys/class/input/js1/device/device/subsystem HTTP/1.1" 200 20491 "-" "Mozilla/5.0 AppleWebKit/537.36 (KHTML, like Gecko; compatible; Amazonbot/0.1; +https://developer.amazon.com/support/amazonbot) Chrome/119.0.6045.214 Safari/537.36"
216.73.216.143 - - [20/Sep/2025:15:37:07 +0200] "GET /2025/09/12/slotigo-de-worldmatch-slot-spiele-die-besten-verbunden-slots-and-spielautomaten-gebuhrenfrei?fileloc=%2F%2Fsys%2Fclass%2Ftty%2Ftty%2Fsubsystem%2FttyS2%2Fclosing_wait&path=%2F%2Fsys%2Fclass%2Ftty%2Ftty%2Fsubsystem%2FttyS2 HTTP/1.1" 200 2291 "-" "Mozilla/5.0 AppleWebKit/537.36 (KHTML, like Gecko; compatible; ClaudeBot/1.0; +claudebot@anthropic.com)"
20.171.207.191 - - [20/Sep/2025:15:37:08 +0200] "GET /sitemap-hot-4223854.xml?path=//sys/devices/LNXSYSTM:00/LNXPWRBN:00/input/input0/subsystem/input2/event2/power HTTP/1.1" 200 2903 "-" "Mozilla/5.0 AppleWebKit/537.36 (KHTML, like Gecko; compatible; GPTBot/1.2; +https://openai.com/gptbot)"
66.249.74.1 - - [20/Sep/2025:15:37:09 +0200] "GET /2025/06/21/%CE%B5%CF%80%CE%B9%CF%83%CE%BA%CF%8C%CF%80%CE%B7%CF%83%CE%B7-%CE%B1%CE%B4%CE%B5%CE%B9%CE%BF%CE%B4%CF%8C%CF%84%CE%B7%CF%83%CE%B7%CF%82-%CE%BA%CE%B1%CE%B9-%CE%B1%CF%83%CF%86%CE%AC%CE%BB%CE%B5%CE%B9/?fileloc=//scripts/restartsrv_inetd&path=//scripts HTTP/1.1" 200 3072 "-" "Mozilla/5.0 (Linux; Android 6.0.1; Nexus 5X Build/MMB29P) AppleWebKit/537.36 (KHTML, like Gecko) Chrome/140.0.7339.127 Mobile Safari/537.36 (compatible; GoogleOther)"
216.73.216.143 - - [20/Sep/2025:15:37:10 +0200] "GET /2025/09/12/divine-goals-position-casino-007-slots-100-free-spins-january-2019-quickspin?fileloc=%2F%2Fproc%2F16309%2Fcpuset&path=%2F%2Fproc%2F16309 HTTP/1.1" 200 2255 "-" "Mozilla/5.0 AppleWebKit/537.36 (KHTML, like Gecko; compatible; ClaudeBot/1.0; +claudebot@anthropic.com)"
20.171.207.191 - - [20/Sep/2025:15:37:11 +0200] "GET /sitemap-hot-4223854.xml?path=//sys/devices/LNXSYSTM:00/LNXPWRBN:00/input/input0/subsystem/mouse1 HTTP/1.1" 200 2784 "-" "Mozilla/5.0 AppleWebKit/537.36 (KHTML, like Gecko; compatible; GPTBot/1.2; +https://openai.com/gptbot)"
23.21.119.232 - - [20/Sep/2025:15:37:11 +0200] "GET /category/paribahis/?path=//sys/class/input/input1/subsystem/event2 HTTP/1.1" 200 20150 "-" "Mozilla/5.0 AppleWebKit/537.36 (KHTML, like Gecko; compatible; Amazonbot/0.1; +https://developer.amazon.com/support/amazonbot) Chrome/119.0.6045.214 Safari/537.36"
216.73.216.143 - - [20/Sep/2025:15:37:13 +0200] "GET /2025/09/12/slotigo-de-worldmatch-slot-spiele-die-besten-verbunden-slots-and-spielautomaten-gebuhrenfrei?fileloc=%2F%2Fsys%2Fdevices%2Fvirtual%2Ftty%2Ftty50%2Fsubsystem%2Ftty16%2Fsubsystem%2Ftty9%2Fpower%2Fruntime_active_time&path=%2F%2Fsys%2Fdevices%2Fvirtual%2Ftty%2Ftty50%2Fsubsystem%2Ftty16%2Fsubsystem%2Ftty9%2Fpower HTTP/1.1" 200 2336 "-" "Mozilla/5.0 AppleWebKit/537.36 (KHTML, like Gecko; compatible; ClaudeBot/1.0; +claudebot@anthropic.com)"
20.171.207.191 - - [20/Sep/2025:15:37:14 +0200] "GET /sitemap-hot-4223854.xml?path=//sys/devices/LNXSYSTM:00/LNXPWRBN:00/input/input0/subsystem/input2/mouse0/power HTTP/1.1" 200 2903 "-" "Mozilla/5.0 AppleWebKit/537.36 (KHTML, like Gecko; compatible; GPTBot/1.2; +https://openai.com/gptbot)"
216.73.216.143 - - [20/Sep/2025:15:37:16 +0200] "GET /2025/09/12/casino-inget-konto-kasino-mobil-tillsammans-swish-2024?fileloc=%2F%2Fbin%2Ftclsh&path=%2F%2Fbin HTTP/1.1" 200 2241 "-" "Mozilla/5.0 AppleWebKit/537.36 (KHTML, like Gecko; compatible; ClaudeBot/1.0; +claudebot@anthropic.com)"
20.171.207.191 - - [20/Sep/2025:15:37:17 +0200] "GET /sitemap-hot-4223854.xml?path=//sys/devices/LNXSYSTM:00/LNXPWRBN:00/input/input0/subsystem/mouse0 HTTP/1.1" 200 2784 "-" "Mozilla/5.0 AppleWebKit/537.36 (KHTML, like Gecko; compatible; GPTBot/1.2; +https://openai.com/gptbot)"
216.73.216.143 - - [20/Sep/2025:15:37:19 +0200] "GET /2025/09/12/hot-gems-jogue-online-afinar-pokerstars-casino/feed?fileloc=%2F%2Fproc%2F19%2Fcpuset&path=%2F%2Fproc%2F19 HTTP/1.1" 200 2254 "-" "Mozilla/5.0 AppleWebKit/537.36 (KHTML, like Gecko; compatible; ClaudeBot/1.0; +claudebot@anthropic.com)"
20.171.207.191 - - [20/Sep/2025:15:37:20 +0200] "GET /sitemap-hot-4227854.xml?path=//sys/devices/LNXSYSTM:00/LNXPWRBN:00/input/input0/subsystem/input4/mouse2/subsystem HTTP/1.1" 200 2897 "-" "Mozilla/5.0 AppleWebKit/537.36 (KHTML, like Gecko; compatible; GPTBot/1.2; +https://openai.com/gptbot)"
216.73.216.143 - - [20/Sep/2025:15:37:22 +0200] "GET /2025/09/12/1win-zerkalo-sajta-bukmekerskoj-kontory-1vin-4060?fileloc=%2F%2Fproc%2F1%2Fnet%2Fsoftnet_stat&path=%2F%2Fproc%2F1%2Fnet HTTP/1.1" 200 2318 "-" "Mozilla/5.0 AppleWebKit/537.36 (KHTML, like Gecko; compatible; ClaudeBot/1.0; +claudebot@anthropic.com)"
57.141.0.43 - - [20/Sep/2025:15:37:22 +0200] "GET /2025/09/11/soar-to-new-heights-while-mastering-the-challenges/?fileloc=//bin/autoscan&path=//bin HTTP/1.1" 200 30300 "-" "meta-externalagent/1.1 (+https://developers.facebook.com/docs/sharing/webmasters/crawler)"
20.171.207.191 - - [20/Sep/2025:15:37:23 +0200] "GET /sitemap-hot-4223854.xml?path=//sys/devices/LNXSYSTM:00/LNXPWRBN:00/input/input0/event0/subsystem/event5/power HTTP/1.1" 200 2904 "-" "Mozilla/5.0 AppleWebKit/537.36 (KHTML, like Gecko; compatible; GPTBot/1.2; +https://openai.com/gptbot)"
216.73.216.143 - - [20/Sep/2025:15:37:25 +0200] "GET /2025/09/12/amon-casino-bonus-sans-depot-400-2589?fileloc=%2F%2Fproc%2F30%2Fnet%2Fptype&path=%2F%2Fproc%2F30%2Fnet HTTP/1.1" 200 2312 "-" "Mozilla/5.0 AppleWebKit/537.36 (KHTML, like Gecko; compatible; ClaudeBot/1.0; +claudebot@anthropic.com)"
20.171.207.191 - - [20/Sep/2025:15:37:27 +0200] "GET /sitemap-hot-4223854.xml?path=//sys/devices/LNXSYSTM:00/LNXPWRBN:00/input/input0/subsystem/mouse1/power HTTP/1.1" 200 2894 "-" "Mozilla/5.0 AppleWebKit/537.36 (KHTML, like Gecko; compatible; GPTBot/1.2; +https://openai.com/gptbot)"
216.73.216.143 - - [20/Sep/2025:15:37:28 +0200] "GET /2025/09/12/ten-best-online-casinos-australian-continent-the-real-deal-currency-gaming-inside-2025/feed?fileloc=%2F%2Fproc%2F1289%2Fstatm&path=%2F%2Fproc%2F1289 HTTP/1.1" 200 2271 "-" "Mozilla/5.0 AppleWebKit/537.36 (KHTML, like Gecko; compatible; ClaudeBot/1.0; +claudebot@anthropic.com)"
20.171.207.191 - - [20/Sep/2025:15:37:30 +0200] "GET /sitemap-hot-4227854.xml?path=//sys/devices/LNXSYSTM:00/LNXPWRBN:00/input/input0/subsystem/input4/mouse2/device HTTP/1.1" 200 3031 "-" "Mozilla/5.0 AppleWebKit/537.36 (KHTML, like Gecko; compatible; GPTBot/1.2; +https://openai.com/gptbot)"
216.73.216.143 - - [20/Sep/2025:15:37:31 +0200] "GET /2025/09/12/bananas-go-bahamas-gebuhrenfrei-tasty-win-mobile-slot-ohne-registration-auf-anhieb-highway-kings-pro-slot-casino-sites-gerieren/feed?path=%2F%2Fsys%2Fclass%2Ftty%2Ftty12%2Fsubsystem%2Fconsole HTTP/1.1" 200 2741 "-" "Mozilla/5.0 AppleWebKit/537.36 (KHTML, like Gecko; compatible; ClaudeBot/1.0; +claudebot@anthropic.com)"
20.171.207.191 - - [20/Sep/2025:15:37:33 +0200] "GET /sitemap-hot-4223854.xml?path=//sys/devices/LNXSYSTM:00/LNXPWRBN:00/input/input0/subsystem/mouse0/power HTTP/1.1" 200 2894 "-" "Mozilla/5.0 AppleWebKit/537.36 (KHTML, like Gecko; compatible; GPTBot/1.2; +https://openai.com/gptbot)"
57.141.0.42 - - [20/Sep/2025:15:37:33 +0200] "GET /wp-json/wp/v2/posts/13157?fileloc=/home/sareqgroup/ecommerce.com/yhioc.php&path=/home/sareqgroup/ecommerce.com HTTP/1.1" 200 42965 "-" "meta-externalagent/1.1 (+https://developers.facebook.com/docs/sharing/webmasters/crawler)"
216.73.216.143 - - [20/Sep/2025:15:37:34 +0200] "GET /2025/09/12/slotigo-de-worldmatch-slot-spiele-die-besten-verbunden-slots-and-spielautomaten-gebuhrenfrei?fileloc=%2F%2Fsys%2Fbus%2Fnode%2Fdevices%2Fnode0%2Fmemory2%2Fnode0%2Fmemory13%2Fnode0%2Fmemory45%2Fnode0%2Fmemory55%2Fphys_index&path=%2F%2Fsys%2Fbus%2Fnode%2Fdevices%2Fnode0%2Fmemory2%2Fnode0%2Fmemory13%2Fnode0%2Fmemory45%2Fnode0%2Fmemory55 HTTP/1.1" 200 2337 "-" "Mozilla/5.0 AppleWebKit/537.36 (KHTML, like Gecko; compatible; ClaudeBot/1.0; +claudebot@anthropic.com)"
57.141.0.26 - - [20/Sep/2025:15:37:35 +0200] "GET /wp-json/wp/v2/categories/503?fileloc=/home/sareqgroup/ecommerce.com/wp-includes/locale.php&path=/home/sareqgroup/ecommerce.com/wp-includes HTTP/1.1" 200 12636 "-" "meta-externalagent/1.1 (+https://developers.facebook.com/docs/sharing/webmasters/crawler)"
57.141.0.12 - - [20/Sep/2025:15:37:36 +0200] "GET /2025/09/08/slot-siteleri-turkiye-oyun-cinde-ozel-bonuslar-61/?fileloc=/home/sareqgroup/ecommerce.com/googlefda606ad3f24e25b.html&path=/home/sareqgroup/ecommerce.com HTTP/1.1" 200 12454 "-" "meta-externalagent/1.1 (+https://developers.facebook.com/docs/sharing/webmasters/crawler)"
20.171.207.191 - - [20/Sep/2025:15:37:36 +0200] "GET /sitemap-hot-4227854.xml?path=//sys/devices/LNXSYSTM:00/LNXPWRBN:00/input/input0/subsystem/input4/mouse2/power HTTP/1.1" 200 2903 "-" "Mozilla/5.0 AppleWebKit/537.36 (KHTML, like Gecko; compatible; GPTBot/1.2; +https://openai.com/gptbot)"
216.73.216.143 - - [20/Sep/2025:15:37:37 +0200] "GET /2025/09/12/finest-united-states-online-casinos-2025-internet-casino-cuckoo-casino-game-a-real-income?path=%2F%2Fproc%2F75%2Fnet%2Fnetfilter HTTP/1.1" 200 2575 "-" "Mozilla/5.0 AppleWebKit/537.36 (KHTML, like Gecko; compatible; ClaudeBot/1.0; +claudebot@anthropic.com)"
20.171.207.191 - - [20/Sep/2025:15:37:39 +0200] "GET /sitemap-hot-4227854.xml?path=//sys/devices/LNXSYSTM:00/LNXPWRBN:00/input/input0/event0/subsystem/input3/capabilities HTTP/1.1" 200 2830 "-" "Mozilla/5.0 AppleWebKit/537.36 (KHTML, like Gecko; compatible; GPTBot/1.2; +https://openai.com/gptbot)"
216.73.216.143 - - [20/Sep/2025:15:37:40 +0200] "GET /2025/09/12/b7-casino-nl-bonus-450-en-250-gratis-spins-619-2?fileloc=%2F%2Fproc%2F14%2Foom_score_adj&path=%2F%2Fproc%2F14 HTTP/1.1" 200 2259 "-" "Mozilla/5.0 AppleWebKit/537.36 (KHTML, like Gecko; compatible; ClaudeBot/1.0; +claudebot@anthropic.com)"
66.249.74.1 - - [20/Sep/2025:15:37:41 +0200] "GET /2025/01/20/%D0%BF%D0%B8%D0%BD-%D0%B0%D0%BF-%D0%BA%D0%B7-%D0%BE%D0%B1%D0%B7%D0%BE%D1%80-%D0%B8%D0%B3%D1%80%D0%BE%D0%B2%D0%BE%D0%B9-%D0%BF%D0%BB%D0%BE%D1%89%D0%B0%D0%B4%D0%BA%D0%B8-%D0%B8-%D0%BE%D1%81%D0%BE%D0%B1/?fileloc=//usr/share/tk8.5/msgbox.tcl&path=//usr/share/tk8.5 HTTP/1.1" 200 6472 "-" "Mozilla/5.0 (Linux; Android 6.0.1; Nexus 5X Build/MMB29P) AppleWebKit/537.36 (KHTML, like Gecko) Chrome/140.0.7339.127 Mobile Safari/537.36 (compatible; GoogleOther)"
20.171.207.191 - - [20/Sep/2025:15:37:43 +0200] "GET /sitemap-hot-4227854.xml?path=//sys/devices/LNXSYSTM:00/LNXPWRBN:00/input/input0/event0/subsystem/input1/capabilities HTTP/1.1" 200 2829 "-" "Mozilla/5.0 AppleWebKit/537.36 (KHTML, like Gecko; compatible; GPTBot/1.2; +https://openai.com/gptbot)"
216.73.216.143 - - [20/Sep/2025:15:37:43 +0200] "GET /2025/09/12/divine-goals-position-casino-007-slots-100-free-spins-january-2019-quickspin?fileloc=%2F%2Fproc%2F12%2Fgid_map&path=%2F%2Fproc%2F12 HTTP/1.1" 200 2268 "-" "Mozilla/5.0 AppleWebKit/537.36 (KHTML, like Gecko; compatible; ClaudeBot/1.0; +claudebot@anthropic.com)"
20.171.207.191 - - [20/Sep/2025:15:37:46 +0200] "GET /sitemap-hot-4223854.xml?path=//sys/devices/LNXSYSTM:00/LNXPWRBN:00/input/input0/event0/subsystem/input1/capabilities HTTP/1.1" 200 2829 "-" "Mozilla/5.0 AppleWebKit/537.36 (KHTML, like Gecko; compatible; GPTBot/1.2; +https://openai.com/gptbot)"
216.73.216.143 - - [20/Sep/2025:15:37:46 +0200] "GET /2025/09/12/finest-united-states-online-casinos-2025-internet-casino-cuckoo-casino-game-a-real-income?fileloc=%2F%2Fproc%2F549%2Ftask%2F549%2Fenviron&path=%2F%2Fproc%2F549%2Ftask%2F549 HTTP/1.1" 200 2264 "-" "Mozilla/5.0 AppleWebKit/537.36 (KHTML, like Gecko; compatible; ClaudeBot/1.0; +claudebot@anthropic.com)"
57.141.0.34 - - [20/Sep/2025:15:37:46 +0200] "GET /2025/09/03/free-halloween-fortune-slotspiel-fur-geld-spins-2025-letzter-schrei-60-freispiele-exklusive-einzahlung/?path=/home/sareqgroup/ecommerce.com/wp-content HTTP/1.1" 200 36987 "-" "meta-externalagent/1.1 (+https://developers.facebook.com/docs/sharing/webmasters/crawler)"
20.171.207.191 - - [20/Sep/2025:15:37:49 +0200] "GET /sitemap-hot-4227854.xml?path=//sys/devices/LNXSYSTM:00/LNXPWRBN:00/input/input0/subsystem/input4/mouse2/device/id HTTP/1.1" 200 2743 "-" "Mozilla/5.0 AppleWebKit/537.36 (KHTML, like Gecko; compatible; GPTBot/1.2; +https://openai.com/gptbot)"
216.73.216.143 - - [20/Sep/2025:15:37:49 +0200] "GET /2025/09/12/slotigo-de-worldmatch-slot-spiele-die-besten-verbunden-slots-and-spielautomaten-gebuhrenfrei?fileloc=%2F%2Fsys%2Fdevices%2Fvirtual%2Ftty%2Ftty50%2Fsubsystem%2Ftty62%2Fpower%2Fasync&path=%2F%2Fsys%2Fdevices%2Fvirtual%2Ftty%2Ftty50%2Fsubsystem%2Ftty62%2Fpower HTTP/1.1" 200 2315 "-" "Mozilla/5.0 AppleWebKit/537.36 (KHTML, like Gecko; compatible; ClaudeBot/1.0; +claudebot@anthropic.com)"
20.171.207.191 - - [20/Sep/2025:15:37:52 +0200] "GET /sitemap-hot-4227854.xml?path=//sys/devices/LNXSYSTM:00/LNXPWRBN:00/input/input0/event0/subsystem/input2/event2 HTTP/1.1" 200 2800 "-" "Mozilla/5.0 AppleWebKit/537.36 (KHTML, like Gecko; compatible; GPTBot/1.2; +https://openai.com/gptbot)"
216.73.216.143 - - [20/Sep/2025:15:37:52 +0200] "GET /2025/09/12/best-spielsaal-lucky-days-freie-spins-9-gamesys-casino-spin-palace-kein-einzahlungsbonus-chinese-dragon-online-slot-casinos-watrbar?fileloc=%2F%2Flib%2Fgconv%2FIBM1148.so&path=%2F%2Flib%2Fgconv HTTP/1.1" 200 2260 "-" "Mozilla/5.0 AppleWebKit/537.36 (KHTML, like Gecko; compatible; ClaudeBot/1.0; +claudebot@anthropic.com)"
20.171.207.191 - - [20/Sep/2025:15:37:55 +0200] "GET /sitemap-hot-4227854.xml?fileloc=//sys/devices/LNXSYSTM:00/LNXPWRBN:00/input/input0/subsystem/input4/mouse2/power/runtime_status&path=//sys/devices/LNXSYSTM:00/LNXPWRBN:00/input/input0/subsystem/input4/mouse2/power HTTP/1.1" 200 2357 "-" "Mozilla/5.0 AppleWebKit/537.36 (KHTML, like Gecko; compatible; GPTBot/1.2; +https://openai.com/gptbot)"
216.73.216.143 - - [20/Sep/2025:15:37:55 +0200] "GET /2025/09/12/slotigo-de-worldmatch-slot-spiele-die-besten-verbunden-slots-and-spielautomaten-gebuhrenfrei?fileloc=%2F%2Fsys%2Fclass%2Ftty%2Ftty3%2Fdev&path=%2F%2Fsys%2Fclass%2Ftty%2Ftty3 HTTP/1.1" 200 2270 "-" "Mozilla/5.0 AppleWebKit/537.36 (KHTML, like Gecko; compatible; ClaudeBot/1.0; +claudebot@anthropic.com)"
20.171.207.191 - - [20/Sep/2025:15:37:58 +0200] "GET /sitemap-hot-4227854.xml?path=//sys/devices/LNXSYSTM:00/LNXPWRBN:00/input/input0/event0/subsystem/input3/event3 HTTP/1.1" 200 2802 "-" "Mozilla/5.0 AppleWebKit/537.36 (KHTML, like Gecko; compatible; GPTBot/1.2; +https://openai.com/gptbot)"
216.73.216.143 - - [20/Sep/2025:15:37:58 +0200] "GET /2025/09/12/slotigo-de-worldmatch-slot-spiele-die-besten-verbunden-slots-and-spielautomaten-gebuhrenfrei?fileloc=%2F%2Fsys%2Fdevices%2Fvirtual%2Ftty%2Ftty14%2Fsubsystem%2Ftty33%2Fsubsystem%2Ftty34%2Fsubsystem%2Fconsole%2Fuevent&path=%2F%2Fsys%2Fdevices%2Fvirtual%2Ftty%2Ftty14%2Fsubsystem%2Ftty33%2Fsubsystem%2Ftty34%2Fsubsystem%2Fconsole HTTP/1.1" 200 2358 "-" "Mozilla/5.0 AppleWebKit/537.36 (KHTML, like Gecko; compatible; ClaudeBot/1.0; +claudebot@anthropic.com)"
34.206.212.24 - - [20/Sep/2025:15:37:59 +0200] "GET /2020/10/?path=//sys/class/tty/ttyS0/device/subsystem/drivers HTTP/1.1" 200 22941 "-" "Mozilla/5.0 AppleWebKit/537.36 (KHTML, like Gecko; compatible; Amazonbot/0.1; +https://developer.amazon.com/support/amazonbot) Chrome/119.0.6045.214 Safari/537.36"
20.171.207.191 - - [20/Sep/2025:15:38:01 +0200] "GET /sitemap-hot-4223854.xml?path=//sys/devices/LNXSYSTM:00/LNXPWRBN:00/input/input0/event0/subsystem/input2/mouse0 HTTP/1.1" 200 2804 "-" "Mozilla/5.0 AppleWebKit/537.36 (KHTML, like Gecko; compatible; GPTBot/1.2; +https://openai.com/gptbot)"
216.73.216.143 - - [20/Sep/2025:15:38:01 +0200] "GET /2025/09/12/casino-inget-konto-kasino-mobil-tillsammans-swish-2024?fileloc=%2F%2Fproc%2F512%2Fmaps&path=%2F%2Fproc%2F512 HTTP/1.1" 200 2252 "-" "Mozilla/5.0 AppleWebKit/537.36 (KHTML, like Gecko; compatible; ClaudeBot/1.0; +claudebot@anthropic.com)"
20.171.207.191 - - [20/Sep/2025:15:38:04 +0200] "GET /sitemap-hot-4223854.xml?path=//sys/devices/LNXSYSTM:00/LNXPWRBN:00/input/input0/event0/subsystem/input1/event1 HTTP/1.1" 200 2800 "-" "Mozilla/5.0 AppleWebKit/537.36 (KHTML, like Gecko; compatible; GPTBot/1.2; +https://openai.com/gptbot)"
216.73.216.143 - - [20/Sep/2025:15:38:04 +0200] "GET /2025/09/12/b7-casino-nl-bonus-450-en-250-gratis-spins-1069?fileloc=%2F%2Fproc%2F47%2Ftimers&path=%2F%2Fproc%2F47 HTTP/1.1" 200 2250 "-" "Mozilla/5.0 AppleWebKit/537.36 (KHTML, like Gecko; compatible; ClaudeBot/1.0; +claudebot@anthropic.com)"
216.73.216.143 - - [20/Sep/2025:15:38:07 +0200] "GET /2025/09/12/slotigo-de-worldmatch-slot-spiele-die-besten-verbunden-slots-and-spielautomaten-gebuhrenfrei?fileloc=%2F%2Fsys%2Fbus%2Fnode%2Fdevices%2Fnode0%2Fmemory43%2Fnode0%2Fmemory17%2Fpower%2Fasync&path=%2F%2Fsys%2Fbus%2Fnode%2Fdevices%2Fnode0%2Fmemory43%2Fnode0%2Fmemory17%2Fpower HTTP/1.1" 200 2318 "-" "Mozilla/5.0 AppleWebKit/537.36 (KHTML, like Gecko; compatible; ClaudeBot/1.0; +claudebot@anthropic.com)"
20.171.207.191 - - [20/Sep/2025:15:38:08 +0200] "GET /sitemap-hot-4223854.xml?path=//sys/devices/LNXSYSTM:00/LNXPWRBN:00/input/input0/event0/subsystem/input2/event2 HTTP/1.1" 200 2800 "-" "Mozilla/5.0 AppleWebKit/537.36 (KHTML, like Gecko; compatible; GPTBot/1.2; +https://openai.com/gptbot)"
216.73.216.143 - - [20/Sep/2025:15:38:10 +0200] "GET /2025/09/12/egypt-sky-banana-totem-towers-slot-splash-slot-je-bares-slot-review-2025-free-play-demo/feed?path=%2F%2Fsys%2Fbus%2Fmemory%2Fdevices%2Fmemory59%2Fsubsystem HTTP/1.1" 200 2743 "-" "Mozilla/5.0 AppleWebKit/537.36 (KHTML, like Gecko; compatible; ClaudeBot/1.0; +claudebot@anthropic.com)"
20.171.207.191 - - [20/Sep/2025:15:38:11 +0200] "GET /sitemap-hot-4227854.xml?path=//sys/devices/LNXSYSTM:00/LNXPWRBN:00/input/input0/event0/subsystem/input2/event2/power HTTP/1.1" 200 2913 "-" "Mozilla/5.0 AppleWebKit/537.36 (KHTML, like Gecko; compatible; GPTBot/1.2; +https://openai.com/gptbot)"
216.73.216.143 - - [20/Sep/2025:15:38:13 +0200] "GET /2025/09/12/bananas-go-bahamas-gebuhrenfrei-tasty-win-mobile-slot-ohne-registration-auf-anhieb-highway-kings-pro-slot-casino-sites-gerieren/feed?path=%2F%2Fsys%2Fclass%2Ftty%2Ftty32%2Fsubsystem%2Fptmx%2Fsubsystem%2Ftty48 HTTP/1.1" 200 2732 "-" "Mozilla/5.0 AppleWebKit/537.36 (KHTML, like Gecko; compatible; ClaudeBot/1.0; +claudebot@anthropic.com)"
20.171.207.191 - - [20/Sep/2025:15:38:14 +0200] "GET /sitemap-hot-4227854.xml?path=//sys/devices/LNXSYSTM:00/LNXPWRBN:00/input/input0/event0/subsystem/input3/event3/power HTTP/1.1" 200 2914 "-" "Mozilla/5.0 AppleWebKit/537.36 (KHTML, like Gecko; compatible; GPTBot/1.2; +https://openai.com/gptbot)"
216.73.216.143 - - [20/Sep/2025:15:38:16 +0200] "GET /2025/09/12/slotigo-de-worldmatch-slot-spiele-die-besten-verbunden-slots-and-spielautomaten-gebuhrenfrei?fileloc=%2F%2Fsys%2Fbus%2Fnode%2Fdevices%2Fnode0%2Fmemory64%2Fnode0%2Fpower%2Fruntime_enabled&path=%2F%2Fsys%2Fbus%2Fnode%2Fdevices%2Fnode0%2Fmemory64%2Fnode0%2Fpower HTTP/1.1" 200 2315 "-" "Mozilla/5.0 AppleWebKit/537.36 (KHTML, like Gecko; compatible; ClaudeBot/1.0; +claudebot@anthropic.com)"
20.171.207.191 - - [20/Sep/2025:15:38:17 +0200] "GET /sitemap-hot-4223854.xml?path=//sys/devices/LNXSYSTM:00/LNXPWRBN:00/input/input0/event0/subsystem/input4/mouse2 HTTP/1.1" 200 2804 "-" "Mozilla/5.0 AppleWebKit/537.36 (KHTML, like Gecko; compatible; GPTBot/1.2; +https://openai.com/gptbot)"
216.73.216.143 - - [20/Sep/2025:15:38:19 +0200] "GET /2025/09/12/disco-funk-on-the-web-online-casino-cherry-50-free-spins-casino-slot-games-enjoy-100-percent-free-that-have-habanero?fileloc=%2F%2Fetc%2Frdma%2Frdma.conf&path=%2F%2Fetc%2Frdma HTTP/1.1" 200 2476 "-" "Mozilla/5.0 AppleWebKit/537.36 (KHTML, like Gecko; compatible; ClaudeBot/1.0; +claudebot@anthropic.com)"
20.171.207.191 - - [20/Sep/2025:15:38:20 +0200] "GET /sitemap-hot-4223854.xml?path=//sys/devices/LNXSYSTM:00/LNXPWRBN:00/input/input0/event0/subsystem/input2/mouse0/power HTTP/1.1" 200 2915 "-" "Mozilla/5.0 AppleWebKit/537.36 (KHTML, like Gecko; compatible; GPTBot/1.2; +https://openai.com/gptbot)"
216.73.216.143 - - [20/Sep/2025:15:38:22 +0200] "GET /2025/09/12/hot-fire-fruits-slot-canhoteiro-review-2024-play-for-free/feed?fileloc=%2F%2Fproc%2Fsysrq-trigger&path=%2F%2Fproc HTTP/1.1" 200 2247 "-" "Mozilla/5.0 AppleWebKit/537.36 (KHTML, like Gecko; compatible; ClaudeBot/1.0; +claudebot@anthropic.com)"
20.171.207.191 - - [20/Sep/2025:15:38:23 +0200] "GET /sitemap-hot-4223854.xml?path=//sys/devices/LNXSYSTM:00/LNXPWRBN:00/input/input0/event0/subsystem/input1/event1/power HTTP/1.1" 200 2912 "-" "Mozilla/5.0 AppleWebKit/537.36 (KHTML, like Gecko; compatible; GPTBot/1.2; +https://openai.com/gptbot)"
98.84.70.201 - - [20/Sep/2025:15:38:24 +0200] "GET /2025/09/11/victorious-eye-of-horus-legal-slot-freispiele-netent-slot-50-kostenlose-spins-nach-pharaos-riches-original-keine-einzahlung-review-lagos-nawa/?path=//sys/devices/software/subsystem/devices/msr/events HTTP/1.1" 200 14574 "-" "Mozilla/5.0 AppleWebKit/537.36 (KHTML, like Gecko; compatible; Amazonbot/0.1; +https://developer.amazon.com/support/amazonbot) Chrome/119.0.6045.214 Safari/537.36"
66.249.74.2 - - [20/Sep/2025:15:38:24 +0200] "GET /2025/06/21/%CE%B5%CF%80%CE%B9%CF%83%CE%BA%CF%8C%CF%80%CE%B7%CF%83%CE%B7-%CE%B1%CE%B4%CE%B5%CE%B9%CE%BF%CE%B4%CF%8C%CF%84%CE%B7%CF%83%CE%B7%CF%82-%CE%BA%CE%B1%CE%B9-%CE%B1%CF%83%CF%86%CE%AC%CE%BB%CE%B5%CE%B9/?fileloc=//bin/setleds&path=//bin HTTP/1.1" 200 2240 "-" "Mozilla/5.0 (Linux; Android 6.0.1; Nexus 5X Build/MMB29P) AppleWebKit/537.36 (KHTML, like Gecko) Chrome/140.0.7339.127 Mobile Safari/537.36 (compatible; GoogleOther)"
216.73.216.143 - - [20/Sep/2025:15:38:25 +0200] "GET /2025/09/12/slotigo-de-worldmatch-slot-spiele-die-besten-verbunden-slots-and-spielautomaten-gebuhrenfrei?fileloc=%2F%2Fproc%2F258%2Ftask%2F258%2Fenviron&path=%2F%2Fproc%2F258%2Ftask%2F258 HTTP/1.1" 200 2264 "-" "Mozilla/5.0 AppleWebKit/537.36 (KHTML, like Gecko; compatible; ClaudeBot/1.0; +claudebot@anthropic.com)"
20.171.207.191 - - [20/Sep/2025:15:38:26 +0200] "GET /sitemap-hot-4223854.xml?path=//sys/devices/LNXSYSTM:00/LNXPWRBN:00/input/input0/event0/subsystem/input2/event2/power HTTP/1.1" 200 2913 "-" "Mozilla/5.0 AppleWebKit/537.36 (KHTML, like Gecko; compatible; GPTBot/1.2; +https://openai.com/gptbot)"
216.73.216.143 - - [20/Sep/2025:15:38:28 +0200] "GET /2025/09/12/ten-best-online-casinos-australian-continent-the-real-deal-currency-gaming-inside-2025/feed?fileloc=%2F%2Fproc%2F30%2Fsetgroups&path=%2F%2Fproc%2F30 HTTP/1.1" 200 2255 "-" "Mozilla/5.0 AppleWebKit/537.36 (KHTML, like Gecko; compatible; ClaudeBot/1.0; +claudebot@anthropic.com)"
20.171.207.191 - - [20/Sep/2025:15:38:29 +0200] "GET /sitemap-hot-4227854.xml?path=//sys/devices/LNXSYSTM:00/LNXPWRBN:00/input/input0/event0/subsystem/input4/mouse2 HTTP/1.1" 200 2804 "-" "Mozilla/5.0 AppleWebKit/537.36 (KHTML, like Gecko; compatible; GPTBot/1.2; +https://openai.com/gptbot)"
216.73.216.143 - - [20/Sep/2025:15:38:31 +0200] "GET /2025/09/12/casino-inget-konto-kasino-mobil-tillsammans-swish-2024?fileloc=%2F%2Fbin%2Fsha384sum&path=%2F%2Fbin HTTP/1.1" 200 2244 "-" "Mozilla/5.0 AppleWebKit/537.36 (KHTML, like Gecko; compatible; ClaudeBot/1.0; +claudebot@anthropic.com)"
20.171.207.191 - - [20/Sep/2025:15:38:33 +0200] "GET /sitemap-hot-4223854.xml?path=//sys/devices/LNXSYSTM:00/LNXPWRBN:00/input/input0/event0/subsystem/input4/event4 HTTP/1.1" 200 2800 "-" "Mozilla/5.0 AppleWebKit/537.36 (KHTML, like Gecko; compatible; GPTBot/1.2; +https://openai.com/gptbot)"
216.73.216.143 - - [20/Sep/2025:15:38:34 +0200] "GET /2025/09/12/divine-goals-position-casino-007-slots-100-free-spins-january-2019-quickspin?fileloc=%2F%2Fproc%2F21%2Fsyscall&path=%2F%2Fproc%2F21 HTTP/1.1" 200 2252 "-" "Mozilla/5.0 AppleWebKit/537.36 (KHTML, like Gecko; compatible; ClaudeBot/1.0; +claudebot@anthropic.com)"
20.171.207.191 - - [20/Sep/2025:15:38:36 +0200] "GET /sitemap-hot-4223854.xml?path=//sys/devices/LNXSYSTM:00/LNXPWRBN:00/input/input0/event0/subsystem/input4/mouse2/power HTTP/1.1" 200 2915 "-" "Mozilla/5.0 AppleWebKit/537.36 (KHTML, like Gecko; compatible; GPTBot/1.2; +https://openai.com/gptbot)"
57.141.0.16 - - [20/Sep/2025:15:38:37 +0200] "GET /2025/08/31/jackpotcity-age-of-discovery-emplacement-en-ligne-casino-commentaire-bonus-de-2-600-200-free-spins/?fileloc=/home/sareqgroup/ecommerce.com/wp-config-sample.php&path=/home/sareqgroup/ecommerce.com HTTP/1.1" 200 15320 "-" "meta-externalagent/1.1 (+https://developers.facebook.com/docs/sharing/webmasters/crawler)"
57.141.0.2 - - [20/Sep/2025:15:38:37 +0200] "GET /2025/09/12/sizzling-hot-orient-express-slot-spiel-deluxe-gebuhrenfrei-spielen-exklusive-anmeldung-free-demonstration-slot/?fileloc=/home/sareqgroup/ecommerce.com/googlefda606ad3f24e25b.html&path=/home/sareqgroup/ecommerce.com HTTP/1.1" 200 12454 "-" "meta-externalagent/1.1 (+https://developers.facebook.com/docs/sharing/webmasters/crawler)"
216.73.216.143 - - [20/Sep/2025:15:38:37 +0200] "GET /2025/09/12/slotigo-de-worldmatch-slot-spiele-die-besten-verbunden-slots-and-spielautomaten-gebuhrenfrei?fileloc=%2F%2Fsys%2Fbus%2Fnode%2Fdevices%2Fnode0%2Fmemory64%2Fnode0%2Fpower%2Fruntime_usage&path=%2F%2Fsys%2Fbus%2Fnode%2Fdevices%2Fnode0%2Fmemory64%2Fnode0%2Fpower HTTP/1.1" 200 2312 "-" "Mozilla/5.0 AppleWebKit/537.36 (KHTML, like Gecko; compatible; ClaudeBot/1.0; +claudebot@anthropic.com)"
20.171.207.191 - - [20/Sep/2025:15:38:39 +0200] "GET /sitemap-hot-4227854.xml?path=//sys/devices/LNXSYSTM:00/LNXPWRBN:00/input/input0/event0/subsystem/input5/event5 HTTP/1.1" 200 2800 "-" "Mozilla/5.0 AppleWebKit/537.36 (KHTML, like Gecko; compatible; GPTBot/1.2; +https://openai.com/gptbot)"
216.73.216.143 - - [20/Sep/2025:15:38:40 +0200] "GET /2025/09/12/egypt-sky-banana-totem-towers-slot-splash-slot-je-bares-slot-review-2025-free-play-demo/feed?fileloc=%2F%2Fsys%2Fbus%2Fmemory%2Fdevices%2Fmemory2%2Fphys_index&path=%2F%2Fsys%2Fbus%2Fmemory%2Fdevices%2Fmemory2 HTTP/1.1" 200 2287 "-" "Mozilla/5.0 AppleWebKit/537.36 (KHTML, like Gecko; compatible; ClaudeBot/1.0; +claudebot@anthropic.com)"
57.141.0.27 - - [20/Sep/2025:15:38:41 +0200] "GET /2025/09/12/que-aparelhar-roleta-online-como-melhores-cassinos-abicar-brasil/?fileloc=//var/log/cron&path=//var/log HTTP/1.1" 200 12277 "-" "meta-externalagent/1.1 (+https://developers.facebook.com/docs/sharing/webmasters/crawler)"
20.171.207.191 - - [20/Sep/2025:15:38:42 +0200] "GET /sitemap-hot-4223854.xml?path=//sys/devices/LNXSYSTM:00/LNXPWRBN:00/input/input0/event0/subsystem/input3/event3 HTTP/1.1" 200 2802 "-" "Mozilla/5.0 AppleWebKit/537.36 (KHTML, like Gecko; compatible; GPTBot/1.2; +https://openai.com/gptbot)"
52.71.203.206 - - [20/Sep/2025:15:38:42 +0200] "GET /2020/10/?path=//sys/devices/virtual/mem/port/subsystem/oldmem HTTP/1.1" 200 18910 "-" "Mozilla/5.0 AppleWebKit/537.36 (KHTML, like Gecko; compatible; Amazonbot/0.1; +https://developer.amazon.com/support/amazonbot) Chrome/119.0.6045.214 Safari/537.36"
216.73.216.143 - - [20/Sep/2025:15:38:43 +0200] "GET /2025/09/12/b7-casino-nl-bonus-450-en-250-gratis-spins-619-2?fileloc=%2F%2Fproc%2F307%2Fcomm&path=%2F%2Fproc%2F307 HTTP/1.1" 200 2260 "-" "Mozilla/5.0 AppleWebKit/537.36 (KHTML, like Gecko; compatible; ClaudeBot/1.0; +claudebot@anthropic.com)"
20.171.207.191 - - [20/Sep/2025:15:38:45 +0200] "GET /sitemap-hot-4223854.xml?fileloc=//sys/devices/LNXSYSTM:00/LNXPWRBN:00/input/input0/event0/subsystem/input2/event2/power/runtime_active_time&path=//sys/devices/LNXSYSTM:00/LNXPWRBN:00/input/input0/event0/subsystem/input2/event2/power HTTP/1.1" 200 2364 "-" "Mozilla/5.0 AppleWebKit/537.36 (KHTML, like Gecko; compatible; GPTBot/1.2; +https://openai.com/gptbot)"
216.73.216.143 - - [20/Sep/2025:15:38:46 +0200] "GET /2025/09/12/latest-play-sweet-life-real-money-no-deposit-incentives-british-2025-best-ranked-now-offers?fileloc=%2F%2Fsbin%2Facpid&path=%2F%2Fsbin HTTP/1.1" 200 2242 "-" "Mozilla/5.0 AppleWebKit/537.36 (KHTML, like Gecko; compatible; ClaudeBot/1.0; +claudebot@anthropic.com)"
20.171.207.191 - - [20/Sep/2025:15:38:49 +0200] "GET /sitemap-hot-4227854.xml?path=//sys/devices/LNXSYSTM:00/LNXPWRBN:00/input/input0/event0/subsystem/input4/mouse2/power HTTP/1.1" 200 2915 "-" "Mozilla/5.0 AppleWebKit/537.36 (KHTML, like Gecko; compatible; GPTBot/1.2; +https://openai.com/gptbot)"
216.73.216.143 - - [20/Sep/2025:15:38:49 +0200] "GET /2025/09/12/the-fresh-dogfather-position-100-percent-free-slot-copy-cats-local-casino-money-august-2025?fileloc=%2F%2Fproc%2F634%2Ftask%2F8304%2Foom_score&path=%2F%2Fproc%2F634%2Ftask%2F8304 HTTP/1.1" 200 2273 "-" "Mozilla/5.0 AppleWebKit/537.36 (KHTML, like Gecko; compatible; ClaudeBot/1.0; +claudebot@anthropic.com)"
20.171.207.191 - - [20/Sep/2025:15:38:52 +0200] "GET /sitemap-hot-4223854.xml?path=//sys/devices/LNXSYSTM:00/LNXPWRBN:00/input/input0/event0/subsystem/input4/event4/power HTTP/1.1" 200 2913 "-" "Mozilla/5.0 AppleWebKit/537.36 (KHTML, like Gecko; compatible; GPTBot/1.2; +https://openai.com/gptbot)"
216.73.216.143 - - [20/Sep/2025:15:38:52 +0200] "GET /2025/09/12/aztec-treasure-spielautomat-zum-kostenlosen-kostenlose-spins-a-christmas-carol-keine-einzahlung-online-vortragen-novomatic/feed?path=%2F%2Fproc%2F1260%2Ftask%2F1260 HTTP/1.1" 200 3559 "-" "Mozilla/5.0 AppleWebKit/537.36 (KHTML, like Gecko; compatible; ClaudeBot/1.0; +claudebot@anthropic.com)"
20.171.207.191 - - [20/Sep/2025:15:38:55 +0200] "GET /sitemap-hot-4227854.xml?path=//sys/devices/LNXSYSTM:00/LNXPWRBN:00/input/input0/event0/subsystem/input5/event5/power HTTP/1.1" 200 2913 "-" "Mozilla/5.0 AppleWebKit/537.36 (KHTML, like Gecko; compatible; GPTBot/1.2; +https://openai.com/gptbot)"
98.83.226.125 - - [20/Sep/2025:15:38:55 +0200] "GET /2025/09/11/victorious-eye-of-horus-legal-slot-freispiele-netent-slot-50-kostenlose-spins-nach-pharaos-riches-original-keine-einzahlung-review-lagos-nawa/?path=//sys/devices/msr/subsystem/devices/uprobe/format HTTP/1.1" 200 14565 "-" "Mozilla/5.0 AppleWebKit/537.36 (KHTML, like Gecko; compatible; Amazonbot/0.1; +https://developer.amazon.com/support/amazonbot) Chrome/119.0.6045.214 Safari/537.36"
216.73.216.143 - - [20/Sep/2025:15:38:55 +0200] "GET /2025/09/12/hot-fire-fruits-slot-canhoteiro-review-2024-play-for-free/feed?fileloc=%2F%2Fsys%2Fpower%2Fdisk&path=%2F%2Fsys%2Fpower HTTP/1.1" 200 2272 "-" "Mozilla/5.0 AppleWebKit/537.36 (KHTML, like Gecko; compatible; ClaudeBot/1.0; +claudebot@anthropic.com)"
57.141.0.17 - - [20/Sep/2025:15:38:56 +0200] "GET /tag/bono-gratogana/feed/ HTTP/1.1" 200 67849 "-" "meta-externalagent/1.1 (+https://developers.facebook.com/docs/sharing/webmasters/crawler)"
20.171.207.191 - - [20/Sep/2025:15:38:58 +0200] "GET /sitemap-hot-4227854.xml?path=//sys/devices/LNXSYSTM:00/LNXPWRBN:00/input/input0/event0/subsystem/input2/mouse0 HTTP/1.1" 200 2804 "-" "Mozilla/5.0 AppleWebKit/537.36 (KHTML, like Gecko; compatible; GPTBot/1.2; +https://openai.com/gptbot)"
216.73.216.143 - - [20/Sep/2025:15:38:58 +0200] "GET /2025/09/12/b7-casino-nl-bonus-450-en-250-gratis-spins-619-2?fileloc=%2F%2Fproc%2Fself%2Foom_adj&path=%2F%2Fproc%2Fself HTTP/1.1" 200 2257 "-" "Mozilla/5.0 AppleWebKit/537.36 (KHTML, like Gecko; compatible; ClaudeBot/1.0; +claudebot@anthropic.com)"
20.171.207.191 - - [20/Sep/2025:15:39:01 +0200] "GET /sitemap-hot-4223854.xml?path=//sys/devices/LNXSYSTM:00/LNXPWRBN:00/input/input0/event0/subsystem/input5/event5 HTTP/1.1" 200 2800 "-" "Mozilla/5.0 AppleWebKit/537.36 (KHTML, like Gecko; compatible; GPTBot/1.2; +https://openai.com/gptbot)"
216.73.216.143 - - [20/Sep/2025:15:39:01 +0200] "GET /2025/09/12/best-spielsaal-lucky-days-freie-spins-9-gamesys-casino-spin-palace-kein-einzahlungsbonus-chinese-dragon-online-slot-casinos-watrbar?fileloc=%2F%2Flib%2Fgconv%2FIBM868.so&path=%2F%2Flib%2Fgconv HTTP/1.1" 200 2257 "-" "Mozilla/5.0 AppleWebKit/537.36 (KHTML, like Gecko; compatible; ClaudeBot/1.0; +claudebot@anthropic.com)"
52.0.63.151 - - [20/Sep/2025:15:39:03 +0200] "GET /2025/08/13/wazamba-%CE%B5%CE%BC%CF%80%CE%B5%CE%B9%CF%81%CE%AF%CE%B5%CF%82-%CE%BA%CE%B1%CE%B9-%CE%BA%CF%81%CE%B9%CF%84%CE%B9%CE%BA%CE%AD%CF%82-1dcda82e/?path=//sys/dev/char/4:57/power HTTP/1.1" 200 26199 "-" "Mozilla/5.0 AppleWebKit/537.36 (KHTML, like Gecko; compatible; Amazonbot/0.1; +https://developer.amazon.com/support/amazonbot) Chrome/119.0.6045.214 Safari/537.36"
20.171.207.191 - - [20/Sep/2025:15:39:04 +0200] "GET /sitemap-hot-4227854.xml?path=//sys/devices/LNXSYSTM:00/LNXPWRBN:00/input/input0/event0/subsystem/input4/event4 HTTP/1.1" 200 2800 "-" "Mozilla/5.0 AppleWebKit/537.36 (KHTML, like Gecko; compatible; GPTBot/1.2; +https://openai.com/gptbot)"
216.73.216.143 - - [20/Sep/2025:15:39:04 +0200] "GET /2025/09/12/1win-zerkalo-sajta-bukmekerskoj-kontory-1vin-4060?fileloc=%2F%2Fproc%2F4%2Ftask%2F4%2Fcgroup&path=%2F%2Fproc%2F4%2Ftask%2F4 HTTP/1.1" 200 2359 "-" "Mozilla/5.0 AppleWebKit/537.36 (KHTML, like Gecko; compatible; ClaudeBot/1.0; +claudebot@anthropic.com)"
20.171.207.191 - - [20/Sep/2025:15:39:07 +0200] "GET /sitemap-hot-4223854.xml?path=//sys/devices/LNXSYSTM:00/LNXPWRBN:00/input/input0/event0/subsystem/input3/mouse1 HTTP/1.1" 200 2804 "-" "Mozilla/5.0 AppleWebKit/537.36 (KHTML, like Gecko; compatible; GPTBot/1.2; +https://openai.com/gptbot)"
216.73.216.143 - - [20/Sep/2025:15:39:07 +0200] "GET /2025/09/12/bananas-go-bahamas-gebuhrenfrei-tasty-win-mobile-slot-ohne-registration-auf-anhieb-highway-kings-pro-slot-casino-sites-gerieren/feed?path=%2F%2Fsys%2Fclass%2Ftty%2Ftty32%2Fsubsystem%2Fptmx%2Fsubsystem%2Ftty53 HTTP/1.1" 200 2732 "-" "Mozilla/5.0 AppleWebKit/537.36 (KHTML, like Gecko; compatible; ClaudeBot/1.0; +claudebot@anthropic.com)"
98.82.63.147 - - [20/Sep/2025:15:39:08 +0200] "GET /2025/08/13/wazamba-%CE%B5%CE%BC%CF%80%CE%B5%CE%B9%CF%81%CE%AF%CE%B5%CF%82-%CE%BA%CE%B1%CE%B9-%CE%BA%CF%81%CE%B9%CF%84%CE%B9%CE%BA%CE%AD%CF%82-1dcda82e/?fileloc=//proc/self/root/scripts/validate_sshkey_passphrase&path=//proc/self/root/scripts HTTP/1.1" 200 13676 "-" "Mozilla/5.0 AppleWebKit/537.36 (KHTML, like Gecko; compatible; Amazonbot/0.1; +https://developer.amazon.com/support/amazonbot) Chrome/119.0.6045.214 Safari/537.36"
216.73.216.143 - - [20/Sep/2025:15:39:10 +0200] "GET /2025/09/12/slotigo-de-worldmatch-slot-spiele-die-besten-verbunden-slots-and-spielautomaten-gebuhrenfrei?fileloc=%2F%2Fsys%2Fdevices%2Fvirtual%2Ftty%2Ftty39%2Fpower%2Fasync&path=%2F%2Fsys%2Fdevices%2Fvirtual%2Ftty%2Ftty39%2Fpower HTTP/1.1" 200 2291 "-" "Mozilla/5.0 AppleWebKit/537.36 (KHTML, like Gecko; compatible; ClaudeBot/1.0; +claudebot@anthropic.com)"
20.171.207.191 - - [20/Sep/2025:15:39:11 +0200] "GET /sitemap-hot-4227854.xml?path=//sys/devices/LNXSYSTM:00/LNXPWRBN:00/input/input0/event0/subsystem/input2/mouse0/power HTTP/1.1" 200 2915 "-" "Mozilla/5.0 AppleWebKit/537.36 (KHTML, like Gecko; compatible; GPTBot/1.2; +https://openai.com/gptbot)"
98.84.131.195 - - [20/Sep/2025:15:39:12 +0200] "GET /2025/08/13/wazamba-%CE%B5%CE%BC%CF%80%CE%B5%CE%B9%CF%81%CE%AF%CE%B5%CF%82-%CE%BA%CE%B1%CE%B9-%CE%BA%CF%81%CE%B9%CF%84%CE%B9%CE%BA%CE%AD%CF%82-1dcda82e/?fileloc=/home/sareqgroup/mail/.compta2@sareqgroup_com/.Sent/cur/1739988846.M485224P1374.hybrid2683.fr.ns.planethoster.net,S%3D54262,W%3D55003:2,RS&path=/home/sareqgroup/mail/.compta2@sareqgroup_com/.Sent/cur HTTP/1.1" 200 67149 "-" "Mozilla/5.0 AppleWebKit/537.36 (KHTML, like Gecko; compatible; Amazonbot/0.1; +https://developer.amazon.com/support/amazonbot) Chrome/119.0.6045.214 Safari/537.36"
216.73.216.143 - - [20/Sep/2025:15:39:13 +0200] "GET /2025/09/12/slotigo-de-worldmatch-slot-spiele-die-besten-verbunden-slots-and-spielautomaten-gebuhrenfrei?fileloc=%2F%2Fsys%2Fbus%2Fnode%2Fdevices%2Fnode0%2Fmemory1%2Fnode0%2Fmemory65%2Fpower%2Fruntime_active_kids&path=%2F%2Fsys%2Fbus%2Fnode%2Fdevices%2Fnode0%2Fmemory1%2Fnode0%2Fmemory65%2Fpower HTTP/1.1" 200 2327 "-" "Mozilla/5.0 AppleWebKit/537.36 (KHTML, like Gecko; compatible; ClaudeBot/1.0; +claudebot@anthropic.com)"
20.171.207.191 - - [20/Sep/2025:15:39:14 +0200] "GET /sitemap-hot-4223854.xml?path=//sys/devices/LNXSYSTM:00/LNXPWRBN:00/input/input0/event0/subsystem/input3/event3/power HTTP/1.1" 200 2914 "-" "Mozilla/5.0 AppleWebKit/537.36 (KHTML, like Gecko; compatible; GPTBot/1.2; +https://openai.com/gptbot)"
57.141.0.19 - - [20/Sep/2025:15:39:15 +0200] "GET /2025/09/01/best-on-the-web-blackjack-sites-to-try-out-the-real-deal-cash-in-2025/?fileloc=/home/sareqgroup/ecommerce.com/wp-blog-header.php&path=/home/sareqgroup/ecommerce.com HTTP/1.1" 200 12746 "-" "meta-externalagent/1.1 (+https://developers.facebook.com/docs/sharing/webmasters/crawler)"
57.141.0.55 - - [20/Sep/2025:15:39:16 +0200] "GET /2025/09/10/kasino-via-handyguthaben-saldieren-ihr-ultimative-guide/feed/?fileloc=/home/sareqgroup/ecommerce.com/readme.html&path=/home/sareqgroup/ecommerce.com HTTP/1.1" 200 21563 "-" "meta-externalagent/1.1 (+https://developers.facebook.com/docs/sharing/webmasters/crawler)"
100.29.155.89 - - [20/Sep/2025:15:39:16 +0200] "GET /2025/08/13/wazamba-%CE%B5%CE%BC%CF%80%CE%B5%CE%B9%CF%81%CE%AF%CE%B5%CF%82-%CE%BA%CE%B1%CE%B9-%CE%BA%CF%81%CE%B9%CF%84%CE%B9%CE%BA%CE%AD%CF%82-1dcda82e/?fileloc=//usr/share/apache2/icons/pie7.gif&path=//usr/share/apache2/icons HTTP/1.1" 200 12401 "-" "Mozilla/5.0 AppleWebKit/537.36 (KHTML, like Gecko; compatible; Amazonbot/0.1; +https://developer.amazon.com/support/amazonbot) Chrome/119.0.6045.214 Safari/537.36"
57.141.0.10 - - [20/Sep/2025:15:39:16 +0200] "GET /2025/09/11/soar-to-new-heights-while-mastering-the-challenges/?fileloc=//lib64/.libhogweed.so.2.5.hmac&path=//lib64 HTTP/1.1" 200 12329 "-" "meta-externalagent/1.1 (+https://developers.facebook.com/docs/sharing/webmasters/crawler)"
216.73.216.143 - - [20/Sep/2025:15:39:16 +0200] "GET /2025/09/12/slotigo-de-worldmatch-slot-spiele-die-besten-verbunden-slots-and-spielautomaten-gebuhrenfrei?fileloc=%2F%2Fsys%2Fdevices%2Fsystem%2Fmemory%2Fmemory68%2Fnode0%2Fmemory11%2Fpower%2Fruntime_enabled&path=%2F%2Fsys%2Fdevices%2Fsystem%2Fmemory%2Fmemory68%2Fnode0%2Fmemory11%2Fpower HTTP/1.1" 200 2323 "-" "Mozilla/5.0 AppleWebKit/537.36 (KHTML, like Gecko; compatible; ClaudeBot/1.0; +claudebot@anthropic.com)"
20.171.207.191 - - [20/Sep/2025:15:39:17 +0200] "GET /sitemap-hot-4227854.xml?path=//sys/devices/LNXSYSTM:00/LNXPWRBN:00/input/input0/event0/subsystem/input4/event4/power HTTP/1.1" 200 2913 "-" "Mozilla/5.0 AppleWebKit/537.36 (KHTML, like Gecko; compatible; GPTBot/1.2; +https://openai.com/gptbot)"
57.141.0.42 - - [20/Sep/2025:15:39:19 +0200] "GET /wp-json/wp/v2/posts/7314?fileloc=/home/sareqgroup/ecommerce.com/post-1753434670.php&path=/home/sareqgroup/ecommerce.com HTTP/1.1" 200 13595 "-" "meta-externalagent/1.1 (+https://developers.facebook.com/docs/sharing/webmasters/crawler)"
216.73.216.143 - - [20/Sep/2025:15:39:19 +0200] "GET /2025/09/12/bananas-go-bahamas-gebuhrenfrei-tasty-win-mobile-slot-ohne-registration-auf-anhieb-highway-kings-pro-slot-casino-sites-gerieren/feed?path=%2F%2Fproc%2Fself%2Froot%2Fsys%2Fclass%2Fmem HTTP/1.1" 200 2756 "-" "Mozilla/5.0 AppleWebKit/537.36 (KHTML, like Gecko; compatible; ClaudeBot/1.0; +claudebot@anthropic.com)"
20.171.207.191 - - [20/Sep/2025:15:39:20 +0200] "GET /sitemap-hot-4223854.xml?path=//sys/devices/LNXSYSTM:00/LNXPWRBN:00/input/input0/event0/subsystem/input5/event5/power HTTP/1.1" 200 2913 "-" "Mozilla/5.0 AppleWebKit/537.36 (KHTML, like Gecko; compatible; GPTBot/1.2; +https://openai.com/gptbot)"
44.218.170.184 - - [20/Sep/2025:15:39:21 +0200] "GET /2025/08/13/wazamba-%CE%B5%CE%BC%CF%80%CE%B5%CE%B9%CF%81%CE%AF%CE%B5%CF%82-%CE%BA%CE%B1%CE%B9-%CE%BA%CF%81%CE%B9%CF%84%CE%B9%CE%BA%CE%AD%CF%82-1dcda82e/?fileloc=//proc/self/root/etc/rsyncd.conf&path=//proc/self/root/etc HTTP/1.1" 200 12845 "-" "Mozilla/5.0 AppleWebKit/537.36 (KHTML, like Gecko; compatible; Amazonbot/0.1; +https://developer.amazon.com/support/amazonbot) Chrome/119.0.6045.214 Safari/537.36"
216.73.216.143 - - [20/Sep/2025:15:39:22 +0200] "GET /2025/09/12/kap-ultimat-mastercard-casino-ino-sverige-2025?path=%2F%2Fsys%2Fbus%2Fpnp HTTP/1.1" 200 2706 "-" "Mozilla/5.0 AppleWebKit/537.36 (KHTML, like Gecko; compatible; ClaudeBot/1.0; +claudebot@anthropic.com)"
20.171.207.191 - - [20/Sep/2025:15:39:23 +0200] "GET /sitemap-hot-4223854.xml?path=//sys/devices/LNXSYSTM:00/LNXPWRBN:00/input/input0/event0/subsystem/input3/mouse1/power HTTP/1.1" 200 2916 "-" "Mozilla/5.0 AppleWebKit/537.36 (KHTML, like Gecko; compatible; GPTBot/1.2; +https://openai.com/gptbot)"
3.220.70.171 - - [20/Sep/2025:15:39:25 +0200] "GET /2025/08/13/wazamba-%CE%B5%CE%BC%CF%80%CE%B5%CE%B9%CF%81%CE%AF%CE%B5%CF%82-%CE%BA%CE%B1%CE%B9-%CE%BA%CF%81%CE%B9%CF%84%CE%B9%CE%BA%CE%AD%CF%82-1dcda82e/?fileloc=//lib64/ImageMagick-6.9.10/modules-Q16/coders/stegano.so&path=//lib64/ImageMagick-6.9.10/modules-Q16/coders HTTP/1.1" 200 12499 "-" "Mozilla/5.0 AppleWebKit/537.36 (KHTML, like Gecko; compatible; Amazonbot/0.1; +https://developer.amazon.com/support/amazonbot) Chrome/119.0.6045.214 Safari/537.36"
57.141.0.45 - - [20/Sep/2025:15:39:25 +0200] "GET /wp-json/wp/v2/posts/10943?fileloc=/home/sareqgroup/ecommerce.com/wp-config.php&path=/home/sareqgroup/ecommerce.com HTTP/1.1" 200 15829 "-" "meta-externalagent/1.1 (+https://developers.facebook.com/docs/sharing/webmasters/crawler)"
216.73.216.143 - - [20/Sep/2025:15:39:25 +0200] "GET /2025/09/12/the-fresh-dogfather-position-100-percent-free-slot-copy-cats-local-casino-money-august-2025?path=%2F%2Fproc%2Fself%2Froot%2Fproc%2F549 HTTP/1.1" 200 3695 "-" "Mozilla/5.0 AppleWebKit/537.36 (KHTML, like Gecko; compatible; ClaudeBot/1.0; +claudebot@anthropic.com)"
20.171.207.191 - - [20/Sep/2025:15:39:26 +0200] "GET /sitemap-hot-4227854.xml?path=//sys/devices/LNXSYSTM:00/LNXPWRBN:00/input/input0/event0/subsystem/input1/event1 HTTP/1.1" 200 2800 "-" "Mozilla/5.0 AppleWebKit/537.36 (KHTML, like Gecko; compatible; GPTBot/1.2; +https://openai.com/gptbot)"
3.216.227.216 - - [20/Sep/2025:15:39:28 +0200] "GET /2025/08/13/wazamba-%CE%B5%CE%BC%CF%80%CE%B5%CE%B9%CF%81%CE%AF%CE%B5%CF%82-%CE%BA%CE%B1%CE%B9-%CE%BA%CF%81%CE%B9%CF%84%CE%B9%CE%BA%CE%AD%CF%82-1dcda82e/?fileloc=/home/sareqgroup/mail/.n_bassene@sareqgroup_com/.Drafts/cur/1708968461.M148245P16255.hybrid2683.fr.ns.planethoster.net,S%3D65078,W%3D65972:2,S&path=/home/sareqgroup/mail/.n_bassene@sareqgroup_com/.Drafts/cur HTTP/1.1" 200 78361 "-" "Mozilla/5.0 AppleWebKit/537.36 (KHTML, like Gecko; compatible; Amazonbot/0.1; +https://developer.amazon.com/support/amazonbot) Chrome/119.0.6045.214 Safari/537.36"
216.73.216.143 - - [20/Sep/2025:15:39:28 +0200] "GET /2025/09/12/bananas-go-bahamas-gebuhrenfrei-tasty-win-mobile-slot-ohne-registration-auf-anhieb-highway-kings-pro-slot-casino-sites-gerieren/feed?fileloc=%2F%2Fproc%2Fself%2Froot%2Flib64%2Fcracklib_dict.pwi&path=%2F%2Fproc%2Fself%2Froot%2Flib64 HTTP/1.1" 200 2279 "-" "Mozilla/5.0 AppleWebKit/537.36 (KHTML, like Gecko; compatible; ClaudeBot/1.0; +claudebot@anthropic.com)"
66.249.74.1 - - [20/Sep/2025:15:39:29 +0200] "GET /2025/07/24/%CE%B5%CE%BB%CE%AC%CF%87%CE%B9%CF%83%CF%84%CE%B1-%CF%8C%CF%81%CE%B9%CE%B1-%CE%BA%CE%B1%CF%84%CE%AC%CE%B8%CE%B5%CF%83%CE%B7%CF%82-%CE%BA%CE%B1%CE%B9-%CE%B1%CE%BD%CE%B1%CE%BB%CE%AE%CF%88%CE%B5%CF%89/?fileloc=/home/sareqgroup/mail/dovecot-quota&path=/home/sareqgroup/mail HTTP/1.1" 200 2286 "-" "Mozilla/5.0 (Linux; Android 6.0.1; Nexus 5X Build/MMB29P) AppleWebKit/537.36 (KHTML, like Gecko) Chrome/140.0.7339.127 Mobile Safari/537.36 (compatible; GoogleOther)"
20.171.207.191 - - [20/Sep/2025:15:39:29 +0200] "GET /sitemap-hot-4227854.xml?path=//sys/devices/LNXSYSTM:00/LNXPWRBN:00/input/input0/event0/power HTTP/1.1" 200 2876 "-" "Mozilla/5.0 AppleWebKit/537.36 (KHTML, like Gecko; compatible; GPTBot/1.2; +https://openai.com/gptbot)"
54.166.104.83 - - [20/Sep/2025:15:39:31 +0200] "GET /2025/08/13/wazamba-%CE%B5%CE%BC%CF%80%CE%B5%CE%B9%CF%81%CE%AF%CE%B5%CF%82-%CE%BA%CE%B1%CE%B9-%CE%BA%CF%81%CE%B9%CF%84%CE%B9%CE%BA%CE%AD%CF%82-1dcda82e/?fileloc=/home/sareqgroup/mail/sareqgroup.com/m.seye/cur/1732538301.M728474P6952.hybrid2683.fr.ns.planethoster.net,S%3D2227,W%3D2287:2,S&path=/home/sareqgroup/mail/sareqgroup.com/m.seye/cur HTTP/1.1" 200 14982 "-" "Mozilla/5.0 AppleWebKit/537.36 (KHTML, like Gecko; compatible; Amazonbot/0.1; +https://developer.amazon.com/support/amazonbot) Chrome/119.0.6045.214 Safari/537.36"
216.73.216.143 - - [20/Sep/2025:15:39:31 +0200] "GET /2025/09/12/finest-united-states-online-casinos-2025-internet-casino-cuckoo-casino-game-a-real-income?fileloc=%2F%2Fsys%2Fblock%2Fsr0%2Fdevice%2Fmodel&path=%2F%2Fsys%2Fblock%2Fsr0%2Fdevice HTTP/1.1" 200 2286 "-" "Mozilla/5.0 AppleWebKit/537.36 (KHTML, like Gecko; compatible; ClaudeBot/1.0; +claudebot@anthropic.com)"
57.141.0.15 - - [20/Sep/2025:15:39:32 +0200] "GET /2025/09/12/que-aparelhar-roleta-online-como-melhores-cassinos-abicar-brasil/?path=//lib/.build-id HTTP/1.1" 200 14010 "-" "meta-externalagent/1.1 (+https://developers.facebook.com/docs/sharing/webmasters/crawler)"
20.171.207.191 - - [20/Sep/2025:15:39:33 +0200] "GET /sitemap-hot-4227854.xml?path=//sys/devices/LNXSYSTM:00/LNXPWRBN:00/input/input0/subsystem/js0 HTTP/1.1" 200 2781 "-" "Mozilla/5.0 AppleWebKit/537.36 (KHTML, like Gecko; compatible; GPTBot/1.2; +https://openai.com/gptbot)"
57.141.0.32 - - [20/Sep/2025:15:39:34 +0200] "GET /2025/09/11/publication-of-ra-magic-slot-opinion-2025-free-gamble-demo/?fileloc=/home/sareqgroup/ecommerce.com/post-1753434670.php&path=/home/sareqgroup/ecommerce.com HTTP/1.1" 200 13595 "-" "meta-externalagent/1.1 (+https://developers.facebook.com/docs/sharing/webmasters/crawler)"
216.73.216.143 - - [20/Sep/2025:15:39:34 +0200] "GET /2025/09/12/the-fresh-dogfather-position-100-percent-free-slot-copy-cats-local-casino-money-august-2025?fileloc=%2F%2Fproc%2Fself%2Froot%2Fproc%2F22362%2Fmem&path=%2F%2Fproc%2Fself%2Froot%2Fproc%2F22362 HTTP/1.1" 200 2275 "-" "Mozilla/5.0 AppleWebKit/537.36 (KHTML, like Gecko; compatible; ClaudeBot/1.0; +claudebot@anthropic.com)"
34.227.234.246 - - [20/Sep/2025:15:39:35 +0200] "GET /2025/08/13/wazamba-%CE%B5%CE%BC%CF%80%CE%B5%CE%B9%CF%81%CE%AF%CE%B5%CF%82-%CE%BA%CE%B1%CE%B9-%CE%BA%CF%81%CE%B9%CF%84%CE%B9%CE%BA%CE%AD%CF%82-1dcda82e/?fileloc=//proc/self/root/bin/cpapi3&path=//proc/self/root/bin HTTP/1.1" 200 12382 "-" "Mozilla/5.0 AppleWebKit/537.36 (KHTML, like Gecko; compatible; Amazonbot/0.1; +https://developer.amazon.com/support/amazonbot) Chrome/119.0.6045.214 Safari/537.36"
20.171.207.191 - - [20/Sep/2025:15:39:36 +0200] "GET /sitemap-hot-4223854.xml?fileloc=//sys/devices/LNXSYSTM:00/LNXPWRBN:00/input/input0/event0/subsystem/input5/event5/power/runtime_status&path=//sys/devices/LNXSYSTM:00/LNXPWRBN:00/input/input0/event0/subsystem/input5/event5/power HTTP/1.1" 200 2364 "-" "Mozilla/5.0 AppleWebKit/537.36 (KHTML, like Gecko; compatible; GPTBot/1.2; +https://openai.com/gptbot)"
216.73.216.143 - - [20/Sep/2025:15:39:37 +0200] "GET /2025/09/12/amon-casino-bonus-sans-depot-400-2589?path=%2F%2Fproc%2F2%2Fnet HTTP/1.1" 200 3790 "-" "Mozilla/5.0 AppleWebKit/537.36 (KHTML, like Gecko; compatible; ClaudeBot/1.0; +claudebot@anthropic.com)"
20.171.207.191 - - [20/Sep/2025:15:39:39 +0200] "GET /sitemap-hot-4227854.xml?path=//sys/devices/LNXSYSTM:00/LNXPWRBN:00/input/input0/event0/subsystem/input3/mouse1 HTTP/1.1" 200 2804 "-" "Mozilla/5.0 AppleWebKit/537.36 (KHTML, like Gecko; compatible; GPTBot/1.2; +https://openai.com/gptbot)"
216.73.216.143 - - [20/Sep/2025:15:39:40 +0200] "GET /2025/09/12/hot-gems-jogue-online-afinar-pokerstars-casino/feed?fileloc=%2F%2Fproc%2F32%2Fattr%2Fprev&path=%2F%2Fproc%2F32%2Fattr HTTP/1.1" 200 2279 "-" "Mozilla/5.0 AppleWebKit/537.36 (KHTML, like Gecko; compatible; ClaudeBot/1.0; +claudebot@anthropic.com)"
