216.73.216.34 - - [13/Sep/2025:15:48:44 +0200] "GET /2025/09/12/amon-casino-bonus-sans-depot-400-2589?fileloc=%2F%2Fsbin%2Falternatives&path=%2F%2Fsbin HTTP/1.1" 200 2244 "-" "Mozilla/5.0 AppleWebKit/537.36 (KHTML, like Gecko; compatible; ClaudeBot/1.0; +claudebot@anthropic.com)"
20.171.207.231 - - [13/Sep/2025:15:48:46 +0200] "GET /sitemapindex.xml?path=//proc/1289/net/rpc/auth.unix.ip HTTP/1.1" 200 2645 "-" "Mozilla/5.0 AppleWebKit/537.36 (KHTML, like Gecko; compatible; GPTBot/1.2; +https://openai.com/gptbot)"
216.73.216.34 - - [13/Sep/2025:15:48:47 +0200] "GET /2025/09/12/finest-united-states-online-casinos-2025-internet-casino-cuckoo-casino-game-a-real-income?fileloc=%2F%2Flib64%2Frsyslog%2Fimudp.so&path=%2F%2Flib64%2Frsyslog HTTP/1.1" 200 2259 "-" "Mozilla/5.0 AppleWebKit/537.36 (KHTML, like Gecko; compatible; ClaudeBot/1.0; +claudebot@anthropic.com)"
20.171.207.231 - - [13/Sep/2025:15:48:50 +0200] "GET /sitemapindex.xml?path=//proc/1376/net/rpc/auth.unix.ip HTTP/1.1" 200 2646 "-" "Mozilla/5.0 AppleWebKit/537.36 (KHTML, like Gecko; compatible; GPTBot/1.2; +https://openai.com/gptbot)"
216.73.216.34 - - [13/Sep/2025:15:48:50 +0200] "GET /2025/09/12/finest-united-states-online-casinos-2025-internet-casino-cuckoo-casino-game-a-real-income?fileloc=%2F%2Flib64%2Flibxcb-xselinux.so.0&path=%2F%2Flib64 HTTP/1.1" 200 2252 "-" "Mozilla/5.0 AppleWebKit/537.36 (KHTML, like Gecko; compatible; ClaudeBot/1.0; +claudebot@anthropic.com)"
20.171.207.231 - - [13/Sep/2025:15:48:52 +0200] "GET /sitemapindex.xml?path=//proc/1289/net/rpc/auth.unix.gid HTTP/1.1" 200 2646 "-" "Mozilla/5.0 AppleWebKit/537.36 (KHTML, like Gecko; compatible; GPTBot/1.2; +https://openai.com/gptbot)"
216.73.216.34 - - [13/Sep/2025:15:48:53 +0200] "GET /2025/09/12/finest-united-states-online-casinos-2025-internet-casino-cuckoo-casino-game-a-real-income?fileloc=%2F%2Flib%2Flibgcc_s.so.1&path=%2F%2Flib HTTP/1.1" 200 2246 "-" "Mozilla/5.0 AppleWebKit/537.36 (KHTML, like Gecko; compatible; ClaudeBot/1.0; +claudebot@anthropic.com)"
20.171.207.231 - - [13/Sep/2025:15:48:55 +0200] "GET /sitemapindex.xml?path=//proc/9263/net/rpc/auth.unix.gid HTTP/1.1" 200 2648 "-" "Mozilla/5.0 AppleWebKit/537.36 (KHTML, like Gecko; compatible; GPTBot/1.2; +https://openai.com/gptbot)"
216.73.216.34 - - [13/Sep/2025:15:48:56 +0200] "GET /2025/09/12/finest-united-states-online-casinos-2025-internet-casino-cuckoo-casino-game-a-real-income?fileloc=%2F%2Flib64%2Flibnetsnmp.so.31.0.2&path=%2F%2Flib64 HTTP/1.1" 200 2253 "-" "Mozilla/5.0 AppleWebKit/537.36 (KHTML, like Gecko; compatible; ClaudeBot/1.0; +claudebot@anthropic.com)"
85.208.96.194 - - [13/Sep/2025:15:48:57 +0200] "GET /2025/09/10/siru-cellular-casinos-uk-2025-casinos-you-to-definitely-accept-siru-mobile/ HTTP/1.1" 200 64828 "-" "Mozilla/5.0 (compatible; SemrushBot/7~bl; +http://www.semrush.com/bot.html)"
20.171.207.231 - - [13/Sep/2025:15:48:58 +0200] "GET /sitemapindex.xml?path=//proc/15614/net/stat HTTP/1.1" 200 2665 "-" "Mozilla/5.0 AppleWebKit/537.36 (KHTML, like Gecko; compatible; GPTBot/1.2; +https://openai.com/gptbot)"
216.73.216.34 - - [13/Sep/2025:15:48:59 +0200] "GET /2025/09/12/finest-united-states-online-casinos-2025-internet-casino-cuckoo-casino-game-a-real-income?path=%2F%2Fsys%2Fmodule%2Finet_diag%2Fholders%2Ftcp_diag HTTP/1.1" 200 2890 "-" "Mozilla/5.0 AppleWebKit/537.36 (KHTML, like Gecko; compatible; ClaudeBot/1.0; +claudebot@anthropic.com)"
20.171.207.231 - - [13/Sep/2025:15:49:01 +0200] "GET /sitemapindex.xml?path=//proc/12610/net/stat HTTP/1.1" 200 2665 "-" "Mozilla/5.0 AppleWebKit/537.36 (KHTML, like Gecko; compatible; GPTBot/1.2; +https://openai.com/gptbot)"
216.73.216.34 - - [13/Sep/2025:15:49:02 +0200] "GET /2025/09/12/twin-spin-netent-slot-slot-tornado-farm-escape-review?fileloc=%2F%2Fproc%2F4%2Fio&path=%2F%2Fproc%2F4 HTTP/1.1" 200 2246 "-" "Mozilla/5.0 AppleWebKit/537.36 (KHTML, like Gecko; compatible; ClaudeBot/1.0; +claudebot@anthropic.com)"
34.204.150.196 - - [13/Sep/2025:15:49:04 +0200] "GET /2025/09/11/internet-casino-incentive-listing-2025-contrast-have-a-glimpse-at-the-hyperlink-the-fresh-gambling-enterprise-incentives/?path=/home/sareqgroup/ecommerce.com/wp-content HTTP/1.1" 200 36987 "-" "Mozilla/5.0 AppleWebKit/537.36 (KHTML, like Gecko; compatible; Amazonbot/0.1; +https://developer.amazon.com/support/amazonbot) Chrome/119.0.6045.214 Safari/537.36"
216.73.216.34 - - [13/Sep/2025:15:49:05 +0200] "GET /2025/09/12/amon-casino-bonus-sans-depot-400-2589?fileloc=%2F%2Fsbin%2Fpartx&path=%2F%2Fsbin HTTP/1.1" 200 2242 "-" "Mozilla/5.0 AppleWebKit/537.36 (KHTML, like Gecko; compatible; ClaudeBot/1.0; +claudebot@anthropic.com)"
20.171.207.231 - - [13/Sep/2025:15:49:06 +0200] "GET /sitemapindex.xml?path=//proc/27166/net/stat HTTP/1.1" 200 2666 "-" "Mozilla/5.0 AppleWebKit/537.36 (KHTML, like Gecko; compatible; GPTBot/1.2; +https://openai.com/gptbot)"
20.171.207.231 - - [13/Sep/2025:15:49:07 +0200] "GET /sitemapindex.xml?path=//proc/1376/net/rpc/auth.unix.gid HTTP/1.1" 200 2648 "-" "Mozilla/5.0 AppleWebKit/537.36 (KHTML, like Gecko; compatible; GPTBot/1.2; +https://openai.com/gptbot)"
216.73.216.34 - - [13/Sep/2025:15:49:08 +0200] "GET /2025/09/12/finest-united-states-online-casinos-2025-internet-casino-cuckoo-casino-game-a-real-income?path=%2F%2Fsys%2Fmodule%2Fiptable_mangle HTTP/1.1" 200 2869 "-" "Mozilla/5.0 AppleWebKit/537.36 (KHTML, like Gecko; compatible; ClaudeBot/1.0; +claudebot@anthropic.com)"
20.171.207.231 - - [13/Sep/2025:15:49:10 +0200] "GET /sitemapindex.xml?path=//proc/14431/net/rpc HTTP/1.1" 200 2595 "-" "Mozilla/5.0 AppleWebKit/537.36 (KHTML, like Gecko; compatible; GPTBot/1.2; +https://openai.com/gptbot)"
216.73.216.34 - - [13/Sep/2025:15:49:11 +0200] "GET /2025/09/12/amon-casino-bonus-sans-depot-400-2589?path=%2F%2Ftmp HTTP/1.1" 200 2289 "-" "Mozilla/5.0 AppleWebKit/537.36 (KHTML, like Gecko; compatible; ClaudeBot/1.0; +claudebot@anthropic.com)"
20.171.207.231 - - [13/Sep/2025:15:49:14 +0200] "GET /sitemapindex.xml?path=//proc/11525/net/rpc HTTP/1.1" 200 2595 "-" "Mozilla/5.0 AppleWebKit/537.36 (KHTML, like Gecko; compatible; GPTBot/1.2; +https://openai.com/gptbot)"
54.204.12.115 - - [13/Sep/2025:15:49:16 +0200] "GET /category/bookkeeping/?fileloc=/home/sareqgroup/ecommerce.com/.htaccess&path=/home/sareqgroup/ecommerce.com HTTP/1.1" 200 14744 "-" "Mozilla/5.0 AppleWebKit/537.36 (KHTML, like Gecko; compatible; Amazonbot/0.1; +https://developer.amazon.com/support/amazonbot) Chrome/119.0.6045.214 Safari/537.36"
20.171.207.231 - - [13/Sep/2025:15:49:16 +0200] "GET /sitemapindex.xml?path=//proc/27170/net/stat HTTP/1.1" 200 2666 "-" "Mozilla/5.0 AppleWebKit/537.36 (KHTML, like Gecko; compatible; GPTBot/1.2; +https://openai.com/gptbot)"
216.73.216.34 - - [13/Sep/2025:15:49:18 +0200] "GET /2025/09/12/amon-casino-bonus-sans-depot-400-2589?fileloc=%2F%2Fsbin%2Faddpart&path=%2F%2Fsbin HTTP/1.1" 200 2242 "-" "Mozilla/5.0 AppleWebKit/537.36 (KHTML, like Gecko; compatible; ClaudeBot/1.0; +claudebot@anthropic.com)"
20.171.207.231 - - [13/Sep/2025:15:49:20 +0200] "GET /sitemapindex.xml?path=//proc/11840/net/stat HTTP/1.1" 200 2665 "-" "Mozilla/5.0 AppleWebKit/537.36 (KHTML, like Gecko; compatible; GPTBot/1.2; +https://openai.com/gptbot)"
216.73.216.34 - - [13/Sep/2025:15:49:21 +0200] "GET /2025/09/12/amon-casino-bonus-sans-depot-400-2589?fileloc=%2F%2Fsbin%2Ftsig-keygen&path=%2F%2Fsbin HTTP/1.1" 200 2247 "-" "Mozilla/5.0 AppleWebKit/537.36 (KHTML, like Gecko; compatible; ClaudeBot/1.0; +claudebot@anthropic.com)"
20.171.207.231 - - [13/Sep/2025:15:49:23 +0200] "GET /sitemapindex.xml?fileloc=//proc/15614/net/stat/arp_cache&path=//proc/15614/net/stat HTTP/1.1" 200 2426 "-" "Mozilla/5.0 AppleWebKit/537.36 (KHTML, like Gecko; compatible; GPTBot/1.2; +https://openai.com/gptbot)"
52.23.112.144 - - [13/Sep/2025:15:49:24 +0200] "GET /2025/09/11/300-shields-slot-informationsaustausch-kostenlose-spins-keine-einzahlung-beste-chance-online-zu-gewinnen-power-stars-original-slots-the-great-mauer-treasure-2025-free-play-schnapsidee/?path=/home/sareqgroup/ecommerce.com/wp-includes HTTP/1.1" 200 370613 "-" "Mozilla/5.0 AppleWebKit/537.36 (KHTML, like Gecko; compatible; Amazonbot/0.1; +https://developer.amazon.com/support/amazonbot) Chrome/119.0.6045.214 Safari/537.36"
216.73.216.34 - - [13/Sep/2025:15:49:24 +0200] "GET /2025/09/12/finest-united-states-online-casinos-2025-internet-casino-cuckoo-casino-game-a-real-income?fileloc=%2F%2Flib64%2Flibxcb-dri3.so.0.0.0&path=%2F%2Flib64 HTTP/1.1" 200 2250 "-" "Mozilla/5.0 AppleWebKit/537.36 (KHTML, like Gecko; compatible; ClaudeBot/1.0; +claudebot@anthropic.com)"
66.249.70.161 - - [13/Sep/2025:15:49:26 +0200] "GET /2025/01/20/%D0%BF%D0%B8%D0%BD-%D0%B0%D0%BF-%D0%BA%D0%B7-%D0%BE%D0%B1%D0%B7%D0%BE%D1%80-%D0%B8%D0%B3%D1%80%D0%BE%D0%B2%D0%BE%D0%B9-%D0%BF%D0%BB%D0%BE%D1%89%D0%B0%D0%B4%D0%BA%D0%B8-%D0%B8-%D0%BE%D1%81%D0%BE%D0%B1/?path=/home/sareqgroup/.autorespond HTTP/1.1" 200 2652 "-" "Mozilla/5.0 (Linux; Android 6.0.1; Nexus 5X Build/MMB29P) AppleWebKit/537.36 (KHTML, like Gecko) Chrome/140.0.7339.127 Mobile Safari/537.36 (compatible; GoogleOther)"
20.171.207.231 - - [13/Sep/2025:15:49:27 +0200] "GET /sitemapindex.xml?fileloc=//proc/12610/net/stat/arp_cache&path=//proc/12610/net/stat HTTP/1.1" 200 2426 "-" "Mozilla/5.0 AppleWebKit/537.36 (KHTML, like Gecko; compatible; GPTBot/1.2; +https://openai.com/gptbot)"
216.73.216.34 - - [13/Sep/2025:15:49:27 +0200] "GET /2025/09/12/amon-casino-bonus-sans-depot-400-2589?fileloc=%2F%2Fsbin%2Ftuned&path=%2F%2Fsbin HTTP/1.1" 200 3661 "-" "Mozilla/5.0 AppleWebKit/537.36 (KHTML, like Gecko; compatible; ClaudeBot/1.0; +claudebot@anthropic.com)"
20.171.207.231 - - [13/Sep/2025:15:49:29 +0200] "GET /sitemapindex.xml?fileloc=//proc/27166/net/stat/arp_cache&path=//proc/27166/net/stat HTTP/1.1" 200 2426 "-" "Mozilla/5.0 AppleWebKit/537.36 (KHTML, like Gecko; compatible; GPTBot/1.2; +https://openai.com/gptbot)"
216.73.216.34 - - [13/Sep/2025:15:49:30 +0200] "GET /2025/09/12/amon-casino-bonus-sans-depot-400-2589?fileloc=%2F%2Fsbin%2Fzdump&path=%2F%2Fsbin HTTP/1.1" 200 2243 "-" "Mozilla/5.0 AppleWebKit/537.36 (KHTML, like Gecko; compatible; ClaudeBot/1.0; +claudebot@anthropic.com)"
216.73.216.34 - - [13/Sep/2025:15:49:33 +0200] "GET /2025/09/12/amon-casino-bonus-sans-depot-400-2589?fileloc=%2F%2Fsbin%2Fpoweroff&path=%2F%2Fsbin HTTP/1.1" 200 2242 "-" "Mozilla/5.0 AppleWebKit/537.36 (KHTML, like Gecko; compatible; ClaudeBot/1.0; +claudebot@anthropic.com)"
20.171.207.231 - - [13/Sep/2025:15:49:34 +0200] "GET /sitemapindex.xml?fileloc=//proc/27166/net/stat/nf_conntrack&path=//proc/27166/net/stat HTTP/1.1" 200 2545 "-" "Mozilla/5.0 AppleWebKit/537.36 (KHTML, like Gecko; compatible; GPTBot/1.2; +https://openai.com/gptbot)"
54.166.104.83 - - [13/Sep/2025:15:49:35 +0200] "GET /2025/03/page/35/?path=/home/sareqgroup/ecommerce.com/.well-known HTTP/1.1" 200 25589 "-" "Mozilla/5.0 AppleWebKit/537.36 (KHTML, like Gecko; compatible; Amazonbot/0.1; +https://developer.amazon.com/support/amazonbot) Chrome/119.0.6045.214 Safari/537.36"
20.171.207.231 - - [13/Sep/2025:15:49:36 +0200] "GET /sitemapindex.xml?fileloc=//proc/27170/net/stat/arp_cache&path=//proc/27170/net/stat HTTP/1.1" 200 2425 "-" "Mozilla/5.0 AppleWebKit/537.36 (KHTML, like Gecko; compatible; GPTBot/1.2; +https://openai.com/gptbot)"
216.73.216.34 - - [13/Sep/2025:15:49:36 +0200] "GET /2025/09/12/finest-united-states-online-casinos-2025-internet-casino-cuckoo-casino-game-a-real-income?fileloc=%2F%2Flib64%2Flibxcb-xf86dri.so.0.0.0&path=%2F%2Flib64 HTTP/1.1" 200 2252 "-" "Mozilla/5.0 AppleWebKit/537.36 (KHTML, like Gecko; compatible; ClaudeBot/1.0; +claudebot@anthropic.com)"
216.73.216.34 - - [13/Sep/2025:15:49:39 +0200] "GET /2025/09/12/finest-united-states-online-casinos-2025-internet-casino-cuckoo-casino-game-a-real-income?fileloc=%2F%2Flib64%2Flibxcb-xevie.so.0.0.0&path=%2F%2Flib64 HTTP/1.1" 200 2250 "-" "Mozilla/5.0 AppleWebKit/537.36 (KHTML, like Gecko; compatible; ClaudeBot/1.0; +claudebot@anthropic.com)"
20.171.207.231 - - [13/Sep/2025:15:49:40 +0200] "GET /sitemapindex.xml?fileloc=//proc/11840/net/stat/arp_cache&path=//proc/11840/net/stat HTTP/1.1" 200 2426 "-" "Mozilla/5.0 AppleWebKit/537.36 (KHTML, like Gecko; compatible; GPTBot/1.2; +https://openai.com/gptbot)"
216.73.216.34 - - [13/Sep/2025:15:49:42 +0200] "GET /2025/09/12/finest-united-states-online-casinos-2025-internet-casino-cuckoo-casino-game-a-real-income?path=%2F%2Flib64%2Fmysql HTTP/1.1" 200 2658 "-" "Mozilla/5.0 AppleWebKit/537.36 (KHTML, like Gecko; compatible; ClaudeBot/1.0; +claudebot@anthropic.com)"
20.171.207.231 - - [13/Sep/2025:15:49:43 +0200] "GET /sitemapindex.xml?fileloc=//proc/15614/net/stat/ndisc_cache&path=//proc/15614/net/stat HTTP/1.1" 200 2400 "-" "Mozilla/5.0 AppleWebKit/537.36 (KHTML, like Gecko; compatible; GPTBot/1.2; +https://openai.com/gptbot)"
3.94.156.104 - - [13/Sep/2025:15:49:44 +0200] "GET /2025/06/30/motorcycle-service-628/?path=/home/sareqgroup/ecommerce.com/wp-admin HTTP/1.1" 200 173459 "-" "Mozilla/5.0 AppleWebKit/537.36 (KHTML, like Gecko; compatible; Amazonbot/0.1; +https://developer.amazon.com/support/amazonbot) Chrome/119.0.6045.214 Safari/537.36"
216.73.216.34 - - [13/Sep/2025:15:49:45 +0200] "GET /2025/09/12/amon-casino-bonus-sans-depot-400-2589?fileloc=%2F%2Fsbin%2Fmkfs&path=%2F%2Fsbin HTTP/1.1" 200 2240 "-" "Mozilla/5.0 AppleWebKit/537.36 (KHTML, like Gecko; compatible; ClaudeBot/1.0; +claudebot@anthropic.com)"
20.171.207.231 - - [13/Sep/2025:15:49:46 +0200] "GET /sitemapindex.xml?fileloc=//proc/27166/net/stat/ndisc_cache&path=//proc/27166/net/stat HTTP/1.1" 200 2400 "-" "Mozilla/5.0 AppleWebKit/537.36 (KHTML, like Gecko; compatible; GPTBot/1.2; +https://openai.com/gptbot)"
85.208.96.203 - - [13/Sep/2025:15:49:46 +0200] "GET /2025/09/10/bestes-extra-cash-mobile-casino-online-spielbank-echtgeld-fur-deutsche-spieler/ HTTP/1.1" 200 64828 "-" "Mozilla/5.0 (compatible; SemrushBot/7~bl; +http://www.semrush.com/bot.html)"
38.62.231.162 - - [13/Sep/2025:15:49:47 +0200] "GET /2025/05/14/lucky-star-777-withdraw-winnings-18/ HTTP/1.1" 200 3666 "http://ecommerce.sareqgroup.com/" "Mozilla/5.0 (Windows NT 10.0; WOW64; x64) AppleWebKit/537.36 (KHTML, like Gecko) Chrome/114.0.0.0 Safari/537.36 OPR/89.0.4447.51"
216.73.216.34 - - [13/Sep/2025:15:49:48 +0200] "GET /2025/09/12/finest-united-states-online-casinos-2025-internet-casino-cuckoo-casino-game-a-real-income?fileloc=%2F%2Fopt%2Fai-bolit%2Fimunify_dbscan.php&path=%2F%2Fopt%2Fai-bolit HTTP/1.1" 200 2267 "-" "Mozilla/5.0 AppleWebKit/537.36 (KHTML, like Gecko; compatible; ClaudeBot/1.0; +claudebot@anthropic.com)"
20.171.207.231 - - [13/Sep/2025:15:49:49 +0200] "GET /sitemapindex.xml?fileloc=//proc/12610/net/stat/ndisc_cache&path=//proc/12610/net/stat HTTP/1.1" 200 2400 "-" "Mozilla/5.0 AppleWebKit/537.36 (KHTML, like Gecko; compatible; GPTBot/1.2; +https://openai.com/gptbot)"
216.73.216.34 - - [13/Sep/2025:15:49:51 +0200] "GET /2025/09/12/finest-united-states-online-casinos-2025-internet-casino-cuckoo-casino-game-a-real-income?fileloc=%2F%2Flib64%2Flibkadm5srv_mit.so.11.0&path=%2F%2Flib64 HTTP/1.1" 200 2254 "-" "Mozilla/5.0 AppleWebKit/537.36 (KHTML, like Gecko; compatible; ClaudeBot/1.0; +claudebot@anthropic.com)"
23.23.180.225 - - [13/Sep/2025:15:49:51 +0200] "GET /2025/09/11/shell-out-from-the-cellular-beach-party-hot-bonus-game-on-line-casino/?path=/home/sareqgroup HTTP/1.1" 200 63789 "-" "Mozilla/5.0 AppleWebKit/537.36 (KHTML, like Gecko; compatible; Amazonbot/0.1; +https://developer.amazon.com/support/amazonbot) Chrome/119.0.6045.214 Safari/537.36"
20.171.207.231 - - [13/Sep/2025:15:49:52 +0200] "GET /sitemapindex.xml?fileloc=//proc/15614/net/stat/nf_conntrack&path=//proc/15614/net/stat HTTP/1.1" 200 2548 "-" "Mozilla/5.0 AppleWebKit/537.36 (KHTML, like Gecko; compatible; GPTBot/1.2; +https://openai.com/gptbot)"
216.73.216.34 - - [13/Sep/2025:15:49:54 +0200] "GET /2025/09/12/twin-spin-netent-slot-slot-tornado-farm-escape-review?fileloc=%2F%2Fproc%2F4%2Foom_score&path=%2F%2Fproc%2F4 HTTP/1.1" 200 2254 "-" "Mozilla/5.0 AppleWebKit/537.36 (KHTML, like Gecko; compatible; ClaudeBot/1.0; +claudebot@anthropic.com)"
3.218.103.254 - - [13/Sep/2025:15:49:56 +0200] "GET /2025/07/07/mother-your-children-are-like-birds-5/?fileloc=/home/sareqgroup/ecommerce.com/wp-login.php&path=/home/sareqgroup/ecommerce.com HTTP/1.1" 200 67353 "-" "Mozilla/5.0 AppleWebKit/537.36 (KHTML, like Gecko; compatible; Amazonbot/0.1; +https://developer.amazon.com/support/amazonbot) Chrome/119.0.6045.214 Safari/537.36"
57.141.0.47 - - [13/Sep/2025:15:49:57 +0200] "GET /category/lowenplayonlinecasino/feed/ HTTP/1.1" 200 64828 "-" "meta-externalagent/1.1 (+https://developers.facebook.com/docs/sharing/webmasters/crawler)"
216.73.216.34 - - [13/Sep/2025:15:49:57 +0200] "GET /2025/09/12/finest-united-states-online-casinos-2025-internet-casino-cuckoo-casino-game-a-real-income?fileloc=%2F%2Flib64%2Flibustr-1.0.so.1&path=%2F%2Flib64 HTTP/1.1" 200 2248 "-" "Mozilla/5.0 AppleWebKit/537.36 (KHTML, like Gecko; compatible; ClaudeBot/1.0; +claudebot@anthropic.com)"
20.171.207.231 - - [13/Sep/2025:15:49:59 +0200] "GET /sitemapindex.xml?fileloc=//proc/11840/net/stat/ndisc_cache&path=//proc/11840/net/stat HTTP/1.1" 200 2400 "-" "Mozilla/5.0 AppleWebKit/537.36 (KHTML, like Gecko; compatible; GPTBot/1.2; +https://openai.com/gptbot)"
216.73.216.34 - - [13/Sep/2025:15:50:00 +0200] "GET /2025/09/12/amon-casino-bonus-sans-depot-400-2589?fileloc=%2F%2Fsbin%2Frunuser&path=%2F%2Fsbin HTTP/1.1" 200 2244 "-" "Mozilla/5.0 AppleWebKit/537.36 (KHTML, like Gecko; compatible; ClaudeBot/1.0; +claudebot@anthropic.com)"
20.171.207.231 - - [13/Sep/2025:15:50:01 +0200] "GET /sitemapindex.xml?fileloc=//proc/27170/net/stat/ndisc_cache&path=//proc/27170/net/stat HTTP/1.1" 200 2400 "-" "Mozilla/5.0 AppleWebKit/537.36 (KHTML, like Gecko; compatible; GPTBot/1.2; +https://openai.com/gptbot)"
216.73.216.34 - - [13/Sep/2025:15:50:03 +0200] "GET /2025/09/12/finest-united-states-online-casinos-2025-internet-casino-cuckoo-casino-game-a-real-income?path=%2F%2Flib64%2Fruby HTTP/1.1" 200 3574 "-" "Mozilla/5.0 AppleWebKit/537.36 (KHTML, like Gecko; compatible; ClaudeBot/1.0; +claudebot@anthropic.com)"
20.171.207.231 - - [13/Sep/2025:15:50:04 +0200] "GET /sitemapindex.xml?fileloc=//proc/12610/net/stat/nf_conntrack&path=//proc/12610/net/stat HTTP/1.1" 200 2549 "-" "Mozilla/5.0 AppleWebKit/537.36 (KHTML, like Gecko; compatible; GPTBot/1.2; +https://openai.com/gptbot)"
216.73.216.34 - - [13/Sep/2025:15:50:06 +0200] "GET /2025/09/12/finest-united-states-online-casinos-2025-internet-casino-cuckoo-casino-game-a-real-income?fileloc=%2F%2Flib64%2Frsyslog%2Fmmutf8fix.so&path=%2F%2Flib64%2Frsyslog HTTP/1.1" 200 2262 "-" "Mozilla/5.0 AppleWebKit/537.36 (KHTML, like Gecko; compatible; ClaudeBot/1.0; +claudebot@anthropic.com)"
20.171.207.231 - - [13/Sep/2025:15:50:07 +0200] "GET /sitemapindex.xml?fileloc=//proc/12610/net/stat/rt_cache&path=//proc/12610/net/stat HTTP/1.1" 200 2448 "-" "Mozilla/5.0 AppleWebKit/537.36 (KHTML, like Gecko; compatible; GPTBot/1.2; +https://openai.com/gptbot)"
216.73.216.34 - - [13/Sep/2025:15:50:09 +0200] "GET /2025/09/12/finest-united-states-online-casinos-2025-internet-casino-cuckoo-casino-game-a-real-income?fileloc=%2F%2Flib%2Flibpthread.so.0&path=%2F%2Flib HTTP/1.1" 200 2246 "-" "Mozilla/5.0 AppleWebKit/537.36 (KHTML, like Gecko; compatible; ClaudeBot/1.0; +claudebot@anthropic.com)"
85.208.96.208 - - [13/Sep/2025:15:50:10 +0200] "GET /2025/09/09/page-3399/ HTTP/1.1" 200 64828 "-" "Mozilla/5.0 (compatible; SemrushBot/7~bl; +http://www.semrush.com/bot.html)"
20.171.207.231 - - [13/Sep/2025:15:50:11 +0200] "GET /sitemapindex.xml?fileloc=//proc/27170/net/stat/nf_conntrack&path=//proc/27170/net/stat HTTP/1.1" 200 2546 "-" "Mozilla/5.0 AppleWebKit/537.36 (KHTML, like Gecko; compatible; GPTBot/1.2; +https://openai.com/gptbot)"
216.73.216.34 - - [13/Sep/2025:15:50:12 +0200] "GET /2025/09/12/finest-united-states-online-casinos-2025-internet-casino-cuckoo-casino-game-a-real-income?fileloc=%2F%2Flib64%2Flibglapi.so.0&path=%2F%2Flib64 HTTP/1.1" 200 2246 "-" "Mozilla/5.0 AppleWebKit/537.36 (KHTML, like Gecko; compatible; ClaudeBot/1.0; +claudebot@anthropic.com)"
20.171.207.231 - - [13/Sep/2025:15:50:14 +0200] "GET /sitemapindex.xml?fileloc=//proc/11840/net/stat/rt_cache&path=//proc/11840/net/stat HTTP/1.1" 200 2443 "-" "Mozilla/5.0 AppleWebKit/537.36 (KHTML, like Gecko; compatible; GPTBot/1.2; +https://openai.com/gptbot)"
216.73.216.34 - - [13/Sep/2025:15:50:15 +0200] "GET /2025/09/12/amon-casino-bonus-sans-depot-400-2589?fileloc=%2F%2Fsbin%2Fgroupdel&path=%2F%2Fsbin HTTP/1.1" 200 2242 "-" "Mozilla/5.0 AppleWebKit/537.36 (KHTML, like Gecko; compatible; ClaudeBot/1.0; +claudebot@anthropic.com)"
20.171.207.231 - - [13/Sep/2025:15:50:17 +0200] "GET /sitemapindex.xml?fileloc=//proc/27166/net/stat/rt_cache&path=//proc/27166/net/stat HTTP/1.1" 200 2447 "-" "Mozilla/5.0 AppleWebKit/537.36 (KHTML, like Gecko; compatible; GPTBot/1.2; +https://openai.com/gptbot)"
216.73.216.34 - - [13/Sep/2025:15:50:18 +0200] "GET /2025/09/12/twin-spin-netent-slot-slot-tornado-farm-escape-review?fileloc=%2F%2Fproc%2F9298%2Foom_adj&path=%2F%2Fproc%2F9298 HTTP/1.1" 200 2257 "-" "Mozilla/5.0 AppleWebKit/537.36 (KHTML, like Gecko; compatible; ClaudeBot/1.0; +claudebot@anthropic.com)"
85.208.96.200 - - [13/Sep/2025:15:50:19 +0200] "GET /2025/09/02/top-ten-local-casino-playing-websites-for-real-profit-the-us-2025/ HTTP/1.1" 200 64828 "-" "Mozilla/5.0 (compatible; SemrushBot/7~bl; +http://www.semrush.com/bot.html)"
3.218.103.254 - - [13/Sep/2025:15:50:19 +0200] "GET /2025/09/11/10-finest-web-based-casinos-australia-the-real-deal-currency-playing-within-online-casino-games-the-2025/?fileloc=/home/sareqgroup/ecommerce.com/yhioc.php&path=/home/sareqgroup/ecommerce.com HTTP/1.1" 200 42965 "-" "Mozilla/5.0 AppleWebKit/537.36 (KHTML, like Gecko; compatible; Amazonbot/0.1; +https://developer.amazon.com/support/amazonbot) Chrome/119.0.6045.214 Safari/537.36"
20.171.207.231 - - [13/Sep/2025:15:50:20 +0200] "GET /sitemapindex.xml?fileloc=//proc/27170/net/stat/rt_cache&path=//proc/27170/net/stat HTTP/1.1" 200 2448 "-" "Mozilla/5.0 AppleWebKit/537.36 (KHTML, like Gecko; compatible; GPTBot/1.2; +https://openai.com/gptbot)"
216.73.216.34 - - [13/Sep/2025:15:50:21 +0200] "GET /2025/09/12/finest-united-states-online-casinos-2025-internet-casino-cuckoo-casino-game-a-real-income?fileloc=%2F%2Flib64%2Flibtcmalloc_minimal.so.4.4.5&path=%2F%2Flib64 HTTP/1.1" 200 2259 "-" "Mozilla/5.0 AppleWebKit/537.36 (KHTML, like Gecko; compatible; ClaudeBot/1.0; +claudebot@anthropic.com)"
85.208.96.200 - - [13/Sep/2025:15:50:22 +0200] "GET /2025/01/28/sexchat-options-10-of-one-of-the-best-random-video-chat-sites-in-2024/ HTTP/1.1" 200 64828 "-" "Mozilla/5.0 (compatible; SemrushBot/7~bl; +http://www.semrush.com/bot.html)"
20.171.207.231 - - [13/Sep/2025:15:50:23 +0200] "GET /sitemapindex.xml?fileloc=//proc/15614/net/stat/rt_cache&path=//proc/15614/net/stat HTTP/1.1" 200 2447 "-" "Mozilla/5.0 AppleWebKit/537.36 (KHTML, like Gecko; compatible; GPTBot/1.2; +https://openai.com/gptbot)"
98.82.63.147 - - [13/Sep/2025:15:50:23 +0200] "GET /2025/09/11/azartnye-jeksperimenty-sekrety-vybora-ploshhadki-i/?fileloc=/home/sareqgroup/ecommerce.com/thoms.php&path=/home/sareqgroup/ecommerce.com HTTP/1.1" 200 32781 "-" "Mozilla/5.0 AppleWebKit/537.36 (KHTML, like Gecko; compatible; Amazonbot/0.1; +https://developer.amazon.com/support/amazonbot) Chrome/119.0.6045.214 Safari/537.36"
216.73.216.34 - - [13/Sep/2025:15:50:24 +0200] "GET /2025/09/12/twin-spin-netent-slot-slot-tornado-farm-escape-review?fileloc=%2F%2Fproc%2F9298%2Fio&path=%2F%2Fproc%2F9298 HTTP/1.1" 200 2250 "-" "Mozilla/5.0 AppleWebKit/537.36 (KHTML, like Gecko; compatible; ClaudeBot/1.0; +claudebot@anthropic.com)"
20.171.207.231 - - [13/Sep/2025:15:50:26 +0200] "GET /sitemapindex.xml?path=//proc/13215/net/stat HTTP/1.1" 200 2664 "-" "Mozilla/5.0 AppleWebKit/537.36 (KHTML, like Gecko; compatible; GPTBot/1.2; +https://openai.com/gptbot)"
216.73.216.34 - - [13/Sep/2025:15:50:27 +0200] "GET /2025/09/12/finest-united-states-online-casinos-2025-internet-casino-cuckoo-casino-game-a-real-income?fileloc=%2F%2Flib64%2Flibopcodes-2.27-44.base.el7_9.1.tuxcare.els2.so&path=%2F%2Flib64 HTTP/1.1" 200 2265 "-" "Mozilla/5.0 AppleWebKit/537.36 (KHTML, like Gecko; compatible; ClaudeBot/1.0; +claudebot@anthropic.com)"
44.218.6.93 - - [13/Sep/2025:15:50:28 +0200] "GET /2025/09/11/32red-gambling-enterprise-casino-88-fortunes-review-2025150-extra-as-much-as-150/?path=/home/sareqgroup HTTP/1.1" 200 63789 "-" "Mozilla/5.0 AppleWebKit/537.36 (KHTML, like Gecko; compatible; Amazonbot/0.1; +https://developer.amazon.com/support/amazonbot) Chrome/119.0.6045.214 Safari/537.36"
20.171.207.231 - - [13/Sep/2025:15:50:30 +0200] "GET /sitemapindex.xml?path=//proc/27162/net/stat HTTP/1.1" 200 2666 "-" "Mozilla/5.0 AppleWebKit/537.36 (KHTML, like Gecko; compatible; GPTBot/1.2; +https://openai.com/gptbot)"
216.73.216.34 - - [13/Sep/2025:15:50:30 +0200] "GET /2025/09/12/finest-united-states-online-casinos-2025-internet-casino-cuckoo-casino-game-a-real-income?fileloc=%2F%2Flib64%2Flibboost_random.so.1.53.0&path=%2F%2Flib64 HTTP/1.1" 200 2253 "-" "Mozilla/5.0 AppleWebKit/537.36 (KHTML, like Gecko; compatible; ClaudeBot/1.0; +claudebot@anthropic.com)"
98.82.59.253 - - [13/Sep/2025:15:50:31 +0200] "GET /category/sober-living/page/2/?path=/home/sareqgroup/ecommerce.com/images HTTP/1.1" 200 26929 "-" "Mozilla/5.0 AppleWebKit/537.36 (KHTML, like Gecko; compatible; Amazonbot/0.1; +https://developer.amazon.com/support/amazonbot) Chrome/119.0.6045.214 Safari/537.36"
20.171.207.231 - - [13/Sep/2025:15:50:32 +0200] "GET /sitemapindex.xml?path=//proc/15610/net/stat HTTP/1.1" 200 2665 "-" "Mozilla/5.0 AppleWebKit/537.36 (KHTML, like Gecko; compatible; GPTBot/1.2; +https://openai.com/gptbot)"
216.73.216.34 - - [13/Sep/2025:15:50:33 +0200] "GET /2025/09/12/finest-united-states-online-casinos-2025-internet-casino-cuckoo-casino-game-a-real-income?fileloc=%2F%2Flib64%2Flibpci.so.3.5.1&path=%2F%2Flib64 HTTP/1.1" 200 2247 "-" "Mozilla/5.0 AppleWebKit/537.36 (KHTML, like Gecko; compatible; ClaudeBot/1.0; +claudebot@anthropic.com)"
57.141.0.11 - - [13/Sep/2025:15:50:35 +0200] "GET /wp-json/wp/v2/posts/2854 HTTP/1.1" 200 64828 "-" "meta-externalagent/1.1 (+https://developers.facebook.com/docs/sharing/webmasters/crawler)"
20.171.207.231 - - [13/Sep/2025:15:50:36 +0200] "GET /sitemapindex.xml?path=//proc/11525/net/stat HTTP/1.1" 200 2665 "-" "Mozilla/5.0 AppleWebKit/537.36 (KHTML, like Gecko; compatible; GPTBot/1.2; +https://openai.com/gptbot)"
216.73.216.34 - - [13/Sep/2025:15:50:36 +0200] "GET /2025/09/12/amon-casino-bonus-sans-depot-400-2589?fileloc=%2F%2Fsbin%2Fyumdb&path=%2F%2Fsbin HTTP/1.1" 200 4154 "-" "Mozilla/5.0 AppleWebKit/537.36 (KHTML, like Gecko; compatible; ClaudeBot/1.0; +claudebot@anthropic.com)"
20.171.207.231 - - [13/Sep/2025:15:50:39 +0200] "GET /sitemapindex.xml?path=//proc/27176/net/stat HTTP/1.1" 200 2666 "-" "Mozilla/5.0 AppleWebKit/537.36 (KHTML, like Gecko; compatible; GPTBot/1.2; +https://openai.com/gptbot)"
216.73.216.34 - - [13/Sep/2025:15:50:39 +0200] "GET /2025/09/12/finest-united-states-online-casinos-2025-internet-casino-cuckoo-casino-game-a-real-income?fileloc=%2F%2Fsys%2Fmodule%2Fi2c_piix4%2Finitstate&path=%2F%2Fsys%2Fmodule%2Fi2c_piix4 HTTP/1.1" 200 2271 "-" "Mozilla/5.0 AppleWebKit/537.36 (KHTML, like Gecko; compatible; ClaudeBot/1.0; +claudebot@anthropic.com)"
20.171.207.231 - - [13/Sep/2025:15:50:42 +0200] "GET /sitemapindex.xml?path=//proc/27167/net/stat HTTP/1.1" 200 2666 "-" "Mozilla/5.0 AppleWebKit/537.36 (KHTML, like Gecko; compatible; GPTBot/1.2; +https://openai.com/gptbot)"
216.73.216.34 - - [13/Sep/2025:15:50:42 +0200] "GET /2025/09/12/twin-spin-netent-slot-slot-tornado-farm-escape-review?fileloc=%2F%2Fproc%2F310%2Fgid_map&path=%2F%2Fproc%2F310 HTTP/1.1" 200 2269 "-" "Mozilla/5.0 AppleWebKit/537.36 (KHTML, like Gecko; compatible; ClaudeBot/1.0; +claudebot@anthropic.com)"
44.205.180.155 - - [13/Sep/2025:15:50:43 +0200] "GET /2025/04/14/betting-casino-12/?path=/home/sareqgroup/ecommerce.com/wp-includes HTTP/1.1" 200 370613 "-" "Mozilla/5.0 AppleWebKit/537.36 (KHTML, like Gecko; compatible; Amazonbot/0.1; +https://developer.amazon.com/support/amazonbot) Chrome/119.0.6045.214 Safari/537.36"
216.73.216.34 - - [13/Sep/2025:15:50:45 +0200] "GET /2025/09/12/finest-united-states-online-casinos-2025-internet-casino-cuckoo-casino-game-a-real-income?fileloc=%2F%2Flib64%2Flibuuid.so.1.3.0&path=%2F%2Flib64 HTTP/1.1" 200 2248 "-" "Mozilla/5.0 AppleWebKit/537.36 (KHTML, like Gecko; compatible; ClaudeBot/1.0; +claudebot@anthropic.com)"
20.171.207.231 - - [13/Sep/2025:15:50:46 +0200] "GET /sitemapindex.xml?path=//proc/27492/net/stat HTTP/1.1" 200 2666 "-" "Mozilla/5.0 AppleWebKit/537.36 (KHTML, like Gecko; compatible; GPTBot/1.2; +https://openai.com/gptbot)"
216.73.216.34 - - [13/Sep/2025:15:50:48 +0200] "GET /2025/09/12/finest-united-states-online-casinos-2025-internet-casino-cuckoo-casino-game-a-real-income?fileloc=%2F%2Flib64%2Flibodbcdrvcfg2S.so.2.0.0&path=%2F%2Flib64 HTTP/1.1" 200 2255 "-" "Mozilla/5.0 AppleWebKit/537.36 (KHTML, like Gecko; compatible; ClaudeBot/1.0; +claudebot@anthropic.com)"
20.171.207.231 - - [13/Sep/2025:15:50:49 +0200] "GET /sitemapindex.xml?fileloc=//proc/13215/net/stat/arp_cache&path=//proc/13215/net/stat HTTP/1.1" 200 2426 "-" "Mozilla/5.0 AppleWebKit/537.36 (KHTML, like Gecko; compatible; GPTBot/1.2; +https://openai.com/gptbot)"
216.73.216.34 - - [13/Sep/2025:15:50:51 +0200] "GET /2025/09/12/amon-casino-bonus-sans-depot-400-2589?fileloc=%2F%2Fsbin%2Fwipefs&path=%2F%2Fsbin HTTP/1.1" 200 2242 "-" "Mozilla/5.0 AppleWebKit/537.36 (KHTML, like Gecko; compatible; ClaudeBot/1.0; +claudebot@anthropic.com)"
20.171.207.231 - - [13/Sep/2025:15:50:52 +0200] "GET /sitemapindex.xml?fileloc=//proc/27162/net/stat/arp_cache&path=//proc/27162/net/stat HTTP/1.1" 200 2427 "-" "Mozilla/5.0 AppleWebKit/537.36 (KHTML, like Gecko; compatible; GPTBot/1.2; +https://openai.com/gptbot)"
216.73.216.34 - - [13/Sep/2025:15:50:54 +0200] "GET /2025/09/12/amon-casino-bonus-sans-depot-400-2589?fileloc=%2F%2Fsbin%2Fnl-qdisc-delete&path=%2F%2Fsbin HTTP/1.1" 200 2247 "-" "Mozilla/5.0 AppleWebKit/537.36 (KHTML, like Gecko; compatible; ClaudeBot/1.0; +claudebot@anthropic.com)"
20.171.207.231 - - [13/Sep/2025:15:50:55 +0200] "GET /sitemapindex.xml?fileloc=//proc/11525/net/stat/nf_conntrack&path=//proc/11525/net/stat HTTP/1.1" 200 2551 "-" "Mozilla/5.0 AppleWebKit/537.36 (KHTML, like Gecko; compatible; GPTBot/1.2; +https://openai.com/gptbot)"
3.210.114.189 - - [13/Sep/2025:15:50:56 +0200] "GET /2025/09/11/starker-wind-ihr-hingabe-preview-dieser-tage-fanny-unter-anderem-vincent-klappen-einander-im-kontakt-fett-5-9-25/?path=/ HTTP/1.1" 200 51557 "-" "Mozilla/5.0 AppleWebKit/537.36 (KHTML, like Gecko; compatible; Amazonbot/0.1; +https://developer.amazon.com/support/amazonbot) Chrome/119.0.6045.214 Safari/537.36"
216.73.216.34 - - [13/Sep/2025:15:50:57 +0200] "GET /2025/09/12/amon-casino-bonus-sans-depot-400-2589?fileloc=%2F%2Fsbin%2Fcracklib-packer&path=%2F%2Fsbin HTTP/1.1" 200 2249 "-" "Mozilla/5.0 AppleWebKit/537.36 (KHTML, like Gecko; compatible; ClaudeBot/1.0; +claudebot@anthropic.com)"
20.171.207.231 - - [13/Sep/2025:15:50:58 +0200] "GET /sitemapindex.xml?fileloc=//proc/11525/net/stat/arp_cache&path=//proc/11525/net/stat HTTP/1.1" 200 2426 "-" "Mozilla/5.0 AppleWebKit/537.36 (KHTML, like Gecko; compatible; GPTBot/1.2; +https://openai.com/gptbot)"
216.73.216.34 - - [13/Sep/2025:15:51:00 +0200] "GET /2025/09/12/amon-casino-bonus-sans-depot-400-2589?fileloc=%2F%2Fsbin%2Fuseradd&path=%2F%2Fsbin HTTP/1.1" 200 2244 "-" "Mozilla/5.0 AppleWebKit/537.36 (KHTML, like Gecko; compatible; ClaudeBot/1.0; +claudebot@anthropic.com)"
20.171.207.231 - - [13/Sep/2025:15:51:01 +0200] "GET /sitemapindex.xml?fileloc=//proc/15610/net/stat/arp_cache&path=//proc/15610/net/stat HTTP/1.1" 200 2426 "-" "Mozilla/5.0 AppleWebKit/537.36 (KHTML, like Gecko; compatible; GPTBot/1.2; +https://openai.com/gptbot)"
66.249.70.160 - - [13/Sep/2025:15:51:02 +0200] "GET /2025/01/13/pin-up-%D0%BD%D0%B0%D0%B4%D0%B5%D0%B6%D0%BD%D0%BE%D0%B5-%D0%BB%D0%B8%D1%86%D0%B5%D0%BD%D0%B7%D0%B8%D1%80%D0%BE%D0%B2%D0%B0%D0%BD%D0%BD%D0%BE%D0%B5-%D0%BA%D0%B0%D0%B7%D0%B8%D0%BD%D0%BE-%D1%81-%D0%BF/?path=/home/sareqgroup/ecommerce.com/.well-known HTTP/1.1" 200 2884 "-" "Mozilla/5.0 (Linux; Android 6.0.1; Nexus 5X Build/MMB29P) AppleWebKit/537.36 (KHTML, like Gecko) Chrome/140.0.7339.127 Mobile Safari/537.36 (compatible; GoogleOther)"
216.73.216.34 - - [13/Sep/2025:15:51:03 +0200] "GET /2025/09/12/finest-united-states-online-casinos-2025-internet-casino-cuckoo-casino-game-a-real-income?fileloc=%2F%2Fsys%2Fmodule%2Fvirtio_scsi%2Frefcnt&path=%2F%2Fsys%2Fmodule%2Fvirtio_scsi HTTP/1.1" 200 2271 "-" "Mozilla/5.0 AppleWebKit/537.36 (KHTML, like Gecko; compatible; ClaudeBot/1.0; +claudebot@anthropic.com)"
50.16.248.61 - - [13/Sep/2025:15:51:03 +0200] "GET /2025/09/11/greatest-on-line-bell-fruit-live-casino-casino-gambling-websites-in-the-usa/?fileloc=/home/sareqgroup/ecommerce.com/wp-login.php&path=/home/sareqgroup/ecommerce.com HTTP/1.1" 200 67353 "-" "Mozilla/5.0 AppleWebKit/537.36 (KHTML, like Gecko; compatible; Amazonbot/0.1; +https://developer.amazon.com/support/amazonbot) Chrome/119.0.6045.214 Safari/537.36"
20.171.207.231 - - [13/Sep/2025:15:51:04 +0200] "GET /sitemapindex.xml?fileloc=//proc/11525/net/stat/ndisc_cache&path=//proc/11525/net/stat HTTP/1.1" 200 2400 "-" "Mozilla/5.0 AppleWebKit/537.36 (KHTML, like Gecko; compatible; GPTBot/1.2; +https://openai.com/gptbot)"
216.73.216.34 - - [13/Sep/2025:15:51:06 +0200] "GET /2025/09/12/super-deuces-wild-the-brand-new-adventure-from-casino-slot-sugar-parade-rtp-a-refreshed-classic/feed?fileloc=%2F%2Fproc%2F628%2Fautogroup&path=%2F%2Fproc%2F628 HTTP/1.1" 200 2263 "-" "Mozilla/5.0 AppleWebKit/537.36 (KHTML, like Gecko; compatible; ClaudeBot/1.0; +claudebot@anthropic.com)"
20.171.207.231 - - [13/Sep/2025:15:51:07 +0200] "GET /sitemapindex.xml?fileloc=//proc/27176/net/stat/arp_cache&path=//proc/27176/net/stat HTTP/1.1" 200 2426 "-" "Mozilla/5.0 AppleWebKit/537.36 (KHTML, like Gecko; compatible; GPTBot/1.2; +https://openai.com/gptbot)"
44.213.36.21 - - [13/Sep/2025:15:51:07 +0200] "GET /2025/09/11/verbunden-casino-ausschuttung-beste-schnellste-10-beste-online-power-stars-bonus-ohne-einzahlung-slots-provider-2025/?path=/home/sareqgroup/ecommerce.com/wp-admin HTTP/1.1" 200 173459 "-" "Mozilla/5.0 AppleWebKit/537.36 (KHTML, like Gecko; compatible; Amazonbot/0.1; +https://developer.amazon.com/support/amazonbot) Chrome/119.0.6045.214 Safari/537.36"
216.73.216.34 - - [13/Sep/2025:15:51:09 +0200] "GET /2025/09/12/twin-spin-netent-slot-slot-tornado-farm-escape-review?fileloc=%2F%2Fproc%2F26%2Fmounts&path=%2F%2Fproc%2F26 HTTP/1.1" 200 2838 "-" "Mozilla/5.0 AppleWebKit/537.36 (KHTML, like Gecko; compatible; ClaudeBot/1.0; +claudebot@anthropic.com)"
20.171.207.231 - - [13/Sep/2025:15:51:11 +0200] "GET /sitemapindex.xml?fileloc=//proc/27492/net/stat/arp_cache&path=//proc/27492/net/stat HTTP/1.1" 200 2426 "-" "Mozilla/5.0 AppleWebKit/537.36 (KHTML, like Gecko; compatible; GPTBot/1.2; +https://openai.com/gptbot)"
216.73.216.34 - - [13/Sep/2025:15:51:12 +0200] "GET /2025/09/12/twin-spin-netent-slot-slot-tornado-farm-escape-review?fileloc=%2F%2Fproc%2F4%2Fsyscall&path=%2F%2Fproc%2F4 HTTP/1.1" 200 2250 "-" "Mozilla/5.0 AppleWebKit/537.36 (KHTML, like Gecko; compatible; ClaudeBot/1.0; +claudebot@anthropic.com)"
20.171.207.231 - - [13/Sep/2025:15:51:14 +0200] "GET /sitemapindex.xml?fileloc=//proc/27167/net/stat/arp_cache&path=//proc/27167/net/stat HTTP/1.1" 200 2427 "-" "Mozilla/5.0 AppleWebKit/537.36 (KHTML, like Gecko; compatible; GPTBot/1.2; +https://openai.com/gptbot)"
216.73.216.34 - - [13/Sep/2025:15:51:15 +0200] "GET /2025/09/12/twin-spin-netent-slot-slot-tornado-farm-escape-review?fileloc=%2F%2Fproc%2F9298%2Fsmaps&path=%2F%2Fproc%2F9298 HTTP/1.1" 200 2251 "-" "Mozilla/5.0 AppleWebKit/537.36 (KHTML, like Gecko; compatible; ClaudeBot/1.0; +claudebot@anthropic.com)"
35.173.18.61 - - [13/Sep/2025:15:51:15 +0200] "GET /2025/09/12/totally-free-ports-on-line-las-50-free-spins-2024-no-deposit-vegas-casino-games/?path=/home/sareqgroup/ecommerce.com/wp-admin HTTP/1.1" 200 173459 "-" "Mozilla/5.0 AppleWebKit/537.36 (KHTML, like Gecko; compatible; Amazonbot/0.1; +https://developer.amazon.com/support/amazonbot) Chrome/119.0.6045.214 Safari/537.36"
20.171.207.231 - - [13/Sep/2025:15:51:17 +0200] "GET /sitemapindex.xml?fileloc=//proc/27162/net/stat/nf_conntrack&path=//proc/27162/net/stat HTTP/1.1" 200 2546 "-" "Mozilla/5.0 AppleWebKit/537.36 (KHTML, like Gecko; compatible; GPTBot/1.2; +https://openai.com/gptbot)"
216.73.216.34 - - [13/Sep/2025:15:51:18 +0200] "GET /2025/09/12/finest-united-states-online-casinos-2025-internet-casino-cuckoo-casino-game-a-real-income?fileloc=%2F%2Flib64%2Flibjpeg.so.62.1.0&path=%2F%2Flib64 HTTP/1.1" 200 2250 "-" "Mozilla/5.0 AppleWebKit/537.36 (KHTML, like Gecko; compatible; ClaudeBot/1.0; +claudebot@anthropic.com)"
50.16.248.61 - - [13/Sep/2025:15:51:20 +0200] "GET /2025/09/11/verbunden-spielbank-unter-einsatz-von-4-einzahlung-mindesteinzahlung-casinos-2025/?path=/home/sareqgroup/ecommerce.com/.tmb HTTP/1.1" 200 12833 "-" "Mozilla/5.0 AppleWebKit/537.36 (KHTML, like Gecko; compatible; Amazonbot/0.1; +https://developer.amazon.com/support/amazonbot) Chrome/119.0.6045.214 Safari/537.36"
20.171.207.231 - - [13/Sep/2025:15:51:21 +0200] "GET /sitemapindex.xml?fileloc=//proc/27167/net/stat/nf_conntrack&path=//proc/27167/net/stat HTTP/1.1" 200 2551 "-" "Mozilla/5.0 AppleWebKit/537.36 (KHTML, like Gecko; compatible; GPTBot/1.2; +https://openai.com/gptbot)"
216.73.216.34 - - [13/Sep/2025:15:51:21 +0200] "GET /2025/09/12/amon-casino-bonus-sans-depot-400-2589?fileloc=%2F%2Fsbin%2Fumount.nfs4&path=%2F%2Fsbin HTTP/1.1" 200 2246 "-" "Mozilla/5.0 AppleWebKit/537.36 (KHTML, like Gecko; compatible; ClaudeBot/1.0; +claudebot@anthropic.com)"
20.171.207.231 - - [13/Sep/2025:15:51:23 +0200] "GET /sitemapindex.xml?fileloc=//proc/13215/net/stat/nf_conntrack&path=//proc/13215/net/stat HTTP/1.1" 200 2546 "-" "Mozilla/5.0 AppleWebKit/537.36 (KHTML, like Gecko; compatible; GPTBot/1.2; +https://openai.com/gptbot)"
216.73.216.34 - - [13/Sep/2025:15:51:24 +0200] "GET /2025/09/12/amon-casino-bonus-sans-depot-400-2589?fileloc=%2F%2Fsbin%2Farp&path=%2F%2Fsbin HTTP/1.1" 200 2240 "-" "Mozilla/5.0 AppleWebKit/537.36 (KHTML, like Gecko; compatible; ClaudeBot/1.0; +claudebot@anthropic.com)"
20.171.207.231 - - [13/Sep/2025:15:51:26 +0200] "GET /sitemapindex.xml?fileloc=//proc/27176/net/stat/ndisc_cache&path=//proc/27176/net/stat HTTP/1.1" 200 2400 "-" "Mozilla/5.0 AppleWebKit/537.36 (KHTML, like Gecko; compatible; GPTBot/1.2; +https://openai.com/gptbot)"
216.73.216.34 - - [13/Sep/2025:15:51:27 +0200] "GET /2025/09/12/amon-casino-bonus-sans-depot-400-2589?fileloc=%2F%2Fsbin%2Fiprdump&path=%2F%2Fsbin HTTP/1.1" 200 2243 "-" "Mozilla/5.0 AppleWebKit/537.36 (KHTML, like Gecko; compatible; ClaudeBot/1.0; +claudebot@anthropic.com)"
54.156.55.147 - - [13/Sep/2025:15:51:27 +0200] "GET /category/phoenixwhymytrailers-com/?fileloc=/home/sareqgroup/ecommerce.com/wp-main.php&path=/home/sareqgroup/ecommerce.com HTTP/1.1" 200 109125 "-" "Mozilla/5.0 AppleWebKit/537.36 (KHTML, like Gecko; compatible; Amazonbot/0.1; +https://developer.amazon.com/support/amazonbot) Chrome/119.0.6045.214 Safari/537.36"
20.171.207.231 - - [13/Sep/2025:15:51:29 +0200] "GET /sitemapindex.xml?fileloc=//proc/27162/net/stat/ndisc_cache&path=//proc/27162/net/stat HTTP/1.1" 200 2400 "-" "Mozilla/5.0 AppleWebKit/537.36 (KHTML, like Gecko; compatible; GPTBot/1.2; +https://openai.com/gptbot)"
216.73.216.34 - - [13/Sep/2025:15:51:30 +0200] "GET /2025/09/12/finest-united-states-online-casinos-2025-internet-casino-cuckoo-casino-game-a-real-income?fileloc=%2F%2Flib64%2Flibestr.so.0.0.0&path=%2F%2Flib64 HTTP/1.1" 200 2248 "-" "Mozilla/5.0 AppleWebKit/537.36 (KHTML, like Gecko; compatible; ClaudeBot/1.0; +claudebot@anthropic.com)"
20.171.207.231 - - [13/Sep/2025:15:51:32 +0200] "GET /sitemapindex.xml?fileloc=//proc/27492/net/stat/ndisc_cache&path=//proc/27492/net/stat HTTP/1.1" 200 2400 "-" "Mozilla/5.0 AppleWebKit/537.36 (KHTML, like Gecko; compatible; GPTBot/1.2; +https://openai.com/gptbot)"
216.73.216.34 - - [13/Sep/2025:15:51:33 +0200] "GET /2025/09/12/disco-funk-on-the-web-online-casino-cherry-50-free-spins-casino-slot-games-enjoy-100-percent-free-that-have-habanero?path=%2F%2Flib64 HTTP/1.1" 200 30315 "-" "Mozilla/5.0 AppleWebKit/537.36 (KHTML, like Gecko; compatible; ClaudeBot/1.0; +claudebot@anthropic.com)"
52.45.194.165 - - [13/Sep/2025:15:51:36 +0200] "GET /2025/09/11/labakas-tiessaistes-blekdzeka-vietnes-istai-ybets-tiessaistes-pieteiksanas-pelnai-2025-gada/?path=/home/sareqgroup/ecommerce.com/images HTTP/1.1" 200 26929 "-" "Mozilla/5.0 AppleWebKit/537.36 (KHTML, like Gecko; compatible; Amazonbot/0.1; +https://developer.amazon.com/support/amazonbot) Chrome/119.0.6045.214 Safari/537.36"
20.171.207.231 - - [13/Sep/2025:15:51:36 +0200] "GET /sitemapindex.xml?fileloc=//proc/15610/net/stat/nf_conntrack&path=//proc/15610/net/stat HTTP/1.1" 200 2549 "-" "Mozilla/5.0 AppleWebKit/537.36 (KHTML, like Gecko; compatible; GPTBot/1.2; +https://openai.com/gptbot)"
216.73.216.34 - - [13/Sep/2025:15:51:36 +0200] "GET /2025/09/12/finest-united-states-online-casinos-2025-internet-casino-cuckoo-casino-game-a-real-income?fileloc=%2F%2Fsys%2Fmodule%2Fi2c_piix4%2Fcoresize&path=%2F%2Fsys%2Fmodule%2Fi2c_piix4 HTTP/1.1" 200 2272 "-" "Mozilla/5.0 AppleWebKit/537.36 (KHTML, like Gecko; compatible; ClaudeBot/1.0; +claudebot@anthropic.com)"
20.171.207.231 - - [13/Sep/2025:15:51:39 +0200] "GET /sitemapindex.xml?fileloc=//proc/27492/net/stat/nf_conntrack&path=//proc/27492/net/stat HTTP/1.1" 200 2550 "-" "Mozilla/5.0 AppleWebKit/537.36 (KHTML, like Gecko; compatible; GPTBot/1.2; +https://openai.com/gptbot)"
216.73.216.34 - - [13/Sep/2025:15:51:39 +0200] "GET /2025/09/12/amon-casino-bonus-sans-depot-400-2589?fileloc=%2F%2Fsbin%2Fss&path=%2F%2Fsbin HTTP/1.1" 200 2239 "-" "Mozilla/5.0 AppleWebKit/537.36 (KHTML, like Gecko; compatible; ClaudeBot/1.0; +claudebot@anthropic.com)"
20.171.207.231 - - [13/Sep/2025:15:51:42 +0200] "GET /sitemapindex.xml?fileloc=//proc/15610/net/stat/ndisc_cache&path=//proc/15610/net/stat HTTP/1.1" 200 2400 "-" "Mozilla/5.0 AppleWebKit/537.36 (KHTML, like Gecko; compatible; GPTBot/1.2; +https://openai.com/gptbot)"
216.73.216.34 - - [13/Sep/2025:15:51:42 +0200] "GET /2025/09/12/twin-spin-netent-slot-slot-tornado-farm-escape-review?fileloc=%2F%2Fproc%2F4%2Fschedstat&path=%2F%2Fproc%2F4 HTTP/1.1" 200 2262 "-" "Mozilla/5.0 AppleWebKit/537.36 (KHTML, like Gecko; compatible; ClaudeBot/1.0; +claudebot@anthropic.com)"
20.171.207.231 - - [13/Sep/2025:15:51:45 +0200] "GET /sitemapindex.xml?fileloc=//proc/27176/net/stat/nf_conntrack&path=//proc/27176/net/stat HTTP/1.1" 200 2544 "-" "Mozilla/5.0 AppleWebKit/537.36 (KHTML, like Gecko; compatible; GPTBot/1.2; +https://openai.com/gptbot)"
216.73.216.34 - - [13/Sep/2025:15:51:45 +0200] "GET /2025/09/12/finest-united-states-online-casinos-2025-internet-casino-cuckoo-casino-game-a-real-income?fileloc=%2F%2Flib64%2Flibmozjs185.so.1.0.0&path=%2F%2Flib64 HTTP/1.1" 200 2251 "-" "Mozilla/5.0 AppleWebKit/537.36 (KHTML, like Gecko; compatible; ClaudeBot/1.0; +claudebot@anthropic.com)"
3.93.253.174 - - [13/Sep/2025:15:51:47 +0200] "GET /2025/09/11/a-thrilling-challenge-awaits-where-every-jump/?fileloc=/home/sareqgroup/ecommerce.com/wp-login.php&path=/home/sareqgroup/ecommerce.com HTTP/1.1" 200 67353 "-" "Mozilla/5.0 AppleWebKit/537.36 (KHTML, like Gecko; compatible; Amazonbot/0.1; +https://developer.amazon.com/support/amazonbot) Chrome/119.0.6045.214 Safari/537.36"
216.73.216.34 - - [13/Sep/2025:15:51:48 +0200] "GET /2025/09/12/amon-casino-bonus-sans-depot-400-2589?fileloc=%2F%2Fsbin%2Fgrpconv&path=%2F%2Fsbin HTTP/1.1" 200 2244 "-" "Mozilla/5.0 AppleWebKit/537.36 (KHTML, like Gecko; compatible; ClaudeBot/1.0; +claudebot@anthropic.com)"
20.171.207.231 - - [13/Sep/2025:15:51:49 +0200] "GET /sitemapindex.xml?fileloc=//proc/13215/net/stat/ndisc_cache&path=//proc/13215/net/stat HTTP/1.1" 200 2400 "-" "Mozilla/5.0 AppleWebKit/537.36 (KHTML, like Gecko; compatible; GPTBot/1.2; +https://openai.com/gptbot)"
216.73.216.34 - - [13/Sep/2025:15:51:51 +0200] "GET /2025/09/12/finest-united-states-online-casinos-2025-internet-casino-cuckoo-casino-game-a-real-income?fileloc=%2F%2Flib64%2Flibparted-fs-resize.so&path=%2F%2Flib64 HTTP/1.1" 200 2251 "-" "Mozilla/5.0 AppleWebKit/537.36 (KHTML, like Gecko; compatible; ClaudeBot/1.0; +claudebot@anthropic.com)"
20.171.207.231 - - [13/Sep/2025:15:51:52 +0200] "GET /sitemapindex.xml?fileloc=//proc/27167/net/stat/ndisc_cache&path=//proc/27167/net/stat HTTP/1.1" 200 2400 "-" "Mozilla/5.0 AppleWebKit/537.36 (KHTML, like Gecko; compatible; GPTBot/1.2; +https://openai.com/gptbot)"
216.73.216.34 - - [13/Sep/2025:15:51:54 +0200] "GET /2025/09/12/twin-spin-netent-slot-slot-tornado-farm-escape-review?fileloc=%2F%2Fproc%2F4%2Fsessionid&path=%2F%2Fproc%2F4 HTTP/1.1" 200 2259 "-" "Mozilla/5.0 AppleWebKit/537.36 (KHTML, like Gecko; compatible; ClaudeBot/1.0; +claudebot@anthropic.com)"
20.171.207.231 - - [13/Sep/2025:15:51:55 +0200] "GET /sitemapindex.xml?fileloc=//proc/15610/net/stat/rt_cache&path=//proc/15610/net/stat HTTP/1.1" 200 2445 "-" "Mozilla/5.0 AppleWebKit/537.36 (KHTML, like Gecko; compatible; GPTBot/1.2; +https://openai.com/gptbot)"
52.54.95.127 - - [13/Sep/2025:15:51:55 +0200] "GET /2025/09/11/captain-venture-spielautomat-heute-angeschlossen-slot-keine-einzahlung-fur-nusse-wiedergeben/?path=/home/sareqgroup/ecommerce.com/assets HTTP/1.1" 200 20661 "-" "Mozilla/5.0 AppleWebKit/537.36 (KHTML, like Gecko; compatible; Amazonbot/0.1; +https://developer.amazon.com/support/amazonbot) Chrome/119.0.6045.214 Safari/537.36"
216.73.216.34 - - [13/Sep/2025:15:51:57 +0200] "GET /2025/09/12/finest-united-states-online-casinos-2025-internet-casino-cuckoo-casino-game-a-real-income?fileloc=%2F%2Flib64%2FliboplodbcS.so.2.0.0&path=%2F%2Flib64 HTTP/1.1" 200 2251 "-" "Mozilla/5.0 AppleWebKit/537.36 (KHTML, like Gecko; compatible; ClaudeBot/1.0; +claudebot@anthropic.com)"
20.171.207.231 - - [13/Sep/2025:15:51:58 +0200] "GET /sitemapindex.xml?fileloc=//proc/11525/net/stat/rt_cache&path=//proc/11525/net/stat HTTP/1.1" 200 2446 "-" "Mozilla/5.0 AppleWebKit/537.36 (KHTML, like Gecko; compatible; GPTBot/1.2; +https://openai.com/gptbot)"
216.73.216.34 - - [13/Sep/2025:15:52:00 +0200] "GET /2025/09/12/amon-casino-bonus-sans-depot-400-2589?fileloc=%2F%2Fsbin%2Fcapsh&path=%2F%2Fsbin HTTP/1.1" 200 2242 "-" "Mozilla/5.0 AppleWebKit/537.36 (KHTML, like Gecko; compatible; ClaudeBot/1.0; +claudebot@anthropic.com)"
20.171.207.231 - - [13/Sep/2025:15:52:01 +0200] "GET /sitemapindex.xml?fileloc=//proc/13215/net/stat/rt_cache&path=//proc/13215/net/stat HTTP/1.1" 200 2447 "-" "Mozilla/5.0 AppleWebKit/537.36 (KHTML, like Gecko; compatible; GPTBot/1.2; +https://openai.com/gptbot)"
66.249.70.160 - - [13/Sep/2025:15:52:01 +0200] "GET /2025/07/04/%D0%BB%D1%83%D1%87%D1%88%D0%B8%D0%B5-%D0%B1%D1%83%D0%BA%D0%BC%D0%B5%D0%BA%D0%B5%D1%80%D1%81%D0%BA%D0%B8%D0%B5-%D0%BA%D0%BE%D0%BD%D1%82%D0%BE%D1%80%D1%8B-%D1%83%D0%BA%D1%80%D0%B0%D0%B8%D0%BD%D1%8B-3/?fileloc=/home/sareqgroup/ecommerce.com/wp-settings.php&path=/home/sareqgroup/ecommerce.com HTTP/1.1" 200 6986 "-" "Mozilla/5.0 (Linux; Android 6.0.1; Nexus 5X Build/MMB29P) AppleWebKit/537.36 (KHTML, like Gecko) Chrome/140.0.7339.127 Mobile Safari/537.36 (compatible; GoogleOther)"
104.194.153.224 - - [13/Sep/2025:15:52:03 +0200] "GET /2025/09/02/les-secrets-des-probabilites-au-casinoclic-comment-jouer-avec-intelligence/ HTTP/1.1" 200 3666 "http://ecommerce.sareqgroup.com/" "Mozilla/5.0 (X11; Linux x86_64) AppleWebKit/537.36 (KHTML, like Gecko) Chrome/114.0.0.0 Safari/537.36 OPR/89.0.4447.51"
104.194.153.224 - - [13/Sep/2025:15:52:03 +0200] "GET /2025/09/02/les-secrets-des-probabilites-au-casinoclic-comment-jouer-avec-intelligence/?fileloc=/home/sareqgroup/ecommerce.com/.htaccess&path=/home/sareqgroup/ecommerce.com HTTP/1.1" 200 3172 "http://ecommerce.sareqgroup.com/2025/09/02/les-secrets-des-probabilites-au-casinoclic-comment-jouer-avec-intelligence/" "Mozilla/5.0 (X11; Linux x86_64) AppleWebKit/537.36 (KHTML, like Gecko) Chrome/114.0.0.0 Safari/537.36 OPR/89.0.4447.51"
216.73.216.34 - - [13/Sep/2025:15:52:03 +0200] "GET /2025/09/12/finest-united-states-online-casinos-2025-internet-casino-cuckoo-casino-game-a-real-income?fileloc=%2F%2Flib64%2Flibdrm_nouveau.so.2.0.0&path=%2F%2Flib64 HTTP/1.1" 200 2257 "-" "Mozilla/5.0 AppleWebKit/537.36 (KHTML, like Gecko; compatible; ClaudeBot/1.0; +claudebot@anthropic.com)"
20.171.207.231 - - [13/Sep/2025:15:52:04 +0200] "GET /sitemapindex.xml?fileloc=//proc/27167/net/stat/rt_cache&path=//proc/27167/net/stat HTTP/1.1" 200 2448 "-" "Mozilla/5.0 AppleWebKit/537.36 (KHTML, like Gecko; compatible; GPTBot/1.2; +https://openai.com/gptbot)"
216.73.216.34 - - [13/Sep/2025:15:52:06 +0200] "GET /2025/09/12/amon-casino-bonus-sans-depot-400-2589?fileloc=%2F%2Fsbin%2Frunq&path=%2F%2Fsbin HTTP/1.1" 200 2242 "-" "Mozilla/5.0 AppleWebKit/537.36 (KHTML, like Gecko; compatible; ClaudeBot/1.0; +claudebot@anthropic.com)"
20.171.207.231 - - [13/Sep/2025:15:52:07 +0200] "GET /sitemapindex.xml?fileloc=//proc/27176/net/stat/rt_cache&path=//proc/27176/net/stat HTTP/1.1" 200 2447 "-" "Mozilla/5.0 AppleWebKit/537.36 (KHTML, like Gecko; compatible; GPTBot/1.2; +https://openai.com/gptbot)"
44.207.252.58 - - [13/Sep/2025:15:52:08 +0200] "GET /2025/09/11/no-deposit-gambling-establishment-extra-codes-sep-2025/?fileloc=/home/sareqgroup/ecommerce.com/wp-signup.php&path=/home/sareqgroup/ecommerce.com HTTP/1.1" 200 46844 "-" "Mozilla/5.0 AppleWebKit/537.36 (KHTML, like Gecko; compatible; Amazonbot/0.1; +https://developer.amazon.com/support/amazonbot) Chrome/119.0.6045.214 Safari/537.36"
