216.73.216.34 - - [13/Sep/2025:15:37:13 +0200] "GET /2025/09/12/tipobet-casino-giri-tipobet-gncel-giri-2025-315?fileloc=%2Fhome%2Fsareqgroup%2Fecommerce.com%2Fwp-includes%2Fcss%2F.htaccess&path=%2Fhome%2Fsareqgroup%2Fecommerce.com%2Fwp-includes%2Fcss HTTP/1.1" 200 2375 "-" "Mozilla/5.0 AppleWebKit/537.36 (KHTML, like Gecko; compatible; ClaudeBot/1.0; +claudebot@anthropic.com)"
20.171.207.231 - - [13/Sep/2025:15:37:15 +0200] "GET /sitemapindex.xml?fileloc=//proc/519/net/protocols&path=//proc/519/net HTTP/1.1" 200 2571 "-" "Mozilla/5.0 AppleWebKit/537.36 (KHTML, like Gecko; compatible; GPTBot/1.2; +https://openai.com/gptbot)"
216.73.216.34 - - [13/Sep/2025:15:37:16 +0200] "GET /2025/09/12/free-spins-aztec-goldt-slot-echtes-piepen-2025-letzter-schrei-110-freispiele-slot-ariana-nur-einzahlung/feed?fileloc=%2Fhome%2Fsareqgroup%2Fecommerce.com%2Fwp-admin%2Fincludes%2Fclass-wp-internal-pointers.php&path=%2Fhome%2Fsareqgroup%2Fecommerce.com%2Fwp-admin%2Fincludes HTTP/1.1" 200 3737 "-" "Mozilla/5.0 AppleWebKit/537.36 (KHTML, like Gecko; compatible; ClaudeBot/1.0; +claudebot@anthropic.com)"
20.171.207.231 - - [13/Sep/2025:15:37:18 +0200] "GET /sitemapindex.xml?fileloc=//proc/302/net/icmp&path=//proc/302/net HTTP/1.1" 200 2332 "-" "Mozilla/5.0 AppleWebKit/537.36 (KHTML, like Gecko; compatible; GPTBot/1.2; +https://openai.com/gptbot)"
216.73.216.34 - - [13/Sep/2025:15:37:19 +0200] "GET /2025/09/12/the-newest-no-deposit-bonus-codes-to-have-uk-casinos-in-the-2025/feed?fileloc=%2Fhome%2Fsareqgroup%2Fecommerce.com%2Fwp-admin%2Fimages%2Fdate-button-2x.gif&path=%2Fhome%2Fsareqgroup%2Fecommerce.com%2Fwp-admin%2Fimages HTTP/1.1" 200 2293 "-" "Mozilla/5.0 AppleWebKit/537.36 (KHTML, like Gecko; compatible; ClaudeBot/1.0; +claudebot@anthropic.com)"
66.249.70.160 - - [13/Sep/2025:15:37:21 +0200] "GET /2025/06/03/%D0%B1%D1%83%D0%BA%D0%BC%D0%B5%D0%BA%D0%B5%D1%80%D1%81%D0%BA%D0%B0%D1%8F-%D0%BA%D0%BE%D0%BD%D1%82%D0%BE%D1%80%D0%B0-parimatch-%D0%BF%D1%80%D0%B5%D0%B8%D0%BC%D1%83%D1%89%D0%B5%D1%81%D1%82%D0%B2%D0%B0/?path=/home/sareqgroup/ecommerce.com/.tmb HTTP/1.1" 200 2321 "-" "Mozilla/5.0 (Linux; Android 6.0.1; Nexus 5X Build/MMB29P) AppleWebKit/537.36 (KHTML, like Gecko) Chrome/140.0.7339.127 Mobile Safari/537.36 (compatible; GoogleOther)"
20.171.207.231 - - [13/Sep/2025:15:37:21 +0200] "GET /sitemapindex.xml?fileloc=//proc/308/net/netstat&path=//proc/308/net HTTP/1.1" 200 3527 "-" "Mozilla/5.0 AppleWebKit/537.36 (KHTML, like Gecko; compatible; GPTBot/1.2; +https://openai.com/gptbot)"
216.73.216.34 - - [13/Sep/2025:15:37:22 +0200] "GET /2025/09/12/golden-tiger-casino-analise-completa-constituicao-puerilidade-bonus-2025/feed?fileloc=%2Fhome%2Fsareqgroup%2Fecommerce.com%2Fwp-admin%2Fincludes%2Fclass-wp-filesystem-direct.php&path=%2Fhome%2Fsareqgroup%2Fecommerce.com%2Fwp-admin%2Fincludes HTTP/1.1" 200 5641 "-" "Mozilla/5.0 AppleWebKit/537.36 (KHTML, like Gecko; compatible; ClaudeBot/1.0; +claudebot@anthropic.com)"
20.171.207.231 - - [13/Sep/2025:15:37:24 +0200] "GET /sitemapindex.xml?fileloc=//proc/519/net/xfrm_stat&path=//proc/519/net HTTP/1.1" 200 2432 "-" "Mozilla/5.0 AppleWebKit/537.36 (KHTML, like Gecko; compatible; GPTBot/1.2; +https://openai.com/gptbot)"
85.208.96.207 - - [13/Sep/2025:15:37:24 +0200] "GET /2025/09/10/chicken-road-slot-w-kasynie-online-bezpieczestwo-131/ HTTP/1.1" 200 64828 "-" "Mozilla/5.0 (compatible; SemrushBot/7~bl; +http://www.semrush.com/bot.html)"
216.73.216.34 - - [13/Sep/2025:15:37:25 +0200] "GET /2025/09/12/lil-devil-slot-free-online-slot-game-mega-moolah-mobile-slot-rtp-playing-on-the-internet-no-download/feed?fileloc=%2Fhome%2Fsareqgroup%2Fecommerce.com%2Fwp-includes%2Fassets%2F.htaccess&path=%2Fhome%2Fsareqgroup%2Fecommerce.com%2Fwp-includes%2Fassets HTTP/1.1" 200 2376 "-" "Mozilla/5.0 AppleWebKit/537.36 (KHTML, like Gecko; compatible; ClaudeBot/1.0; +claudebot@anthropic.com)"
23.21.227.240 - - [13/Sep/2025:15:37:26 +0200] "GET /category/slots/?fileloc=/home/sareqgroup/ecommerce.com/robots.txt&path=/home/sareqgroup/ecommerce.com HTTP/1.1" 200 13617 "-" "Mozilla/5.0 AppleWebKit/537.36 (KHTML, like Gecko; compatible; Amazonbot/0.1; +https://developer.amazon.com/support/amazonbot) Chrome/119.0.6045.214 Safari/537.36"
20.171.207.231 - - [13/Sep/2025:15:37:27 +0200] "GET /sitemapindex.xml?fileloc=//proc/308/net/icmp&path=//proc/308/net HTTP/1.1" 200 2332 "-" "Mozilla/5.0 AppleWebKit/537.36 (KHTML, like Gecko; compatible; GPTBot/1.2; +https://openai.com/gptbot)"
216.73.216.34 - - [13/Sep/2025:15:37:28 +0200] "GET /2025/09/12/best-online-casino-internet-sites-you-a-real-income-gambling-classico-1-deposit-enterprises-2025?fileloc=%2Fhome%2Fsareqgroup%2Fecommerce.com%2Fwp-includes%2Fms-settings.php&path=%2Fhome%2Fsareqgroup%2Fecommerce.com%2Fwp-includes HTTP/1.1" 200 3727 "-" "Mozilla/5.0 AppleWebKit/537.36 (KHTML, like Gecko; compatible; ClaudeBot/1.0; +claudebot@anthropic.com)"
54.83.180.239 - - [13/Sep/2025:15:37:28 +0200] "GET /2025/09/11/book-uberprufen-sie-meine-quelle-of-ra-deluxe-10-online-fur-nusse-vortragen/?path=/home/sareqgroup/ecommerce.com/wp-content HTTP/1.1" 200 36987 "-" "Mozilla/5.0 AppleWebKit/537.36 (KHTML, like Gecko; compatible; Amazonbot/0.1; +https://developer.amazon.com/support/amazonbot) Chrome/119.0.6045.214 Safari/537.36"
20.171.207.231 - - [13/Sep/2025:15:37:30 +0200] "GET /sitemapindex.xml?fileloc=//proc/302/net/rt6_stats&path=//proc/302/net HTTP/1.1" 200 2276 "-" "Mozilla/5.0 AppleWebKit/537.36 (KHTML, like Gecko; compatible; GPTBot/1.2; +https://openai.com/gptbot)"
216.73.216.34 - - [13/Sep/2025:15:37:31 +0200] "GET /2025/09/12/enjoy-play-double-exposure-blackjack-pro-series-low-limit-for-real-money-online-book-from-dead-a-thousand-bonus-2-hundred-added-bonus-revolves/feed?fileloc=%2Fhome%2Fsareqgroup%2Fecommerce.com%2Fwp-includes%2Fimages%2Findex.php&path=%2Fhome%2Fsareqgroup%2Fecommerce.com%2Fwp-includes%2Fimages HTTP/1.1" 200 15787 "-" "Mozilla/5.0 AppleWebKit/537.36 (KHTML, like Gecko; compatible; ClaudeBot/1.0; +claudebot@anthropic.com)"
34.193.2.57 - - [13/Sep/2025:15:37:32 +0200] "GET /2025/09/11/da-vinci-diamonds-twin-enjoy-slots-thai-flower-1-deposit-real-money-slot-machine-game-free-enjoy-demo/?path=/home/sareqgroup/ecommerce.com/assets HTTP/1.1" 200 20661 "-" "Mozilla/5.0 AppleWebKit/537.36 (KHTML, like Gecko; compatible; Amazonbot/0.1; +https://developer.amazon.com/support/amazonbot) Chrome/119.0.6045.214 Safari/537.36"
20.171.207.231 - - [13/Sep/2025:15:37:33 +0200] "GET /sitemapindex.xml?fileloc=//proc/308/net/xfrm_stat&path=//proc/308/net HTTP/1.1" 200 2432 "-" "Mozilla/5.0 AppleWebKit/537.36 (KHTML, like Gecko; compatible; GPTBot/1.2; +https://openai.com/gptbot)"
216.73.216.34 - - [13/Sep/2025:15:37:34 +0200] "GET /2025/09/12/enjoy-play-double-exposure-blackjack-pro-series-low-limit-for-real-money-online-book-from-dead-a-thousand-bonus-2-hundred-added-bonus-revolves/feed?fileloc=%2Fhome%2Fsareqgroup%2Fecommerce.com%2Fwp-content%2Fcategory.template.1755515307.php&path=%2Fhome%2Fsareqgroup%2Fecommerce.com%2Fwp-content HTTP/1.1" 200 2290 "-" "Mozilla/5.0 AppleWebKit/537.36 (KHTML, like Gecko; compatible; ClaudeBot/1.0; +claudebot@anthropic.com)"
35.153.86.200 - - [13/Sep/2025:15:37:36 +0200] "GET /2025/09/11/spielbank-bonus-abzuglich-einzahlung-originell-sofort-im-neunter-monat-des-jahres-2025/?path=/home/sareqgroup/ecommerce.com/images HTTP/1.1" 200 26929 "-" "Mozilla/5.0 AppleWebKit/537.36 (KHTML, like Gecko; compatible; Amazonbot/0.1; +https://developer.amazon.com/support/amazonbot) Chrome/119.0.6045.214 Safari/537.36"
20.171.207.231 - - [13/Sep/2025:15:37:36 +0200] "GET /sitemapindex.xml?fileloc=//proc/519/net/sockstat6&path=//proc/519/net HTTP/1.1" 200 2308 "-" "Mozilla/5.0 AppleWebKit/537.36 (KHTML, like Gecko; compatible; GPTBot/1.2; +https://openai.com/gptbot)"
216.73.216.34 - - [13/Sep/2025:15:37:37 +0200] "GET /2025/09/12/best-online-casino-internet-sites-you-a-real-income-gambling-classico-1-deposit-enterprises-2025?fileloc=%2Fhome%2Fsareqgroup%2Fecommerce.com%2Fwp-includes%2Fcache.php&path=%2Fhome%2Fsareqgroup%2Fecommerce.com%2Fwp-includes HTTP/1.1" 200 4232 "-" "Mozilla/5.0 AppleWebKit/537.36 (KHTML, like Gecko; compatible; ClaudeBot/1.0; +claudebot@anthropic.com)"
20.171.207.231 - - [13/Sep/2025:15:37:40 +0200] "GET /sitemapindex.xml?fileloc=//proc/519/net/rt6_stats&path=//proc/519/net HTTP/1.1" 200 2277 "-" "Mozilla/5.0 AppleWebKit/537.36 (KHTML, like Gecko; compatible; GPTBot/1.2; +https://openai.com/gptbot)"
216.73.216.34 - - [13/Sep/2025:15:37:40 +0200] "GET /category/kosi-restaurant-de1?path=%2Fhome%2Fsareqgroup%2Fecommerce.com%2Fwp-content%2Fuploads%2F2021%2F11 HTTP/1.1" 200 2607 "-" "Mozilla/5.0 AppleWebKit/537.36 (KHTML, like Gecko; compatible; ClaudeBot/1.0; +claudebot@anthropic.com)"
52.2.191.202 - - [13/Sep/2025:15:37:41 +0200] "GET /2025/09/11/azartnye-jeksperimenty-sekrety-vybora-ploshhadki-i/?path=/home/sareqgroup/ecommerce.com/wp-content HTTP/1.1" 200 36987 "-" "Mozilla/5.0 AppleWebKit/537.36 (KHTML, like Gecko; compatible; Amazonbot/0.1; +https://developer.amazon.com/support/amazonbot) Chrome/119.0.6045.214 Safari/537.36"
20.171.207.231 - - [13/Sep/2025:15:37:43 +0200] "GET /sitemapindex.xml?fileloc=//proc/308/net/rt6_stats&path=//proc/308/net HTTP/1.1" 200 2276 "-" "Mozilla/5.0 AppleWebKit/537.36 (KHTML, like Gecko; compatible; GPTBot/1.2; +https://openai.com/gptbot)"
216.73.216.34 - - [13/Sep/2025:15:37:43 +0200] "GET /2025/09/12/greatest-on-line-acceptance-online-double-exposure-blackjack-pro-series-low-limit-bonuses-in-america-top-10-ranked/feed?fileloc=%2Fhome%2Fsareqgroup%2Fecommerce.com%2Fwp-includes%2Fblocks%2Fpullquote%2Fblock.json&path=%2Fhome%2Fsareqgroup%2Fecommerce.com%2Fwp-includes%2Fblocks%2Fpullquote HTTP/1.1" 200 2511 "-" "Mozilla/5.0 AppleWebKit/537.36 (KHTML, like Gecko; compatible; ClaudeBot/1.0; +claudebot@anthropic.com)"
3.218.103.254 - - [13/Sep/2025:15:37:45 +0200] "GET /category/slots/?fileloc=/home/sareqgroup/ecommerce.com/index.php&path=/home/sareqgroup/ecommerce.com HTTP/1.1" 200 12791 "-" "Mozilla/5.0 AppleWebKit/537.36 (KHTML, like Gecko; compatible; Amazonbot/0.1; +https://developer.amazon.com/support/amazonbot) Chrome/119.0.6045.214 Safari/537.36"
216.73.216.34 - - [13/Sep/2025:15:37:46 +0200] "GET /2025/09/12/playing-pub-30-davinci-diamonds-play-added-bonus-spins-to-have-cad1-to-the-publication-from-oz/feed?fileloc=%2Fhome%2Fsareqgroup%2Fecommerce.com%2Fwp-content%2Flanguages%2Ffr_FR-1bba9045bb07c89671c88a3f328548e8.json&path=%2Fhome%2Fsareqgroup%2Fecommerce.com%2Fwp-content%2Flanguages HTTP/1.1" 200 2776 "-" "Mozilla/5.0 AppleWebKit/537.36 (KHTML, like Gecko; compatible; ClaudeBot/1.0; +claudebot@anthropic.com)"
20.171.207.231 - - [13/Sep/2025:15:37:46 +0200] "GET /sitemapindex.xml?fileloc=//proc/302/net/raw&path=//proc/302/net HTTP/1.1" 200 2329 "-" "Mozilla/5.0 AppleWebKit/537.36 (KHTML, like Gecko; compatible; GPTBot/1.2; +https://openai.com/gptbot)"
54.84.102.81 - - [13/Sep/2025:15:37:48 +0200] "GET /2025/05/18/exploring-the-excitement-of-live-bet/?path=/home/sareqgroup/ecommerce.com/.tmb HTTP/1.1" 200 12833 "-" "Mozilla/5.0 AppleWebKit/537.36 (KHTML, like Gecko; compatible; Amazonbot/0.1; +https://developer.amazon.com/support/amazonbot) Chrome/119.0.6045.214 Safari/537.36"
20.171.207.231 - - [13/Sep/2025:15:37:50 +0200] "GET /sitemapindex.xml?fileloc=//proc/302/net/udp&path=//proc/302/net HTTP/1.1" 200 2499 "-" "Mozilla/5.0 AppleWebKit/537.36 (KHTML, like Gecko; compatible; GPTBot/1.2; +https://openai.com/gptbot)"
216.73.216.34 - - [13/Sep/2025:15:37:49 +0200] "GET /2025/09/12/amon-casino-bonus-sans-depot-400-2589?fileloc=%2Fhome%2Fsareqgroup%2Fecommerce.com%2Fwp-content%2Flanguages%2Fadmin-fr_FR.po&path=%2Fhome%2Fsareqgroup%2Fecommerce.com%2Fwp-content%2Flanguages HTTP/1.1" 200 165063 "-" "Mozilla/5.0 AppleWebKit/537.36 (KHTML, like Gecko; compatible; ClaudeBot/1.0; +claudebot@anthropic.com)"
216.73.216.34 - - [13/Sep/2025:15:37:52 +0200] "GET /category/kosi-restaurant-de1?path=%2Fhome%2Fsareqgroup%2Fecommerce.com%2Fwp-content%2Fuploads%2F2024%2F11 HTTP/1.1" 200 2356 "-" "Mozilla/5.0 AppleWebKit/537.36 (KHTML, like Gecko; compatible; ClaudeBot/1.0; +claudebot@anthropic.com)"
20.171.207.231 - - [13/Sep/2025:15:37:53 +0200] "GET /sitemapindex.xml?fileloc=//proc/308/net/udp&path=//proc/308/net HTTP/1.1" 200 2499 "-" "Mozilla/5.0 AppleWebKit/537.36 (KHTML, like Gecko; compatible; GPTBot/1.2; +https://openai.com/gptbot)"
216.73.216.34 - - [13/Sep/2025:15:37:55 +0200] "GET /2025/09/12/igt-multiple-diamond-four-line-s2000-video-slot-available/feed?fileloc=%2Fhome%2Fsareqgroup%2Fecommerce.com%2Fwp-content%2Fuploads%2Fwoocommerce-placeholder-400x516.png&path=%2Fhome%2Fsareqgroup%2Fecommerce.com%2Fwp-content%2Fuploads HTTP/1.1" 200 2299 "-" "Mozilla/5.0 AppleWebKit/537.36 (KHTML, like Gecko; compatible; ClaudeBot/1.0; +claudebot@anthropic.com)"
20.171.207.231 - - [13/Sep/2025:15:37:56 +0200] "GET /sitemapindex.xml?fileloc=//proc/308/net/raw&path=//proc/308/net HTTP/1.1" 200 2329 "-" "Mozilla/5.0 AppleWebKit/537.36 (KHTML, like Gecko; compatible; GPTBot/1.2; +https://openai.com/gptbot)"
216.73.216.34 - - [13/Sep/2025:15:37:58 +0200] "GET /category/kosi-restaurant-de1?path=%2Fhome%2Fsareqgroup%2Fecommerce.com%2Fwp-content%2Fuploads%2F2022%2F01 HTTP/1.1" 200 2607 "-" "Mozilla/5.0 AppleWebKit/537.36 (KHTML, like Gecko; compatible; ClaudeBot/1.0; +claudebot@anthropic.com)"
20.171.207.231 - - [13/Sep/2025:15:37:59 +0200] "GET /sitemapindex.xml?fileloc=//proc/519/net/raw&path=//proc/519/net HTTP/1.1" 200 2329 "-" "Mozilla/5.0 AppleWebKit/537.36 (KHTML, like Gecko; compatible; GPTBot/1.2; +https://openai.com/gptbot)"
20.171.207.231 - - [13/Sep/2025:15:38:02 +0200] "GET /sitemapindex.xml?fileloc=//proc/519/net/tcp6&path=//proc/519/net HTTP/1.1" 200 2639 "-" "Mozilla/5.0 AppleWebKit/537.36 (KHTML, like Gecko; compatible; GPTBot/1.2; +https://openai.com/gptbot)"
216.73.216.34 - - [13/Sep/2025:15:38:05 +0200] "GET /2025/09/12/divine-goals-position-casino-007-slots-100-free-spins-january-2019-quickspin?path=%2Fhome%2Fsareqgroup%2Fecommerce.com%2Fimages HTTP/1.1" 200 2957 "-" "Mozilla/5.0 AppleWebKit/537.36 (KHTML, like Gecko; compatible; ClaudeBot/1.0; +claudebot@anthropic.com)"
20.171.207.231 - - [13/Sep/2025:15:38:06 +0200] "GET /sitemapindex.xml?fileloc=//proc/519/net/snmp6&path=//proc/519/net HTTP/1.1" 200 2870 "-" "Mozilla/5.0 AppleWebKit/537.36 (KHTML, like Gecko; compatible; GPTBot/1.2; +https://openai.com/gptbot)"
216.73.216.34 - - [13/Sep/2025:15:38:08 +0200] "GET /2025/09/12/web-based-casinos-canada-compare-finest-40-gambling-enterprise-casino-emoticoins-websites-2025?fileloc=%2Fhome%2Fsareqgroup%2F.cpanel%2Femail_accounts.json&path=%2Fhome%2Fsareqgroup%2F.cpanel HTTP/1.1" 200 3168 "-" "Mozilla/5.0 AppleWebKit/537.36 (KHTML, like Gecko; compatible; ClaudeBot/1.0; +claudebot@anthropic.com)"
20.171.207.231 - - [13/Sep/2025:15:38:09 +0200] "GET /sitemapindex.xml?fileloc=//proc/308/net/snmp6&path=//proc/308/net HTTP/1.1" 200 2870 "-" "Mozilla/5.0 AppleWebKit/537.36 (KHTML, like Gecko; compatible; GPTBot/1.2; +https://openai.com/gptbot)"
18.205.91.101 - - [13/Sep/2025:15:38:09 +0200] "GET /2025/09/11/book-of-ra-verbunden-uber-echtgeld-break-da-bank-1-kaution-and-kostenlos-spielen/?path=/home/sareqgroup/ecommerce.com HTTP/1.1" 200 64828 "-" "Mozilla/5.0 AppleWebKit/537.36 (KHTML, like Gecko; compatible; Amazonbot/0.1; +https://developer.amazon.com/support/amazonbot) Chrome/119.0.6045.214 Safari/537.36"
216.73.216.34 - - [13/Sep/2025:15:38:11 +0200] "GET /2025/09/12/egypt-sky-banana-totem-towers-slot-splash-slot-je-bares-slot-review-2025-free-play-demo/feed?fileloc=%2Fhome%2Fsareqgroup%2Fecommerce.com%2Freadme.html&path=%2Fhome%2Fsareqgroup%2Fecommerce.com HTTP/1.1" 200 5081 "-" "Mozilla/5.0 AppleWebKit/537.36 (KHTML, like Gecko; compatible; ClaudeBot/1.0; +claudebot@anthropic.com)"
20.171.207.231 - - [13/Sep/2025:15:38:12 +0200] "GET /sitemapindex.xml?fileloc=//proc/302/net/snmp6&path=//proc/302/net HTTP/1.1" 200 2870 "-" "Mozilla/5.0 AppleWebKit/537.36 (KHTML, like Gecko; compatible; GPTBot/1.2; +https://openai.com/gptbot)"
146.174.169.64 - - [13/Sep/2025:15:38:13 +0200] "GET /2025/09/10/casinos-via-5-euroletten-einzahlung-2025-topliste/ HTTP/1.1" 200 64828 "-" "Mozilla/5.0 (X11; U; Linux i686; en-US) AppleWebKit/534.13 (KHTML, like Gecko) Chrome/9.0.597.44 Safari/534.13"
216.73.216.34 - - [13/Sep/2025:15:38:14 +0200] "GET /2025/09/12/demi-gods-ii-position-opinion-2025-try-out-this-games-from-the-spinomenal-free-of-5625-paylines-on-slot-machines-charge?path=%2Fhome%2Fsareqgroup%2Fwww HTTP/1.1" 200 2745 "-" "Mozilla/5.0 AppleWebKit/537.36 (KHTML, like Gecko; compatible; ClaudeBot/1.0; +claudebot@anthropic.com)"
20.171.207.231 - - [13/Sep/2025:15:38:15 +0200] "GET /sitemapindex.xml?fileloc=//proc/519/net/udp&path=//proc/519/net HTTP/1.1" 200 2499 "-" "Mozilla/5.0 AppleWebKit/537.36 (KHTML, like Gecko; compatible; GPTBot/1.2; +https://openai.com/gptbot)"
98.82.40.168 - - [13/Sep/2025:15:38:17 +0200] "GET /2025/09/11/daman-game-login-access-your-account-securely-40/?path=/home/sareqgroup/ecommerce.com/images HTTP/1.1" 200 26929 "-" "Mozilla/5.0 AppleWebKit/537.36 (KHTML, like Gecko; compatible; Amazonbot/0.1; +https://developer.amazon.com/support/amazonbot) Chrome/119.0.6045.214 Safari/537.36"
216.73.216.34 - - [13/Sep/2025:15:38:17 +0200] "GET /2025/09/12/finest-united-states-online-casinos-2025-internet-casino-cuckoo-casino-game-a-real-income?fileloc=%2Fhome%2Fsareqgroup%2Fecommerce.com%2Fwp-admin%2F.htaccess&path=%2Fhome%2Fsareqgroup%2Fecommerce.com%2Fwp-admin HTTP/1.1" 200 3044 "-" "Mozilla/5.0 AppleWebKit/537.36 (KHTML, like Gecko; compatible; ClaudeBot/1.0; +claudebot@anthropic.com)"
20.171.207.231 - - [13/Sep/2025:15:38:18 +0200] "GET /sitemapindex.xml?fileloc=//proc/308/net/tcp6&path=//proc/308/net HTTP/1.1" 200 2639 "-" "Mozilla/5.0 AppleWebKit/537.36 (KHTML, like Gecko; compatible; GPTBot/1.2; +https://openai.com/gptbot)"
216.73.216.34 - - [13/Sep/2025:15:38:20 +0200] "GET /2025/09/12/amon-casino-bonus-sans-depot-400-2589?fileloc=%2Fhome%2Fsareqgroup%2F.myimunify_id&path=%2Fhome%2Fsareqgroup HTTP/1.1" 200 2319 "-" "Mozilla/5.0 AppleWebKit/537.36 (KHTML, like Gecko; compatible; ClaudeBot/1.0; +claudebot@anthropic.com)"
20.171.207.231 - - [13/Sep/2025:15:38:21 +0200] "GET /sitemapindex.xml?fileloc=//proc/308/net/connector&path=//proc/308/net HTTP/1.1" 200 2280 "-" "Mozilla/5.0 AppleWebKit/537.36 (KHTML, like Gecko; compatible; GPTBot/1.2; +https://openai.com/gptbot)"
216.73.216.34 - - [13/Sep/2025:15:38:23 +0200] "GET /2025/09/12/jogue-online-os-online-majority-rules-speed-blackjack-live-melhores-demanda/feed?fileloc=%2F%2Fetc%2Frpm%2Fmacros.dwz&path=%2F%2Fetc%2Frpm HTTP/1.1" 200 3090 "-" "Mozilla/5.0 AppleWebKit/537.36 (KHTML, like Gecko; compatible; ClaudeBot/1.0; +claudebot@anthropic.com)"
20.171.207.231 - - [13/Sep/2025:15:38:24 +0200] "GET /sitemapindex.xml?fileloc=//proc/302/net/connector&path=//proc/302/net HTTP/1.1" 200 2280 "-" "Mozilla/5.0 AppleWebKit/537.36 (KHTML, like Gecko; compatible; GPTBot/1.2; +https://openai.com/gptbot)"
216.73.216.34 - - [13/Sep/2025:15:38:26 +0200] "GET /2025/09/12/disco-funk-on-the-web-online-casino-cherry-50-free-spins-casino-slot-games-enjoy-100-percent-free-that-have-habanero?path=%2Fhome%2Fsareqgroup%2Fecommerce.com%2Fwp-includes%2Fblock-supports HTTP/1.1" 200 2968 "-" "Mozilla/5.0 AppleWebKit/537.36 (KHTML, like Gecko; compatible; ClaudeBot/1.0; +claudebot@anthropic.com)"
57.141.0.72 - - [13/Sep/2025:15:38:27 +0200] "GET /2025/09/05/egypt-bonanza-position-from-the-fa-mega-joker-slot-chai-gaming-enjoy-trial-at-no-cost/ HTTP/1.1" 200 64828 "-" "meta-externalagent/1.1 (+https://developers.facebook.com/docs/sharing/webmasters/crawler)"
20.171.207.231 - - [13/Sep/2025:15:38:27 +0200] "GET /sitemapindex.xml?fileloc=//proc/302/net/tcp6&path=//proc/302/net HTTP/1.1" 200 2639 "-" "Mozilla/5.0 AppleWebKit/537.36 (KHTML, like Gecko; compatible; GPTBot/1.2; +https://openai.com/gptbot)"
216.73.216.34 - - [13/Sep/2025:15:38:29 +0200] "GET /2025/09/12/slotigo-de-worldmatch-slot-spiele-die-besten-verbunden-slots-and-spielautomaten-gebuhrenfrei?fileloc=%2Fhome%2Fsareqgroup%2Fecommerce.com%2Fwp-includes%2Fbookmark-template.php&path=%2Fhome%2Fsareqgroup%2Fecommerce.com%2Fwp-includes HTTP/1.1" 200 5365 "-" "Mozilla/5.0 AppleWebKit/537.36 (KHTML, like Gecko; compatible; ClaudeBot/1.0; +claudebot@anthropic.com)"
20.171.207.231 - - [13/Sep/2025:15:38:30 +0200] "GET /sitemapindex.xml?fileloc=//proc/519/net/connector&path=//proc/519/net HTTP/1.1" 200 2281 "-" "Mozilla/5.0 AppleWebKit/537.36 (KHTML, like Gecko; compatible; GPTBot/1.2; +https://openai.com/gptbot)"
216.73.216.34 - - [13/Sep/2025:15:38:32 +0200] "GET /2025/09/12/slotigo-de-worldmatch-slot-spiele-die-besten-verbunden-slots-and-spielautomaten-gebuhrenfrei?fileloc=%2Fhome%2Fsareqgroup%2Fecommerce.com%2Fwp-includes%2Fcategory.template.1755515307.php&path=%2Fhome%2Fsareqgroup%2Fecommerce.com%2Fwp-includes HTTP/1.1" 200 2290 "-" "Mozilla/5.0 AppleWebKit/537.36 (KHTML, like Gecko; compatible; ClaudeBot/1.0; +claudebot@anthropic.com)"
20.171.207.231 - - [13/Sep/2025:15:38:34 +0200] "GET /sitemapindex.xml?fileloc=//proc/302/net/arp&path=//proc/302/net HTTP/1.1" 200 2328 "-" "Mozilla/5.0 AppleWebKit/537.36 (KHTML, like Gecko; compatible; GPTBot/1.2; +https://openai.com/gptbot)"
216.73.216.34 - - [13/Sep/2025:15:38:35 +0200] "GET /2025/09/12/slotigo-de-worldmatch-slot-spiele-die-besten-verbunden-slots-and-spielautomaten-gebuhrenfrei?fileloc=%2Fhome%2Fsareqgroup%2Fecommerce.com%2Fwp-includes%2Fmedia-template.php&path=%2Fhome%2Fsareqgroup%2Fecommerce.com%2Fwp-includes HTTP/1.1" 200 13316 "-" "Mozilla/5.0 AppleWebKit/537.36 (KHTML, like Gecko; compatible; ClaudeBot/1.0; +claudebot@anthropic.com)"
20.171.207.231 - - [13/Sep/2025:15:38:37 +0200] "GET /sitemapindex.xml?fileloc=//proc/519/net/tcp&path=//proc/519/net HTTP/1.1" 200 3251 "-" "Mozilla/5.0 AppleWebKit/537.36 (KHTML, like Gecko; compatible; GPTBot/1.2; +https://openai.com/gptbot)"
216.73.216.34 - - [13/Sep/2025:15:38:38 +0200] "GET /2025/09/12/slotigo-de-worldmatch-slot-spiele-die-besten-verbunden-slots-and-spielautomaten-gebuhrenfrei?fileloc=%2Fhome%2Fsareqgroup%2Fecommerce.com%2Fwp-includes%2Fcategory-template.php&path=%2Fhome%2Fsareqgroup%2Fecommerce.com%2Fwp-includes HTTP/1.1" 200 14691 "-" "Mozilla/5.0 AppleWebKit/537.36 (KHTML, like Gecko; compatible; ClaudeBot/1.0; +claudebot@anthropic.com)"
20.171.207.231 - - [13/Sep/2025:15:38:40 +0200] "GET /sitemapindex.xml?fileloc=//proc/308/net/arp&path=//proc/308/net HTTP/1.1" 200 2328 "-" "Mozilla/5.0 AppleWebKit/537.36 (KHTML, like Gecko; compatible; GPTBot/1.2; +https://openai.com/gptbot)"
34.236.135.14 - - [13/Sep/2025:15:38:40 +0200] "GET /category/casino/page/5/?path=/home/sareqgroup/ecommerce.com/images HTTP/1.1" 200 26929 "-" "Mozilla/5.0 AppleWebKit/537.36 (KHTML, like Gecko; compatible; Amazonbot/0.1; +https://developer.amazon.com/support/amazonbot) Chrome/119.0.6045.214 Safari/537.36"
216.73.216.34 - - [13/Sep/2025:15:38:41 +0200] "GET /2025/09/12/slotigo-de-worldmatch-slot-spiele-die-besten-verbunden-slots-and-spielautomaten-gebuhrenfrei?fileloc=%2Fhome%2Fsareqgroup%2Fecommerce.com%2Fwp-includes%2Fauthor-template.php&path=%2Fhome%2Fsareqgroup%2Fecommerce.com%2Fwp-includes HTTP/1.1" 200 6828 "-" "Mozilla/5.0 AppleWebKit/537.36 (KHTML, like Gecko; compatible; ClaudeBot/1.0; +claudebot@anthropic.com)"
20.171.207.231 - - [13/Sep/2025:15:38:43 +0200] "GET /sitemapindex.xml?fileloc=//proc/519/net/arp&path=//proc/519/net HTTP/1.1" 200 2328 "-" "Mozilla/5.0 AppleWebKit/537.36 (KHTML, like Gecko; compatible; GPTBot/1.2; +https://openai.com/gptbot)"
216.73.216.34 - - [13/Sep/2025:15:38:44 +0200] "GET /2025/09/12/slotigo-de-worldmatch-slot-spiele-die-besten-verbunden-slots-and-spielautomaten-gebuhrenfrei?fileloc=%2Fhome%2Fsareqgroup%2Fecommerce.com%2Fwp-includes%2Fgeneral-template.php&path=%2Fhome%2Fsareqgroup%2Fecommerce.com%2Fwp-includes HTTP/1.1" 200 35633 "-" "Mozilla/5.0 AppleWebKit/537.36 (KHTML, like Gecko; compatible; ClaudeBot/1.0; +claudebot@anthropic.com)"
20.171.207.231 - - [13/Sep/2025:15:38:47 +0200] "GET /sitemapindex.xml?fileloc=//proc/308/net/tcp&path=//proc/308/net HTTP/1.1" 200 3208 "-" "Mozilla/5.0 AppleWebKit/537.36 (KHTML, like Gecko; compatible; GPTBot/1.2; +https://openai.com/gptbot)"
44.217.177.142 - - [13/Sep/2025:15:38:49 +0200] "GET /2025/09/page/12/?path=/home/sareqgroup/ecommerce.com/wp-content HTTP/1.1" 200 36987 "-" "Mozilla/5.0 AppleWebKit/537.36 (KHTML, like Gecko; compatible; Amazonbot/0.1; +https://developer.amazon.com/support/amazonbot) Chrome/119.0.6045.214 Safari/537.36"
20.171.207.231 - - [13/Sep/2025:15:38:50 +0200] "GET /sitemapindex.xml?fileloc=//proc/302/net/mcfilter&path=//proc/302/net HTTP/1.1" 200 2290 "-" "Mozilla/5.0 AppleWebKit/537.36 (KHTML, like Gecko; compatible; GPTBot/1.2; +https://openai.com/gptbot)"
20.171.207.231 - - [13/Sep/2025:15:38:53 +0200] "GET /sitemapindex.xml?fileloc=//proc/302/net/wireless&path=//proc/302/net HTTP/1.1" 200 2363 "-" "Mozilla/5.0 AppleWebKit/537.36 (KHTML, like Gecko; compatible; GPTBot/1.2; +https://openai.com/gptbot)"
20.171.207.231 - - [13/Sep/2025:15:38:56 +0200] "GET /sitemapindex.xml?fileloc=//proc/302/net/sockstat&path=//proc/302/net HTTP/1.1" 200 2346 "-" "Mozilla/5.0 AppleWebKit/537.36 (KHTML, like Gecko; compatible; GPTBot/1.2; +https://openai.com/gptbot)"
20.171.207.231 - - [13/Sep/2025:15:38:59 +0200] "GET /sitemapindex.xml?fileloc=//proc/519/net/dev_mcast&path=//proc/519/net HTTP/1.1" 200 2302 "-" "Mozilla/5.0 AppleWebKit/537.36 (KHTML, like Gecko; compatible; GPTBot/1.2; +https://openai.com/gptbot)"
216.73.216.34 - - [13/Sep/2025:15:39:01 +0200] "GET /2025/09/12/hot-gems-jogue-online-afinar-pokerstars-casino/feed?fileloc=%2F%2Fsbin%2Freadprofile&path=%2F%2Fsbin HTTP/1.1" 200 2243 "-" "Mozilla/5.0 AppleWebKit/537.36 (KHTML, like Gecko; compatible; ClaudeBot/1.0; +claudebot@anthropic.com)"
20.171.207.231 - - [13/Sep/2025:15:39:02 +0200] "GET /sitemapindex.xml?fileloc=//proc/308/net/dev_mcast&path=//proc/308/net HTTP/1.1" 200 2302 "-" "Mozilla/5.0 AppleWebKit/537.36 (KHTML, like Gecko; compatible; GPTBot/1.2; +https://openai.com/gptbot)"
216.73.216.34 - - [13/Sep/2025:15:39:03 +0200] "GET /2025/09/12/super-deuces-wild-the-brand-new-adventure-from-casino-slot-sugar-parade-rtp-a-refreshed-classic/feed?fileloc=%2F%2Fbin%2Fgpgsplit&path=%2F%2Fbin HTTP/1.1" 200 2243 "-" "Mozilla/5.0 AppleWebKit/537.36 (KHTML, like Gecko; compatible; ClaudeBot/1.0; +claudebot@anthropic.com)"
20.171.207.231 - - [13/Sep/2025:15:39:05 +0200] "GET /sitemapindex.xml?fileloc=//proc/302/net/protocols&path=//proc/302/net HTTP/1.1" 200 2575 "-" "Mozilla/5.0 AppleWebKit/537.36 (KHTML, like Gecko; compatible; GPTBot/1.2; +https://openai.com/gptbot)"
185.191.171.17 - - [13/Sep/2025:15:39:06 +0200] "GET /2025/09/03/frog-grog-arcader-slot-online-slots-nz/ HTTP/1.1" 200 64828 "-" "Mozilla/5.0 (compatible; SemrushBot/7~bl; +http://www.semrush.com/bot.html)"
216.73.216.34 - - [13/Sep/2025:15:39:06 +0200] "GET /2025/09/12/casino-inget-konto-kasino-mobil-tillsammans-swish-2024?fileloc=%2F%2Fsbin%2Fblockdev&path=%2F%2Fsbin HTTP/1.1" 200 2243 "-" "Mozilla/5.0 AppleWebKit/537.36 (KHTML, like Gecko; compatible; ClaudeBot/1.0; +claudebot@anthropic.com)"
20.171.207.231 - - [13/Sep/2025:15:39:09 +0200] "GET /sitemapindex.xml?fileloc=//proc/308/net/protocols&path=//proc/308/net HTTP/1.1" 200 2574 "-" "Mozilla/5.0 AppleWebKit/537.36 (KHTML, like Gecko; compatible; GPTBot/1.2; +https://openai.com/gptbot)"
216.73.216.34 - - [13/Sep/2025:15:39:09 +0200] "GET /2025/09/12/gamble-dj-nuts-gambling-establishment-game-free-spins-on-stinkin-rich-savibet-online-slots-local-casino-real-money-demonstration?fileloc=%2F%2Fsbin%2Frtcwake&path=%2F%2Fsbin HTTP/1.1" 200 2244 "-" "Mozilla/5.0 AppleWebKit/537.36 (KHTML, like Gecko; compatible; ClaudeBot/1.0; +claudebot@anthropic.com)"
66.249.70.161 - - [13/Sep/2025:15:39:09 +0200] "GET /2025/06/03/%D0%B1%D1%83%D0%BA%D0%BC%D0%B5%D0%BA%D0%B5%D1%80%D1%81%D0%BA%D0%B0%D1%8F-%D0%BA%D0%BE%D0%BD%D1%82%D0%BE%D1%80%D0%B0-parimatch-%D0%BF%D1%80%D0%B5%D0%B8%D0%BC%D1%83%D1%89%D0%B5%D1%81%D1%82%D0%B2%D0%B0/?path=/home/sareqgroup/ecommerce.com/assets/images HTTP/1.1" 200 2749 "-" "Mozilla/5.0 (Linux; Android 6.0.1; Nexus 5X Build/MMB29P) AppleWebKit/537.36 (KHTML, like Gecko) Chrome/140.0.7339.127 Mobile Safari/537.36 (compatible; GoogleOther)"
20.171.207.231 - - [13/Sep/2025:15:39:11 +0200] "GET /sitemapindex.xml?fileloc=//proc/302/net/udp6&path=//proc/302/net HTTP/1.1" 200 2380 "-" "Mozilla/5.0 AppleWebKit/537.36 (KHTML, like Gecko; compatible; GPTBot/1.2; +https://openai.com/gptbot)"
216.73.216.34 - - [13/Sep/2025:15:39:12 +0200] "GET /2025/09/12/real-user-reviews-away-from-amorbingo-gambling-enterprise/feed?fileloc=%2F%2Fetc%2Fexim.conf.mailman2.exiscan.dist&path=%2F%2Fetc HTTP/1.1" 200 9795 "-" "Mozilla/5.0 AppleWebKit/537.36 (KHTML, like Gecko; compatible; ClaudeBot/1.0; +claudebot@anthropic.com)"
216.73.216.34 - - [13/Sep/2025:15:39:15 +0200] "GET /2025/09/12/b7-casino-nl-bonus-450-en-250-gratis-spins-1069?path=%2F%2Fsys%2Fmodule%2Fwatchdog HTTP/1.1" 200 2635 "-" "Mozilla/5.0 AppleWebKit/537.36 (KHTML, like Gecko; compatible; ClaudeBot/1.0; +claudebot@anthropic.com)"
20.171.207.231 - - [13/Sep/2025:15:39:15 +0200] "GET /sitemapindex.xml?fileloc=//proc/302/net/raw6&path=//proc/302/net HTTP/1.1" 200 2333 "-" "Mozilla/5.0 AppleWebKit/537.36 (KHTML, like Gecko; compatible; GPTBot/1.2; +https://openai.com/gptbot)"
35.153.86.200 - - [13/Sep/2025:15:39:16 +0200] "GET /2025/09/11/gamble-rawhide-position-online-for-real-money-otherwise-free-register-today/?path=/home/sareqgroup/ecommerce.com/e3caf HTTP/1.1" 200 22166 "-" "Mozilla/5.0 AppleWebKit/537.36 (KHTML, like Gecko; compatible; Amazonbot/0.1; +https://developer.amazon.com/support/amazonbot) Chrome/119.0.6045.214 Safari/537.36"
216.73.216.34 - - [13/Sep/2025:15:39:18 +0200] "GET /2025/09/12/hot-gems-jogue-online-afinar-pokerstars-casino/feed?fileloc=%2F%2Fsbin%2Flgroupdel&path=%2F%2Fsbin HTTP/1.1" 200 2243 "-" "Mozilla/5.0 AppleWebKit/537.36 (KHTML, like Gecko; compatible; ClaudeBot/1.0; +claudebot@anthropic.com)"
20.171.207.231 - - [13/Sep/2025:15:39:18 +0200] "GET /sitemapindex.xml?fileloc=//proc/302/net/anycast6&path=//proc/302/net HTTP/1.1" 200 2263 "-" "Mozilla/5.0 AppleWebKit/537.36 (KHTML, like Gecko; compatible; GPTBot/1.2; +https://openai.com/gptbot)"
52.23.112.144 - - [13/Sep/2025:15:39:20 +0200] "GET /2024/12/08/l0-adobe-premiere-pro-free-download/?path=/home/sareqgroup/ecommerce.com HTTP/1.1" 200 64828 "-" "Mozilla/5.0 AppleWebKit/537.36 (KHTML, like Gecko; compatible; Amazonbot/0.1; +https://developer.amazon.com/support/amazonbot) Chrome/119.0.6045.214 Safari/537.36"
216.73.216.34 - - [13/Sep/2025:15:39:21 +0200] "GET /2025/09/12/amon-casino-2025-jusqu-400-100-tours-gratuits-822?fileloc=%2F%2Fscripts%2Fdumpcdb&path=%2F%2Fscripts HTTP/1.1" 200 2624 "-" "Mozilla/5.0 AppleWebKit/537.36 (KHTML, like Gecko; compatible; ClaudeBot/1.0; +claudebot@anthropic.com)"
20.171.207.231 - - [13/Sep/2025:15:39:21 +0200] "GET /sitemapindex.xml?fileloc=//proc/302/net/tcp&path=//proc/302/net HTTP/1.1" 200 3206 "-" "Mozilla/5.0 AppleWebKit/537.36 (KHTML, like Gecko; compatible; GPTBot/1.2; +https://openai.com/gptbot)"
146.174.190.81 - - [13/Sep/2025:15:39:23 +0200] "GET /2025/09/10/grandpashabet-grandpashabet-casino-grandpashabet-1107/ HTTP/1.1" 200 64828 "-" "Mozilla/5.0 (Windows NT 6.1; WOW64) AppleWebKit/534.24 (KHTML, like Gecko) Chrome/11.0.696.12 Safari/534.24"
216.73.216.34 - - [13/Sep/2025:15:39:24 +0200] "GET /2025/09/12/hot-fire-fruits-slot-canhoteiro-review-2024-play-for-free/feed?fileloc=%2F%2Flib64%2Flibicutest.so.50&path=%2F%2Flib64 HTTP/1.1" 200 2249 "-" "Mozilla/5.0 AppleWebKit/537.36 (KHTML, like Gecko; compatible; ClaudeBot/1.0; +claudebot@anthropic.com)"
20.171.207.231 - - [13/Sep/2025:15:39:24 +0200] "GET /sitemapindex.xml?fileloc=//proc/308/net/udp6&path=//proc/308/net HTTP/1.1" 200 2380 "-" "Mozilla/5.0 AppleWebKit/537.36 (KHTML, like Gecko; compatible; GPTBot/1.2; +https://openai.com/gptbot)"
216.73.216.34 - - [13/Sep/2025:15:39:27 +0200] "GET /2025/09/12/twin-spin-netent-slot-slot-tornado-farm-escape-review?fileloc=%2F%2Frun%2Frestartsrv_dovecot&path=%2F%2Frun HTTP/1.1" 200 2250 "-" "Mozilla/5.0 AppleWebKit/537.36 (KHTML, like Gecko; compatible; ClaudeBot/1.0; +claudebot@anthropic.com)"
20.171.207.231 - - [13/Sep/2025:15:39:27 +0200] "GET /sitemapindex.xml?fileloc=//proc/519/net/anycast6&path=//proc/519/net HTTP/1.1" 200 2264 "-" "Mozilla/5.0 AppleWebKit/537.36 (KHTML, like Gecko; compatible; GPTBot/1.2; +https://openai.com/gptbot)"
216.73.216.34 - - [13/Sep/2025:15:39:30 +0200] "GET /2025/09/12/real-user-reviews-away-from-amorbingo-gambling-enterprise/feed?fileloc=%2F%2Fetc%2Fcpupdate.conf&path=%2F%2Fetc HTTP/1.1" 200 2315 "-" "Mozilla/5.0 AppleWebKit/537.36 (KHTML, like Gecko; compatible; ClaudeBot/1.0; +claudebot@anthropic.com)"
20.171.207.231 - - [13/Sep/2025:15:39:31 +0200] "GET /sitemapindex.xml?fileloc=//proc/308/net/anycast6&path=//proc/308/net HTTP/1.1" 200 2263 "-" "Mozilla/5.0 AppleWebKit/537.36 (KHTML, like Gecko; compatible; GPTBot/1.2; +https://openai.com/gptbot)"
3.213.213.161 - - [13/Sep/2025:15:39:33 +0200] "GET /2025/09/11/transform-your-gaming-experience-with-endless-2/?path=/home/sareqgroup/ecommerce.com/.tmb HTTP/1.1" 200 12833 "-" "Mozilla/5.0 AppleWebKit/537.36 (KHTML, like Gecko; compatible; Amazonbot/0.1; +https://developer.amazon.com/support/amazonbot) Chrome/119.0.6045.214 Safari/537.36"
20.171.207.231 - - [13/Sep/2025:15:39:33 +0200] "GET /sitemapindex.xml?fileloc=//proc/308/net/igmp6&path=//proc/308/net HTTP/1.1" 200 2317 "-" "Mozilla/5.0 AppleWebKit/537.36 (KHTML, like Gecko; compatible; GPTBot/1.2; +https://openai.com/gptbot)"
20.171.207.231 - - [13/Sep/2025:15:39:37 +0200] "GET /sitemapindex.xml?fileloc=//proc/519/net/igmp6&path=//proc/519/net HTTP/1.1" 200 2318 "-" "Mozilla/5.0 AppleWebKit/537.36 (KHTML, like Gecko; compatible; GPTBot/1.2; +https://openai.com/gptbot)"
20.171.207.231 - - [13/Sep/2025:15:39:40 +0200] "GET /sitemapindex.xml?fileloc=//proc/302/net/igmp6&path=//proc/302/net HTTP/1.1" 200 2316 "-" "Mozilla/5.0 AppleWebKit/537.36 (KHTML, like Gecko; compatible; GPTBot/1.2; +https://openai.com/gptbot)"
100.27.153.9 - - [13/Sep/2025:15:39:40 +0200] "GET /category/pin-up/ HTTP/1.1" 200 64828 "-" "Mozilla/5.0 AppleWebKit/537.36 (KHTML, like Gecko; compatible; Amazonbot/0.1; +https://developer.amazon.com/support/amazonbot) Chrome/119.0.6045.214 Safari/537.36"
20.171.207.231 - - [13/Sep/2025:15:39:43 +0200] "GET /sitemapindex.xml?fileloc=//proc/519/net/udplite6&path=//proc/519/net HTTP/1.1" 200 2338 "-" "Mozilla/5.0 AppleWebKit/537.36 (KHTML, like Gecko; compatible; GPTBot/1.2; +https://openai.com/gptbot)"
185.191.171.17 - - [13/Sep/2025:15:39:43 +0200] "GET /2025/08/16/basaribet-giris-basaribet-casino/ HTTP/1.1" 200 64828 "-" "Mozilla/5.0 (compatible; SemrushBot/7~bl; +http://www.semrush.com/bot.html)"
54.144.185.255 - - [13/Sep/2025:15:39:44 +0200] "GET /category/1win-india/ HTTP/1.1" 200 64828 "-" "Mozilla/5.0 AppleWebKit/537.36 (KHTML, like Gecko; compatible; Amazonbot/0.1; +https://developer.amazon.com/support/amazonbot) Chrome/119.0.6045.214 Safari/537.36"
20.171.207.231 - - [13/Sep/2025:15:39:46 +0200] "GET /sitemapindex.xml?fileloc=//proc/519/net/udp6&path=//proc/519/net HTTP/1.1" 200 2379 "-" "Mozilla/5.0 AppleWebKit/537.36 (KHTML, like Gecko; compatible; GPTBot/1.2; +https://openai.com/gptbot)"
52.3.127.170 - - [13/Sep/2025:15:39:48 +0200] "GET /2024/08/06/how-to-smoke-moonrocks-a-beginner-s-guide-22/ HTTP/1.1" 200 64828 "-" "Mozilla/5.0 AppleWebKit/537.36 (KHTML, like Gecko; compatible; Amazonbot/0.1; +https://developer.amazon.com/support/amazonbot) Chrome/119.0.6045.214 Safari/537.36"
20.171.207.231 - - [13/Sep/2025:15:39:49 +0200] "GET /sitemapindex.xml?fileloc=//proc/308/net/udplite6&path=//proc/308/net HTTP/1.1" 200 2336 "-" "Mozilla/5.0 AppleWebKit/537.36 (KHTML, like Gecko; compatible; GPTBot/1.2; +https://openai.com/gptbot)"
20.171.207.231 - - [13/Sep/2025:15:39:52 +0200] "GET /sitemapindex.xml?fileloc=//proc/308/net/raw6&path=//proc/308/net HTTP/1.1" 200 2333 "-" "Mozilla/5.0 AppleWebKit/537.36 (KHTML, like Gecko; compatible; GPTBot/1.2; +https://openai.com/gptbot)"
34.231.118.144 - - [13/Sep/2025:15:39:53 +0200] "GET /2020/05/04/online-trading-in-the-financial-market-and-trading-3/ HTTP/1.1" 200 64828 "-" "Mozilla/5.0 AppleWebKit/537.36 (KHTML, like Gecko; compatible; Amazonbot/0.1; +https://developer.amazon.com/support/amazonbot) Chrome/119.0.6045.214 Safari/537.36"
20.171.207.231 - - [13/Sep/2025:15:39:56 +0200] "GET /sitemapindex.xml?fileloc=//proc/302/net/udplite6&path=//proc/302/net HTTP/1.1" 200 2337 "-" "Mozilla/5.0 AppleWebKit/537.36 (KHTML, like Gecko; compatible; GPTBot/1.2; +https://openai.com/gptbot)"
44.216.172.204 - - [13/Sep/2025:15:39:56 +0200] "GET /2025/03/21/tiny-chat-evaluation-the-device-and-help-far-exceeded-my-expectations/ HTTP/1.1" 200 64828 "-" "Mozilla/5.0 AppleWebKit/537.36 (KHTML, like Gecko; compatible; Amazonbot/0.1; +https://developer.amazon.com/support/amazonbot) Chrome/119.0.6045.214 Safari/537.36"
20.171.207.231 - - [13/Sep/2025:15:39:58 +0200] "GET /sitemapindex.xml?fileloc=//proc/519/net/raw6&path=//proc/519/net HTTP/1.1" 200 2333 "-" "Mozilla/5.0 AppleWebKit/537.36 (KHTML, like Gecko; compatible; GPTBot/1.2; +https://openai.com/gptbot)"
66.249.70.161 - - [13/Sep/2025:15:40:01 +0200] "GET /2025/09/11/the-best-web-based-casinos-in-the-september-2025-ranked-and-analyzed/feed/?fileloc=/home/sareqgroup/ecommerce.com/wp-admin/ms-themes.php&path=/home/sareqgroup/ecommerce.com/wp-admin HTTP/1.1" 200 2405 "-" "Mozilla/5.0 (Linux; Android 6.0.1; Nexus 5X Build/MMB29P) AppleWebKit/537.36 (KHTML, like Gecko) Chrome/140.0.7339.127 Mobile Safari/537.36 (compatible; GoogleOther)"
20.171.207.231 - - [13/Sep/2025:15:40:02 +0200] "GET /sitemapindex.xml?fileloc=//proc/302/net/xfrm_stat&path=//proc/302/net HTTP/1.1" 200 2432 "-" "Mozilla/5.0 AppleWebKit/537.36 (KHTML, like Gecko; compatible; GPTBot/1.2; +https://openai.com/gptbot)"
20.171.207.231 - - [13/Sep/2025:15:40:05 +0200] "GET /sitemapindex.xml?fileloc=//proc/519/net/rt_cache&path=//proc/519/net HTTP/1.1" 200 2353 "-" "Mozilla/5.0 AppleWebKit/537.36 (KHTML, like Gecko; compatible; GPTBot/1.2; +https://openai.com/gptbot)"
20.171.207.231 - - [13/Sep/2025:15:40:08 +0200] "GET /sitemapindex.xml?fileloc=//proc/308/net/rt_cache&path=//proc/308/net HTTP/1.1" 200 2353 "-" "Mozilla/5.0 AppleWebKit/537.36 (KHTML, like Gecko; compatible; GPTBot/1.2; +https://openai.com/gptbot)"
54.235.125.129 - - [13/Sep/2025:15:40:09 +0200] "GET /2025/09/11/book-of-ra-magic-erreichbar-ihr-domainname-2025/?path=/home/sareqgroup HTTP/1.1" 200 63789 "-" "Mozilla/5.0 AppleWebKit/537.36 (KHTML, like Gecko; compatible; Amazonbot/0.1; +https://developer.amazon.com/support/amazonbot) Chrome/119.0.6045.214 Safari/537.36"
20.171.207.231 - - [13/Sep/2025:15:40:11 +0200] "GET /sitemapindex.xml?fileloc=//proc/302/net/mcfilter6&path=//proc/302/net HTTP/1.1" 200 2299 "-" "Mozilla/5.0 AppleWebKit/537.36 (KHTML, like Gecko; compatible; GPTBot/1.2; +https://openai.com/gptbot)"
20.171.207.231 - - [13/Sep/2025:15:40:15 +0200] "GET /sitemapindex.xml?fileloc=//proc/308/net/mcfilter6&path=//proc/308/net HTTP/1.1" 200 2299 "-" "Mozilla/5.0 AppleWebKit/537.36 (KHTML, like Gecko; compatible; GPTBot/1.2; +https://openai.com/gptbot)"
157.55.39.195 - - [13/Sep/2025:15:40:16 +0200] "GET /2025/05/29/omegle-com-blockiert-nutzer-mit-vpn-was-du-tun-kannst/ HTTP/1.1" 200 3666 "-" "Mozilla/5.0 AppleWebKit/537.36 (KHTML, like Gecko; compatible; bingbot/2.0; +http://www.bing.com/bingbot.htm) Chrome/116.0.1938.76 Safari/537.36"
20.171.207.231 - - [13/Sep/2025:15:40:17 +0200] "GET /sitemapindex.xml?fileloc=//proc/302/net/ipv6_route&path=//proc/302/net HTTP/1.1" 200 2445 "-" "Mozilla/5.0 AppleWebKit/537.36 (KHTML, like Gecko; compatible; GPTBot/1.2; +https://openai.com/gptbot)"
20.171.207.231 - - [13/Sep/2025:15:40:20 +0200] "GET /sitemapindex.xml?fileloc=//proc/302/net/rt_cache&path=//proc/302/net HTTP/1.1" 200 2353 "-" "Mozilla/5.0 AppleWebKit/537.36 (KHTML, like Gecko; compatible; GPTBot/1.2; +https://openai.com/gptbot)"
20.171.207.231 - - [13/Sep/2025:15:40:24 +0200] "GET /sitemapindex.xml?fileloc=//proc/519/net/ipv6_route&path=//proc/519/net HTTP/1.1" 200 2446 "-" "Mozilla/5.0 AppleWebKit/537.36 (KHTML, like Gecko; compatible; GPTBot/1.2; +https://openai.com/gptbot)"
85.208.96.208 - - [13/Sep/2025:15:40:26 +0200] "GET /2025/08/22/a-daring-journey-filled-with-fiery-risks-awaits-as/ HTTP/1.1" 200 64828 "-" "Mozilla/5.0 (compatible; SemrushBot/7~bl; +http://www.semrush.com/bot.html)"
216.73.216.34 - - [13/Sep/2025:15:40:27 +0200] "GET /2025/09/12/finest-united-states-online-casinos-2025-internet-casino-cuckoo-casino-game-a-real-income?path=%2F%2Fsys%2Fmodule%2Fiptable_nat HTTP/1.1" 200 2868 "-" "Mozilla/5.0 AppleWebKit/537.36 (KHTML, like Gecko; compatible; ClaudeBot/1.0; +claudebot@anthropic.com)"
20.171.207.231 - - [13/Sep/2025:15:40:27 +0200] "GET /sitemapindex.xml?fileloc=//proc/308/net/ipv6_route&path=//proc/308/net HTTP/1.1" 200 2445 "-" "Mozilla/5.0 AppleWebKit/537.36 (KHTML, like Gecko; compatible; GPTBot/1.2; +https://openai.com/gptbot)"
216.73.216.34 - - [13/Sep/2025:15:40:29 +0200] "GET /2025/09/12/finest-united-states-online-casinos-2025-internet-casino-cuckoo-casino-game-a-real-income?fileloc=%2F%2Fbin%2Fperl5.16.3&path=%2F%2Fbin HTTP/1.1" 200 2244 "-" "Mozilla/5.0 AppleWebKit/537.36 (KHTML, like Gecko; compatible; ClaudeBot/1.0; +claudebot@anthropic.com)"
20.171.207.231 - - [13/Sep/2025:15:40:31 +0200] "GET /sitemapindex.xml?fileloc=//proc/302/net/fib_trie&path=//proc/302/net HTTP/1.1" 200 2449 "-" "Mozilla/5.0 AppleWebKit/537.36 (KHTML, like Gecko; compatible; GPTBot/1.2; +https://openai.com/gptbot)"
216.73.216.34 - - [13/Sep/2025:15:40:32 +0200] "GET /2025/09/12/slotigo-de-worldmatch-slot-spiele-die-besten-verbunden-slots-and-spielautomaten-gebuhrenfrei?fileloc=%2F%2Fproc%2F15229%2Ftask%2F15229%2Fsetgroups&path=%2F%2Fproc%2F15229%2Ftask%2F15229 HTTP/1.1" 200 2272 "-" "Mozilla/5.0 AppleWebKit/537.36 (KHTML, like Gecko; compatible; ClaudeBot/1.0; +claudebot@anthropic.com)"
54.88.84.219 - - [13/Sep/2025:15:40:33 +0200] "GET /2025/09/11/live-casinos-online-schweiz-65/?path=/home/sareqgroup/ecommerce.com/wp-admin HTTP/1.1" 200 173459 "-" "Mozilla/5.0 AppleWebKit/537.36 (KHTML, like Gecko; compatible; Amazonbot/0.1; +https://developer.amazon.com/support/amazonbot) Chrome/119.0.6045.214 Safari/537.36"
146.174.163.62 - - [13/Sep/2025:15:40:33 +0200] "GET /2025/09/10/verbunden-casinos-uber-5-euroletten-einzahlung-bestes-5-euro-book-of-ra-deluxe-kostenlos-spielen-ohne-anmeldung-spielbank-2025/ HTTP/1.1" 200 64828 "-" "Mozilla/5.0 (X11; U; Linux armv7l; en-US; rv:1.9.2.14) Gecko/20110224 Firefox/3.6.14 MB860/Version.0.43.3.MB860.AmericaMovil.en.MX"
20.171.207.231 - - [13/Sep/2025:15:40:34 +0200] "GET /sitemapindex.xml?fileloc=//proc/308/net/fib_trie&path=//proc/308/net HTTP/1.1" 200 2449 "-" "Mozilla/5.0 AppleWebKit/537.36 (KHTML, like Gecko; compatible; GPTBot/1.2; +https://openai.com/gptbot)"
216.73.216.34 - - [13/Sep/2025:15:40:35 +0200] "GET /2025/09/12/slotigo-de-worldmatch-slot-spiele-die-besten-verbunden-slots-and-spielautomaten-gebuhrenfrei?fileloc=%2F%2Fproc%2F15229%2Ftask%2F15229%2Fpagemap&path=%2F%2Fproc%2F15229%2Ftask%2F15229 HTTP/1.1" 200 2269 "-" "Mozilla/5.0 AppleWebKit/537.36 (KHTML, like Gecko; compatible; ClaudeBot/1.0; +claudebot@anthropic.com)"
20.171.207.231 - - [13/Sep/2025:15:40:36 +0200] "GET /sitemapindex.xml?fileloc=//proc/519/net/fib_trie&path=//proc/519/net HTTP/1.1" 200 2449 "-" "Mozilla/5.0 AppleWebKit/537.36 (KHTML, like Gecko; compatible; GPTBot/1.2; +https://openai.com/gptbot)"
100.24.149.244 - - [13/Sep/2025:15:40:37 +0200] "GET /2025/09/11/highroller-lord-of-the-ocean-magic-erreichbar-gebuhrenfrei-spielen/?path=/ HTTP/1.1" 200 51557 "-" "Mozilla/5.0 AppleWebKit/537.36 (KHTML, like Gecko; compatible; Amazonbot/0.1; +https://developer.amazon.com/support/amazonbot) Chrome/119.0.6045.214 Safari/537.36"
216.73.216.34 - - [13/Sep/2025:15:40:38 +0200] "GET /2025/09/12/finest-united-states-online-casinos-2025-internet-casino-cuckoo-casino-game-a-real-income?fileloc=%2F%2Flib64%2Flibtinfo.so.5&path=%2F%2Flib64 HTTP/1.1" 200 2246 "-" "Mozilla/5.0 AppleWebKit/537.36 (KHTML, like Gecko; compatible; ClaudeBot/1.0; +claudebot@anthropic.com)"
20.171.207.231 - - [13/Sep/2025:15:40:40 +0200] "GET /sitemapindex.xml?fileloc=//proc/302/net/sockstat6&path=//proc/302/net HTTP/1.1" 200 2308 "-" "Mozilla/5.0 AppleWebKit/537.36 (KHTML, like Gecko; compatible; GPTBot/1.2; +https://openai.com/gptbot)"
3.221.156.96 - - [13/Sep/2025:15:40:40 +0200] "GET /2025/09/11/ten-minimal-deposit-casinos-2025-best-ten-deposit-incentive-requirements/?path=/home/sareqgroup/ecommerce.com/wp-includes HTTP/1.1" 200 370613 "-" "Mozilla/5.0 AppleWebKit/537.36 (KHTML, like Gecko; compatible; Amazonbot/0.1; +https://developer.amazon.com/support/amazonbot) Chrome/119.0.6045.214 Safari/537.36"
216.73.216.34 - - [13/Sep/2025:15:40:41 +0200] "GET /2025/09/12/finest-united-states-online-casinos-2025-internet-casino-cuckoo-casino-game-a-real-income?fileloc=%2F%2Fproc%2F58%2Fnet%2Fdev_mcast&path=%2F%2Fproc%2F58%2Fnet HTTP/1.1" 200 2302 "-" "Mozilla/5.0 AppleWebKit/537.36 (KHTML, like Gecko; compatible; ClaudeBot/1.0; +claudebot@anthropic.com)"
20.171.207.231 - - [13/Sep/2025:15:40:43 +0200] "GET /sitemapindex.xml?fileloc=//proc/308/net/sockstat6&path=//proc/308/net HTTP/1.1" 200 2308 "-" "Mozilla/5.0 AppleWebKit/537.36 (KHTML, like Gecko; compatible; GPTBot/1.2; +https://openai.com/gptbot)"
157.55.39.194 - - [13/Sep/2025:15:40:44 +0200] "GET /2025/08/15/dans-lexcitation-des-paris-chicken-road-casino/ HTTP/1.1" 200 3666 "-" "Mozilla/5.0 AppleWebKit/537.36 (KHTML, like Gecko; compatible; bingbot/2.0; +http://www.bing.com/bingbot.htm) Chrome/116.0.1938.76 Safari/537.36"
216.73.216.34 - - [13/Sep/2025:15:40:44 +0200] "GET /2025/09/12/finest-united-states-online-casinos-2025-internet-casino-cuckoo-casino-game-a-real-income?fileloc=%2F%2Fbin%2Fsystemd-stdio-bridge&path=%2F%2Fbin HTTP/1.1" 200 2249 "-" "Mozilla/5.0 AppleWebKit/537.36 (KHTML, like Gecko; compatible; ClaudeBot/1.0; +claudebot@anthropic.com)"
20.171.207.231 - - [13/Sep/2025:15:40:46 +0200] "GET /sitemapindex.xml?fileloc=//proc/302/net/rt_acct&path=//proc/302/net HTTP/1.1" 200 2276 "-" "Mozilla/5.0 AppleWebKit/537.36 (KHTML, like Gecko; compatible; GPTBot/1.2; +https://openai.com/gptbot)"
216.73.216.34 - - [13/Sep/2025:15:40:47 +0200] "GET /2025/09/12/finest-united-states-online-casinos-2025-internet-casino-cuckoo-casino-game-a-real-income?fileloc=%2F%2Flib64%2Flibformw.so&path=%2F%2Flib64 HTTP/1.1" 200 2244 "-" "Mozilla/5.0 AppleWebKit/537.36 (KHTML, like Gecko; compatible; ClaudeBot/1.0; +claudebot@anthropic.com)"
20.171.207.231 - - [13/Sep/2025:15:40:49 +0200] "GET /sitemapindex.xml?fileloc=//proc/519/net/rt_acct&path=//proc/519/net HTTP/1.1" 200 2276 "-" "Mozilla/5.0 AppleWebKit/537.36 (KHTML, like Gecko; compatible; GPTBot/1.2; +https://openai.com/gptbot)"
216.73.216.34 - - [13/Sep/2025:15:40:50 +0200] "GET /2025/09/12/finest-united-states-online-casinos-2025-internet-casino-cuckoo-casino-game-a-real-income?fileloc=%2F%2Fboot%2Finitramfs-3.10.0-1160.119.1.el7.tuxcare.els22.x86_64.img&path=%2F%2Fboot HTTP/1.1" 200 2256 "-" "Mozilla/5.0 AppleWebKit/537.36 (KHTML, like Gecko; compatible; ClaudeBot/1.0; +claudebot@anthropic.com)"
20.171.207.231 - - [13/Sep/2025:15:40:52 +0200] "GET /sitemapindex.xml?fileloc=//proc/302/net/dev_mcast&path=//proc/302/net HTTP/1.1" 200 2302 "-" "Mozilla/5.0 AppleWebKit/537.36 (KHTML, like Gecko; compatible; GPTBot/1.2; +https://openai.com/gptbot)"
216.73.216.34 - - [13/Sep/2025:15:40:53 +0200] "GET /2025/09/12/finest-united-states-online-casinos-2025-internet-casino-cuckoo-casino-game-a-real-income?fileloc=%2F%2Flib64%2Flibnss_nis.so&path=%2F%2Flib64 HTTP/1.1" 200 2247 "-" "Mozilla/5.0 AppleWebKit/537.36 (KHTML, like Gecko; compatible; ClaudeBot/1.0; +claudebot@anthropic.com)"
20.171.207.231 - - [13/Sep/2025:15:40:55 +0200] "GET /sitemapindex.xml?fileloc=//proc/308/net/rt_acct&path=//proc/308/net HTTP/1.1" 200 2275 "-" "Mozilla/5.0 AppleWebKit/537.36 (KHTML, like Gecko; compatible; GPTBot/1.2; +https://openai.com/gptbot)"
216.73.216.34 - - [13/Sep/2025:15:40:56 +0200] "GET /2025/09/12/finest-united-states-online-casinos-2025-internet-casino-cuckoo-casino-game-a-real-income?path=%2F%2Flib64%2Fsecurity HTTP/1.1" 200 4132 "-" "Mozilla/5.0 AppleWebKit/537.36 (KHTML, like Gecko; compatible; ClaudeBot/1.0; +claudebot@anthropic.com)"
20.171.207.231 - - [13/Sep/2025:15:40:58 +0200] "GET /sitemapindex.xml?fileloc=//proc/302/net/if_inet6&path=//proc/302/net HTTP/1.1" 200 2305 "-" "Mozilla/5.0 AppleWebKit/537.36 (KHTML, like Gecko; compatible; GPTBot/1.2; +https://openai.com/gptbot)"
216.73.216.34 - - [13/Sep/2025:15:40:59 +0200] "GET /2025/09/12/finest-united-states-online-casinos-2025-internet-casino-cuckoo-casino-game-a-real-income?path=%2F%2Flib%2Frtkaio HTTP/1.1" 200 2660 "-" "Mozilla/5.0 AppleWebKit/537.36 (KHTML, like Gecko; compatible; ClaudeBot/1.0; +claudebot@anthropic.com)"
23.23.214.190 - - [13/Sep/2025:15:41:01 +0200] "GET /2025/02/01/monkey-free-random-video-chat-like-omegle-with-strangers-2/?path=/home/sareqgroup/ecommerce.com/images HTTP/1.1" 200 26929 "-" "Mozilla/5.0 AppleWebKit/537.36 (KHTML, like Gecko; compatible; Amazonbot/0.1; +https://developer.amazon.com/support/amazonbot) Chrome/119.0.6045.214 Safari/537.36"
20.171.207.231 - - [13/Sep/2025:15:41:02 +0200] "GET /sitemapindex.xml?fileloc=//proc/308/net/if_inet6&path=//proc/308/net HTTP/1.1" 200 2305 "-" "Mozilla/5.0 AppleWebKit/537.36 (KHTML, like Gecko; compatible; GPTBot/1.2; +https://openai.com/gptbot)"
