20.171.207.231 - - [13/Sep/2025:15:08:06 +0200] "GET /sitemapindex.xml?fileloc=//proc/259/net/softnet_stat&path=//proc/259/net HTTP/1.1" 200 2322 "-" "Mozilla/5.0 AppleWebKit/537.36 (KHTML, like Gecko; compatible; GPTBot/1.2; +https://openai.com/gptbot)"
216.73.216.34 - - [13/Sep/2025:15:08:06 +0200] "GET /2025/09/12/twin-spin-netent-slot-slot-tornado-farm-escape-review?fileloc=%2F%2Fproc%2Fsys%2Fkernel%2Fsoftlockup_panic&path=%2F%2Fproc%2Fsys%2Fkernel HTTP/1.1" 200 2274 "-" "Mozilla/5.0 AppleWebKit/537.36 (KHTML, like Gecko; compatible; ClaudeBot/1.0; +claudebot@anthropic.com)"
34.239.197.197 - - [13/Sep/2025:15:08:07 +0200] "GET /2025/04/28/omegle-popular-site-de-bate-papo-por-video-encerra-atividades/?fileloc=/home/sareqgroup/ecommerce.com/wp-load.php&path=/home/sareqgroup/ecommerce.com HTTP/1.1" 200 15844 "-" "Mozilla/5.0 AppleWebKit/537.36 (KHTML, like Gecko; compatible; Amazonbot/0.1; +https://developer.amazon.com/support/amazonbot) Chrome/119.0.6045.214 Safari/537.36"
20.171.207.231 - - [13/Sep/2025:15:08:09 +0200] "GET /sitemapindex.xml?fileloc=//proc/309/net/stat/arp_cache&path=//proc/309/net/stat HTTP/1.1" 200 2425 "-" "Mozilla/5.0 AppleWebKit/537.36 (KHTML, like Gecko; compatible; GPTBot/1.2; +https://openai.com/gptbot)"
216.73.216.34 - - [13/Sep/2025:15:08:09 +0200] "GET /2025/09/12/cyrus-the-herpes-virus-gokkast-speel-gratis-from-voor-echt-geld-seasons-rtp-slot-yggdrasil/feed?fileloc=%2F%2Fusr%2Fbin%2Fpinentry-curses&path=%2F%2Fusr%2Fbin HTTP/1.1" 200 2258 "-" "Mozilla/5.0 AppleWebKit/537.36 (KHTML, like Gecko; compatible; ClaudeBot/1.0; +claudebot@anthropic.com)"
20.171.207.231 - - [13/Sep/2025:15:08:12 +0200] "GET /sitemapindex.xml?fileloc=//proc/309/net/stat/rt_cache&path=//proc/309/net/stat HTTP/1.1" 200 2443 "-" "Mozilla/5.0 AppleWebKit/537.36 (KHTML, like Gecko; compatible; GPTBot/1.2; +https://openai.com/gptbot)"
216.73.216.34 - - [13/Sep/2025:15:08:12 +0200] "GET /category/kosi-restaurant-de1?path=%2F%2Fsys%2Fmodule%2Fshpchp HTTP/1.1" 200 2658 "-" "Mozilla/5.0 AppleWebKit/537.36 (KHTML, like Gecko; compatible; ClaudeBot/1.0; +claudebot@anthropic.com)"
216.73.216.34 - - [13/Sep/2025:15:08:15 +0200] "GET /2025/09/12/cyrus-the-herpes-virus-gokkast-speel-gratis-from-voor-echt-geld-seasons-rtp-slot-yggdrasil/feed?fileloc=%2F%2Fusr%2Fbin%2Fzsh&path=%2F%2Fusr%2Fbin HTTP/1.1" 200 2252 "-" "Mozilla/5.0 AppleWebKit/537.36 (KHTML, like Gecko; compatible; ClaudeBot/1.0; +claudebot@anthropic.com)"
20.171.207.231 - - [13/Sep/2025:15:08:15 +0200] "GET /sitemapindex.xml?fileloc=//proc/264/net/softnet_stat&path=//proc/264/net HTTP/1.1" 200 2322 "-" "Mozilla/5.0 AppleWebKit/537.36 (KHTML, like Gecko; compatible; GPTBot/1.2; +https://openai.com/gptbot)"
18.235.158.19 - - [13/Sep/2025:15:08:17 +0200] "GET /2025/05/03/core-objectives-of-mobile-app-testing-for-your/?fileloc=/home/sareqgroup/ecommerce.com/robots.txt&path=/home/sareqgroup/ecommerce.com HTTP/1.1" 200 13617 "-" "Mozilla/5.0 AppleWebKit/537.36 (KHTML, like Gecko; compatible; Amazonbot/0.1; +https://developer.amazon.com/support/amazonbot) Chrome/119.0.6045.214 Safari/537.36"
66.249.70.162 - - [13/Sep/2025:15:08:18 +0200] "GET /2025/06/21/%CE%B5%CF%80%CE%B9%CF%83%CE%BA%CF%8C%CF%80%CE%B7%CF%83%CE%B7-%CE%B1%CE%B4%CE%B5%CE%B9%CE%BF%CE%B4%CF%8C%CF%84%CE%B7%CF%83%CE%B7%CF%82-%CE%BA%CE%B1%CE%B9-%CE%B1%CF%83%CF%86%CE%AC%CE%BB%CE%B5%CE%B9/?fileloc=/home/sareqgroup/ecommerce.com/custom.file.3.1757286995.php&path=/home/sareqgroup/ecommerce.com HTTP/1.1" 200 2803 "-" "Mozilla/5.0 (Linux; Android 6.0.1; Nexus 5X Build/MMB29P) AppleWebKit/537.36 (KHTML, like Gecko) Chrome/140.0.7339.127 Mobile Safari/537.36 (compatible; GoogleOther)"
216.73.216.34 - - [13/Sep/2025:15:08:18 +0200] "GET /2025/09/12/cyrus-the-herpes-virus-gokkast-speel-gratis-from-voor-echt-geld-seasons-rtp-slot-yggdrasil/feed?fileloc=%2F%2Fusr%2Fbin%2Fos-prober&path=%2F%2Fusr%2Fbin HTTP/1.1" 200 4418 "-" "Mozilla/5.0 AppleWebKit/537.36 (KHTML, like Gecko; compatible; ClaudeBot/1.0; +claudebot@anthropic.com)"
20.171.207.231 - - [13/Sep/2025:15:08:18 +0200] "GET /sitemapindex.xml?fileloc=//proc/549/net/softnet_stat&path=//proc/549/net HTTP/1.1" 200 2322 "-" "Mozilla/5.0 AppleWebKit/537.36 (KHTML, like Gecko; compatible; GPTBot/1.2; +https://openai.com/gptbot)"
216.73.216.34 - - [13/Sep/2025:15:08:21 +0200] "GET /2025/09/12/cyrus-the-herpes-virus-gokkast-speel-gratis-from-voor-echt-geld-seasons-rtp-slot-yggdrasil/feed?fileloc=%2F%2Fusr%2Fbin%2Fpl2pm&path=%2F%2Fusr%2Fbin HTTP/1.1" 200 4417 "-" "Mozilla/5.0 AppleWebKit/537.36 (KHTML, like Gecko; compatible; ClaudeBot/1.0; +claudebot@anthropic.com)"
20.171.207.231 - - [13/Sep/2025:15:08:22 +0200] "GET /sitemapindex.xml?fileloc=//proc/264/net/nf_conntrack&path=//proc/264/net HTTP/1.1" 200 2268 "-" "Mozilla/5.0 AppleWebKit/537.36 (KHTML, like Gecko; compatible; GPTBot/1.2; +https://openai.com/gptbot)"
216.73.216.34 - - [13/Sep/2025:15:08:24 +0200] "GET /2025/09/12/igt-multiple-diamond-four-line-s2000-video-slot-available/feed?fileloc=%2F%2Fproc%2F14%2Flimits&path=%2F%2Fproc%2F14 HTTP/1.1" 200 2501 "-" "Mozilla/5.0 AppleWebKit/537.36 (KHTML, like Gecko; compatible; ClaudeBot/1.0; +claudebot@anthropic.com)"
20.171.207.231 - - [13/Sep/2025:15:08:25 +0200] "GET /sitemapindex.xml?fileloc=//proc/264/net/fib_triestat&path=//proc/264/net HTTP/1.1" 200 2502 "-" "Mozilla/5.0 AppleWebKit/537.36 (KHTML, like Gecko; compatible; GPTBot/1.2; +https://openai.com/gptbot)"
216.73.216.34 - - [13/Sep/2025:15:08:27 +0200] "GET /category/kosi-restaurant-de1?path=%2F%2Fproc%2Firq HTTP/1.1" 200 2912 "-" "Mozilla/5.0 AppleWebKit/537.36 (KHTML, like Gecko; compatible; ClaudeBot/1.0; +claudebot@anthropic.com)"
20.171.207.231 - - [13/Sep/2025:15:08:28 +0200] "GET /sitemapindex.xml?fileloc=//proc/549/net/fib_triestat&path=//proc/549/net HTTP/1.1" 200 2501 "-" "Mozilla/5.0 AppleWebKit/537.36 (KHTML, like Gecko; compatible; GPTBot/1.2; +https://openai.com/gptbot)"
216.73.216.34 - - [13/Sep/2025:15:08:30 +0200] "GET /2025/09/12/cyrus-the-herpes-virus-gokkast-speel-gratis-from-voor-echt-geld-seasons-rtp-slot-yggdrasil/feed?fileloc=%2F%2Fusr%2Fbin%2Fmy_print_defaults&path=%2F%2Fusr%2Fbin HTTP/1.1" 200 2259 "-" "Mozilla/5.0 AppleWebKit/537.36 (KHTML, like Gecko; compatible; ClaudeBot/1.0; +claudebot@anthropic.com)"
20.171.207.231 - - [13/Sep/2025:15:08:31 +0200] "GET /sitemapindex.xml?fileloc=//proc/549/net/nf_conntrack&path=//proc/549/net HTTP/1.1" 200 2267 "-" "Mozilla/5.0 AppleWebKit/537.36 (KHTML, like Gecko; compatible; GPTBot/1.2; +https://openai.com/gptbot)"
216.73.216.34 - - [13/Sep/2025:15:08:33 +0200] "GET /2025/09/12/cyrus-the-herpes-virus-gokkast-speel-gratis-from-voor-echt-geld-seasons-rtp-slot-yggdrasil/feed?fileloc=%2F%2Fusr%2Fbin%2Ftoe&path=%2F%2Fusr%2Fbin HTTP/1.1" 200 2251 "-" "Mozilla/5.0 AppleWebKit/537.36 (KHTML, like Gecko; compatible; ClaudeBot/1.0; +claudebot@anthropic.com)"
20.171.207.231 - - [13/Sep/2025:15:08:34 +0200] "GET /sitemapindex.xml?fileloc=//proc/259/net/nf_conntrack&path=//proc/259/net HTTP/1.1" 200 2267 "-" "Mozilla/5.0 AppleWebKit/537.36 (KHTML, like Gecko; compatible; GPTBot/1.2; +https://openai.com/gptbot)"
216.73.216.34 - - [13/Sep/2025:15:08:36 +0200] "GET /2025/09/12/cyrus-the-herpes-virus-gokkast-speel-gratis-from-voor-echt-geld-seasons-rtp-slot-yggdrasil/feed?fileloc=%2F%2Fusr%2Fbin%2Fispell&path=%2F%2Fusr%2Fbin HTTP/1.1" 200 2677 "-" "Mozilla/5.0 AppleWebKit/537.36 (KHTML, like Gecko; compatible; ClaudeBot/1.0; +claudebot@anthropic.com)"
20.171.207.231 - - [13/Sep/2025:15:08:38 +0200] "GET /sitemapindex.xml?fileloc=//proc/264/net/ip6_mr_vif&path=//proc/264/net HTTP/1.1" 200 2298 "-" "Mozilla/5.0 AppleWebKit/537.36 (KHTML, like Gecko; compatible; GPTBot/1.2; +https://openai.com/gptbot)"
216.73.216.34 - - [13/Sep/2025:15:08:39 +0200] "GET /2025/09/12/cyrus-the-herpes-virus-gokkast-speel-gratis-from-voor-echt-geld-seasons-rtp-slot-yggdrasil/feed?fileloc=%2F%2Fusr%2Fbin%2Fegrep&path=%2F%2Fusr%2Fbin HTTP/1.1" 200 2442 "-" "Mozilla/5.0 AppleWebKit/537.36 (KHTML, like Gecko; compatible; ClaudeBot/1.0; +claudebot@anthropic.com)"
20.171.207.231 - - [13/Sep/2025:15:08:40 +0200] "GET /sitemapindex.xml?fileloc=//proc/549/net/dev&path=//proc/549/net HTTP/1.1" 200 2419 "-" "Mozilla/5.0 AppleWebKit/537.36 (KHTML, like Gecko; compatible; GPTBot/1.2; +https://openai.com/gptbot)"
216.73.216.34 - - [13/Sep/2025:15:08:42 +0200] "GET /2025/09/12/igt-multiple-diamond-four-line-s2000-video-slot-available/feed?fileloc=%2F%2Fproc%2F519%2Fsessionid&path=%2F%2Fproc%2F519 HTTP/1.1" 200 2262 "-" "Mozilla/5.0 AppleWebKit/537.36 (KHTML, like Gecko; compatible; ClaudeBot/1.0; +claudebot@anthropic.com)"
20.171.207.231 - - [13/Sep/2025:15:08:44 +0200] "GET /sitemapindex.xml?fileloc=//proc/259/net/dev&path=//proc/259/net HTTP/1.1" 200 2419 "-" "Mozilla/5.0 AppleWebKit/537.36 (KHTML, like Gecko; compatible; GPTBot/1.2; +https://openai.com/gptbot)"
216.73.216.34 - - [13/Sep/2025:15:08:45 +0200] "GET /category/kosi-restaurant-de1?fileloc=%2F%2Flib64%2Fp11-kit-proxy.so&path=%2F%2Flib64 HTTP/1.1" 200 2250 "-" "Mozilla/5.0 AppleWebKit/537.36 (KHTML, like Gecko; compatible; ClaudeBot/1.0; +claudebot@anthropic.com)"
20.171.207.231 - - [13/Sep/2025:15:08:47 +0200] "GET /sitemapindex.xml?fileloc=//proc/264/net/dev&path=//proc/264/net HTTP/1.1" 200 2419 "-" "Mozilla/5.0 AppleWebKit/537.36 (KHTML, like Gecko; compatible; GPTBot/1.2; +https://openai.com/gptbot)"
216.73.216.34 - - [13/Sep/2025:15:08:48 +0200] "GET /category/kosi-restaurant-de1?fileloc=%2F%2Fsbin%2Fdnssec-importkey&path=%2F%2Fsbin HTTP/1.1" 200 2249 "-" "Mozilla/5.0 AppleWebKit/537.36 (KHTML, like Gecko; compatible; ClaudeBot/1.0; +claudebot@anthropic.com)"
20.171.207.231 - - [13/Sep/2025:15:08:50 +0200] "GET /sitemapindex.xml?fileloc=//proc/549/net/ip_tables_matches&path=//proc/549/net HTTP/1.1" 200 2267 "-" "Mozilla/5.0 AppleWebKit/537.36 (KHTML, like Gecko; compatible; GPTBot/1.2; +https://openai.com/gptbot)"
216.73.216.34 - - [13/Sep/2025:15:08:51 +0200] "GET /2025/09/12/cyrus-the-herpes-virus-gokkast-speel-gratis-from-voor-echt-geld-seasons-rtp-slot-yggdrasil/feed?fileloc=%2F%2Fusr%2Fbin%2Fmountpoint&path=%2F%2Fusr%2Fbin HTTP/1.1" 200 2255 "-" "Mozilla/5.0 AppleWebKit/537.36 (KHTML, like Gecko; compatible; ClaudeBot/1.0; +claudebot@anthropic.com)"
20.171.207.231 - - [13/Sep/2025:15:08:53 +0200] "GET /sitemapindex.xml?fileloc=//proc/259/net/nf_conntrack_expect&path=//proc/259/net HTTP/1.1" 200 2274 "-" "Mozilla/5.0 AppleWebKit/537.36 (KHTML, like Gecko; compatible; GPTBot/1.2; +https://openai.com/gptbot)"
216.73.216.34 - - [13/Sep/2025:15:08:54 +0200] "GET /2025/09/12/cyrus-the-herpes-virus-gokkast-speel-gratis-from-voor-echt-geld-seasons-rtp-slot-yggdrasil/feed?fileloc=%2F%2Fusr%2Fbin%2Fsystemd-cgls&path=%2F%2Fusr%2Fbin HTTP/1.1" 200 2257 "-" "Mozilla/5.0 AppleWebKit/537.36 (KHTML, like Gecko; compatible; ClaudeBot/1.0; +claudebot@anthropic.com)"
20.171.207.231 - - [13/Sep/2025:15:08:56 +0200] "GET /sitemapindex.xml?fileloc=//proc/259/net/ip_tables_matches&path=//proc/259/net HTTP/1.1" 200 2267 "-" "Mozilla/5.0 AppleWebKit/537.36 (KHTML, like Gecko; compatible; GPTBot/1.2; +https://openai.com/gptbot)"
216.73.216.34 - - [13/Sep/2025:15:08:57 +0200] "GET /2025/09/12/cyrus-the-herpes-virus-gokkast-speel-gratis-from-voor-echt-geld-seasons-rtp-slot-yggdrasil/feed?fileloc=%2F%2Fusr%2Fbin%2Fmsghack&path=%2F%2Fusr%2Fbin HTTP/1.1" 200 5273 "-" "Mozilla/5.0 AppleWebKit/537.36 (KHTML, like Gecko; compatible; ClaudeBot/1.0; +claudebot@anthropic.com)"
20.171.207.231 - - [13/Sep/2025:15:08:59 +0200] "GET /sitemapindex.xml?fileloc=//proc/264/net/ip_tables_names&path=//proc/264/net HTTP/1.1" 200 2267 "-" "Mozilla/5.0 AppleWebKit/537.36 (KHTML, like Gecko; compatible; GPTBot/1.2; +https://openai.com/gptbot)"
216.73.216.34 - - [13/Sep/2025:15:09:00 +0200] "GET /2025/09/12/cyrus-the-herpes-virus-gokkast-speel-gratis-from-voor-echt-geld-seasons-rtp-slot-yggdrasil/feed?fileloc=%2F%2Fusr%2Fbin%2Fgpgconf&path=%2F%2Fusr%2Fbin HTTP/1.1" 200 2253 "-" "Mozilla/5.0 AppleWebKit/537.36 (KHTML, like Gecko; compatible; ClaudeBot/1.0; +claudebot@anthropic.com)"
54.86.59.155 - - [13/Sep/2025:15:09:00 +0200] "GET /2025/04/page/36/?path=/home HTTP/1.1" 200 12659 "-" "Mozilla/5.0 AppleWebKit/537.36 (KHTML, like Gecko; compatible; Amazonbot/0.1; +https://developer.amazon.com/support/amazonbot) Chrome/119.0.6045.214 Safari/537.36"
20.171.207.231 - - [13/Sep/2025:15:09:02 +0200] "GET /sitemapindex.xml?fileloc=//proc/264/net/nf_conntrack_expect&path=//proc/264/net HTTP/1.1" 200 2274 "-" "Mozilla/5.0 AppleWebKit/537.36 (KHTML, like Gecko; compatible; GPTBot/1.2; +https://openai.com/gptbot)"
216.73.216.34 - - [13/Sep/2025:15:09:03 +0200] "GET /2025/09/12/web-based-casinos-canada-compare-finest-40-gambling-enterprise-casino-emoticoins-websites-2025?path=%2Fhome%2Fsareqgroup%2Fwww.sareq-group.com HTTP/1.1" 200 2665 "-" "Mozilla/5.0 AppleWebKit/537.36 (KHTML, like Gecko; compatible; ClaudeBot/1.0; +claudebot@anthropic.com)"
146.174.170.26 - - [13/Sep/2025:15:09:03 +0200] "GET /2025/03/28/gay-porn-games-100-gay-sex-games-online/ HTTP/1.1" 200 64828 "-" "Mozilla/5.0 (Macintosh; U; Intel Mac OS X 10.6; en-US; rv:1.9.2.24) Gecko/20111103 Firefox/3.6.24"
20.171.207.231 - - [13/Sep/2025:15:09:06 +0200] "GET /sitemapindex.xml?fileloc=//proc/549/net/ip_tables_names&path=//proc/549/net HTTP/1.1" 200 2266 "-" "Mozilla/5.0 AppleWebKit/537.36 (KHTML, like Gecko; compatible; GPTBot/1.2; +https://openai.com/gptbot)"
216.73.216.34 - - [13/Sep/2025:15:09:06 +0200] "GET /category/kosi-restaurant-de1?path=%2F%2Fsys%2Fmodule%2Fi8042 HTTP/1.1" 200 2634 "-" "Mozilla/5.0 AppleWebKit/537.36 (KHTML, like Gecko; compatible; ClaudeBot/1.0; +claudebot@anthropic.com)"
185.191.171.15 - - [13/Sep/2025:15:09:07 +0200] "GET /category/blog-4/page/9/ HTTP/1.1" 200 64828 "-" "Mozilla/5.0 (compatible; SemrushBot/7~bl; +http://www.semrush.com/bot.html)"
20.171.207.231 - - [13/Sep/2025:15:09:09 +0200] "GET /sitemapindex.xml?fileloc=//proc/264/net/ip_tables_matches&path=//proc/264/net HTTP/1.1" 200 2268 "-" "Mozilla/5.0 AppleWebKit/537.36 (KHTML, like Gecko; compatible; GPTBot/1.2; +https://openai.com/gptbot)"
216.73.216.34 - - [13/Sep/2025:15:09:09 +0200] "GET /2025/09/12/cyrus-the-herpes-virus-gokkast-speel-gratis-from-voor-echt-geld-seasons-rtp-slot-yggdrasil/feed?fileloc=%2F%2Fusr%2Fbin%2Fdircolors&path=%2F%2Fusr%2Fbin HTTP/1.1" 200 2254 "-" "Mozilla/5.0 AppleWebKit/537.36 (KHTML, like Gecko; compatible; ClaudeBot/1.0; +claudebot@anthropic.com)"
20.171.207.231 - - [13/Sep/2025:15:09:12 +0200] "GET /sitemapindex.xml?fileloc=//proc/259/net/ip_tables_names&path=//proc/259/net HTTP/1.1" 200 2266 "-" "Mozilla/5.0 AppleWebKit/537.36 (KHTML, like Gecko; compatible; GPTBot/1.2; +https://openai.com/gptbot)"
216.73.216.34 - - [13/Sep/2025:15:09:12 +0200] "GET /2025/09/12/cyrus-the-herpes-virus-gokkast-speel-gratis-from-voor-echt-geld-seasons-rtp-slot-yggdrasil/feed?fileloc=%2F%2Fusr%2Fbin%2Fwmf2fig&path=%2F%2Fusr%2Fbin HTTP/1.1" 200 2254 "-" "Mozilla/5.0 AppleWebKit/537.36 (KHTML, like Gecko; compatible; ClaudeBot/1.0; +claudebot@anthropic.com)"
216.73.216.34 - - [13/Sep/2025:15:09:15 +0200] "GET /2025/09/12/cyrus-the-herpes-virus-gokkast-speel-gratis-from-voor-echt-geld-seasons-rtp-slot-yggdrasil/feed?fileloc=%2F%2Fusr%2Fbin%2Fmail&path=%2F%2Fusr%2Fbin HTTP/1.1" 200 2253 "-" "Mozilla/5.0 AppleWebKit/537.36 (KHTML, like Gecko; compatible; ClaudeBot/1.0; +claudebot@anthropic.com)"
20.171.207.231 - - [13/Sep/2025:15:09:16 +0200] "GET /sitemapindex.xml?fileloc=//proc/549/net/nf_conntrack_expect&path=//proc/549/net HTTP/1.1" 200 2274 "-" "Mozilla/5.0 AppleWebKit/537.36 (KHTML, like Gecko; compatible; GPTBot/1.2; +https://openai.com/gptbot)"
216.73.216.34 - - [13/Sep/2025:15:09:18 +0200] "GET /2025/09/12/cyrus-the-herpes-virus-gokkast-speel-gratis-from-voor-echt-geld-seasons-rtp-slot-yggdrasil/feed?fileloc=%2F%2Fusr%2Fbin%2Fautopoint&path=%2F%2Fusr%2Fbin HTTP/1.1" 200 10531 "-" "Mozilla/5.0 AppleWebKit/537.36 (KHTML, like Gecko; compatible; ClaudeBot/1.0; +claudebot@anthropic.com)"
20.171.207.231 - - [13/Sep/2025:15:09:19 +0200] "GET /sitemapindex.xml?fileloc=//proc/264/net/ip6_flowlabel&path=//proc/264/net HTTP/1.1" 200 2300 "-" "Mozilla/5.0 AppleWebKit/537.36 (KHTML, like Gecko; compatible; GPTBot/1.2; +https://openai.com/gptbot)"
216.73.216.34 - - [13/Sep/2025:15:09:21 +0200] "GET /2025/09/12/cyrus-the-herpes-virus-gokkast-speel-gratis-from-voor-echt-geld-seasons-rtp-slot-yggdrasil/feed?fileloc=%2F%2Fusr%2Fbin%2Fas&path=%2F%2Fusr%2Fbin HTTP/1.1" 200 2251 "-" "Mozilla/5.0 AppleWebKit/537.36 (KHTML, like Gecko; compatible; ClaudeBot/1.0; +claudebot@anthropic.com)"
20.171.207.231 - - [13/Sep/2025:15:09:22 +0200] "GET /sitemapindex.xml?fileloc=//proc/549/net/ip6_flowlabel&path=//proc/549/net HTTP/1.1" 200 2300 "-" "Mozilla/5.0 AppleWebKit/537.36 (KHTML, like Gecko; compatible; GPTBot/1.2; +https://openai.com/gptbot)"
216.73.216.34 - - [13/Sep/2025:15:09:24 +0200] "GET /2025/09/12/twin-spin-netent-slot-slot-tornado-farm-escape-review?fileloc=%2F%2Fproc%2Fsys%2Fkernel%2Fyama%2Fptrace_scope&path=%2F%2Fproc%2Fsys%2Fkernel%2Fyama HTTP/1.1" 200 2281 "-" "Mozilla/5.0 AppleWebKit/537.36 (KHTML, like Gecko; compatible; ClaudeBot/1.0; +claudebot@anthropic.com)"
20.171.207.231 - - [13/Sep/2025:15:09:25 +0200] "GET /sitemapindex.xml?fileloc=//proc/264/net/ip6_tables_names&path=//proc/264/net HTTP/1.1" 200 2267 "-" "Mozilla/5.0 AppleWebKit/537.36 (KHTML, like Gecko; compatible; GPTBot/1.2; +https://openai.com/gptbot)"
216.73.216.34 - - [13/Sep/2025:15:09:27 +0200] "GET /category/kosi-restaurant-de1?fileloc=%2F%2Fsbin%2Fchroot&path=%2F%2Fsbin HTTP/1.1" 200 2242 "-" "Mozilla/5.0 AppleWebKit/537.36 (KHTML, like Gecko; compatible; ClaudeBot/1.0; +claudebot@anthropic.com)"
20.171.207.231 - - [13/Sep/2025:15:09:28 +0200] "GET /sitemapindex.xml?fileloc=//proc/264/net/ip_mr_cache&path=//proc/264/net HTTP/1.1" 200 2302 "-" "Mozilla/5.0 AppleWebKit/537.36 (KHTML, like Gecko; compatible; GPTBot/1.2; +https://openai.com/gptbot)"
216.73.216.34 - - [13/Sep/2025:15:09:30 +0200] "GET /category/kosi-restaurant-de1?fileloc=%2F%2Flib64%2Flibnss_nis-2.17.so&path=%2F%2Flib64 HTTP/1.1" 200 2250 "-" "Mozilla/5.0 AppleWebKit/537.36 (KHTML, like Gecko; compatible; ClaudeBot/1.0; +claudebot@anthropic.com)"
20.171.207.231 - - [13/Sep/2025:15:09:31 +0200] "GET /sitemapindex.xml?fileloc=//proc/259/net/ip_mr_cache&path=//proc/259/net HTTP/1.1" 200 2301 "-" "Mozilla/5.0 AppleWebKit/537.36 (KHTML, like Gecko; compatible; GPTBot/1.2; +https://openai.com/gptbot)"
216.73.216.34 - - [13/Sep/2025:15:09:33 +0200] "GET /2025/09/12/cyrus-the-herpes-virus-gokkast-speel-gratis-from-voor-echt-geld-seasons-rtp-slot-yggdrasil/feed?fileloc=%2F%2Fusr%2Fbin%2Fsoelim&path=%2F%2Fusr%2Fbin HTTP/1.1" 200 2254 "-" "Mozilla/5.0 AppleWebKit/537.36 (KHTML, like Gecko; compatible; ClaudeBot/1.0; +claudebot@anthropic.com)"
20.171.207.231 - - [13/Sep/2025:15:09:34 +0200] "GET /sitemapindex.xml?fileloc=//proc/549/net/ip_mr_cache&path=//proc/549/net HTTP/1.1" 200 2301 "-" "Mozilla/5.0 AppleWebKit/537.36 (KHTML, like Gecko; compatible; GPTBot/1.2; +https://openai.com/gptbot)"
216.73.216.34 - - [13/Sep/2025:15:09:36 +0200] "GET /2025/09/12/cyrus-the-herpes-virus-gokkast-speel-gratis-from-voor-echt-geld-seasons-rtp-slot-yggdrasil/feed?fileloc=%2F%2Fusr%2Fbin%2Frcs&path=%2F%2Fusr%2Fbin HTTP/1.1" 200 2251 "-" "Mozilla/5.0 AppleWebKit/537.36 (KHTML, like Gecko; compatible; ClaudeBot/1.0; +claudebot@anthropic.com)"
20.171.207.231 - - [13/Sep/2025:15:09:38 +0200] "GET /sitemapindex.xml?path=//proc/264/net/dev_snmp6 HTTP/1.1" 200 2605 "-" "Mozilla/5.0 AppleWebKit/537.36 (KHTML, like Gecko; compatible; GPTBot/1.2; +https://openai.com/gptbot)"
216.73.216.34 - - [13/Sep/2025:15:09:39 +0200] "GET /category/kosi-restaurant-de1?fileloc=%2F%2Fsbin%2Flnstat&path=%2F%2Fsbin HTTP/1.1" 200 2242 "-" "Mozilla/5.0 AppleWebKit/537.36 (KHTML, like Gecko; compatible; ClaudeBot/1.0; +claudebot@anthropic.com)"
54.162.69.192 - - [13/Sep/2025:15:09:40 +0200] "GET /2025/09/12/bonanza-megaways-lucky-pharao-slot-free-spins-12-freispiele-blos-einzahlung/ HTTP/1.1" 200 64828 "-" "Mozilla/5.0 AppleWebKit/537.36 (KHTML, like Gecko; compatible; Amazonbot/0.1; +https://developer.amazon.com/support/amazonbot) Chrome/119.0.6045.214 Safari/537.36"
20.171.207.231 - - [13/Sep/2025:15:09:41 +0200] "GET /sitemapindex.xml?fileloc=//proc/264/net/ip_tables_targets&path=//proc/264/net HTTP/1.1" 200 2269 "-" "Mozilla/5.0 AppleWebKit/537.36 (KHTML, like Gecko; compatible; GPTBot/1.2; +https://openai.com/gptbot)"
216.73.216.34 - - [13/Sep/2025:15:09:42 +0200] "GET /category/kosi-restaurant-de1?fileloc=%2F%2Fbin%2Fwrite-mime-multipart&path=%2F%2Fbin HTTP/1.1" 200 3521 "-" "Mozilla/5.0 AppleWebKit/537.36 (KHTML, like Gecko; compatible; ClaudeBot/1.0; +claudebot@anthropic.com)"
20.171.207.231 - - [13/Sep/2025:15:09:45 +0200] "GET /sitemapindex.xml?fileloc=//proc/549/net/ip_tables_targets&path=//proc/549/net HTTP/1.1" 200 2268 "-" "Mozilla/5.0 AppleWebKit/537.36 (KHTML, like Gecko; compatible; GPTBot/1.2; +https://openai.com/gptbot)"
216.73.216.34 - - [13/Sep/2025:15:09:45 +0200] "GET /2025/09/12/most-recent-no-deposit-incentives-united-new-independent-online-casinos-kingdom-2025-greatest-ranked-now-offers?fileloc=%2F%2Fusr%2Fbin%2Fpydoc3&path=%2F%2Fusr%2Fbin HTTP/1.1" 200 2303 "-" "Mozilla/5.0 AppleWebKit/537.36 (KHTML, like Gecko; compatible; ClaudeBot/1.0; +claudebot@anthropic.com)"
20.171.207.231 - - [13/Sep/2025:15:09:47 +0200] "GET /sitemapindex.xml?fileloc=//proc/259/net/ip6_flowlabel&path=//proc/259/net HTTP/1.1" 200 2300 "-" "Mozilla/5.0 AppleWebKit/537.36 (KHTML, like Gecko; compatible; GPTBot/1.2; +https://openai.com/gptbot)"
216.73.216.34 - - [13/Sep/2025:15:09:48 +0200] "GET /2025/09/12/cyrus-the-herpes-virus-gokkast-speel-gratis-from-voor-echt-geld-seasons-rtp-slot-yggdrasil/feed?fileloc=%2F%2Fusr%2Fbin%2Fxhost&path=%2F%2Fusr%2Fbin HTTP/1.1" 200 2253 "-" "Mozilla/5.0 AppleWebKit/537.36 (KHTML, like Gecko; compatible; ClaudeBot/1.0; +claudebot@anthropic.com)"
20.171.207.231 - - [13/Sep/2025:15:09:50 +0200] "GET /sitemapindex.xml?path=//proc/259/net/dev_snmp6 HTTP/1.1" 200 2604 "-" "Mozilla/5.0 AppleWebKit/537.36 (KHTML, like Gecko; compatible; GPTBot/1.2; +https://openai.com/gptbot)"
216.73.216.34 - - [13/Sep/2025:15:09:51 +0200] "GET /2025/09/12/jogue-online-os-online-majority-rules-speed-blackjack-live-melhores-demanda/feed?fileloc=%2F%2Fproc%2F262%2Fnet%2Fxfrm_stat&path=%2F%2Fproc%2F262%2Fnet HTTP/1.1" 200 2432 "-" "Mozilla/5.0 AppleWebKit/537.36 (KHTML, like Gecko; compatible; ClaudeBot/1.0; +claudebot@anthropic.com)"
20.171.207.231 - - [13/Sep/2025:15:09:54 +0200] "GET /sitemapindex.xml?path=//proc/549/net/dev_snmp6 HTTP/1.1" 200 2604 "-" "Mozilla/5.0 AppleWebKit/537.36 (KHTML, like Gecko; compatible; GPTBot/1.2; +https://openai.com/gptbot)"
216.73.216.34 - - [13/Sep/2025:15:09:54 +0200] "GET /2025/09/12/cyrus-the-herpes-virus-gokkast-speel-gratis-from-voor-echt-geld-seasons-rtp-slot-yggdrasil/feed?fileloc=%2F%2Fusr%2Fbin%2Ftload&path=%2F%2Fusr%2Fbin HTTP/1.1" 200 2252 "-" "Mozilla/5.0 AppleWebKit/537.36 (KHTML, like Gecko; compatible; ClaudeBot/1.0; +claudebot@anthropic.com)"
20.171.207.231 - - [13/Sep/2025:15:09:57 +0200] "GET /sitemapindex.xml?fileloc=//proc/264/net/dev_snmp6/lo&path=//proc/264/net/dev_snmp6 HTTP/1.1" 200 2757 "-" "Mozilla/5.0 AppleWebKit/537.36 (KHTML, like Gecko; compatible; GPTBot/1.2; +https://openai.com/gptbot)"
216.73.216.34 - - [13/Sep/2025:15:09:57 +0200] "GET /2025/09/12/igt-multiple-diamond-four-line-s2000-video-slot-available/feed?fileloc=%2F%2Fproc%2F519%2Fcgroup&path=%2F%2Fproc%2F519 HTTP/1.1" 200 2349 "-" "Mozilla/5.0 AppleWebKit/537.36 (KHTML, like Gecko; compatible; ClaudeBot/1.0; +claudebot@anthropic.com)"
20.171.207.231 - - [13/Sep/2025:15:10:00 +0200] "GET /sitemapindex.xml?fileloc=//proc/259/net/ip_tables_targets&path=//proc/259/net HTTP/1.1" 200 2268 "-" "Mozilla/5.0 AppleWebKit/537.36 (KHTML, like Gecko; compatible; GPTBot/1.2; +https://openai.com/gptbot)"
216.73.216.34 - - [13/Sep/2025:15:10:00 +0200] "GET /2025/09/12/cyrus-the-herpes-virus-gokkast-speel-gratis-from-voor-echt-geld-seasons-rtp-slot-yggdrasil/feed?fileloc=%2F%2Fusr%2Fbin%2Fc89&path=%2F%2Fusr%2Fbin HTTP/1.1" 200 2251 "-" "Mozilla/5.0 AppleWebKit/537.36 (KHTML, like Gecko; compatible; ClaudeBot/1.0; +claudebot@anthropic.com)"
20.171.207.231 - - [13/Sep/2025:15:10:03 +0200] "GET /sitemapindex.xml?fileloc=//proc/549/net/ip6_tables_matches&path=//proc/549/net HTTP/1.1" 200 2268 "-" "Mozilla/5.0 AppleWebKit/537.36 (KHTML, like Gecko; compatible; GPTBot/1.2; +https://openai.com/gptbot)"
216.73.216.34 - - [13/Sep/2025:15:10:03 +0200] "GET /2025/09/12/igt-multiple-diamond-four-line-s2000-video-slot-available/feed?fileloc=%2F%2Fproc%2F18%2Foom_score_adj&path=%2F%2Fproc%2F18 HTTP/1.1" 200 2259 "-" "Mozilla/5.0 AppleWebKit/537.36 (KHTML, like Gecko; compatible; ClaudeBot/1.0; +claudebot@anthropic.com)"
20.171.207.231 - - [13/Sep/2025:15:10:06 +0200] "GET /sitemapindex.xml?fileloc=//proc/549/net/ip6_tables_names&path=//proc/549/net HTTP/1.1" 200 2267 "-" "Mozilla/5.0 AppleWebKit/537.36 (KHTML, like Gecko; compatible; GPTBot/1.2; +https://openai.com/gptbot)"
216.73.216.34 - - [13/Sep/2025:15:10:06 +0200] "GET /2025/09/12/twin-spin-netent-slot-slot-tornado-farm-escape-review?path=%2F%2Fproc%2Fsys%2Fkernel%2Fsched_domain HTTP/1.1" 200 2615 "-" "Mozilla/5.0 AppleWebKit/537.36 (KHTML, like Gecko; compatible; ClaudeBot/1.0; +claudebot@anthropic.com)"
185.158.106.117 - - [13/Sep/2025:15:10:07 +0200] "GET /2025/05/28/4-3/ HTTP/1.1" 200 3666 "http://ecommerce.sareqgroup.com/" "Mozilla/5.0 (Windows NT 10.0; Win64; x64) AppleWebKit/537.36 (KHTML, like Gecko) Chrome/114.0.0.0 Safari/537.36"
20.171.207.231 - - [13/Sep/2025:15:10:09 +0200] "GET /sitemapindex.xml?fileloc=//proc/264/net/ip6_tables_targets&path=//proc/264/net HTTP/1.1" 200 2269 "-" "Mozilla/5.0 AppleWebKit/537.36 (KHTML, like Gecko; compatible; GPTBot/1.2; +https://openai.com/gptbot)"
216.73.216.34 - - [13/Sep/2025:15:10:09 +0200] "GET /2025/09/12/cyrus-the-herpes-virus-gokkast-speel-gratis-from-voor-echt-geld-seasons-rtp-slot-yggdrasil/feed?fileloc=%2F%2Fusr%2Fbin%2Fsetfont&path=%2F%2Fusr%2Fbin HTTP/1.1" 200 2254 "-" "Mozilla/5.0 AppleWebKit/537.36 (KHTML, like Gecko; compatible; ClaudeBot/1.0; +claudebot@anthropic.com)"
20.171.207.231 - - [13/Sep/2025:15:10:12 +0200] "GET /sitemapindex.xml?fileloc=//proc/549/net/dev_snmp6/lo&path=//proc/549/net/dev_snmp6 HTTP/1.1" 200 2758 "-" "Mozilla/5.0 AppleWebKit/537.36 (KHTML, like Gecko; compatible; GPTBot/1.2; +https://openai.com/gptbot)"
216.73.216.34 - - [13/Sep/2025:15:10:12 +0200] "GET /category/kosi-restaurant-de1?fileloc=%2F%2Fsbin%2Fxfs_copy&path=%2F%2Fsbin HTTP/1.1" 200 2243 "-" "Mozilla/5.0 AppleWebKit/537.36 (KHTML, like Gecko; compatible; ClaudeBot/1.0; +claudebot@anthropic.com)"
146.174.189.216 - - [13/Sep/2025:15:10:12 +0200] "GET /2025/03/page/9/ HTTP/1.1" 200 64828 "-" "Mozilla/5.0 (Windows; U; Windows NT 6.1; en-US; rv:1.9.2b1) Gecko/20091014 Firefox/3.6b1 GTB5"
216.73.216.34 - - [13/Sep/2025:15:10:15 +0200] "GET /2025/09/12/cyrus-the-herpes-virus-gokkast-speel-gratis-from-voor-echt-geld-seasons-rtp-slot-yggdrasil/feed?fileloc=%2F%2Fusr%2Fbin%2Fping6&path=%2F%2Fusr%2Fbin HTTP/1.1" 200 2254 "-" "Mozilla/5.0 AppleWebKit/537.36 (KHTML, like Gecko; compatible; ClaudeBot/1.0; +claudebot@anthropic.com)"
20.171.207.231 - - [13/Sep/2025:15:10:16 +0200] "GET /sitemapindex.xml?fileloc=//proc/259/net/dev_snmp6/lo&path=//proc/259/net/dev_snmp6 HTTP/1.1" 200 2758 "-" "Mozilla/5.0 AppleWebKit/537.36 (KHTML, like Gecko; compatible; GPTBot/1.2; +https://openai.com/gptbot)"
216.73.216.34 - - [13/Sep/2025:15:10:18 +0200] "GET /2025/09/12/cyrus-the-herpes-virus-gokkast-speel-gratis-from-voor-echt-geld-seasons-rtp-slot-yggdrasil/feed?fileloc=%2F%2Fusr%2Fbin%2Fnl-monitor&path=%2F%2Fusr%2Fbin HTTP/1.1" 200 2253 "-" "Mozilla/5.0 AppleWebKit/537.36 (KHTML, like Gecko; compatible; ClaudeBot/1.0; +claudebot@anthropic.com)"
20.171.207.231 - - [13/Sep/2025:15:10:19 +0200] "GET /sitemapindex.xml?fileloc=//proc/259/net/dev_snmp6/eth0&path=//proc/259/net/dev_snmp6 HTTP/1.1" 200 2785 "-" "Mozilla/5.0 AppleWebKit/537.36 (KHTML, like Gecko; compatible; GPTBot/1.2; +https://openai.com/gptbot)"
216.73.216.34 - - [13/Sep/2025:15:10:21 +0200] "GET /2025/09/12/cyrus-the-herpes-virus-gokkast-speel-gratis-from-voor-echt-geld-seasons-rtp-slot-yggdrasil/feed?fileloc=%2F%2Fusr%2Fbin%2Fcpio&path=%2F%2Fusr%2Fbin HTTP/1.1" 200 2252 "-" "Mozilla/5.0 AppleWebKit/537.36 (KHTML, like Gecko; compatible; ClaudeBot/1.0; +claudebot@anthropic.com)"
20.171.207.231 - - [13/Sep/2025:15:10:22 +0200] "GET /sitemapindex.xml?fileloc=//proc/549/net/dev_snmp6/eth0&path=//proc/549/net/dev_snmp6 HTTP/1.1" 200 2785 "-" "Mozilla/5.0 AppleWebKit/537.36 (KHTML, like Gecko; compatible; GPTBot/1.2; +https://openai.com/gptbot)"
216.73.216.34 - - [13/Sep/2025:15:10:24 +0200] "GET /2025/09/12/cyrus-the-herpes-virus-gokkast-speel-gratis-from-voor-echt-geld-seasons-rtp-slot-yggdrasil/feed?fileloc=%2F%2Fusr%2Fbin%2Fpr&path=%2F%2Fusr%2Fbin HTTP/1.1" 200 2251 "-" "Mozilla/5.0 AppleWebKit/537.36 (KHTML, like Gecko; compatible; ClaudeBot/1.0; +claudebot@anthropic.com)"
20.171.207.231 - - [13/Sep/2025:15:10:25 +0200] "GET /sitemapindex.xml?fileloc=//proc/264/net/dev_snmp6/eth0&path=//proc/264/net/dev_snmp6 HTTP/1.1" 200 2786 "-" "Mozilla/5.0 AppleWebKit/537.36 (KHTML, like Gecko; compatible; GPTBot/1.2; +https://openai.com/gptbot)"
216.73.216.34 - - [13/Sep/2025:15:10:27 +0200] "GET /2025/09/12/cyrus-the-herpes-virus-gokkast-speel-gratis-from-voor-echt-geld-seasons-rtp-slot-yggdrasil/feed?fileloc=%2F%2Fusr%2Fbin%2Fpreunzip&path=%2F%2Fusr%2Fbin HTTP/1.1" 200 4107 "-" "Mozilla/5.0 AppleWebKit/537.36 (KHTML, like Gecko; compatible; ClaudeBot/1.0; +claudebot@anthropic.com)"
20.171.207.231 - - [13/Sep/2025:15:10:29 +0200] "GET /sitemapindex.xml?fileloc=//proc/259/net/ip6_tables_names&path=//proc/259/net HTTP/1.1" 200 2267 "-" "Mozilla/5.0 AppleWebKit/537.36 (KHTML, like Gecko; compatible; GPTBot/1.2; +https://openai.com/gptbot)"
216.73.216.34 - - [13/Sep/2025:15:10:30 +0200] "GET /2025/09/12/most-recent-no-deposit-incentives-united-new-independent-online-casinos-kingdom-2025-greatest-ranked-now-offers?fileloc=%2F%2Fusr%2Fbin%2Fresize-part-image&path=%2F%2Fusr%2Fbin HTTP/1.1" 200 4265 "-" "Mozilla/5.0 AppleWebKit/537.36 (KHTML, like Gecko; compatible; ClaudeBot/1.0; +claudebot@anthropic.com)"
20.171.207.231 - - [13/Sep/2025:15:10:31 +0200] "GET /sitemapindex.xml?fileloc=//proc/259/net/ip6_tables_targets&path=//proc/259/net HTTP/1.1" 200 2269 "-" "Mozilla/5.0 AppleWebKit/537.36 (KHTML, like Gecko; compatible; GPTBot/1.2; +https://openai.com/gptbot)"
216.73.216.34 - - [13/Sep/2025:15:10:33 +0200] "GET /2025/09/12/most-recent-no-deposit-incentives-united-new-independent-online-casinos-kingdom-2025-greatest-ranked-now-offers?fileloc=%2F%2Fusr%2Fbin%2Fmysql_embedded&path=%2F%2Fusr%2Fbin HTTP/1.1" 200 2260 "-" "Mozilla/5.0 AppleWebKit/537.36 (KHTML, like Gecko; compatible; ClaudeBot/1.0; +claudebot@anthropic.com)"
20.171.207.231 - - [13/Sep/2025:15:10:34 +0200] "GET /sitemapindex.xml?fileloc=//proc/259/net/ip6_tables_matches&path=//proc/259/net HTTP/1.1" 200 2268 "-" "Mozilla/5.0 AppleWebKit/537.36 (KHTML, like Gecko; compatible; GPTBot/1.2; +https://openai.com/gptbot)"
216.73.216.34 - - [13/Sep/2025:15:10:36 +0200] "GET /2025/09/12/cyrus-the-herpes-virus-gokkast-speel-gratis-from-voor-echt-geld-seasons-rtp-slot-yggdrasil/feed?fileloc=%2F%2Fusr%2Fbin%2Ftctmttest&path=%2F%2Fusr%2Fbin HTTP/1.1" 200 2255 "-" "Mozilla/5.0 AppleWebKit/537.36 (KHTML, like Gecko; compatible; ClaudeBot/1.0; +claudebot@anthropic.com)"
20.171.207.231 - - [13/Sep/2025:15:10:37 +0200] "GET /sitemapindex.xml?fileloc=//proc/264/net/ip6_tables_matches&path=//proc/264/net HTTP/1.1" 200 2269 "-" "Mozilla/5.0 AppleWebKit/537.36 (KHTML, like Gecko; compatible; GPTBot/1.2; +https://openai.com/gptbot)"
66.249.70.160 - - [13/Sep/2025:15:10:38 +0200] "GET /2025/06/04/%D0%BA%D0%B0%D0%B7%D0%B8%D0%BD%D0%BE-%D1%81-%D0%B2%D1%8B%D0%B2%D0%BE%D0%B4%D0%BE%D0%BC-%D0%B4%D0%B5%D0%BD%D0%B5%D0%B3-%D0%BD%D0%B0-%D0%BA%D0%B0%D1%80%D1%82%D1%83-%D0%BC%D0%B8%D1%80-%D0%BE%D1%82-%D1%81/?fileloc=/home/sareqgroup/ecommerce.com/wp-settings.php&path=/home/sareqgroup/ecommerce.com HTTP/1.1" 200 6986 "-" "Mozilla/5.0 (Linux; Android 6.0.1; Nexus 5X Build/MMB29P) AppleWebKit/537.36 (KHTML, like Gecko) Chrome/140.0.7339.127 Mobile Safari/537.36 (compatible; GoogleOther)"
216.73.216.34 - - [13/Sep/2025:15:10:39 +0200] "GET /2025/09/12/twin-spin-netent-slot-slot-tornado-farm-escape-review?fileloc=%2F%2Fproc%2Fsys%2Fkernel%2Fftrace_enabled&path=%2F%2Fproc%2Fsys%2Fkernel HTTP/1.1" 200 2271 "-" "Mozilla/5.0 AppleWebKit/537.36 (KHTML, like Gecko; compatible; ClaudeBot/1.0; +claudebot@anthropic.com)"
20.171.207.231 - - [13/Sep/2025:15:10:41 +0200] "GET /sitemapindex.xml?fileloc=//proc/264/net/ip6_mr_cache&path=//proc/264/net HTTP/1.1" 200 2304 "-" "Mozilla/5.0 AppleWebKit/537.36 (KHTML, like Gecko; compatible; GPTBot/1.2; +https://openai.com/gptbot)"
216.73.216.34 - - [13/Sep/2025:15:10:42 +0200] "GET /2025/09/12/cyrus-the-herpes-virus-gokkast-speel-gratis-from-voor-echt-geld-seasons-rtp-slot-yggdrasil/feed?fileloc=%2F%2Fusr%2Fbin%2Fuptime&path=%2F%2Fusr%2Fbin HTTP/1.1" 200 2254 "-" "Mozilla/5.0 AppleWebKit/537.36 (KHTML, like Gecko; compatible; ClaudeBot/1.0; +claudebot@anthropic.com)"
20.171.207.231 - - [13/Sep/2025:15:10:44 +0200] "GET /sitemapindex.xml?path=//proc/259/net/stat HTTP/1.1" 200 2660 "-" "Mozilla/5.0 AppleWebKit/537.36 (KHTML, like Gecko; compatible; GPTBot/1.2; +https://openai.com/gptbot)"
216.73.216.34 - - [13/Sep/2025:15:10:45 +0200] "GET /category/kosi-restaurant-de1?fileloc=%2F%2Fbin%2Feuare-instanceprofilecreate&path=%2F%2Fbin HTTP/1.1" 200 2339 "-" "Mozilla/5.0 AppleWebKit/537.36 (KHTML, like Gecko; compatible; ClaudeBot/1.0; +claudebot@anthropic.com)"
20.171.207.231 - - [13/Sep/2025:15:10:47 +0200] "GET /sitemapindex.xml?fileloc=//proc/549/net/ip6_tables_targets&path=//proc/549/net HTTP/1.1" 200 2269 "-" "Mozilla/5.0 AppleWebKit/537.36 (KHTML, like Gecko; compatible; GPTBot/1.2; +https://openai.com/gptbot)"
216.73.216.34 - - [13/Sep/2025:15:10:48 +0200] "GET /category/kosi-restaurant-de1?fileloc=%2F%2Flib64%2Flibrpmsign.so.1.2.2&path=%2F%2Flib64 HTTP/1.1" 200 2252 "-" "Mozilla/5.0 AppleWebKit/537.36 (KHTML, like Gecko; compatible; ClaudeBot/1.0; +claudebot@anthropic.com)"
20.171.207.231 - - [13/Sep/2025:15:10:50 +0200] "GET /sitemapindex.xml?path=//proc/264/net/stat HTTP/1.1" 200 2660 "-" "Mozilla/5.0 AppleWebKit/537.36 (KHTML, like Gecko; compatible; GPTBot/1.2; +https://openai.com/gptbot)"
216.73.216.34 - - [13/Sep/2025:15:10:51 +0200] "GET /2025/09/12/cyrus-the-herpes-virus-gokkast-speel-gratis-from-voor-echt-geld-seasons-rtp-slot-yggdrasil/feed?fileloc=%2F%2Fusr%2Fbin%2Fmsggrep&path=%2F%2Fusr%2Fbin HTTP/1.1" 200 2253 "-" "Mozilla/5.0 AppleWebKit/537.36 (KHTML, like Gecko; compatible; ClaudeBot/1.0; +claudebot@anthropic.com)"
185.191.171.7 - - [13/Sep/2025:15:10:52 +0200] "GET /2025/08/26/cevrimici-casino-790/ HTTP/1.1" 200 64828 "-" "Mozilla/5.0 (compatible; SemrushBot/7~bl; +http://www.semrush.com/bot.html)"
20.171.207.231 - - [13/Sep/2025:15:10:54 +0200] "GET /sitemapindex.xml?path=//proc/687 HTTP/1.1" 200 3672 "-" "Mozilla/5.0 AppleWebKit/537.36 (KHTML, like Gecko; compatible; GPTBot/1.2; +https://openai.com/gptbot)"
216.73.216.34 - - [13/Sep/2025:15:10:54 +0200] "GET /2025/09/12/igt-multiple-diamond-four-line-s2000-video-slot-available/feed?fileloc=%2F%2Fproc%2F519%2Fschedstat&path=%2F%2Fproc%2F519 HTTP/1.1" 200 2281 "-" "Mozilla/5.0 AppleWebKit/537.36 (KHTML, like Gecko; compatible; ClaudeBot/1.0; +claudebot@anthropic.com)"
20.171.207.231 - - [13/Sep/2025:15:10:57 +0200] "GET /sitemapindex.xml?path=//proc/395 HTTP/1.1" 200 3672 "-" "Mozilla/5.0 AppleWebKit/537.36 (KHTML, like Gecko; compatible; GPTBot/1.2; +https://openai.com/gptbot)"
216.73.216.34 - - [13/Sep/2025:15:10:57 +0200] "GET /2025/09/12/cyrus-the-herpes-virus-gokkast-speel-gratis-from-voor-echt-geld-seasons-rtp-slot-yggdrasil/feed?fileloc=%2F%2Fusr%2Fbin%2Finstall&path=%2F%2Fusr%2Fbin HTTP/1.1" 200 2250 "-" "Mozilla/5.0 AppleWebKit/537.36 (KHTML, like Gecko; compatible; ClaudeBot/1.0; +claudebot@anthropic.com)"
216.73.216.34 - - [13/Sep/2025:15:11:00 +0200] "GET /2025/09/12/cyrus-the-herpes-virus-gokkast-speel-gratis-from-voor-echt-geld-seasons-rtp-slot-yggdrasil/feed?fileloc=%2F%2Fusr%2Fbin%2Fsetvtrgb&path=%2F%2Fusr%2Fbin HTTP/1.1" 200 2255 "-" "Mozilla/5.0 AppleWebKit/537.36 (KHTML, like Gecko; compatible; ClaudeBot/1.0; +claudebot@anthropic.com)"
20.171.207.231 - - [13/Sep/2025:15:11:01 +0200] "GET /sitemapindex.xml?path=//proc/304 HTTP/1.1" 200 3672 "-" "Mozilla/5.0 AppleWebKit/537.36 (KHTML, like Gecko; compatible; GPTBot/1.2; +https://openai.com/gptbot)"
20.171.207.231 - - [13/Sep/2025:15:11:03 +0200] "GET /sitemapindex.xml?fileloc=//proc/259/net/stat/ndisc_cache&path=//proc/259/net/stat HTTP/1.1" 200 2399 "-" "Mozilla/5.0 AppleWebKit/537.36 (KHTML, like Gecko; compatible; GPTBot/1.2; +https://openai.com/gptbot)"
216.73.216.34 - - [13/Sep/2025:15:11:03 +0200] "GET /2025/09/12/cyrus-the-herpes-virus-gokkast-speel-gratis-from-voor-echt-geld-seasons-rtp-slot-yggdrasil/feed?fileloc=%2F%2Fusr%2Fbin%2Ffonttosfnt&path=%2F%2Fusr%2Fbin HTTP/1.1" 200 2256 "-" "Mozilla/5.0 AppleWebKit/537.36 (KHTML, like Gecko; compatible; ClaudeBot/1.0; +claudebot@anthropic.com)"
20.171.207.231 - - [13/Sep/2025:15:11:06 +0200] "GET /sitemapindex.xml?path=//proc/549/net/stat HTTP/1.1" 200 2660 "-" "Mozilla/5.0 AppleWebKit/537.36 (KHTML, like Gecko; compatible; GPTBot/1.2; +https://openai.com/gptbot)"
216.73.216.34 - - [13/Sep/2025:15:11:06 +0200] "GET /category/kosi-restaurant-de1?fileloc=%2F%2Fsbin%2Fsnmptrapd&path=%2F%2Fsbin HTTP/1.1" 200 2244 "-" "Mozilla/5.0 AppleWebKit/537.36 (KHTML, like Gecko; compatible; ClaudeBot/1.0; +claudebot@anthropic.com)"
216.73.216.34 - - [13/Sep/2025:15:11:09 +0200] "GET /2025/09/12/cyrus-the-herpes-virus-gokkast-speel-gratis-from-voor-echt-geld-seasons-rtp-slot-yggdrasil/feed?fileloc=%2F%2Fusr%2Fbin%2Fkibitz&path=%2F%2Fusr%2Fbin HTTP/1.1" 200 6232 "-" "Mozilla/5.0 AppleWebKit/537.36 (KHTML, like Gecko; compatible; ClaudeBot/1.0; +claudebot@anthropic.com)"
20.171.207.231 - - [13/Sep/2025:15:11:10 +0200] "GET /sitemapindex.xml?fileloc=//proc/264/net/stat/nf_conntrack&path=//proc/264/net/stat HTTP/1.1" 200 2549 "-" "Mozilla/5.0 AppleWebKit/537.36 (KHTML, like Gecko; compatible; GPTBot/1.2; +https://openai.com/gptbot)"
34.194.226.74 - - [13/Sep/2025:15:11:12 +0200] "GET /2020/10/?path=/home HTTP/1.1" 200 12659 "-" "Mozilla/5.0 AppleWebKit/537.36 (KHTML, like Gecko; compatible; Amazonbot/0.1; +https://developer.amazon.com/support/amazonbot) Chrome/119.0.6045.214 Safari/537.36"
216.73.216.34 - - [13/Sep/2025:15:11:12 +0200] "GET /category/kosi-restaurant-de1?fileloc=%2F%2Fsbin%2Fnew-kernel-pkg&path=%2F%2Fsbin HTTP/1.1" 200 8236 "-" "Mozilla/5.0 AppleWebKit/537.36 (KHTML, like Gecko; compatible; ClaudeBot/1.0; +claudebot@anthropic.com)"
20.171.207.231 - - [13/Sep/2025:15:11:13 +0200] "GET /sitemapindex.xml?fileloc=//proc/259/net/stat/nf_conntrack&path=//proc/259/net/stat HTTP/1.1" 200 2551 "-" "Mozilla/5.0 AppleWebKit/537.36 (KHTML, like Gecko; compatible; GPTBot/1.2; +https://openai.com/gptbot)"
216.73.216.34 - - [13/Sep/2025:15:11:15 +0200] "GET /2025/09/12/cyrus-the-herpes-virus-gokkast-speel-gratis-from-voor-echt-geld-seasons-rtp-slot-yggdrasil/feed?fileloc=%2F%2Fusr%2Fbin%2Ftar&path=%2F%2Fusr%2Fbin HTTP/1.1" 200 2251 "-" "Mozilla/5.0 AppleWebKit/537.36 (KHTML, like Gecko; compatible; ClaudeBot/1.0; +claudebot@anthropic.com)"
20.171.207.231 - - [13/Sep/2025:15:11:16 +0200] "GET /sitemapindex.xml?fileloc=//proc/264/net/stat/ndisc_cache&path=//proc/264/net/stat HTTP/1.1" 200 2400 "-" "Mozilla/5.0 AppleWebKit/537.36 (KHTML, like Gecko; compatible; GPTBot/1.2; +https://openai.com/gptbot)"
85.208.96.198 - - [13/Sep/2025:15:11:18 +0200] "GET /2025/08/22/page-7775-2/ HTTP/1.1" 200 64828 "-" "Mozilla/5.0 (compatible; SemrushBot/7~bl; +http://www.semrush.com/bot.html)"
216.73.216.34 - - [13/Sep/2025:15:11:18 +0200] "GET /2025/09/12/cyrus-the-herpes-virus-gokkast-speel-gratis-from-voor-echt-geld-seasons-rtp-slot-yggdrasil/feed?fileloc=%2F%2Fusr%2Fbin%2Fsum&path=%2F%2Fusr%2Fbin HTTP/1.1" 200 2251 "-" "Mozilla/5.0 AppleWebKit/537.36 (KHTML, like Gecko; compatible; ClaudeBot/1.0; +claudebot@anthropic.com)"
20.171.207.231 - - [13/Sep/2025:15:11:20 +0200] "GET /sitemapindex.xml?fileloc=//proc/264/net/stat/rt_cache&path=//proc/264/net/stat HTTP/1.1" 200 2444 "-" "Mozilla/5.0 AppleWebKit/537.36 (KHTML, like Gecko; compatible; GPTBot/1.2; +https://openai.com/gptbot)"
216.73.216.34 - - [13/Sep/2025:15:11:21 +0200] "GET /2025/09/12/cyrus-the-herpes-virus-gokkast-speel-gratis-from-voor-echt-geld-seasons-rtp-slot-yggdrasil/feed?fileloc=%2F%2Fusr%2Fbin%2Fprlimit&path=%2F%2Fusr%2Fbin HTTP/1.1" 200 2252 "-" "Mozilla/5.0 AppleWebKit/537.36 (KHTML, like Gecko; compatible; ClaudeBot/1.0; +claudebot@anthropic.com)"
146.174.189.142 - - [13/Sep/2025:15:11:23 +0200] "GET /2025/05/28/entdecken-sie-casinospiele-im-windetta-casino/ HTTP/1.1" 200 64828 "-" "Mozilla/5.0 (Macintosh; Intel Mac OS X 10_8_2) AppleWebKit/537.13 (KHTML, like Gecko) Chrome/24.0.1290.1 Safari/537.13"
20.171.207.231 - - [13/Sep/2025:15:11:24 +0200] "GET /sitemapindex.xml?fileloc=//proc/395/stat&path=//proc/395 HTTP/1.1" 200 2361 "-" "Mozilla/5.0 AppleWebKit/537.36 (KHTML, like Gecko; compatible; GPTBot/1.2; +https://openai.com/gptbot)"
216.73.216.34 - - [13/Sep/2025:15:11:24 +0200] "GET /2025/09/12/cyrus-the-herpes-virus-gokkast-speel-gratis-from-voor-echt-geld-seasons-rtp-slot-yggdrasil/feed?fileloc=%2F%2Fusr%2Fbin%2Fdmesg&path=%2F%2Fusr%2Fbin HTTP/1.1" 200 2253 "-" "Mozilla/5.0 AppleWebKit/537.36 (KHTML, like Gecko; compatible; ClaudeBot/1.0; +claudebot@anthropic.com)"
52.167.144.160 - - [13/Sep/2025:15:11:25 +0200] "GET /2025/08/25/laissez-vous-emporter-par-lexcitation-eblouissante/ HTTP/1.1" 200 3666 "-" "Mozilla/5.0 AppleWebKit/537.36 (KHTML, like Gecko; compatible; bingbot/2.0; +http://www.bing.com/bingbot.htm) Chrome/116.0.1938.76 Safari/537.36"
20.171.207.231 - - [13/Sep/2025:15:11:26 +0200] "GET /sitemapindex.xml?fileloc=//proc/264/net/stat/arp_cache&path=//proc/264/net/stat HTTP/1.1" 200 2426 "-" "Mozilla/5.0 AppleWebKit/537.36 (KHTML, like Gecko; compatible; GPTBot/1.2; +https://openai.com/gptbot)"
216.73.216.34 - - [13/Sep/2025:15:11:27 +0200] "GET /category/kosi-restaurant-de1?path=%2F%2Frun%2Fnetreport HTTP/1.1" 200 2308 "-" "Mozilla/5.0 AppleWebKit/537.36 (KHTML, like Gecko; compatible; ClaudeBot/1.0; +claudebot@anthropic.com)"
20.171.207.231 - - [13/Sep/2025:15:11:28 +0200] "GET /sitemapindex.xml?fileloc=//proc/549/net/stat/ndisc_cache&path=//proc/549/net/stat HTTP/1.1" 200 2399 "-" "Mozilla/5.0 AppleWebKit/537.36 (KHTML, like Gecko; compatible; GPTBot/1.2; +https://openai.com/gptbot)"
216.73.216.34 - - [13/Sep/2025:15:11:30 +0200] "GET /2025/09/12/cyrus-the-herpes-virus-gokkast-speel-gratis-from-voor-echt-geld-seasons-rtp-slot-yggdrasil/feed?fileloc=%2F%2Fusr%2Fbin%2Fmktemp&path=%2F%2Fusr%2Fbin HTTP/1.1" 200 2254 "-" "Mozilla/5.0 AppleWebKit/537.36 (KHTML, like Gecko; compatible; ClaudeBot/1.0; +claudebot@anthropic.com)"
20.171.207.231 - - [13/Sep/2025:15:11:31 +0200] "GET /sitemapindex.xml?fileloc=//proc/549/net/stat/arp_cache&path=//proc/549/net/stat HTTP/1.1" 200 2425 "-" "Mozilla/5.0 AppleWebKit/537.36 (KHTML, like Gecko; compatible; GPTBot/1.2; +https://openai.com/gptbot)"
216.73.216.34 - - [13/Sep/2025:15:11:33 +0200] "GET /2025/09/12/igt-multiple-diamond-four-line-s2000-video-slot-available/feed?fileloc=%2F%2Fproc%2F514%2Fmaps&path=%2F%2Fproc%2F514 HTTP/1.1" 200 2252 "-" "Mozilla/5.0 AppleWebKit/537.36 (KHTML, like Gecko; compatible; ClaudeBot/1.0; +claudebot@anthropic.com)"
20.171.207.231 - - [13/Sep/2025:15:11:35 +0200] "GET /sitemapindex.xml?fileloc=//proc/549/net/stat/nf_conntrack&path=//proc/549/net/stat HTTP/1.1" 200 2546 "-" "Mozilla/5.0 AppleWebKit/537.36 (KHTML, like Gecko; compatible; GPTBot/1.2; +https://openai.com/gptbot)"
18.214.251.19 - - [13/Sep/2025:15:11:36 +0200] "GET /category/bez-rubriki-2/page/5/?path=/home HTTP/1.1" 200 12659 "-" "Mozilla/5.0 AppleWebKit/537.36 (KHTML, like Gecko; compatible; Amazonbot/0.1; +https://developer.amazon.com/support/amazonbot) Chrome/119.0.6045.214 Safari/537.36"
216.73.216.34 - - [13/Sep/2025:15:11:36 +0200] "GET /2025/09/12/igt-multiple-diamond-four-line-s2000-video-slot-available/feed?fileloc=%2F%2Fproc%2F305%2Fmaps&path=%2F%2Fproc%2F305 HTTP/1.1" 200 2252 "-" "Mozilla/5.0 AppleWebKit/537.36 (KHTML, like Gecko; compatible; ClaudeBot/1.0; +claudebot@anthropic.com)"
85.208.96.211 - - [13/Sep/2025:15:11:36 +0200] "GET /2025/08/17/1win-argentina-sitio-para-apuestas-y-casino/ HTTP/1.1" 200 64828 "-" "Mozilla/5.0 (compatible; SemrushBot/7~bl; +http://www.semrush.com/bot.html)"
20.171.207.231 - - [13/Sep/2025:15:11:38 +0200] "GET /sitemapindex.xml?fileloc=//proc/259/net/stat/rt_cache&path=//proc/259/net/stat HTTP/1.1" 200 2442 "-" "Mozilla/5.0 AppleWebKit/537.36 (KHTML, like Gecko; compatible; GPTBot/1.2; +https://openai.com/gptbot)"
216.73.216.34 - - [13/Sep/2025:15:11:39 +0200] "GET /2025/09/12/cyrus-the-herpes-virus-gokkast-speel-gratis-from-voor-echt-geld-seasons-rtp-slot-yggdrasil/feed?fileloc=%2F%2Fusr%2Fbin%2Fgetconf&path=%2F%2Fusr%2Fbin HTTP/1.1" 200 2253 "-" "Mozilla/5.0 AppleWebKit/537.36 (KHTML, like Gecko; compatible; ClaudeBot/1.0; +claudebot@anthropic.com)"
3.216.86.144 - - [13/Sep/2025:15:11:41 +0200] "GET /2020/10/?path=/home/sareqgroup/ecommerce.com/images HTTP/1.1" 200 26929 "-" "Mozilla/5.0 AppleWebKit/537.36 (KHTML, like Gecko; compatible; Amazonbot/0.1; +https://developer.amazon.com/support/amazonbot) Chrome/119.0.6045.214 Safari/537.36"
20.171.207.231 - - [13/Sep/2025:15:11:41 +0200] "GET /sitemapindex.xml?fileloc=//proc/549/net/stat/rt_cache&path=//proc/549/net/stat HTTP/1.1" 200 2444 "-" "Mozilla/5.0 AppleWebKit/537.36 (KHTML, like Gecko; compatible; GPTBot/1.2; +https://openai.com/gptbot)"
216.73.216.34 - - [13/Sep/2025:15:11:42 +0200] "GET /2025/09/12/twin-spin-netent-slot-slot-tornado-farm-escape-review?fileloc=%2F%2Fproc%2Fsys%2Fkernel%2Fhardlockup_panic&path=%2F%2Fproc%2Fsys%2Fkernel HTTP/1.1" 200 2274 "-" "Mozilla/5.0 AppleWebKit/537.36 (KHTML, like Gecko; compatible; ClaudeBot/1.0; +claudebot@anthropic.com)"
20.171.207.231 - - [13/Sep/2025:15:11:44 +0200] "GET /sitemapindex.xml?fileloc=//proc/259/net/stat/arp_cache&path=//proc/259/net/stat HTTP/1.1" 200 2425 "-" "Mozilla/5.0 AppleWebKit/537.36 (KHTML, like Gecko; compatible; GPTBot/1.2; +https://openai.com/gptbot)"
52.71.216.196 - - [13/Sep/2025:15:11:45 +0200] "GET /2025/09/12/hot-fire-fruits-slot-canhoteiro-review-2024-play-for-free/ HTTP/1.1" 200 64828 "-" "Mozilla/5.0 AppleWebKit/537.36 (KHTML, like Gecko; compatible; Amazonbot/0.1; +https://developer.amazon.com/support/amazonbot) Chrome/119.0.6045.214 Safari/537.36"
216.73.216.34 - - [13/Sep/2025:15:11:45 +0200] "GET /2025/09/12/cyrus-the-herpes-virus-gokkast-speel-gratis-from-voor-echt-geld-seasons-rtp-slot-yggdrasil/feed?fileloc=%2F%2Fusr%2Fbin%2Fisosize&path=%2F%2Fusr%2Fbin HTTP/1.1" 200 2254 "-" "Mozilla/5.0 AppleWebKit/537.36 (KHTML, like Gecko; compatible; ClaudeBot/1.0; +claudebot@anthropic.com)"
20.171.207.231 - - [13/Sep/2025:15:11:47 +0200] "GET /sitemapindex.xml?path=//proc/304/net HTTP/1.1" 200 3796 "-" "Mozilla/5.0 AppleWebKit/537.36 (KHTML, like Gecko; compatible; GPTBot/1.2; +https://openai.com/gptbot)"
216.73.216.34 - - [13/Sep/2025:15:11:48 +0200] "GET /2025/09/12/cyrus-the-herpes-virus-gokkast-speel-gratis-from-voor-echt-geld-seasons-rtp-slot-yggdrasil/feed?fileloc=%2F%2Fusr%2Fbin%2Fexpect&path=%2F%2Fusr%2Fbin HTTP/1.1" 200 2254 "-" "Mozilla/5.0 AppleWebKit/537.36 (KHTML, like Gecko; compatible; ClaudeBot/1.0; +claudebot@anthropic.com)"
20.171.207.231 - - [13/Sep/2025:15:11:50 +0200] "GET /sitemapindex.xml?path=//proc/687/net HTTP/1.1" 200 3796 "-" "Mozilla/5.0 AppleWebKit/537.36 (KHTML, like Gecko; compatible; GPTBot/1.2; +https://openai.com/gptbot)"
216.73.216.34 - - [13/Sep/2025:15:11:51 +0200] "GET /2025/09/12/cyrus-the-herpes-virus-gokkast-speel-gratis-from-voor-echt-geld-seasons-rtp-slot-yggdrasil/feed?fileloc=%2F%2Fusr%2Fbin%2Fsu&path=%2F%2Fusr%2Fbin HTTP/1.1" 200 2251 "-" "Mozilla/5.0 AppleWebKit/537.36 (KHTML, like Gecko; compatible; ClaudeBot/1.0; +claudebot@anthropic.com)"
20.171.207.231 - - [13/Sep/2025:15:11:54 +0200] "GET /sitemapindex.xml?path=//proc/618 HTTP/1.1" 200 3672 "-" "Mozilla/5.0 AppleWebKit/537.36 (KHTML, like Gecko; compatible; GPTBot/1.2; +https://openai.com/gptbot)"
216.73.216.34 - - [13/Sep/2025:15:11:54 +0200] "GET /2025/09/12/most-recent-no-deposit-incentives-united-new-independent-online-casinos-kingdom-2025-greatest-ranked-now-offers?fileloc=%2F%2Fusr%2Fbin%2Fsystemd-tty-ask-password-agent&path=%2F%2Fusr%2Fbin HTTP/1.1" 200 2267 "-" "Mozilla/5.0 AppleWebKit/537.36 (KHTML, like Gecko; compatible; ClaudeBot/1.0; +claudebot@anthropic.com)"
20.171.207.231 - - [13/Sep/2025:15:11:57 +0200] "GET /sitemapindex.xml?path=//proc/395/net HTTP/1.1" 200 3797 "-" "Mozilla/5.0 AppleWebKit/537.36 (KHTML, like Gecko; compatible; GPTBot/1.2; +https://openai.com/gptbot)"
23.22.105.143 - - [13/Sep/2025:15:11:57 +0200] "GET /2025/09/11/no-deposit-gambling-establishment-extra-codes-sep-2025/?path=/home/sareqgroup HTTP/1.1" 200 63789 "-" "Mozilla/5.0 AppleWebKit/537.36 (KHTML, like Gecko; compatible; Amazonbot/0.1; +https://developer.amazon.com/support/amazonbot) Chrome/119.0.6045.214 Safari/537.36"
216.73.216.34 - - [13/Sep/2025:15:11:57 +0200] "GET /2025/09/12/igt-multiple-diamond-four-line-s2000-video-slot-available/feed?fileloc=%2F%2Fproc%2F305%2Foom_score&path=%2F%2Fproc%2F305 HTTP/1.1" 200 2258 "-" "Mozilla/5.0 AppleWebKit/537.36 (KHTML, like Gecko; compatible; ClaudeBot/1.0; +claudebot@anthropic.com)"
