66.249.70.160 - - [13/Sep/2025:16:16:45 +0200] "GET /2025/09/11/the-best-web-based-casinos-in-the-september-2025-ranked-and-analyzed/feed/?fileloc=/home/sareqgroup/ecommerce.com/wp-content/languages/fr_FR-e2791ba830489d23043be8650a22a22b.json&path=/home/sareqgroup/ecommerce.com/wp-content/languages HTTP/1.1" 200 2572 "-" "Mozilla/5.0 (Linux; Android 6.0.1; Nexus 5X Build/MMB29P) AppleWebKit/537.36 (KHTML, like Gecko) Chrome/140.0.7339.127 Mobile Safari/537.36 (compatible; GoogleOther)"
20.171.207.231 - - [13/Sep/2025:16:16:45 +0200] "GET /sitemap.xml?fileloc=//proc/960/net/ip6_flowlabel&path=//proc/960/net HTTP/1.1" 200 2299 "-" "Mozilla/5.0 AppleWebKit/537.36 (KHTML, like Gecko; compatible; GPTBot/1.2; +https://openai.com/gptbot)"
216.73.216.34 - - [13/Sep/2025:16:16:46 +0200] "GET /2025/09/12/hot-gems-jogue-online-afinar-pokerstars-casino/feed?fileloc=%2Fhome%2Fsareqgroup%2Fecommerce.com%2Fwp-admin%2Fnetwork%2Fupdate-core.php&path=%2Fhome%2Fsareqgroup%2Fecommerce.com%2Fwp-admin%2Fnetwork HTTP/1.1" 200 2423 "-" "Mozilla/5.0 AppleWebKit/537.36 (KHTML, like Gecko; compatible; ClaudeBot/1.0; +claudebot@anthropic.com)"
44.205.192.249 - - [13/Sep/2025:16:16:47 +0200] "GET /category/sumatriptan/?path=/home/sareqgroup/ecommerce.com/images HTTP/1.1" 200 26929 "-" "Mozilla/5.0 AppleWebKit/537.36 (KHTML, like Gecko; compatible; Amazonbot/0.1; +https://developer.amazon.com/support/amazonbot) Chrome/119.0.6045.214 Safari/537.36"
20.171.207.231 - - [13/Sep/2025:16:16:49 +0200] "GET /sitemap.xml?fileloc=//proc/301/net/ip6_flowlabel&path=//proc/301/net HTTP/1.1" 200 2299 "-" "Mozilla/5.0 AppleWebKit/537.36 (KHTML, like Gecko; compatible; GPTBot/1.2; +https://openai.com/gptbot)"
216.73.216.34 - - [13/Sep/2025:16:16:49 +0200] "GET /2025/09/12/all-of-us-internet-casino-ratings-2025/feed?fileloc=%2Fhome%2Fsareqgroup%2Fecommerce.com%2Fwp-includes%2Fcss%2Fwp-auth-check.min.css&path=%2Fhome%2Fsareqgroup%2Fecommerce.com%2Fwp-includes%2Fcss HTTP/1.1" 200 2898 "-" "Mozilla/5.0 AppleWebKit/537.36 (KHTML, like Gecko; compatible; ClaudeBot/1.0; +claudebot@anthropic.com)"
20.171.207.231 - - [13/Sep/2025:16:16:51 +0200] "GET /sitemap.xml?fileloc=//proc/674/net/ip6_flowlabel&path=//proc/674/net HTTP/1.1" 200 2300 "-" "Mozilla/5.0 AppleWebKit/537.36 (KHTML, like Gecko; compatible; GPTBot/1.2; +https://openai.com/gptbot)"
216.73.216.34 - - [13/Sep/2025:16:16:52 +0200] "GET /2025/09/12/kazino-onlajn-naslazhdajtes-bezopasnoj-i-chestnoj-23?fileloc=%2Fhome%2Fsareqgroup%2Fecommerce.com%2Fwp-admin%2Fplugins.php&path=%2Fhome%2Fsareqgroup%2Fecommerce.com%2Fwp-admin HTTP/1.1" 200 9167 "-" "Mozilla/5.0 AppleWebKit/537.36 (KHTML, like Gecko; compatible; ClaudeBot/1.0; +claudebot@anthropic.com)"
20.171.207.231 - - [13/Sep/2025:16:16:54 +0200] "GET /sitemap.xml?fileloc=//proc/512/net/udp&path=//proc/512/net HTTP/1.1" 200 2498 "-" "Mozilla/5.0 AppleWebKit/537.36 (KHTML, like Gecko; compatible; GPTBot/1.2; +https://openai.com/gptbot)"
216.73.216.34 - - [13/Sep/2025:16:16:55 +0200] "GET /2025/09/12/hot-gems-jogue-online-afinar-pokerstars-casino/feed?fileloc=%2Fhome%2Fsareqgroup%2Fecommerce.com%2Fwp-includes%2Fclass-simplepie.php&path=%2Fhome%2Fsareqgroup%2Fecommerce.com%2Fwp-includes HTTP/1.1" 200 21804 "-" "Mozilla/5.0 AppleWebKit/537.36 (KHTML, like Gecko; compatible; ClaudeBot/1.0; +claudebot@anthropic.com)"
216.73.216.34 - - [13/Sep/2025:16:16:58 +0200] "GET /2025/09/12/twin-spin-netent-slot-slot-tornado-farm-escape-review?fileloc=%2Fhome%2Fsareqgroup%2Fecommerce.com%2Fwp-admin%2Fload-styles.php&path=%2Fhome%2Fsareqgroup%2Fecommerce.com%2Fwp-admin HTTP/1.1" 200 3229 "-" "Mozilla/5.0 AppleWebKit/537.36 (KHTML, like Gecko; compatible; ClaudeBot/1.0; +claudebot@anthropic.com)"
20.171.207.231 - - [13/Sep/2025:16:16:58 +0200] "GET /sitemap.xml?fileloc=//proc/395/net/udp&path=//proc/395/net HTTP/1.1" 200 2499 "-" "Mozilla/5.0 AppleWebKit/537.36 (KHTML, like Gecko; compatible; GPTBot/1.2; +https://openai.com/gptbot)"
216.73.216.34 - - [13/Sep/2025:16:17:01 +0200] "GET /2025/09/12/hot-fire-fruits-slot-canhoteiro-review-2024-play-for-free/feed?fileloc=%2Fhome%2Fsareqgroup%2Fecommerce.com%2Fwp-includes%2FSimplePie%2FCache.php&path=%2Fhome%2Fsareqgroup%2Fecommerce.com%2Fwp-includes%2FSimplePie HTTP/1.1" 200 4065 "-" "Mozilla/5.0 AppleWebKit/537.36 (KHTML, like Gecko; compatible; ClaudeBot/1.0; +claudebot@anthropic.com)"
20.171.207.231 - - [13/Sep/2025:16:17:02 +0200] "GET /sitemap.xml?fileloc=//proc/305/net/udp&path=//proc/305/net HTTP/1.1" 200 2498 "-" "Mozilla/5.0 AppleWebKit/537.36 (KHTML, like Gecko; compatible; GPTBot/1.2; +https://openai.com/gptbot)"
100.28.133.214 - - [13/Sep/2025:16:17:03 +0200] "GET /2025/05/03/core-objectives-of-mobile-app-testing-for-your/?path=/home/sareqgroup/ecommerce.com/wp-content HTTP/1.1" 200 36987 "-" "Mozilla/5.0 AppleWebKit/537.36 (KHTML, like Gecko; compatible; Amazonbot/0.1; +https://developer.amazon.com/support/amazonbot) Chrome/119.0.6045.214 Safari/537.36"
216.73.216.34 - - [13/Sep/2025:16:17:04 +0200] "GET /2025/09/12/ten-best-online-casinos-australian-continent-the-real-deal-currency-gaming-inside-2025/feed?fileloc=%2Fhome%2Fsareqgroup%2Fecommerce.com%2Fwp-includes%2Fclass-wp-http-cookie.php&path=%2Fhome%2Fsareqgroup%2Fecommerce.com%2Fwp-includes HTTP/1.1" 200 4620 "-" "Mozilla/5.0 AppleWebKit/537.36 (KHTML, like Gecko; compatible; ClaudeBot/1.0; +claudebot@anthropic.com)"
20.171.207.231 - - [13/Sep/2025:16:17:04 +0200] "GET /sitemap.xml?fileloc=//proc/628/net/unix&path=//proc/628/net HTTP/1.1" 200 4138 "-" "Mozilla/5.0 AppleWebKit/537.36 (KHTML, like Gecko; compatible; GPTBot/1.2; +https://openai.com/gptbot)"
216.73.216.34 - - [13/Sep/2025:16:17:07 +0200] "GET /2025/09/12/cuckoo-totally-free-online-at-the-copa-slot-machine-game-rtp-strategy-and-you-may-incentives/feed?fileloc=%2Fhome%2Fsareqgroup%2Fecommerce.com%2Fwp-admin%2Fload-styles.php&path=%2Fhome%2Fsareqgroup%2Fecommerce.com%2Fwp-admin HTTP/1.1" 200 3229 "-" "Mozilla/5.0 AppleWebKit/537.36 (KHTML, like Gecko; compatible; ClaudeBot/1.0; +claudebot@anthropic.com)"
20.171.207.231 - - [13/Sep/2025:16:17:07 +0200] "GET /sitemap.xml?fileloc=//proc/305/net/unix&path=//proc/305/net HTTP/1.1" 200 4134 "-" "Mozilla/5.0 AppleWebKit/537.36 (KHTML, like Gecko; compatible; GPTBot/1.2; +https://openai.com/gptbot)"
20.171.207.231 - - [13/Sep/2025:16:17:10 +0200] "GET /sitemap.xml?fileloc=//proc/120/net/udp&path=//proc/120/net HTTP/1.1" 200 2500 "-" "Mozilla/5.0 AppleWebKit/537.36 (KHTML, like Gecko; compatible; GPTBot/1.2; +https://openai.com/gptbot)"
216.73.216.34 - - [13/Sep/2025:16:17:10 +0200] "GET /2025/09/12/amon-casino-bonus-sans-depot-400-2589?fileloc=%2Fhome%2Fsareqgroup%2Fecommerce.com%2Fwp-includes%2Fcustomize%2Fcustom.file.3.1755598774.php&path=%2Fhome%2Fsareqgroup%2Fecommerce.com%2Fwp-includes%2Fcustomize HTTP/1.1" 200 47910 "-" "Mozilla/5.0 AppleWebKit/537.36 (KHTML, like Gecko; compatible; ClaudeBot/1.0; +claudebot@anthropic.com)"
20.171.207.231 - - [13/Sep/2025:16:17:13 +0200] "GET /sitemap.xml?fileloc=//proc/395/net/unix&path=//proc/395/net HTTP/1.1" 200 4134 "-" "Mozilla/5.0 AppleWebKit/537.36 (KHTML, like Gecko; compatible; GPTBot/1.2; +https://openai.com/gptbot)"
216.73.216.34 - - [13/Sep/2025:16:17:13 +0200] "GET /2025/09/12/all-of-us-internet-casino-ratings-2025/feed?fileloc=%2Fhome%2Fsareqgroup%2Fecommerce.com%2Fwp-includes%2Fcss%2Fadmin-bar.min.css&path=%2Fhome%2Fsareqgroup%2Fecommerce.com%2Fwp-includes%2Fcss HTTP/1.1" 200 5742 "-" "Mozilla/5.0 AppleWebKit/537.36 (KHTML, like Gecko; compatible; ClaudeBot/1.0; +claudebot@anthropic.com)"
54.163.169.168 - - [13/Sep/2025:16:17:16 +0200] "GET /2025/09/11/enjoy-black-jack-online-100-percent-free-step-imperative-hyperlink-one-12-professionals-zero-adverts/?path=/home/sareqgroup/ecommerce.com/images HTTP/1.1" 200 26929 "-" "Mozilla/5.0 AppleWebKit/537.36 (KHTML, like Gecko; compatible; Amazonbot/0.1; +https://developer.amazon.com/support/amazonbot) Chrome/119.0.6045.214 Safari/537.36"
216.73.216.34 - - [13/Sep/2025:16:17:16 +0200] "GET /2025/09/12/hot-fire-fruits-slot-canhoteiro-review-2024-play-for-free/feed?fileloc=%2Fhome%2Fsareqgroup%2Fecommerce.com%2Fwp-includes%2FSimplePie%2FCaption.php&path=%2Fhome%2Fsareqgroup%2Fecommerce.com%2Fwp-includes%2FSimplePie HTTP/1.1" 200 3897 "-" "Mozilla/5.0 AppleWebKit/537.36 (KHTML, like Gecko; compatible; ClaudeBot/1.0; +claudebot@anthropic.com)"
20.171.207.231 - - [13/Sep/2025:16:17:16 +0200] "GET /sitemap.xml?fileloc=//proc/628/net/udp&path=//proc/628/net HTTP/1.1" 200 2499 "-" "Mozilla/5.0 AppleWebKit/537.36 (KHTML, like Gecko; compatible; GPTBot/1.2; +https://openai.com/gptbot)"
216.73.216.34 - - [13/Sep/2025:16:17:19 +0200] "GET /2025/09/12/hot-gems-jogue-online-afinar-pokerstars-casino/feed?fileloc=%2Fhome%2Fsareqgroup%2Fecommerce.com%2Fwp-includes%2Fclass-wp-term-query.php&path=%2Fhome%2Fsareqgroup%2Fecommerce.com%2Fwp-includes HTTP/1.1" 200 10300 "-" "Mozilla/5.0 AppleWebKit/537.36 (KHTML, like Gecko; compatible; ClaudeBot/1.0; +claudebot@anthropic.com)"
20.171.207.231 - - [13/Sep/2025:16:17:19 +0200] "GET /sitemap.xml?fileloc=//proc/301/net/udp&path=//proc/301/net HTTP/1.1" 200 2499 "-" "Mozilla/5.0 AppleWebKit/537.36 (KHTML, like Gecko; compatible; GPTBot/1.2; +https://openai.com/gptbot)"
100.29.155.89 - - [13/Sep/2025:16:17:19 +0200] "GET /2025/04/07/understanding-imitrex-addiction-and-its-impact/?path=/home/sareqgroup/ecommerce.com/e3caf HTTP/1.1" 200 22166 "-" "Mozilla/5.0 AppleWebKit/537.36 (KHTML, like Gecko; compatible; Amazonbot/0.1; +https://developer.amazon.com/support/amazonbot) Chrome/119.0.6045.214 Safari/537.36"
216.73.216.34 - - [13/Sep/2025:16:17:22 +0200] "GET /?fileloc=%2Fhome%2Fsareqgroup%2Fecommerce.com%2F.well-known%2Fcustom-file-5-1755598495.php&path=%2Fhome%2Fsareqgroup%2Fecommerce.com%2F.well-known HTTP/1.1" 200 47889 "-" "Mozilla/5.0 AppleWebKit/537.36 (KHTML, like Gecko; compatible; ClaudeBot/1.0; +claudebot@anthropic.com)"
20.171.207.231 - - [13/Sep/2025:16:17:22 +0200] "GET /sitemap.xml?fileloc=//proc/674/net/udp&path=//proc/674/net HTTP/1.1" 200 2499 "-" "Mozilla/5.0 AppleWebKit/537.36 (KHTML, like Gecko; compatible; GPTBot/1.2; +https://openai.com/gptbot)"
3.221.244.28 - - [13/Sep/2025:16:17:23 +0200] "GET /2025/09/11/spielsaal-freispiele-ohne-einzahlung-im-neunter-monat-des-jahres-2025-%EF%B8%8F-automatenspielex/?fileloc=/home/sareqgroup/ecommerce.com/wp-mail.php&path=/home/sareqgroup/ecommerce.com HTTP/1.1" 200 21128 "-" "Mozilla/5.0 AppleWebKit/537.36 (KHTML, like Gecko; compatible; Amazonbot/0.1; +https://developer.amazon.com/support/amazonbot) Chrome/119.0.6045.214 Safari/537.36"
216.73.216.34 - - [13/Sep/2025:16:17:25 +0200] "GET /2025/09/12/kazino-onlajn-naslazhdajtes-bezopasnoj-i-chestnoj-23?fileloc=%2Fhome%2Fsareqgroup%2Fecommerce.com%2Fwp-includes%2Fclass-wp-application-passwords.php&path=%2Fhome%2Fsareqgroup%2Fecommerce.com%2Fwp-includes HTTP/1.1" 200 4311 "-" "Mozilla/5.0 AppleWebKit/537.36 (KHTML, like Gecko; compatible; ClaudeBot/1.0; +claudebot@anthropic.com)"
20.171.207.231 - - [13/Sep/2025:16:17:25 +0200] "GET /sitemap.xml?fileloc=//proc/301/net/unix&path=//proc/301/net HTTP/1.1" 200 4109 "-" "Mozilla/5.0 AppleWebKit/537.36 (KHTML, like Gecko; compatible; GPTBot/1.2; +https://openai.com/gptbot)"
3.213.46.222 - - [13/Sep/2025:16:17:28 +0200] "GET /2023/01/24/liabilities-in-accounting-understanding-key/?path=/home/sareqgroup/ecommerce.com/e3caf HTTP/1.1" 200 22166 "-" "Mozilla/5.0 AppleWebKit/537.36 (KHTML, like Gecko; compatible; Amazonbot/0.1; +https://developer.amazon.com/support/amazonbot) Chrome/119.0.6045.214 Safari/537.36"
216.73.216.34 - - [13/Sep/2025:16:17:28 +0200] "GET /2025/09/12/hot-gems-jogue-online-afinar-pokerstars-casino/feed?fileloc=%2Fhome%2Fsareqgroup%2Fecommerce.com%2Fwp-includes%2Fblocks%2Fcategories.php&path=%2Fhome%2Fsareqgroup%2Fecommerce.com%2Fwp-includes%2Fblocks HTTP/1.1" 200 3244 "-" "Mozilla/5.0 AppleWebKit/537.36 (KHTML, like Gecko; compatible; ClaudeBot/1.0; +claudebot@anthropic.com)"
20.171.207.231 - - [13/Sep/2025:16:17:28 +0200] "GET /sitemap.xml?fileloc=//proc/960/net/udp&path=//proc/960/net HTTP/1.1" 200 2499 "-" "Mozilla/5.0 AppleWebKit/537.36 (KHTML, like Gecko; compatible; GPTBot/1.2; +https://openai.com/gptbot)"
216.73.216.34 - - [13/Sep/2025:16:17:31 +0200] "GET /2025/09/12/kazino-onlajn-naslazhdajtes-bezopasnoj-i-chestnoj-23?fileloc=%2Fhome%2Fsareqgroup%2Fecommerce.com%2Fwp-includes%2Fclass-wp-oembed.php&path=%2Fhome%2Fsareqgroup%2Fecommerce.com%2Fwp-includes HTTP/1.1" 200 9167 "-" "Mozilla/5.0 AppleWebKit/537.36 (KHTML, like Gecko; compatible; ClaudeBot/1.0; +claudebot@anthropic.com)"
20.171.207.231 - - [13/Sep/2025:16:17:32 +0200] "GET /sitemap.xml?fileloc=//proc/512/net/unix&path=//proc/512/net HTTP/1.1" 200 4109 "-" "Mozilla/5.0 AppleWebKit/537.36 (KHTML, like Gecko; compatible; GPTBot/1.2; +https://openai.com/gptbot)"
216.73.216.34 - - [13/Sep/2025:16:17:34 +0200] "GET /2025/09/12/hot-fire-fruits-slot-canhoteiro-review-2024-play-for-free/feed?fileloc=%2Fhome%2Fsareqgroup%2Fecommerce.com%2Fwp-includes%2Fblocks%2Flatest-comments.php&path=%2Fhome%2Fsareqgroup%2Fecommerce.com%2Fwp-includes%2Fblocks HTTP/1.1" 200 3981 "-" "Mozilla/5.0 AppleWebKit/537.36 (KHTML, like Gecko; compatible; ClaudeBot/1.0; +claudebot@anthropic.com)"
20.171.207.231 - - [13/Sep/2025:16:17:35 +0200] "GET /sitemap.xml?fileloc=//proc/674/net/unix&path=//proc/674/net HTTP/1.1" 200 4113 "-" "Mozilla/5.0 AppleWebKit/537.36 (KHTML, like Gecko; compatible; GPTBot/1.2; +https://openai.com/gptbot)"
216.73.216.34 - - [13/Sep/2025:16:17:37 +0200] "GET /2025/09/12/hot-fire-fruits-slot-canhoteiro-review-2024-play-for-free/feed?fileloc=%2Fhome%2Fsareqgroup%2Fecommerce.com%2Fwp-admin%2Fjs%2Frevisions.min.js&path=%2Fhome%2Fsareqgroup%2Fecommerce.com%2Fwp-admin%2Fjs HTTP/1.1" 200 7110 "-" "Mozilla/5.0 AppleWebKit/537.36 (KHTML, like Gecko; compatible; ClaudeBot/1.0; +claudebot@anthropic.com)"
20.171.207.231 - - [13/Sep/2025:16:17:38 +0200] "GET /sitemap.xml?fileloc=//proc/960/net/unix&path=//proc/960/net HTTP/1.1" 200 4113 "-" "Mozilla/5.0 AppleWebKit/537.36 (KHTML, like Gecko; compatible; GPTBot/1.2; +https://openai.com/gptbot)"
216.73.216.34 - - [13/Sep/2025:16:17:40 +0200] "GET /2025/09/12/ten-best-online-casinos-australian-continent-the-real-deal-currency-gaming-inside-2025/feed?fileloc=%2Fhome%2Fsareqgroup%2Fecommerce.com%2Fwp-includes%2Fjs%2Fmce-view.min.js&path=%2Fhome%2Fsareqgroup%2Fecommerce.com%2Fwp-includes%2Fjs HTTP/1.1" 200 5994 "-" "Mozilla/5.0 AppleWebKit/537.36 (KHTML, like Gecko; compatible; ClaudeBot/1.0; +claudebot@anthropic.com)"
20.171.207.231 - - [13/Sep/2025:16:17:41 +0200] "GET /sitemap.xml?fileloc=//proc/120/net/unix&path=//proc/120/net HTTP/1.1" 200 4111 "-" "Mozilla/5.0 AppleWebKit/537.36 (KHTML, like Gecko; compatible; GPTBot/1.2; +https://openai.com/gptbot)"
216.73.216.34 - - [13/Sep/2025:16:17:43 +0200] "GET /category/post/page/76?path=%2Fhome%2Fsareqgroup%2Fpublic_ftp HTTP/1.1" 200 2585 "-" "Mozilla/5.0 AppleWebKit/537.36 (KHTML, like Gecko; compatible; ClaudeBot/1.0; +claudebot@anthropic.com)"
66.249.70.160 - - [13/Sep/2025:16:17:44 +0200] "GET /2025/01/20/%D0%BF%D0%B8%D0%BD-%D0%B0%D0%BF-%D0%BA%D0%B7-%D0%BE%D0%B1%D0%B7%D0%BE%D1%80-%D0%B8%D0%B3%D1%80%D0%BE%D0%B2%D0%BE%D0%B9-%D0%BF%D0%BB%D0%BE%D1%89%D0%B0%D0%B4%D0%BA%D0%B8-%D0%B8-%D0%BE%D1%81%D0%BE%D0%B1/?path=/home/sareqgroup/.subaccounts HTTP/1.1" 200 2570 "-" "Mozilla/5.0 (Linux; Android 6.0.1; Nexus 5X Build/MMB29P) AppleWebKit/537.36 (KHTML, like Gecko) Chrome/140.0.7339.127 Mobile Safari/537.36 (compatible; GoogleOther)"
20.171.207.231 - - [13/Sep/2025:16:17:44 +0200] "GET /sitemap.xml?fileloc=//proc/395/net/udplite&path=//proc/395/net HTTP/1.1" 200 2334 "-" "Mozilla/5.0 AppleWebKit/537.36 (KHTML, like Gecko; compatible; GPTBot/1.2; +https://openai.com/gptbot)"
216.73.216.34 - - [13/Sep/2025:16:17:46 +0200] "GET /2025/09/12/twin-spin-netent-slot-slot-tornado-farm-escape-review?fileloc=%2Fhome%2Fsareqgroup%2Fecommerce.com%2Fwp-admin%2Fcss%2Fcustomize-controls.css&path=%2Fhome%2Fsareqgroup%2Fecommerce.com%2Fwp-admin%2Fcss HTTP/1.1" 200 14049 "-" "Mozilla/5.0 AppleWebKit/537.36 (KHTML, like Gecko; compatible; ClaudeBot/1.0; +claudebot@anthropic.com)"
20.171.207.231 - - [13/Sep/2025:16:17:47 +0200] "GET /sitemap.xml?path=//proc/628/net/stat HTTP/1.1" 200 2658 "-" "Mozilla/5.0 AppleWebKit/537.36 (KHTML, like Gecko; compatible; GPTBot/1.2; +https://openai.com/gptbot)"
3.216.13.10 - - [13/Sep/2025:16:17:48 +0200] "GET /2025/08/19/sovety-dlja-hajrollerov-v-kazino-zooma-oshibki/?fileloc=/home/sareqgroup/ecommerce.com/wp-load.php&path=/home/sareqgroup/ecommerce.com HTTP/1.1" 200 15844 "-" "Mozilla/5.0 AppleWebKit/537.36 (KHTML, like Gecko; compatible; Amazonbot/0.1; +https://developer.amazon.com/support/amazonbot) Chrome/119.0.6045.214 Safari/537.36"
216.73.216.34 - - [13/Sep/2025:16:17:49 +0200] "GET /2025/09/12/cuckoo-totally-free-online-at-the-copa-slot-machine-game-rtp-strategy-and-you-may-incentives/feed?fileloc=%2Fhome%2Fsareqgroup%2Fecommerce.com%2Fwp-admin%2Foptions.php&path=%2Fhome%2Fsareqgroup%2Fecommerce.com%2Fwp-admin HTTP/1.1" 200 6300 "-" "Mozilla/5.0 AppleWebKit/537.36 (KHTML, like Gecko; compatible; ClaudeBot/1.0; +claudebot@anthropic.com)"
20.171.207.231 - - [13/Sep/2025:16:17:50 +0200] "GET /sitemap.xml?path=//proc/674/net/stat HTTP/1.1" 200 2660 "-" "Mozilla/5.0 AppleWebKit/537.36 (KHTML, like Gecko; compatible; GPTBot/1.2; +https://openai.com/gptbot)"
216.73.216.34 - - [13/Sep/2025:16:17:52 +0200] "GET /2025/09/12/kazino-onlajn-naslazhdajtes-bezopasnoj-i-chestnoj-23?fileloc=%2Fhome%2Fsareqgroup%2Fecommerce.com%2Fwp-includes%2Fregistration-functions.php&path=%2Fhome%2Fsareqgroup%2Fecommerce.com%2Fwp-includes HTTP/1.1" 200 2406 "-" "Mozilla/5.0 AppleWebKit/537.36 (KHTML, like Gecko; compatible; ClaudeBot/1.0; +claudebot@anthropic.com)"
20.171.207.231 - - [13/Sep/2025:16:17:54 +0200] "GET /sitemap.xml?path=//proc/305/net/stat HTTP/1.1" 200 2658 "-" "Mozilla/5.0 AppleWebKit/537.36 (KHTML, like Gecko; compatible; GPTBot/1.2; +https://openai.com/gptbot)"
216.73.216.34 - - [13/Sep/2025:16:17:55 +0200] "GET /2025/09/12/cuckoo-totally-free-online-at-the-copa-slot-machine-game-rtp-strategy-and-you-may-incentives/feed?fileloc=%2Fhome%2Fsareqgroup%2Fecommerce.com%2Fwp-admin%2Flink-manager.php&path=%2Fhome%2Fsareqgroup%2Fecommerce.com%2Fwp-admin HTTP/1.1" 200 3946 "-" "Mozilla/5.0 AppleWebKit/537.36 (KHTML, like Gecko; compatible; ClaudeBot/1.0; +claudebot@anthropic.com)"
20.171.207.231 - - [13/Sep/2025:16:17:57 +0200] "GET /sitemap.xml?path=//proc/960/net/stat HTTP/1.1" 200 2660 "-" "Mozilla/5.0 AppleWebKit/537.36 (KHTML, like Gecko; compatible; GPTBot/1.2; +https://openai.com/gptbot)"
216.73.216.34 - - [13/Sep/2025:16:17:58 +0200] "GET /?fileloc=%2Fhome%2Fsareqgroup%2Fecommerce.com%2Fgooglefda606ad3f24e25b.html&path=%2Fhome%2Fsareqgroup%2Fecommerce.com HTTP/1.1" 200 2288 "-" "Mozilla/5.0 AppleWebKit/537.36 (KHTML, like Gecko; compatible; ClaudeBot/1.0; +claudebot@anthropic.com)"
20.171.207.231 - - [13/Sep/2025:16:18:00 +0200] "GET /sitemap.xml?path=//proc/512/net/stat HTTP/1.1" 200 2660 "-" "Mozilla/5.0 AppleWebKit/537.36 (KHTML, like Gecko; compatible; GPTBot/1.2; +https://openai.com/gptbot)"
216.73.216.34 - - [13/Sep/2025:16:18:01 +0200] "GET /2025/09/12/jogue-online-os-online-majority-rules-speed-blackjack-live-melhores-demanda/feed?fileloc=%2Fhome%2Fsareqgroup%2Fecommerce.com%2Fwp-includes%2Fmeta.php&path=%2Fhome%2Fsareqgroup%2Fecommerce.com%2Fwp-includes HTTP/1.1" 200 11858 "-" "Mozilla/5.0 AppleWebKit/537.36 (KHTML, like Gecko; compatible; ClaudeBot/1.0; +claudebot@anthropic.com)"
20.171.207.231 - - [13/Sep/2025:16:18:03 +0200] "GET /sitemap.xml?fileloc=//proc/628/net/udplite&path=//proc/628/net HTTP/1.1" 200 2334 "-" "Mozilla/5.0 AppleWebKit/537.36 (KHTML, like Gecko; compatible; GPTBot/1.2; +https://openai.com/gptbot)"
216.73.216.34 - - [13/Sep/2025:16:18:04 +0200] "GET /2025/09/12/cuckoo-totally-free-online-at-the-copa-slot-machine-game-rtp-strategy-and-you-may-incentives/feed?fileloc=%2Fhome%2Fsareqgroup%2Fecommerce.com%2Fwp-admin%2Fmedia-upload.php&path=%2Fhome%2Fsareqgroup%2Fecommerce.com%2Fwp-admin HTTP/1.1" 200 3543 "-" "Mozilla/5.0 AppleWebKit/537.36 (KHTML, like Gecko; compatible; ClaudeBot/1.0; +claudebot@anthropic.com)"
20.171.207.231 - - [13/Sep/2025:16:18:06 +0200] "GET /sitemap.xml?path=//proc/120/net/stat HTTP/1.1" 200 2660 "-" "Mozilla/5.0 AppleWebKit/537.36 (KHTML, like Gecko; compatible; GPTBot/1.2; +https://openai.com/gptbot)"
216.73.216.34 - - [13/Sep/2025:16:18:07 +0200] "GET /2025/09/12/all-of-us-internet-casino-ratings-2025/feed?fileloc=%2Fhome%2Fsareqgroup%2Fecommerce.com%2Fwp-admin%2Fmedia.php&path=%2Fhome%2Fsareqgroup%2Fecommerce.com%2Fwp-admin HTTP/1.1" 200 4213 "-" "Mozilla/5.0 AppleWebKit/537.36 (KHTML, like Gecko; compatible; ClaudeBot/1.0; +claudebot@anthropic.com)"
54.225.81.20 - - [13/Sep/2025:16:18:07 +0200] "GET /2025/08/20/meilleurs-internet-casinos-en-ligne-2025-classement-complet-avis/?path=/home/sareqgroup/ecommerce.com/wp-content HTTP/1.1" 200 36987 "-" "Mozilla/5.0 AppleWebKit/537.36 (KHTML, like Gecko; compatible; Amazonbot/0.1; +https://developer.amazon.com/support/amazonbot) Chrome/119.0.6045.214 Safari/537.36"
20.171.207.231 - - [13/Sep/2025:16:18:09 +0200] "GET /sitemap.xml?path=//proc/301/net/stat HTTP/1.1" 200 2658 "-" "Mozilla/5.0 AppleWebKit/537.36 (KHTML, like Gecko; compatible; GPTBot/1.2; +https://openai.com/gptbot)"
216.73.216.34 - - [13/Sep/2025:16:18:10 +0200] "GET /2025/09/12/hot-gems-jogue-online-afinar-pokerstars-casino/feed?fileloc=%2Fhome%2Fsareqgroup%2Fecommerce.com%2Fwp-includes%2Fclass-wp-hook.php&path=%2Fhome%2Fsareqgroup%2Fecommerce.com%2Fwp-includes HTTP/1.1" 200 5755 "-" "Mozilla/5.0 AppleWebKit/537.36 (KHTML, like Gecko; compatible; ClaudeBot/1.0; +claudebot@anthropic.com)"
44.216.172.204 - - [13/Sep/2025:16:18:12 +0200] "GET /2025/09/11/spielsaal-freispiele-ohne-einzahlung-im-neunter-monat-des-jahres-2025-%EF%B8%8F-automatenspielex/?fileloc=/home/sareqgroup/ecommerce.com/xmlrpc.php&path=/home/sareqgroup/ecommerce.com HTTP/1.1" 200 15973 "-" "Mozilla/5.0 AppleWebKit/537.36 (KHTML, like Gecko; compatible; Amazonbot/0.1; +https://developer.amazon.com/support/amazonbot) Chrome/119.0.6045.214 Safari/537.36"
20.171.207.231 - - [13/Sep/2025:16:18:12 +0200] "GET /sitemap.xml?fileloc=//proc/674/net/udplite&path=//proc/674/net HTTP/1.1" 200 2335 "-" "Mozilla/5.0 AppleWebKit/537.36 (KHTML, like Gecko; compatible; GPTBot/1.2; +https://openai.com/gptbot)"
216.73.216.34 - - [13/Sep/2025:16:18:13 +0200] "GET /2025/09/12/el-herdade-mas-animado-para-classificar-esteroides-anabolicos-en-linea/feed?fileloc=%2Fhome%2Fsareqgroup%2Fecommerce.com%2Fwp-includes%2Fauthor-template.php&path=%2Fhome%2Fsareqgroup%2Fecommerce.com%2Fwp-includes HTTP/1.1" 200 6828 "-" "Mozilla/5.0 AppleWebKit/537.36 (KHTML, like Gecko; compatible; ClaudeBot/1.0; +claudebot@anthropic.com)"
20.171.207.231 - - [13/Sep/2025:16:18:16 +0200] "GET /sitemap.xml?path=//proc/395/net/stat HTTP/1.1" 200 2658 "-" "Mozilla/5.0 AppleWebKit/537.36 (KHTML, like Gecko; compatible; GPTBot/1.2; +https://openai.com/gptbot)"
216.73.216.34 - - [13/Sep/2025:16:18:16 +0200] "GET /2025/09/12/twin-spin-netent-slot-slot-tornado-farm-escape-review?fileloc=%2Fhome%2Fsareqgroup%2Fecommerce.com%2Fwp-admin%2Fms-delete-site.php&path=%2Fhome%2Fsareqgroup%2Fecommerce.com%2Fwp-admin HTTP/1.1" 200 4005 "-" "Mozilla/5.0 AppleWebKit/537.36 (KHTML, like Gecko; compatible; ClaudeBot/1.0; +claudebot@anthropic.com)"
20.171.207.231 - - [13/Sep/2025:16:18:19 +0200] "GET /sitemap.xml?fileloc=//proc/512/net/udplite&path=//proc/512/net HTTP/1.1" 200 2334 "-" "Mozilla/5.0 AppleWebKit/537.36 (KHTML, like Gecko; compatible; GPTBot/1.2; +https://openai.com/gptbot)"
216.73.216.34 - - [13/Sep/2025:16:18:19 +0200] "GET /2025/09/12/hot-gems-jogue-online-afinar-pokerstars-casino/feed?fileloc=%2Fhome%2Fsareqgroup%2Fecommerce.com%2Fwp-includes%2Fclass-wp-recovery-mode.php&path=%2Fhome%2Fsareqgroup%2Fecommerce.com%2Fwp-includes HTTP/1.1" 200 5305 "-" "Mozilla/5.0 AppleWebKit/537.36 (KHTML, like Gecko; compatible; ClaudeBot/1.0; +claudebot@anthropic.com)"
44.223.116.180 - - [13/Sep/2025:16:18:19 +0200] "GET /2025/09/11/beste-neue-casinos-2025-deutschland/?path=/home/sareqgroup/ecommerce.com/.well-known HTTP/1.1" 200 25589 "-" "Mozilla/5.0 AppleWebKit/537.36 (KHTML, like Gecko; compatible; Amazonbot/0.1; +https://developer.amazon.com/support/amazonbot) Chrome/119.0.6045.214 Safari/537.36"
20.171.207.231 - - [13/Sep/2025:16:18:22 +0200] "GET /sitemap.xml?fileloc=//proc/301/net/udplite&path=//proc/301/net HTTP/1.1" 200 2334 "-" "Mozilla/5.0 AppleWebKit/537.36 (KHTML, like Gecko; compatible; GPTBot/1.2; +https://openai.com/gptbot)"
216.73.216.34 - - [13/Sep/2025:16:18:22 +0200] "GET /2025/09/12/cuckoo-totally-free-online-at-the-copa-slot-machine-game-rtp-strategy-and-you-may-incentives/feed?fileloc=%2Fhome%2Fsareqgroup%2Fecommerce.com%2Fwp-admin%2Fms-delete-site.php&path=%2Fhome%2Fsareqgroup%2Fecommerce.com%2Fwp-admin HTTP/1.1" 200 4005 "-" "Mozilla/5.0 AppleWebKit/537.36 (KHTML, like Gecko; compatible; ClaudeBot/1.0; +claudebot@anthropic.com)"
20.171.207.231 - - [13/Sep/2025:16:18:25 +0200] "GET /sitemap.xml?fileloc=//proc/120/net/udplite&path=//proc/120/net HTTP/1.1" 200 2335 "-" "Mozilla/5.0 AppleWebKit/537.36 (KHTML, like Gecko; compatible; GPTBot/1.2; +https://openai.com/gptbot)"
216.73.216.34 - - [13/Sep/2025:16:18:25 +0200] "GET /2025/09/12/kazino-onlajn-naslazhdajtes-bezopasnoj-i-chestnoj-23?fileloc=%2Fhome%2Fsareqgroup%2Fecommerce.com%2Fwp-includes%2Fpost-formats.php&path=%2Fhome%2Fsareqgroup%2Fecommerce.com%2Fwp-includes HTTP/1.1" 200 4099 "-" "Mozilla/5.0 AppleWebKit/537.36 (KHTML, like Gecko; compatible; ClaudeBot/1.0; +claudebot@anthropic.com)"
100.28.204.82 - - [13/Sep/2025:16:18:27 +0200] "GET /2025/08/20/meilleurs-internet-casinos-en-ligne-2025-classement-complet-avis/?path=/home/sareqgroup/ecommerce.com/wp-admin HTTP/1.1" 200 173459 "-" "Mozilla/5.0 AppleWebKit/537.36 (KHTML, like Gecko; compatible; Amazonbot/0.1; +https://developer.amazon.com/support/amazonbot) Chrome/119.0.6045.214 Safari/537.36"
216.73.216.34 - - [13/Sep/2025:16:18:28 +0200] "GET /2025/09/12/the-fresh-dogfather-position-100-percent-free-slot-copy-cats-local-casino-money-august-2025?fileloc=%2Fhome%2Fsareqgroup%2Fecommerce.com%2Fwp-includes%2Fwidgets%2Fclass-wp-widget-rss.php&path=%2Fhome%2Fsareqgroup%2Fecommerce.com%2Fwp-includes%2Fwidgets HTTP/1.1" 200 3835 "-" "Mozilla/5.0 AppleWebKit/537.36 (KHTML, like Gecko; compatible; ClaudeBot/1.0; +claudebot@anthropic.com)"
20.171.207.231 - - [13/Sep/2025:16:18:29 +0200] "GET /sitemap.xml?fileloc=//proc/305/net/udplite&path=//proc/305/net HTTP/1.1" 200 2334 "-" "Mozilla/5.0 AppleWebKit/537.36 (KHTML, like Gecko; compatible; GPTBot/1.2; +https://openai.com/gptbot)"
216.73.216.34 - - [13/Sep/2025:16:18:31 +0200] "GET /2025/09/12/jogue-online-os-online-majority-rules-speed-blackjack-live-melhores-demanda/feed?fileloc=%2Fhome%2Fsareqgroup%2Fecommerce.com%2Fwp-includes%2Fms-site.php&path=%2Fhome%2Fsareqgroup%2Fecommerce.com%2Fwp-includes HTTP/1.1" 200 12092 "-" "Mozilla/5.0 AppleWebKit/537.36 (KHTML, like Gecko; compatible; ClaudeBot/1.0; +claudebot@anthropic.com)"
20.171.207.231 - - [13/Sep/2025:16:18:31 +0200] "GET /sitemap.xml?fileloc=//proc/960/net/udplite&path=//proc/960/net HTTP/1.1" 200 2334 "-" "Mozilla/5.0 AppleWebKit/537.36 (KHTML, like Gecko; compatible; GPTBot/1.2; +https://openai.com/gptbot)"
52.3.127.170 - - [13/Sep/2025:16:18:31 +0200] "GET /2025/05/20/1win-login-93/?path=/home/sareqgroup/ecommerce.com/.well-known HTTP/1.1" 200 25589 "-" "Mozilla/5.0 AppleWebKit/537.36 (KHTML, like Gecko; compatible; Amazonbot/0.1; +https://developer.amazon.com/support/amazonbot) Chrome/119.0.6045.214 Safari/537.36"
216.73.216.34 - - [13/Sep/2025:16:18:34 +0200] "GET /2025/09/12/hot-gems-jogue-online-afinar-pokerstars-casino/feed?fileloc=%2Fhome%2Fsareqgroup%2Fecommerce.com%2Fwp-includes%2Fclass-oembed.php&path=%2Fhome%2Fsareqgroup%2Fecommerce.com%2Fwp-includes HTTP/1.1" 200 2481 "-" "Mozilla/5.0 AppleWebKit/537.36 (KHTML, like Gecko; compatible; ClaudeBot/1.0; +claudebot@anthropic.com)"
20.171.207.231 - - [13/Sep/2025:16:18:34 +0200] "GET /sitemap.xml?path=//proc/628/net/rpc HTTP/1.1" 200 2593 "-" "Mozilla/5.0 AppleWebKit/537.36 (KHTML, like Gecko; compatible; GPTBot/1.2; +https://openai.com/gptbot)"
216.73.216.34 - - [13/Sep/2025:16:18:37 +0200] "GET /?path=%2F%2Flib%2Fpython3.6 HTTP/1.1" 200 2547 "-" "Mozilla/5.0 AppleWebKit/537.36 (KHTML, like Gecko; compatible; ClaudeBot/1.0; +claudebot@anthropic.com)"
20.171.207.231 - - [13/Sep/2025:16:18:38 +0200] "GET /sitemap.xml?path=//proc/960/net/rpc HTTP/1.1" 200 2593 "-" "Mozilla/5.0 AppleWebKit/537.36 (KHTML, like Gecko; compatible; GPTBot/1.2; +https://openai.com/gptbot)"
216.73.216.34 - - [13/Sep/2025:16:18:40 +0200] "GET /2025/09/12/all-of-us-internet-casino-ratings-2025/feed?fileloc=%2Fhome%2Fsareqgroup%2Fecommerce.com%2Fwp-admin%2Ferase-personal-data.php&path=%2Fhome%2Fsareqgroup%2Fecommerce.com%2Fwp-admin HTTP/1.1" 200 3447 "-" "Mozilla/5.0 AppleWebKit/537.36 (KHTML, like Gecko; compatible; ClaudeBot/1.0; +claudebot@anthropic.com)"
20.171.207.231 - - [13/Sep/2025:16:18:40 +0200] "GET /sitemap.xml?path=//proc/395/net/rpc HTTP/1.1" 200 2594 "-" "Mozilla/5.0 AppleWebKit/537.36 (KHTML, like Gecko; compatible; GPTBot/1.2; +https://openai.com/gptbot)"
216.73.216.34 - - [13/Sep/2025:16:18:43 +0200] "GET /2025/09/12/cuckoo-totally-free-online-at-the-copa-slot-machine-game-rtp-strategy-and-you-may-incentives/feed?fileloc=%2Fhome%2Fsareqgroup%2Fecommerce.com%2Fwp-admin%2Fupload.php&path=%2Fhome%2Fsareqgroup%2Fecommerce.com%2Fwp-admin HTTP/1.1" 200 5877 "-" "Mozilla/5.0 AppleWebKit/537.36 (KHTML, like Gecko; compatible; ClaudeBot/1.0; +claudebot@anthropic.com)"
20.171.207.231 - - [13/Sep/2025:16:18:44 +0200] "GET /sitemap.xml?path=//proc/674/net/rpc HTTP/1.1" 200 2594 "-" "Mozilla/5.0 AppleWebKit/537.36 (KHTML, like Gecko; compatible; GPTBot/1.2; +https://openai.com/gptbot)"
185.191.171.12 - - [13/Sep/2025:16:18:44 +0200] "GET /2025/05/29/fim-do-skype-confira-three-alternativas-a-plataforma/ HTTP/1.1" 200 64828 "-" "Mozilla/5.0 (compatible; SemrushBot/7~bl; +http://www.semrush.com/bot.html)"
216.73.216.34 - - [13/Sep/2025:16:18:46 +0200] "GET /2025/09/12/jogue-online-os-online-majority-rules-speed-blackjack-live-melhores-demanda/feed?fileloc=%2Fhome%2Fsareqgroup%2Fecommerce.com%2Fwp-includes%2Fdate.php&path=%2Fhome%2Fsareqgroup%2Fecommerce.com%2Fwp-includes HTTP/1.1" 200 2475 "-" "Mozilla/5.0 AppleWebKit/537.36 (KHTML, like Gecko; compatible; ClaudeBot/1.0; +claudebot@anthropic.com)"
20.171.207.231 - - [13/Sep/2025:16:18:47 +0200] "GET /sitemap.xml?path=//proc/120/net/rpc HTTP/1.1" 200 2593 "-" "Mozilla/5.0 AppleWebKit/537.36 (KHTML, like Gecko; compatible; GPTBot/1.2; +https://openai.com/gptbot)"
216.73.216.34 - - [13/Sep/2025:16:18:49 +0200] "GET /2025/09/12/el-herdade-mas-animado-para-classificar-esteroides-anabolicos-en-linea/feed?fileloc=%2Fhome%2Fsareqgroup%2Fecommerce.com%2Fwp-includes%2Fbottom-1753811108.php&path=%2Fhome%2Fsareqgroup%2Fecommerce.com%2Fwp-includes HTTP/1.1" 200 47885 "-" "Mozilla/5.0 AppleWebKit/537.36 (KHTML, like Gecko; compatible; ClaudeBot/1.0; +claudebot@anthropic.com)"
20.171.207.231 - - [13/Sep/2025:16:18:50 +0200] "GET /sitemap.xml?path=//proc/305/net/rpc HTTP/1.1" 200 2594 "-" "Mozilla/5.0 AppleWebKit/537.36 (KHTML, like Gecko; compatible; GPTBot/1.2; +https://openai.com/gptbot)"
216.73.216.34 - - [13/Sep/2025:16:18:52 +0200] "GET /2025/09/12/jogue-online-os-online-majority-rules-speed-blackjack-live-melhores-demanda/feed?fileloc=%2Fhome%2Fsareqgroup%2Fecommerce.com%2Fwp-content%2Findex.php&path=%2Fhome%2Fsareqgroup%2Fecommerce.com%2Fwp-content HTTP/1.1" 200 2299 "-" "Mozilla/5.0 AppleWebKit/537.36 (KHTML, like Gecko; compatible; ClaudeBot/1.0; +claudebot@anthropic.com)"
20.171.207.231 - - [13/Sep/2025:16:18:53 +0200] "GET /sitemap.xml?path=//proc/301/net/rpc HTTP/1.1" 200 2593 "-" "Mozilla/5.0 AppleWebKit/537.36 (KHTML, like Gecko; compatible; GPTBot/1.2; +https://openai.com/gptbot)"
216.73.216.34 - - [13/Sep/2025:16:18:55 +0200] "GET /2025/09/12/review-dos-melhores-cassinos-online-esfogiteado-brasil-acimade-2025/feed?fileloc=%2Fhome%2Fsareqgroup%2Fecommerce.com%2Fwp-content%2Fplugins%2Findex.php&path=%2Fhome%2Fsareqgroup%2Fecommerce.com%2Fwp-content%2Fplugins HTTP/1.1" 200 2308 "-" "Mozilla/5.0 AppleWebKit/537.36 (KHTML, like Gecko; compatible; ClaudeBot/1.0; +claudebot@anthropic.com)"
20.171.207.231 - - [13/Sep/2025:16:18:56 +0200] "GET /sitemap.xml?fileloc=//proc/301/net/fib_trie&path=//proc/301/net HTTP/1.1" 200 2449 "-" "Mozilla/5.0 AppleWebKit/537.36 (KHTML, like Gecko; compatible; GPTBot/1.2; +https://openai.com/gptbot)"
216.73.216.34 - - [13/Sep/2025:16:18:58 +0200] "GET /category/post/page/76?fileloc=%2Fhome%2Fsareqgroup%2Fecommerce.com%2Fe3caf%2Fe3caf%2Fcategory.template.1755515307.php&path=%2Fhome%2Fsareqgroup%2Fecommerce.com%2Fe3caf%2Fe3caf HTTP/1.1" 200 2291 "-" "Mozilla/5.0 AppleWebKit/537.36 (KHTML, like Gecko; compatible; ClaudeBot/1.0; +claudebot@anthropic.com)"
20.171.207.231 - - [13/Sep/2025:16:18:59 +0200] "GET /sitemap.xml?path=//proc/512/net/rpc HTTP/1.1" 200 2593 "-" "Mozilla/5.0 AppleWebKit/537.36 (KHTML, like Gecko; compatible; GPTBot/1.2; +https://openai.com/gptbot)"
54.147.182.90 - - [13/Sep/2025:16:18:59 +0200] "GET /2025/09/04/a-high-stakes-adventure-awaits-as-you-engage-in/?path=/home/sareqgroup/ecommerce.com/wp-content HTTP/1.1" 200 36987 "-" "Mozilla/5.0 AppleWebKit/537.36 (KHTML, like Gecko; compatible; Amazonbot/0.1; +https://developer.amazon.com/support/amazonbot) Chrome/119.0.6045.214 Safari/537.36"
216.73.216.34 - - [13/Sep/2025:16:19:01 +0200] "GET /2025/09/12/hot-fire-fruits-slot-canhoteiro-review-2024-play-for-free/feed?fileloc=%2Fhome%2Fsareqgroup%2Fecommerce.com%2Fwp-admin%2Fjs%2Fauth-app.min.js&path=%2Fhome%2Fsareqgroup%2Fecommerce.com%2Fwp-admin%2Fjs HTTP/1.1" 200 3201 "-" "Mozilla/5.0 AppleWebKit/537.36 (KHTML, like Gecko; compatible; ClaudeBot/1.0; +claudebot@anthropic.com)"
20.171.207.231 - - [13/Sep/2025:16:19:02 +0200] "GET /sitemap.xml?fileloc=//proc/960/net/fib_trie&path=//proc/960/net HTTP/1.1" 200 2449 "-" "Mozilla/5.0 AppleWebKit/537.36 (KHTML, like Gecko; compatible; GPTBot/1.2; +https://openai.com/gptbot)"
216.73.216.34 - - [13/Sep/2025:16:19:04 +0200] "GET /2025/09/12/ranking-an-educated-web-based-casinos-in-america-2025/feed?fileloc=%2Fhome%2Fsareqgroup%2Fecommerce.com%2Fwp-admin%2Fcustom.file.5.1753943632.php&path=%2Fhome%2Fsareqgroup%2Fecommerce.com%2Fwp-admin HTTP/1.1" 200 2813 "-" "Mozilla/5.0 AppleWebKit/537.36 (KHTML, like Gecko; compatible; ClaudeBot/1.0; +claudebot@anthropic.com)"
20.171.207.231 - - [13/Sep/2025:16:19:05 +0200] "GET /sitemap.xml?fileloc=//proc/395/net/fib_trie&path=//proc/395/net HTTP/1.1" 200 2449 "-" "Mozilla/5.0 AppleWebKit/537.36 (KHTML, like Gecko; compatible; GPTBot/1.2; +https://openai.com/gptbot)"
216.73.216.34 - - [13/Sep/2025:16:19:07 +0200] "GET /2025/09/12/hot-fire-fruits-slot-canhoteiro-review-2024-play-for-free/feed?fileloc=%2Fhome%2Fsareqgroup%2Fecommerce.com%2Fwp-includes%2FSimplePie%2FParser.php&path=%2Fhome%2Fsareqgroup%2Fecommerce.com%2Fwp-includes%2FSimplePie HTTP/1.1" 200 10004 "-" "Mozilla/5.0 AppleWebKit/537.36 (KHTML, like Gecko; compatible; ClaudeBot/1.0; +claudebot@anthropic.com)"
20.171.207.231 - - [13/Sep/2025:16:19:09 +0200] "GET /sitemap.xml?fileloc=//proc/628/net/fib_trie&path=//proc/628/net HTTP/1.1" 200 2449 "-" "Mozilla/5.0 AppleWebKit/537.36 (KHTML, like Gecko; compatible; GPTBot/1.2; +https://openai.com/gptbot)"
216.73.216.34 - - [13/Sep/2025:16:19:10 +0200] "GET /2025/09/12/all-of-us-internet-casino-ratings-2025/feed?fileloc=%2Fhome%2Fsareqgroup%2Fecommerce.com%2Fwp-content%2Fcategory.template.1755515307.php&path=%2Fhome%2Fsareqgroup%2Fecommerce.com%2Fwp-content HTTP/1.1" 200 2290 "-" "Mozilla/5.0 AppleWebKit/537.36 (KHTML, like Gecko; compatible; ClaudeBot/1.0; +claudebot@anthropic.com)"
20.171.207.231 - - [13/Sep/2025:16:19:12 +0200] "GET /sitemap.xml?fileloc=//proc/512/net/fib_trie&path=//proc/512/net HTTP/1.1" 200 2449 "-" "Mozilla/5.0 AppleWebKit/537.36 (KHTML, like Gecko; compatible; GPTBot/1.2; +https://openai.com/gptbot)"
216.73.216.34 - - [13/Sep/2025:16:19:13 +0200] "GET /2025/09/12/kazino-onlajn-naslazhdajtes-bezopasnoj-i-chestnoj-23?fileloc=%2Fhome%2Fsareqgroup%2Fecommerce.com%2Fwp-includes%2FRequests%2FHooker.php&path=%2Fhome%2Fsareqgroup%2Fecommerce.com%2Fwp-includes%2FRequests HTTP/1.1" 200 2561 "-" "Mozilla/5.0 AppleWebKit/537.36 (KHTML, like Gecko; compatible; ClaudeBot/1.0; +claudebot@anthropic.com)"
20.171.207.231 - - [13/Sep/2025:16:19:15 +0200] "GET /sitemap.xml?fileloc=//proc/120/net/fib_trie&path=//proc/120/net HTTP/1.1" 200 2449 "-" "Mozilla/5.0 AppleWebKit/537.36 (KHTML, like Gecko; compatible; GPTBot/1.2; +https://openai.com/gptbot)"
3.222.190.107 - - [13/Sep/2025:16:19:15 +0200] "GET /2025/09/11/innovative-gameplay-takes-center-stage-when-you/?path=/home/sareqgroup/ecommerce.com/.tmb HTTP/1.1" 200 12833 "-" "Mozilla/5.0 AppleWebKit/537.36 (KHTML, like Gecko; compatible; Amazonbot/0.1; +https://developer.amazon.com/support/amazonbot) Chrome/119.0.6045.214 Safari/537.36"
216.73.216.34 - - [13/Sep/2025:16:19:16 +0200] "GET /2025/09/12/hot-gems-jogue-online-afinar-pokerstars-casino/feed?fileloc=%2Fhome%2Fsareqgroup%2Fecommerce.com%2Fwp-includes%2Ffeed-rss.php&path=%2Fhome%2Fsareqgroup%2Fecommerce.com%2Fwp-includes HTTP/1.1" 200 2824 "-" "Mozilla/5.0 AppleWebKit/537.36 (KHTML, like Gecko; compatible; ClaudeBot/1.0; +claudebot@anthropic.com)"
20.171.207.231 - - [13/Sep/2025:16:19:18 +0200] "GET /sitemap.xml?fileloc=//proc/674/net/fib_trie&path=//proc/674/net HTTP/1.1" 200 2449 "-" "Mozilla/5.0 AppleWebKit/537.36 (KHTML, like Gecko; compatible; GPTBot/1.2; +https://openai.com/gptbot)"
216.73.216.34 - - [13/Sep/2025:16:19:19 +0200] "GET /2025/09/12/kazino-onlajn-naslazhdajtes-bezopasnoj-i-chestnoj-23?fileloc=%2Fhome%2Fsareqgroup%2Fecommerce.com%2Fwp-includes%2Fclass-wp-widget.php&path=%2Fhome%2Fsareqgroup%2Fecommerce.com%2Fwp-includes HTTP/1.1" 200 6393 "-" "Mozilla/5.0 AppleWebKit/537.36 (KHTML, like Gecko; compatible; ClaudeBot/1.0; +claudebot@anthropic.com)"
52.71.46.142 - - [13/Sep/2025:16:19:20 +0200] "GET /2025/09/11/best-1-5-10-minimum-put-gambling-enterprises-full-2025-checklist/?path=/home/sareqgroup/ecommerce.com/wp-admin HTTP/1.1" 200 173459 "-" "Mozilla/5.0 AppleWebKit/537.36 (KHTML, like Gecko; compatible; Amazonbot/0.1; +https://developer.amazon.com/support/amazonbot) Chrome/119.0.6045.214 Safari/537.36"
20.171.207.231 - - [13/Sep/2025:16:19:21 +0200] "GET /sitemap.xml?fileloc=//proc/305/net/fib_trie&path=//proc/305/net HTTP/1.1" 200 2449 "-" "Mozilla/5.0 AppleWebKit/537.36 (KHTML, like Gecko; compatible; GPTBot/1.2; +https://openai.com/gptbot)"
216.73.216.34 - - [13/Sep/2025:16:19:22 +0200] "GET /2025/09/12/hot-fire-fruits-slot-canhoteiro-review-2024-play-for-free/feed?fileloc=%2Fhome%2Fsareqgroup%2Fecommerce.com%2Fwp-includes%2FRequests%2FException.php&path=%2Fhome%2Fsareqgroup%2Fecommerce.com%2Fwp-includes%2FRequests HTTP/1.1" 200 2658 "-" "Mozilla/5.0 AppleWebKit/537.36 (KHTML, like Gecko; compatible; ClaudeBot/1.0; +claudebot@anthropic.com)"
20.171.207.231 - - [13/Sep/2025:16:19:25 +0200] "GET /sitemap.xml?fileloc=//proc/674/net/stat/nf_conntrack&path=//proc/674/net/stat HTTP/1.1" 200 2549 "-" "Mozilla/5.0 AppleWebKit/537.36 (KHTML, like Gecko; compatible; GPTBot/1.2; +https://openai.com/gptbot)"
216.73.216.34 - - [13/Sep/2025:16:19:25 +0200] "GET /2025/09/12/ten-best-online-casinos-australian-continent-the-real-deal-currency-gaming-inside-2025/feed?fileloc=%2Fhome%2Fsareqgroup%2Fecommerce.com%2Fwp-includes%2Fjs%2Ftw-sack.min.js&path=%2Fhome%2Fsareqgroup%2Fecommerce.com%2Fwp-includes%2Fjs HTTP/1.1" 200 3374 "-" "Mozilla/5.0 AppleWebKit/537.36 (KHTML, like Gecko; compatible; ClaudeBot/1.0; +claudebot@anthropic.com)"
20.171.207.231 - - [13/Sep/2025:16:19:28 +0200] "GET /sitemap.xml?fileloc=//proc/305/net/stat/nf_conntrack&path=//proc/305/net/stat HTTP/1.1" 200 2542 "-" "Mozilla/5.0 AppleWebKit/537.36 (KHTML, like Gecko; compatible; GPTBot/1.2; +https://openai.com/gptbot)"
216.73.216.34 - - [13/Sep/2025:16:19:28 +0200] "GET /2025/09/12/hot-fire-fruits-slot-canhoteiro-review-2024-play-for-free/feed?fileloc=%2Fhome%2Fsareqgroup%2Fecommerce.com%2Fwp-admin%2Fjs%2Ffarbtastic.js&path=%2Fhome%2Fsareqgroup%2Fecommerce.com%2Fwp-admin%2Fjs HTTP/1.1" 200 4691 "-" "Mozilla/5.0 AppleWebKit/537.36 (KHTML, like Gecko; compatible; ClaudeBot/1.0; +claudebot@anthropic.com)"
85.208.96.200 - - [13/Sep/2025:16:19:30 +0200] "GET /2025/09/01/en-yi-online-casino-deneyimini-yaamaya-hazr-msnz-32/ HTTP/1.1" 200 64828 "-" "Mozilla/5.0 (compatible; SemrushBot/7~bl; +http://www.semrush.com/bot.html)"
20.171.207.231 - - [13/Sep/2025:16:19:31 +0200] "GET /sitemap.xml?fileloc=//proc/512/net/stat/nf_conntrack&path=//proc/512/net/stat HTTP/1.1" 200 2539 "-" "Mozilla/5.0 AppleWebKit/537.36 (KHTML, like Gecko; compatible; GPTBot/1.2; +https://openai.com/gptbot)"
216.73.216.34 - - [13/Sep/2025:16:19:31 +0200] "GET /2025/09/12/hot-gems-jogue-online-afinar-pokerstars-casino/feed?fileloc=%2Fhome%2Fsareqgroup%2Fecommerce.com%2Fwp-admin%2Fnetwork%2Fsite-users.php&path=%2Fhome%2Fsareqgroup%2Fecommerce.com%2Fwp-admin%2Fnetwork HTTP/1.1" 200 5399 "-" "Mozilla/5.0 AppleWebKit/537.36 (KHTML, like Gecko; compatible; ClaudeBot/1.0; +claudebot@anthropic.com)"
216.73.216.34 - - [13/Sep/2025:16:19:34 +0200] "GET /2025/09/12/jogue-online-os-online-majority-rules-speed-blackjack-live-melhores-demanda/feed?fileloc=%2Fhome%2Fsareqgroup%2Fecommerce.com%2Fwp-includes%2Fblocks.php&path=%2Fhome%2Fsareqgroup%2Fecommerce.com%2Fwp-includes HTTP/1.1" 200 8631 "-" "Mozilla/5.0 AppleWebKit/537.36 (KHTML, like Gecko; compatible; ClaudeBot/1.0; +claudebot@anthropic.com)"
20.171.207.231 - - [13/Sep/2025:16:19:34 +0200] "GET /sitemap.xml?fileloc=//proc/120/net/stat/nf_conntrack&path=//proc/120/net/stat HTTP/1.1" 200 2541 "-" "Mozilla/5.0 AppleWebKit/537.36 (KHTML, like Gecko; compatible; GPTBot/1.2; +https://openai.com/gptbot)"
52.200.54.136 - - [13/Sep/2025:16:19:35 +0200] "GET /category/bookkeeping/?fileloc=/home/sareqgroup/ecommerce.com/wp-blog-header.php&path=/home/sareqgroup/ecommerce.com HTTP/1.1" 200 12746 "-" "Mozilla/5.0 AppleWebKit/537.36 (KHTML, like Gecko; compatible; Amazonbot/0.1; +https://developer.amazon.com/support/amazonbot) Chrome/119.0.6045.214 Safari/537.36"
216.73.216.34 - - [13/Sep/2025:16:19:37 +0200] "GET /2025/09/12/hot-fire-fruits-slot-canhoteiro-review-2024-play-for-free/feed?fileloc=%2Fhome%2Fsareqgroup%2Fecommerce.com%2Fwp-includes%2Fclass.wp-dependencies.php&path=%2Fhome%2Fsareqgroup%2Fecommerce.com%2Fwp-includes HTTP/1.1" 200 5242 "-" "Mozilla/5.0 AppleWebKit/537.36 (KHTML, like Gecko; compatible; ClaudeBot/1.0; +claudebot@anthropic.com)"
20.171.207.231 - - [13/Sep/2025:16:19:38 +0200] "GET /sitemap.xml?fileloc=//proc/301/net/stat/nf_conntrack&path=//proc/301/net/stat HTTP/1.1" 200 2544 "-" "Mozilla/5.0 AppleWebKit/537.36 (KHTML, like Gecko; compatible; GPTBot/1.2; +https://openai.com/gptbot)"
216.73.216.34 - - [13/Sep/2025:16:19:40 +0200] "GET /2025/09/12/kazino-onlajn-naslazhdajtes-bezopasnoj-i-chestnoj-23?fileloc=%2Fhome%2Fsareqgroup%2Fecommerce.com%2Fwp-admin%2Fplugin-editor.php&path=%2Fhome%2Fsareqgroup%2Fecommerce.com%2Fwp-admin HTTP/1.1" 200 6759 "-" "Mozilla/5.0 AppleWebKit/537.36 (KHTML, like Gecko; compatible; ClaudeBot/1.0; +claudebot@anthropic.com)"
20.171.207.231 - - [13/Sep/2025:16:19:41 +0200] "GET /sitemap.xml?fileloc=//proc/674/net/udp6&path=//proc/674/net HTTP/1.1" 200 2380 "-" "Mozilla/5.0 AppleWebKit/537.36 (KHTML, like Gecko; compatible; GPTBot/1.2; +https://openai.com/gptbot)"
216.73.216.34 - - [13/Sep/2025:16:19:43 +0200] "GET /2025/09/12/ten-best-online-casinos-australian-continent-the-real-deal-currency-gaming-inside-2025/feed?fileloc=%2Fhome%2Fsareqgroup%2Fecommerce.com%2Fwp-includes%2Fclass-wp-http-response.php&path=%2Fhome%2Fsareqgroup%2Fecommerce.com%2Fwp-includes HTTP/1.1" 200 3120 "-" "Mozilla/5.0 AppleWebKit/537.36 (KHTML, like Gecko; compatible; ClaudeBot/1.0; +claudebot@anthropic.com)"
18.213.70.100 - - [13/Sep/2025:16:19:44 +0200] "GET /2025/04/page/34/?path=/home/sareqgroup/ecommerce.com/.tmb HTTP/1.1" 200 12833 "-" "Mozilla/5.0 AppleWebKit/537.36 (KHTML, like Gecko; compatible; Amazonbot/0.1; +https://developer.amazon.com/support/amazonbot) Chrome/119.0.6045.214 Safari/537.36"
20.171.207.231 - - [13/Sep/2025:16:19:45 +0200] "GET /sitemap.xml?fileloc=//proc/512/net/raw6&path=//proc/512/net HTTP/1.1" 200 2333 "-" "Mozilla/5.0 AppleWebKit/537.36 (KHTML, like Gecko; compatible; GPTBot/1.2; +https://openai.com/gptbot)"
216.73.216.34 - - [13/Sep/2025:16:19:46 +0200] "GET /2025/09/12/all-of-us-internet-casino-ratings-2025/feed?fileloc=%2Fhome%2Fsareqgroup%2Fecommerce.com%2Fwp-admin%2Foptions-privacy.php&path=%2Fhome%2Fsareqgroup%2Fecommerce.com%2Fwp-admin HTTP/1.1" 200 4789 "-" "Mozilla/5.0 AppleWebKit/537.36 (KHTML, like Gecko; compatible; ClaudeBot/1.0; +claudebot@anthropic.com)"
20.171.207.231 - - [13/Sep/2025:16:19:47 +0200] "GET /sitemap.xml?fileloc=//proc/120/net/raw6&path=//proc/120/net HTTP/1.1" 200 2334 "-" "Mozilla/5.0 AppleWebKit/537.36 (KHTML, like Gecko; compatible; GPTBot/1.2; +https://openai.com/gptbot)"
52.205.141.124 - - [13/Sep/2025:16:19:48 +0200] "GET /2025/09/11/magic-stone-bally-wulff-fur-nusse-auffuhren-kundgebung-cats-online-slot-slot/?path=/home/sareqgroup/ecommerce.com/.tmb HTTP/1.1" 200 12833 "-" "Mozilla/5.0 AppleWebKit/537.36 (KHTML, like Gecko; compatible; Amazonbot/0.1; +https://developer.amazon.com/support/amazonbot) Chrome/119.0.6045.214 Safari/537.36"
216.73.216.34 - - [13/Sep/2025:16:19:49 +0200] "GET /2025/09/12/jogue-online-os-online-majority-rules-speed-blackjack-live-melhores-demanda/feed?fileloc=%2Fhome%2Fsareqgroup%2Fecommerce.com%2Fwp-includes%2Fload.php&path=%2Fhome%2Fsareqgroup%2Fecommerce.com%2Fwp-includes HTTP/1.1" 200 15294 "-" "Mozilla/5.0 AppleWebKit/537.36 (KHTML, like Gecko; compatible; ClaudeBot/1.0; +claudebot@anthropic.com)"
20.171.207.231 - - [13/Sep/2025:16:19:50 +0200] "GET /sitemap.xml?fileloc=//proc/305/net/raw6&path=//proc/305/net HTTP/1.1" 200 2333 "-" "Mozilla/5.0 AppleWebKit/537.36 (KHTML, like Gecko; compatible; GPTBot/1.2; +https://openai.com/gptbot)"
216.73.216.34 - - [13/Sep/2025:16:19:52 +0200] "GET /category/post/page/76?path=%2Fhome%2Fsareqgroup%2Fecommerce.com%2Fwp-admin HTTP/1.1" 200 5431 "-" "Mozilla/5.0 AppleWebKit/537.36 (KHTML, like Gecko; compatible; ClaudeBot/1.0; +claudebot@anthropic.com)"
20.171.207.231 - - [13/Sep/2025:16:19:53 +0200] "GET /sitemap.xml?fileloc=//proc/395/net/raw6&path=//proc/395/net HTTP/1.1" 200 2333 "-" "Mozilla/5.0 AppleWebKit/537.36 (KHTML, like Gecko; compatible; GPTBot/1.2; +https://openai.com/gptbot)"
216.73.216.34 - - [13/Sep/2025:16:19:55 +0200] "GET /2025/09/12/hot-gems-jogue-online-afinar-pokerstars-casino/feed?fileloc=%2Fhome%2Fsareqgroup%2Fecommerce.com%2Fwp-includes%2Fwidgets.php&path=%2Fhome%2Fsareqgroup%2Fecommerce.com%2Fwp-includes HTTP/1.1" 200 15333 "-" "Mozilla/5.0 AppleWebKit/537.36 (KHTML, like Gecko; compatible; ClaudeBot/1.0; +claudebot@anthropic.com)"
20.171.207.231 - - [13/Sep/2025:16:19:56 +0200] "GET /sitemap.xml?fileloc=//proc/301/net/raw6&path=//proc/301/net HTTP/1.1" 200 2333 "-" "Mozilla/5.0 AppleWebKit/537.36 (KHTML, like Gecko; compatible; GPTBot/1.2; +https://openai.com/gptbot)"
216.73.216.34 - - [13/Sep/2025:16:19:58 +0200] "GET /2025/09/12/hot-gems-jogue-online-afinar-pokerstars-casino/feed?fileloc=%2Fhome%2Fsareqgroup%2Fecommerce.com%2Fwp-includes%2Fclass-wp-site-query.php&path=%2Fhome%2Fsareqgroup%2Fecommerce.com%2Fwp-includes HTTP/1.1" 200 8444 "-" "Mozilla/5.0 AppleWebKit/537.36 (KHTML, like Gecko; compatible; ClaudeBot/1.0; +claudebot@anthropic.com)"
20.171.207.231 - - [13/Sep/2025:16:19:59 +0200] "GET /sitemap.xml?fileloc=//proc/960/net/udp6&path=//proc/960/net HTTP/1.1" 200 2380 "-" "Mozilla/5.0 AppleWebKit/537.36 (KHTML, like Gecko; compatible; GPTBot/1.2; +https://openai.com/gptbot)"
34.196.114.170 - - [13/Sep/2025:16:19:59 +0200] "GET /2025/09/11/labakas-tiessaistes-blekdzeka-vietnes-istai-ybets-tiessaistes-pieteiksanas-pelnai-2025-gada/?path=/ HTTP/1.1" 200 51557 "-" "Mozilla/5.0 AppleWebKit/537.36 (KHTML, like Gecko; compatible; Amazonbot/0.1; +https://developer.amazon.com/support/amazonbot) Chrome/119.0.6045.214 Safari/537.36"
216.73.216.34 - - [13/Sep/2025:16:20:01 +0200] "GET /2025/09/12/el-herdade-mas-animado-para-classificar-esteroides-anabolicos-en-linea/feed?fileloc=%2Fhome%2Fsareqgroup%2Fecommerce.com%2Fwp-includes%2Fcustomize%2F.htaccess&path=%2Fhome%2Fsareqgroup%2Fecommerce.com%2Fwp-includes%2Fcustomize HTTP/1.1" 200 2379 "-" "Mozilla/5.0 AppleWebKit/537.36 (KHTML, like Gecko; compatible; ClaudeBot/1.0; +claudebot@anthropic.com)"
20.171.207.231 - - [13/Sep/2025:16:20:02 +0200] "GET /sitemap.xml?path=//proc/395/net/rpc/auth.unix.gid HTTP/1.1" 200 2647 "-" "Mozilla/5.0 AppleWebKit/537.36 (KHTML, like Gecko; compatible; GPTBot/1.2; +https://openai.com/gptbot)"
44.195.145.102 - - [13/Sep/2025:16:20:03 +0200] "GET /2025/09/11/300-shields-slot-informationsaustausch-kostenlose-spins-keine-einzahlung-beste-chance-online-zu-gewinnen-power-stars-original-slots-the-great-mauer-treasure-2025-free-play-schnapsidee/?path=/home HTTP/1.1" 200 12659 "-" "Mozilla/5.0 AppleWebKit/537.36 (KHTML, like Gecko; compatible; Amazonbot/0.1; +https://developer.amazon.com/support/amazonbot) Chrome/119.0.6045.214 Safari/537.36"
216.73.216.34 - - [13/Sep/2025:16:20:04 +0200] "GET /2025/09/12/all-of-us-internet-casino-ratings-2025/feed?fileloc=%2Fhome%2Fsareqgroup%2Fecommerce.com%2Fwp-admin%2Fsite-health.php&path=%2Fhome%2Fsareqgroup%2Fecommerce.com%2Fwp-admin HTTP/1.1" 200 3985 "-" "Mozilla/5.0 AppleWebKit/537.36 (KHTML, like Gecko; compatible; ClaudeBot/1.0; +claudebot@anthropic.com)"
