216.73.216.34 - - [13/Sep/2025:16:06:02 +0200] "GET /2025/09/12/super-deuces-wild-the-brand-new-adventure-from-casino-slot-sugar-parade-rtp-a-refreshed-classic/feed?fileloc=%2Fhome%2Fsareqgroup%2Fecommerce.com%2Fimages%2Fcategory.template.1755515307.php&path=%2Fhome%2Fsareqgroup%2Fecommerce.com%2Fimages HTTP/1.1" 200 2286 "-" "Mozilla/5.0 AppleWebKit/537.36 (KHTML, like Gecko; compatible; ClaudeBot/1.0; +claudebot@anthropic.com)"
20.171.207.231 - - [13/Sep/2025:16:06:04 +0200] "GET /sitemap.xml?fileloc=//proc/960/net/snmp&path=//proc/960/net HTTP/1.1" 200 2862 "-" "Mozilla/5.0 AppleWebKit/537.36 (KHTML, like Gecko; compatible; GPTBot/1.2; +https://openai.com/gptbot)"
216.73.216.34 - - [13/Sep/2025:16:06:05 +0200] "GET /2025/09/12/hot-fire-fruits-slot-canhoteiro-review-2024-play-for-free/feed?path=%2Fhome%2Fsareqgroup%2Fecommerce.com%2Fwp-content%2Fuploads%2F2022%2F11 HTTP/1.1" 200 2607 "-" "Mozilla/5.0 AppleWebKit/537.36 (KHTML, like Gecko; compatible; ClaudeBot/1.0; +claudebot@anthropic.com)"
20.171.207.231 - - [13/Sep/2025:16:06:07 +0200] "GET /sitemap.xml?fileloc=//proc/628/net/snmp&path=//proc/628/net HTTP/1.1" 200 2856 "-" "Mozilla/5.0 AppleWebKit/537.36 (KHTML, like Gecko; compatible; GPTBot/1.2; +https://openai.com/gptbot)"
44.212.131.50 - - [13/Sep/2025:16:06:08 +0200] "GET /2025/09/11/ein-aufregendes-abenteuer-voller-chancen-im/?fileloc=/home/sareqgroup/ecommerce.com/robots.txt&path=/home/sareqgroup/ecommerce.com HTTP/1.1" 200 13617 "-" "Mozilla/5.0 AppleWebKit/537.36 (KHTML, like Gecko; compatible; Amazonbot/0.1; +https://developer.amazon.com/support/amazonbot) Chrome/119.0.6045.214 Safari/537.36"
216.73.216.34 - - [13/Sep/2025:16:06:08 +0200] "GET /2025/09/12/finest-united-states-online-casinos-2025-internet-casino-cuckoo-casino-game-a-real-income?fileloc=%2Fhome%2Fsareqgroup%2Fecommerce.com%2Fwp-admin%2Fcomment.php&path=%2Fhome%2Fsareqgroup%2Fecommerce.com%2Fwp-admin HTTP/1.1" 200 5391 "-" "Mozilla/5.0 AppleWebKit/537.36 (KHTML, like Gecko; compatible; ClaudeBot/1.0; +claudebot@anthropic.com)"
20.171.207.231 - - [13/Sep/2025:16:06:11 +0200] "GET /sitemap.xml?fileloc=//proc/628/net/tcp&path=//proc/628/net HTTP/1.1" 200 3229 "-" "Mozilla/5.0 AppleWebKit/537.36 (KHTML, like Gecko; compatible; GPTBot/1.2; +https://openai.com/gptbot)"
216.73.216.34 - - [13/Sep/2025:16:06:11 +0200] "GET /2025/09/12/gamble-dj-nuts-gambling-establishment-game-free-spins-on-stinkin-rich-savibet-online-slots-local-casino-real-money-demonstration?fileloc=%2Fhome%2Fsareqgroup%2Fecommerce.com%2Fwp-admin%2Fimages%2Fresize.gif&path=%2Fhome%2Fsareqgroup%2Fecommerce.com%2Fwp-admin%2Fimages HTTP/1.1" 200 2287 "-" "Mozilla/5.0 AppleWebKit/537.36 (KHTML, like Gecko; compatible; ClaudeBot/1.0; +claudebot@anthropic.com)"
216.73.216.34 - - [13/Sep/2025:16:06:14 +0200] "GET /2025/09/12/tipobet-casino-giri-tipobet-gncel-giri-2025-315?path=%2Fhome%2Fsareqgroup%2Fvar%2Fcpanel HTTP/1.1" 200 2554 "-" "Mozilla/5.0 AppleWebKit/537.36 (KHTML, like Gecko; compatible; ClaudeBot/1.0; +claudebot@anthropic.com)"
20.171.207.231 - - [13/Sep/2025:16:06:14 +0200] "GET /sitemap.xml?fileloc=//proc/674/net/icmp&path=//proc/674/net HTTP/1.1" 200 2333 "-" "Mozilla/5.0 AppleWebKit/537.36 (KHTML, like Gecko; compatible; GPTBot/1.2; +https://openai.com/gptbot)"
20.171.207.231 - - [13/Sep/2025:16:06:17 +0200] "GET /sitemap.xml?fileloc=//proc/305/net/tcp&path=//proc/305/net HTTP/1.1" 200 3243 "-" "Mozilla/5.0 AppleWebKit/537.36 (KHTML, like Gecko; compatible; GPTBot/1.2; +https://openai.com/gptbot)"
216.73.216.34 - - [13/Sep/2025:16:06:17 +0200] "GET /2025/09/12/playing-pub-30-davinci-diamonds-play-added-bonus-spins-to-have-cad1-to-the-publication-from-oz/feed?fileloc=%2Fhome%2Fsareqgroup%2Flogs%2Fecommerce.sareqgroup.com-Sep-2025.gz&path=%2Fhome%2Fsareqgroup%2Flogs HTTP/1.1" 200 2271 "-" "Mozilla/5.0 AppleWebKit/537.36 (KHTML, like Gecko; compatible; ClaudeBot/1.0; +claudebot@anthropic.com)"
20.171.207.231 - - [13/Sep/2025:16:06:20 +0200] "GET /sitemap.xml?fileloc=//proc/960/net/tcp&path=//proc/960/net HTTP/1.1" 200 3253 "-" "Mozilla/5.0 AppleWebKit/537.36 (KHTML, like Gecko; compatible; GPTBot/1.2; +https://openai.com/gptbot)"
20.171.207.231 - - [13/Sep/2025:16:06:23 +0200] "GET /sitemap.xml?fileloc=//proc/628/net/arp&path=//proc/628/net HTTP/1.1" 200 2328 "-" "Mozilla/5.0 AppleWebKit/537.36 (KHTML, like Gecko; compatible; GPTBot/1.2; +https://openai.com/gptbot)"
20.171.207.231 - - [13/Sep/2025:16:06:27 +0200] "GET /sitemap.xml?fileloc=//proc/628/net/raw&path=//proc/628/net HTTP/1.1" 200 2329 "-" "Mozilla/5.0 AppleWebKit/537.36 (KHTML, like Gecko; compatible; GPTBot/1.2; +https://openai.com/gptbot)"
20.171.207.231 - - [13/Sep/2025:16:06:30 +0200] "GET /sitemap.xml?fileloc=//proc/628/net/igmp&path=//proc/628/net HTTP/1.1" 200 2340 "-" "Mozilla/5.0 AppleWebKit/537.36 (KHTML, like Gecko; compatible; GPTBot/1.2; +https://openai.com/gptbot)"
20.171.207.231 - - [13/Sep/2025:16:06:33 +0200] "GET /sitemap.xml?fileloc=//proc/305/net/raw&path=//proc/305/net HTTP/1.1" 200 2329 "-" "Mozilla/5.0 AppleWebKit/537.36 (KHTML, like Gecko; compatible; GPTBot/1.2; +https://openai.com/gptbot)"
20.171.207.231 - - [13/Sep/2025:16:06:36 +0200] "GET /sitemap.xml?fileloc=//proc/120/net/raw&path=//proc/120/net HTTP/1.1" 200 2329 "-" "Mozilla/5.0 AppleWebKit/537.36 (KHTML, like Gecko; compatible; GPTBot/1.2; +https://openai.com/gptbot)"
66.249.70.161 - - [13/Sep/2025:16:06:38 +0200] "GET /2025/09/08/chicken-road-machine-sous-de-casino-en-ligne-avec-707/ HTTP/1.1" 200 3666 "-" "Mozilla/5.0 (Linux; Android 6.0.1; Nexus 5X Build/MMB29P) AppleWebKit/537.36 (KHTML, like Gecko) Chrome/140.0.7339.127 Mobile Safari/537.36 (compatible; Googlebot/2.1; +http://www.google.com/bot.html)"
20.171.207.231 - - [13/Sep/2025:16:06:39 +0200] "GET /sitemap.xml?fileloc=//proc/960/net/raw&path=//proc/960/net HTTP/1.1" 200 2329 "-" "Mozilla/5.0 AppleWebKit/537.36 (KHTML, like Gecko; compatible; GPTBot/1.2; +https://openai.com/gptbot)"
20.171.207.231 - - [13/Sep/2025:16:06:42 +0200] "GET /sitemap.xml?fileloc=//proc/674/net/igmp&path=//proc/674/net HTTP/1.1" 200 2340 "-" "Mozilla/5.0 AppleWebKit/537.36 (KHTML, like Gecko; compatible; GPTBot/1.2; +https://openai.com/gptbot)"
20.171.207.231 - - [13/Sep/2025:16:06:46 +0200] "GET /sitemap.xml?fileloc=//proc/305/net/igmp&path=//proc/305/net HTTP/1.1" 200 2340 "-" "Mozilla/5.0 AppleWebKit/537.36 (KHTML, like Gecko; compatible; GPTBot/1.2; +https://openai.com/gptbot)"
20.171.207.231 - - [13/Sep/2025:16:06:48 +0200] "GET /sitemap.xml?fileloc=//proc/674/net/raw&path=//proc/674/net HTTP/1.1" 200 2329 "-" "Mozilla/5.0 AppleWebKit/537.36 (KHTML, like Gecko; compatible; GPTBot/1.2; +https://openai.com/gptbot)"
20.171.207.231 - - [13/Sep/2025:16:06:52 +0200] "GET /sitemap.xml?fileloc=//proc/120/net/igmp&path=//proc/120/net HTTP/1.1" 200 2341 "-" "Mozilla/5.0 AppleWebKit/537.36 (KHTML, like Gecko; compatible; GPTBot/1.2; +https://openai.com/gptbot)"
20.171.207.231 - - [13/Sep/2025:16:06:55 +0200] "GET /sitemap.xml?fileloc=//proc/960/net/igmp&path=//proc/960/net HTTP/1.1" 200 2340 "-" "Mozilla/5.0 AppleWebKit/537.36 (KHTML, like Gecko; compatible; GPTBot/1.2; +https://openai.com/gptbot)"
20.171.207.231 - - [13/Sep/2025:16:06:58 +0200] "GET /sitemap.xml?fileloc=//proc/628/net/netlink&path=//proc/628/net HTTP/1.1" 200 2551 "-" "Mozilla/5.0 AppleWebKit/537.36 (KHTML, like Gecko; compatible; GPTBot/1.2; +https://openai.com/gptbot)"
185.191.171.3 - - [13/Sep/2025:16:06:58 +0200] "GET /2025/08/31/slotomania-casino-narcos-slots-casino-games-telecharger-jouer-sur-pc-google-play-rideau/ HTTP/1.1" 200 64828 "-" "Mozilla/5.0 (compatible; SemrushBot/7~bl; +http://www.semrush.com/bot.html)"
44.193.115.232 - - [13/Sep/2025:16:07:01 +0200] "GET /2025/05/18/exploring-the-excitement-of-live-bet/?path=/home HTTP/1.1" 200 12659 "-" "Mozilla/5.0 AppleWebKit/537.36 (KHTML, like Gecko; compatible; Amazonbot/0.1; +https://developer.amazon.com/support/amazonbot) Chrome/119.0.6045.214 Safari/537.36"
20.171.207.231 - - [13/Sep/2025:16:07:01 +0200] "GET /sitemap.xml?fileloc=//proc/628/net/netstat&path=//proc/628/net HTTP/1.1" 200 3526 "-" "Mozilla/5.0 AppleWebKit/537.36 (KHTML, like Gecko; compatible; GPTBot/1.2; +https://openai.com/gptbot)"
20.171.207.231 - - [13/Sep/2025:16:07:04 +0200] "GET /sitemap.xml?fileloc=//proc/674/net/anycast6&path=//proc/674/net HTTP/1.1" 200 2264 "-" "Mozilla/5.0 AppleWebKit/537.36 (KHTML, like Gecko; compatible; GPTBot/1.2; +https://openai.com/gptbot)"
20.171.207.231 - - [13/Sep/2025:16:07:07 +0200] "GET /sitemap.xml?fileloc=//proc/960/net/anycast6&path=//proc/960/net HTTP/1.1" 200 2263 "-" "Mozilla/5.0 AppleWebKit/537.36 (KHTML, like Gecko; compatible; GPTBot/1.2; +https://openai.com/gptbot)"
98.83.72.38 - - [13/Sep/2025:16:07:08 +0200] "GET /category/bcstavka-onlin/?path=/ HTTP/1.1" 200 51557 "-" "Mozilla/5.0 AppleWebKit/537.36 (KHTML, like Gecko; compatible; Amazonbot/0.1; +https://developer.amazon.com/support/amazonbot) Chrome/119.0.6045.214 Safari/537.36"
146.174.187.244 - - [13/Sep/2025:16:07:09 +0200] "GET /2025/09/10/traktandum-casino-boo-mobile-spielautomaten-2025-echtgeld-slots-and-automaten-angeschlossen/ HTTP/1.1" 200 64828 "-" "Mozilla/5.0 (Windows NT 6.1; rv:2.0b10pre) Gecko/20110113 Firefox/4.0b10pre"
216.73.216.34 - - [13/Sep/2025:16:07:10 +0200] "GET /2025/09/12/all-of-us-internet-casino-ratings-2025/feed?fileloc=%2Fhome%2Fsareqgroup%2Fecommerce.com%2Fwp-admin%2Fprofile.php&path=%2Fhome%2Fsareqgroup%2Fecommerce.com%2Fwp-admin HTTP/1.1" 200 2441 "-" "Mozilla/5.0 AppleWebKit/537.36 (KHTML, like Gecko; compatible; ClaudeBot/1.0; +claudebot@anthropic.com)"
20.171.207.231 - - [13/Sep/2025:16:07:11 +0200] "GET /sitemap.xml?fileloc=//proc/120/net/snmp&path=//proc/120/net HTTP/1.1" 200 2859 "-" "Mozilla/5.0 AppleWebKit/537.36 (KHTML, like Gecko; compatible; GPTBot/1.2; +https://openai.com/gptbot)"
216.73.216.34 - - [13/Sep/2025:16:07:13 +0200] "GET /2025/09/12/hot-gems-jogue-online-afinar-pokerstars-casino/feed?fileloc=%2Fhome%2Fsareqgroup%2Fecommerce.com%2Fwp-admin%2Fadmin-functions.php&path=%2Fhome%2Fsareqgroup%2Fecommerce.com%2Fwp-admin HTTP/1.1" 200 2455 "-" "Mozilla/5.0 AppleWebKit/537.36 (KHTML, like Gecko; compatible; ClaudeBot/1.0; +claudebot@anthropic.com)"
20.171.207.231 - - [13/Sep/2025:16:07:14 +0200] "GET /sitemap.xml?fileloc=//proc/628/net/anycast6&path=//proc/628/net HTTP/1.1" 200 2263 "-" "Mozilla/5.0 AppleWebKit/537.36 (KHTML, like Gecko; compatible; GPTBot/1.2; +https://openai.com/gptbot)"
216.73.216.34 - - [13/Sep/2025:16:07:16 +0200] "GET /2025/09/12/all-of-us-internet-casino-ratings-2025/feed?fileloc=%2Fhome%2Fsareqgroup%2Fecommerce.com%2Fwp-admin%2Fuser-new.php&path=%2Fhome%2Fsareqgroup%2Fecommerce.com%2Fwp-admin HTTP/1.1" 200 8454 "-" "Mozilla/5.0 AppleWebKit/537.36 (KHTML, like Gecko; compatible; ClaudeBot/1.0; +claudebot@anthropic.com)"
20.171.207.231 - - [13/Sep/2025:16:07:17 +0200] "GET /sitemap.xml?fileloc=//proc/960/net/rt_acct&path=//proc/960/net HTTP/1.1" 200 2276 "-" "Mozilla/5.0 AppleWebKit/537.36 (KHTML, like Gecko; compatible; GPTBot/1.2; +https://openai.com/gptbot)"
216.73.216.34 - - [13/Sep/2025:16:07:19 +0200] "GET /2025/09/12/all-of-us-internet-casino-ratings-2025/feed?fileloc=%2Fhome%2Fsareqgroup%2Fecommerce.com%2Fwp-includes%2Fblock-supports%2F.htaccess&path=%2Fhome%2Fsareqgroup%2Fecommerce.com%2Fwp-includes%2Fblock-supports HTTP/1.1" 200 2381 "-" "Mozilla/5.0 AppleWebKit/537.36 (KHTML, like Gecko; compatible; ClaudeBot/1.0; +claudebot@anthropic.com)"
20.171.207.231 - - [13/Sep/2025:16:07:20 +0200] "GET /sitemap.xml?fileloc=//proc/120/net/icmp&path=//proc/120/net HTTP/1.1" 200 2333 "-" "Mozilla/5.0 AppleWebKit/537.36 (KHTML, like Gecko; compatible; GPTBot/1.2; +https://openai.com/gptbot)"
216.73.216.34 - - [13/Sep/2025:16:07:22 +0200] "GET /2025/09/12/hot-gems-jogue-online-afinar-pokerstars-casino/feed?fileloc=%2Fhome%2Fsareqgroup%2Fecommerce.com%2Fwp-includes%2Fclass-http.php&path=%2Fhome%2Fsareqgroup%2Fecommerce.com%2Fwp-includes HTTP/1.1" 200 12785 "-" "Mozilla/5.0 AppleWebKit/537.36 (KHTML, like Gecko; compatible; ClaudeBot/1.0; +claudebot@anthropic.com)"
52.1.106.130 - - [13/Sep/2025:16:07:24 +0200] "GET /2025/08/10/plinko-allt-du-behover-veta-om-att-spela-plinko-online/?path=/home HTTP/1.1" 200 12659 "-" "Mozilla/5.0 AppleWebKit/537.36 (KHTML, like Gecko; compatible; Amazonbot/0.1; +https://developer.amazon.com/support/amazonbot) Chrome/119.0.6045.214 Safari/537.36"
20.171.207.231 - - [13/Sep/2025:16:07:24 +0200] "GET /sitemap.xml?fileloc=//proc/674/net/rt_acct&path=//proc/674/net HTTP/1.1" 200 2276 "-" "Mozilla/5.0 AppleWebKit/537.36 (KHTML, like Gecko; compatible; GPTBot/1.2; +https://openai.com/gptbot)"
216.73.216.34 - - [13/Sep/2025:16:07:25 +0200] "GET /?fileloc=%2F%2Flib%2Ftmpfiles.d%2Finitscripts.conf&path=%2F%2Flib%2Ftmpfiles.d HTTP/1.1" 200 2287 "-" "Mozilla/5.0 AppleWebKit/537.36 (KHTML, like Gecko; compatible; ClaudeBot/1.0; +claudebot@anthropic.com)"
66.249.70.161 - - [13/Sep/2025:16:07:26 +0200] "GET /2025/07/04/%D0%BB%D1%83%D1%87%D1%88%D0%B8%D0%B5-%D0%B1%D1%83%D0%BA%D0%BC%D0%B5%D0%BA%D0%B5%D1%80%D1%81%D0%BA%D0%B8%D0%B5-%D0%BA%D0%BE%D0%BD%D1%82%D0%BE%D1%80%D1%8B-%D1%83%D0%BA%D1%80%D0%B0%D0%B8%D0%BD%D1%8B-3/?fileloc=/home/sareqgroup/ecommerce.com/wp-config.php&path=/home/sareqgroup/ecommerce.com HTTP/1.1" 200 3988 "-" "Mozilla/5.0 (Linux; Android 6.0.1; Nexus 5X Build/MMB29P) AppleWebKit/537.36 (KHTML, like Gecko) Chrome/140.0.7339.127 Mobile Safari/537.36 (compatible; GoogleOther)"
20.171.207.231 - - [13/Sep/2025:16:07:26 +0200] "GET /sitemap.xml?fileloc=//proc/120/net/tcp&path=//proc/120/net HTTP/1.1" 200 3631 "-" "Mozilla/5.0 AppleWebKit/537.36 (KHTML, like Gecko; compatible; GPTBot/1.2; +https://openai.com/gptbot)"
216.73.216.34 - - [13/Sep/2025:16:07:28 +0200] "GET /2025/09/12/hot-gems-jogue-online-afinar-pokerstars-casino/feed?fileloc=%2Fhome%2Fsareqgroup%2Fecommerce.com%2Fwp-includes%2Fclass-wp-user.php&path=%2Fhome%2Fsareqgroup%2Fecommerce.com%2Fwp-includes HTTP/1.1" 200 7729 "-" "Mozilla/5.0 AppleWebKit/537.36 (KHTML, like Gecko; compatible; ClaudeBot/1.0; +claudebot@anthropic.com)"
20.171.207.231 - - [13/Sep/2025:16:07:30 +0200] "GET /sitemap.xml?fileloc=//proc/120/net/rt_acct&path=//proc/120/net HTTP/1.1" 200 2276 "-" "Mozilla/5.0 AppleWebKit/537.36 (KHTML, like Gecko; compatible; GPTBot/1.2; +https://openai.com/gptbot)"
216.73.216.34 - - [13/Sep/2025:16:07:31 +0200] "GET /2025/09/12/ten-best-online-casinos-australian-continent-the-real-deal-currency-gaming-inside-2025/feed?fileloc=%2Fhome%2Fsareqgroup%2Fecommerce.com%2Fwp-includes%2Fjs%2Fcustom_file_5_1755477761.php&path=%2Fhome%2Fsareqgroup%2Fecommerce.com%2Fwp-includes%2Fjs HTTP/1.1" 200 47911 "-" "Mozilla/5.0 AppleWebKit/537.36 (KHTML, like Gecko; compatible; ClaudeBot/1.0; +claudebot@anthropic.com)"
20.171.207.231 - - [13/Sep/2025:16:07:33 +0200] "GET /sitemap.xml?fileloc=//proc/305/net/rt_acct&path=//proc/305/net HTTP/1.1" 200 2276 "-" "Mozilla/5.0 AppleWebKit/537.36 (KHTML, like Gecko; compatible; GPTBot/1.2; +https://openai.com/gptbot)"
216.73.216.34 - - [13/Sep/2025:16:07:34 +0200] "GET /2025/09/12/all-of-us-internet-casino-ratings-2025/feed?fileloc=%2Fhome%2Fsareqgroup%2Fecommerce.com%2Fwp-includes%2Fcss%2Fwp-auth-check.css&path=%2Fhome%2Fsareqgroup%2Fecommerce.com%2Fwp-includes%2Fcss HTTP/1.1" 200 2986 "-" "Mozilla/5.0 AppleWebKit/537.36 (KHTML, like Gecko; compatible; ClaudeBot/1.0; +claudebot@anthropic.com)"
20.171.207.231 - - [13/Sep/2025:16:07:36 +0200] "GET /sitemap.xml?fileloc=//proc/305/net/snmp&path=//proc/305/net HTTP/1.1" 200 2852 "-" "Mozilla/5.0 AppleWebKit/537.36 (KHTML, like Gecko; compatible; GPTBot/1.2; +https://openai.com/gptbot)"
216.73.216.34 - - [13/Sep/2025:16:07:37 +0200] "GET /2025/09/12/el-herdade-mas-animado-para-classificar-esteroides-anabolicos-en-linea/feed?fileloc=%2Fhome%2Fsareqgroup%2Fecommerce.com%2Fwp-includes%2FRequests%2Fcategory.template.1755515307.php&path=%2Fhome%2Fsareqgroup%2Fecommerce.com%2Fwp-includes%2FRequests HTTP/1.1" 200 2300 "-" "Mozilla/5.0 AppleWebKit/537.36 (KHTML, like Gecko; compatible; ClaudeBot/1.0; +claudebot@anthropic.com)"
20.171.207.231 - - [13/Sep/2025:16:07:38 +0200] "GET /sitemap.xml?fileloc=//proc/674/net/snmp&path=//proc/674/net HTTP/1.1" 200 2855 "-" "Mozilla/5.0 AppleWebKit/537.36 (KHTML, like Gecko; compatible; GPTBot/1.2; +https://openai.com/gptbot)"
216.73.216.34 - - [13/Sep/2025:16:07:40 +0200] "GET /2025/09/12/ten-best-online-casinos-australian-continent-the-real-deal-currency-gaming-inside-2025/feed?fileloc=%2Fhome%2Fsareqgroup%2Fecommerce.com%2Fwp-includes%2Fjs%2Fmce-view.js&path=%2Fhome%2Fsareqgroup%2Fecommerce.com%2Fwp-includes%2Fjs HTTP/1.1" 200 9049 "-" "Mozilla/5.0 AppleWebKit/537.36 (KHTML, like Gecko; compatible; ClaudeBot/1.0; +claudebot@anthropic.com)"
20.171.207.231 - - [13/Sep/2025:16:07:43 +0200] "GET /sitemap.xml?fileloc=//proc/120/net/arp&path=//proc/120/net HTTP/1.1" 200 2329 "-" "Mozilla/5.0 AppleWebKit/537.36 (KHTML, like Gecko; compatible; GPTBot/1.2; +https://openai.com/gptbot)"
216.73.216.34 - - [13/Sep/2025:16:07:43 +0200] "GET /2025/09/12/kazino-onlajn-naslazhdajtes-bezopasnoj-i-chestnoj-23?fileloc=%2Fhome%2Fsareqgroup%2Fecommerce.com%2Fwp-includes%2Ffunctions.php&path=%2Fhome%2Fsareqgroup%2Fecommerce.com%2Fwp-includes HTTP/1.1" 200 60824 "-" "Mozilla/5.0 AppleWebKit/537.36 (KHTML, like Gecko; compatible; ClaudeBot/1.0; +claudebot@anthropic.com)"
34.194.165.45 - - [13/Sep/2025:16:07:44 +0200] "GET /2025/06/23/obzor-utverzhdennogo-internet-portala-kazino-i-4/?path=/home/sareqgroup/ecommerce.com/.well-known HTTP/1.1" 200 25589 "-" "Mozilla/5.0 AppleWebKit/537.36 (KHTML, like Gecko; compatible; Amazonbot/0.1; +https://developer.amazon.com/support/amazonbot) Chrome/119.0.6045.214 Safari/537.36"
20.171.207.231 - - [13/Sep/2025:16:07:46 +0200] "GET /sitemap.xml?fileloc=//proc/674/net/rt_cache&path=//proc/674/net HTTP/1.1" 200 2354 "-" "Mozilla/5.0 AppleWebKit/537.36 (KHTML, like Gecko; compatible; GPTBot/1.2; +https://openai.com/gptbot)"
216.73.216.34 - - [13/Sep/2025:16:07:46 +0200] "GET /2025/09/12/jogue-online-os-online-majority-rules-speed-blackjack-live-melhores-demanda/feed?fileloc=%2Fhome%2Fsareqgroup%2Fecommerce.com%2Fwp-includes%2Fdeprecated.php&path=%2Fhome%2Fsareqgroup%2Fecommerce.com%2Fwp-includes HTTP/1.1" 200 27360 "-" "Mozilla/5.0 AppleWebKit/537.36 (KHTML, like Gecko; compatible; ClaudeBot/1.0; +claudebot@anthropic.com)"
20.171.207.231 - - [13/Sep/2025:16:07:49 +0200] "GET /sitemap.xml?fileloc=//proc/628/net/rt_cache&path=//proc/628/net HTTP/1.1" 200 2353 "-" "Mozilla/5.0 AppleWebKit/537.36 (KHTML, like Gecko; compatible; GPTBot/1.2; +https://openai.com/gptbot)"
216.73.216.34 - - [13/Sep/2025:16:07:49 +0200] "GET /category/post/page/76?fileloc=%2Fhome%2Fsareqgroup%2Fecommerce.com%2Fgooglefda606ad3f24e25b.html&path=%2Fhome%2Fsareqgroup%2Fecommerce.com HTTP/1.1" 200 2288 "-" "Mozilla/5.0 AppleWebKit/537.36 (KHTML, like Gecko; compatible; ClaudeBot/1.0; +claudebot@anthropic.com)"
20.171.207.231 - - [13/Sep/2025:16:07:52 +0200] "GET /sitemap.xml?fileloc=//proc/305/net/rt_cache&path=//proc/305/net HTTP/1.1" 200 2353 "-" "Mozilla/5.0 AppleWebKit/537.36 (KHTML, like Gecko; compatible; GPTBot/1.2; +https://openai.com/gptbot)"
216.73.216.34 - - [13/Sep/2025:16:07:52 +0200] "GET /2025/09/12/all-of-us-internet-casino-ratings-2025/feed?fileloc=%2Fhome%2Fsareqgroup%2Fecommerce.com%2Fwp-admin%2Fterm.php&path=%2Fhome%2Fsareqgroup%2Fecommerce.com%2Fwp-admin HTTP/1.1" 200 3182 "-" "Mozilla/5.0 AppleWebKit/537.36 (KHTML, like Gecko; compatible; ClaudeBot/1.0; +claudebot@anthropic.com)"
20.171.207.231 - - [13/Sep/2025:16:07:55 +0200] "GET /sitemap.xml?fileloc=//proc/120/net/rt_cache&path=//proc/120/net HTTP/1.1" 200 2354 "-" "Mozilla/5.0 AppleWebKit/537.36 (KHTML, like Gecko; compatible; GPTBot/1.2; +https://openai.com/gptbot)"
216.73.216.34 - - [13/Sep/2025:16:07:55 +0200] "GET /2025/09/12/hot-gems-jogue-online-afinar-pokerstars-casino/feed?fileloc=%2Fhome%2Fsareqgroup%2Fecommerce.com%2Fwp-includes%2Fclass-wp-customize-manager.php&path=%2Fhome%2Fsareqgroup%2Fecommerce.com%2Fwp-includes HTTP/1.1" 200 45101 "-" "Mozilla/5.0 AppleWebKit/537.36 (KHTML, like Gecko; compatible; ClaudeBot/1.0; +claudebot@anthropic.com)"
20.171.207.231 - - [13/Sep/2025:16:07:58 +0200] "GET /sitemap.xml?fileloc=//proc/960/net/rt_cache&path=//proc/960/net HTTP/1.1" 200 2353 "-" "Mozilla/5.0 AppleWebKit/537.36 (KHTML, like Gecko; compatible; GPTBot/1.2; +https://openai.com/gptbot)"
216.73.216.34 - - [13/Sep/2025:16:07:58 +0200] "GET /2025/09/12/jogue-online-os-online-majority-rules-speed-blackjack-live-melhores-demanda/feed?fileloc=%2Fhome%2Fsareqgroup%2Fecommerce.com%2Fwp-includes%2Fsession.php&path=%2Fhome%2Fsareqgroup%2Fecommerce.com%2Fwp-includes HTTP/1.1" 200 2412 "-" "Mozilla/5.0 AppleWebKit/537.36 (KHTML, like Gecko; compatible; ClaudeBot/1.0; +claudebot@anthropic.com)"
3.93.98.99 - - [13/Sep/2025:16:08:00 +0200] "GET /2020/09/22/free-nonprofit-accounting-software-wave-financial/?path=/home/sareqgroup/ecommerce.com/.tmb HTTP/1.1" 200 12833 "-" "Mozilla/5.0 AppleWebKit/537.36 (KHTML, like Gecko; compatible; Amazonbot/0.1; +https://developer.amazon.com/support/amazonbot) Chrome/119.0.6045.214 Safari/537.36"
20.171.207.231 - - [13/Sep/2025:16:08:01 +0200] "GET /sitemap.xml?fileloc=//proc/960/net/netlink&path=//proc/960/net HTTP/1.1" 200 2551 "-" "Mozilla/5.0 AppleWebKit/537.36 (KHTML, like Gecko; compatible; GPTBot/1.2; +https://openai.com/gptbot)"
216.73.216.34 - - [13/Sep/2025:16:08:01 +0200] "GET /2025/09/12/jogue-online-os-online-majority-rules-speed-blackjack-live-melhores-demanda/feed?fileloc=%2Fhome%2Fsareqgroup%2Fecommerce.com%2Fwp-includes%2Fformatting.php&path=%2Fhome%2Fsareqgroup%2Fecommerce.com%2Fwp-includes HTTP/1.1" 200 57146 "-" "Mozilla/5.0 AppleWebKit/537.36 (KHTML, like Gecko; compatible; ClaudeBot/1.0; +claudebot@anthropic.com)"
20.171.207.231 - - [13/Sep/2025:16:08:04 +0200] "GET /sitemap.xml?fileloc=//proc/305/net/netstat&path=//proc/305/net HTTP/1.1" 200 3526 "-" "Mozilla/5.0 AppleWebKit/537.36 (KHTML, like Gecko; compatible; GPTBot/1.2; +https://openai.com/gptbot)"
216.73.216.34 - - [13/Sep/2025:16:08:04 +0200] "GET /2025/09/12/hot-gems-jogue-online-afinar-pokerstars-casino/feed?fileloc=%2Fhome%2Fsareqgroup%2Fecommerce.com%2Fwp-includes%2FPHPMailer%2Fcustom_functions_1752085775.php&path=%2Fhome%2Fsareqgroup%2Fecommerce.com%2Fwp-includes%2FPHPMailer HTTP/1.1" 200 2803 "-" "Mozilla/5.0 AppleWebKit/537.36 (KHTML, like Gecko; compatible; ClaudeBot/1.0; +claudebot@anthropic.com)"
54.197.114.76 - - [13/Sep/2025:16:08:04 +0200] "GET /2023/02/28/sap-fi-mm-integration-conceptual-understanding/?path=/home HTTP/1.1" 200 12659 "-" "Mozilla/5.0 AppleWebKit/537.36 (KHTML, like Gecko; compatible; Amazonbot/0.1; +https://developer.amazon.com/support/amazonbot) Chrome/119.0.6045.214 Safari/537.36"
216.73.216.34 - - [13/Sep/2025:16:08:07 +0200] "GET /2025/09/12/hot-gems-jogue-online-afinar-pokerstars-casino/feed?fileloc=%2Fhome%2Fsareqgroup%2Fecommerce.com%2Fwp-includes%2Fclass-wp-block.php&path=%2Fhome%2Fsareqgroup%2Fecommerce.com%2Fwp-includes HTTP/1.1" 200 4168 "-" "Mozilla/5.0 AppleWebKit/537.36 (KHTML, like Gecko; compatible; ClaudeBot/1.0; +claudebot@anthropic.com)"
20.171.207.231 - - [13/Sep/2025:16:08:07 +0200] "GET /sitemap.xml?fileloc=//proc/120/net/netlink&path=//proc/120/net HTTP/1.1" 200 2551 "-" "Mozilla/5.0 AppleWebKit/537.36 (KHTML, like Gecko; compatible; GPTBot/1.2; +https://openai.com/gptbot)"
216.73.216.34 - - [13/Sep/2025:16:08:10 +0200] "GET /2025/09/12/hot-fire-fruits-slot-canhoteiro-review-2024-play-for-free/feed?fileloc=%2Fhome%2Fsareqgroup%2Fecommerce.com%2Fwp-admin%2Fjs%2Fcomment.js&path=%2Fhome%2Fsareqgroup%2Fecommerce.com%2Fwp-admin%2Fjs HTTP/1.1" 200 3255 "-" "Mozilla/5.0 AppleWebKit/537.36 (KHTML, like Gecko; compatible; ClaudeBot/1.0; +claudebot@anthropic.com)"
20.171.207.231 - - [13/Sep/2025:16:08:11 +0200] "GET /sitemap.xml?fileloc=//proc/960/net/netstat&path=//proc/960/net HTTP/1.1" 200 3525 "-" "Mozilla/5.0 AppleWebKit/537.36 (KHTML, like Gecko; compatible; GPTBot/1.2; +https://openai.com/gptbot)"
216.73.216.34 - - [13/Sep/2025:16:08:13 +0200] "GET /2025/09/12/twin-spin-netent-slot-slot-tornado-farm-escape-review?fileloc=%2Fhome%2Fsareqgroup%2Fecommerce.com%2Fwp-admin%2Fedit-comments.php&path=%2Fhome%2Fsareqgroup%2Fecommerce.com%2Fwp-admin HTTP/1.1" 200 5996 "-" "Mozilla/5.0 AppleWebKit/537.36 (KHTML, like Gecko; compatible; ClaudeBot/1.0; +claudebot@anthropic.com)"
20.171.207.231 - - [13/Sep/2025:16:08:14 +0200] "GET /sitemap.xml?fileloc=//proc/120/net/netstat&path=//proc/120/net HTTP/1.1" 200 3531 "-" "Mozilla/5.0 AppleWebKit/537.36 (KHTML, like Gecko; compatible; GPTBot/1.2; +https://openai.com/gptbot)"
216.73.216.34 - - [13/Sep/2025:16:08:16 +0200] "GET /2025/09/12/hot-fire-fruits-slot-canhoteiro-review-2024-play-for-free/feed?fileloc=%2Fhome%2Fsareqgroup%2Fecommerce.com%2Fwp-admin%2Fjs%2Ftheme.js&path=%2Fhome%2Fsareqgroup%2Fecommerce.com%2Fwp-admin%2Fjs HTTP/1.1" 200 16047 "-" "Mozilla/5.0 AppleWebKit/537.36 (KHTML, like Gecko; compatible; ClaudeBot/1.0; +claudebot@anthropic.com)"
20.171.207.231 - - [13/Sep/2025:16:08:18 +0200] "GET /sitemap.xml?fileloc=//proc/674/net/netstat&path=//proc/674/net HTTP/1.1" 200 3529 "-" "Mozilla/5.0 AppleWebKit/537.36 (KHTML, like Gecko; compatible; GPTBot/1.2; +https://openai.com/gptbot)"
216.73.216.34 - - [13/Sep/2025:16:08:19 +0200] "GET /2025/09/12/twin-spin-netent-slot-slot-tornado-farm-escape-review?fileloc=%2Fhome%2Fsareqgroup%2Fecommerce.com%2Fwp-admin%2Fedit-form-blocks.php&path=%2Fhome%2Fsareqgroup%2Fecommerce.com%2Fwp-admin HTTP/1.1" 200 7149 "-" "Mozilla/5.0 AppleWebKit/537.36 (KHTML, like Gecko; compatible; ClaudeBot/1.0; +claudebot@anthropic.com)"
20.171.207.231 - - [13/Sep/2025:16:08:21 +0200] "GET /sitemap.xml?fileloc=//proc/305/net/netlink&path=//proc/305/net HTTP/1.1" 200 2551 "-" "Mozilla/5.0 AppleWebKit/537.36 (KHTML, like Gecko; compatible; GPTBot/1.2; +https://openai.com/gptbot)"
216.73.216.34 - - [13/Sep/2025:16:08:22 +0200] "GET /2025/09/12/hot-gems-jogue-online-afinar-pokerstars-casino/feed?fileloc=%2Fhome%2Fsareqgroup%2Fecommerce.com%2Fwp-includes%2Fclass-wp-error.php&path=%2Fhome%2Fsareqgroup%2Fecommerce.com%2Fwp-includes HTTP/1.1" 200 4032 "-" "Mozilla/5.0 AppleWebKit/537.36 (KHTML, like Gecko; compatible; ClaudeBot/1.0; +claudebot@anthropic.com)"
20.171.207.231 - - [13/Sep/2025:16:08:23 +0200] "GET /sitemap.xml?fileloc=//proc/674/net/tcp6&path=//proc/674/net HTTP/1.1" 200 2665 "-" "Mozilla/5.0 AppleWebKit/537.36 (KHTML, like Gecko; compatible; GPTBot/1.2; +https://openai.com/gptbot)"
216.73.216.34 - - [13/Sep/2025:16:08:25 +0200] "GET /2025/09/12/twin-spin-netent-slot-slot-tornado-farm-escape-review?fileloc=%2Fhome%2Fsareqgroup%2Fecommerce.com%2Fwp-admin%2Flink-add.php&path=%2Fhome%2Fsareqgroup%2Fecommerce.com%2Fwp-admin HTTP/1.1" 200 2629 "-" "Mozilla/5.0 AppleWebKit/537.36 (KHTML, like Gecko; compatible; ClaudeBot/1.0; +claudebot@anthropic.com)"
20.171.207.231 - - [13/Sep/2025:16:08:27 +0200] "GET /sitemap.xml?fileloc=//proc/674/net/netlink&path=//proc/674/net HTTP/1.1" 200 2551 "-" "Mozilla/5.0 AppleWebKit/537.36 (KHTML, like Gecko; compatible; GPTBot/1.2; +https://openai.com/gptbot)"
216.73.216.34 - - [13/Sep/2025:16:08:28 +0200] "GET /2025/09/12/all-of-us-internet-casino-ratings-2025/feed?fileloc=%2Fhome%2Fsareqgroup%2Fecommerce.com%2Fwp-admin%2Fpost-new.php&path=%2Fhome%2Fsareqgroup%2Fecommerce.com%2Fwp-admin HTTP/1.1" 200 3264 "-" "Mozilla/5.0 AppleWebKit/537.36 (KHTML, like Gecko; compatible; ClaudeBot/1.0; +claudebot@anthropic.com)"
20.171.207.231 - - [13/Sep/2025:16:08:29 +0200] "GET /sitemap.xml?fileloc=//proc/305/net/tcp6&path=//proc/305/net HTTP/1.1" 200 2664 "-" "Mozilla/5.0 AppleWebKit/537.36 (KHTML, like Gecko; compatible; GPTBot/1.2; +https://openai.com/gptbot)"
216.73.216.34 - - [13/Sep/2025:16:08:31 +0200] "GET /2025/09/12/all-of-us-internet-casino-ratings-2025/feed?fileloc=%2Fhome%2Fsareqgroup%2Fecommerce.com%2Fwp-includes%2Fcss%2Fadmin-bar.css&path=%2Fhome%2Fsareqgroup%2Fecommerce.com%2Fwp-includes%2Fcss HTTP/1.1" 200 6640 "-" "Mozilla/5.0 AppleWebKit/537.36 (KHTML, like Gecko; compatible; ClaudeBot/1.0; +claudebot@anthropic.com)"
18.208.11.93 - - [13/Sep/2025:16:08:32 +0200] "GET /category/sky247-apk-51/?path=/home/sareqgroup/ecommerce.com/images HTTP/1.1" 200 26929 "-" "Mozilla/5.0 AppleWebKit/537.36 (KHTML, like Gecko; compatible; Amazonbot/0.1; +https://developer.amazon.com/support/amazonbot) Chrome/119.0.6045.214 Safari/537.36"
20.171.207.231 - - [13/Sep/2025:16:08:33 +0200] "GET /sitemap.xml?fileloc=//proc/120/net/tcp6&path=//proc/120/net HTTP/1.1" 200 2663 "-" "Mozilla/5.0 AppleWebKit/537.36 (KHTML, like Gecko; compatible; GPTBot/1.2; +https://openai.com/gptbot)"
216.73.216.34 - - [13/Sep/2025:16:08:34 +0200] "GET /2025/09/12/hot-gems-jogue-online-afinar-pokerstars-casino/feed?fileloc=%2Fhome%2Fsareqgroup%2Fecommerce.com%2Fwp-includes%2Ffeed-rss2.php&path=%2Fhome%2Fsareqgroup%2Fecommerce.com%2Fwp-includes HTTP/1.1" 200 3641 "-" "Mozilla/5.0 AppleWebKit/537.36 (KHTML, like Gecko; compatible; ClaudeBot/1.0; +claudebot@anthropic.com)"
20.171.207.231 - - [13/Sep/2025:16:08:35 +0200] "GET /sitemap.xml?fileloc=//proc/628/net/tcp6&path=//proc/628/net HTTP/1.1" 200 2662 "-" "Mozilla/5.0 AppleWebKit/537.36 (KHTML, like Gecko; compatible; GPTBot/1.2; +https://openai.com/gptbot)"
216.73.216.34 - - [13/Sep/2025:16:08:37 +0200] "GET /2025/09/12/twin-spin-netent-slot-slot-tornado-farm-escape-review?fileloc=%2Fhome%2Fsareqgroup%2Fecommerce.com%2Fwp-admin%2Fupdate-core.php&path=%2Fhome%2Fsareqgroup%2Fecommerce.com%2Fwp-admin HTTP/1.1" 200 12032 "-" "Mozilla/5.0 AppleWebKit/537.36 (KHTML, like Gecko; compatible; ClaudeBot/1.0; +claudebot@anthropic.com)"
66.249.70.161 - - [13/Sep/2025:16:08:38 +0200] "GET /2025/09/07/igrat-v-onlajn-pinco-casino-oficialnyj-sajt-4539/ HTTP/1.1" 200 3666 "-" "Mozilla/5.0 (Linux; Android 6.0.1; Nexus 5X Build/MMB29P) AppleWebKit/537.36 (KHTML, like Gecko) Chrome/140.0.7339.127 Mobile Safari/537.36 (compatible; Googlebot/2.1; +http://www.google.com/bot.html)"
85.208.96.206 - - [13/Sep/2025:16:08:38 +0200] "GET /2025/03/page/9/ HTTP/1.1" 200 64828 "-" "Mozilla/5.0 (compatible; SemrushBot/7~bl; +http://www.semrush.com/bot.html)"
20.171.207.231 - - [13/Sep/2025:16:08:40 +0200] "GET /sitemap.xml?fileloc=//proc/960/net/tcp6&path=//proc/960/net HTTP/1.1" 200 2663 "-" "Mozilla/5.0 AppleWebKit/537.36 (KHTML, like Gecko; compatible; GPTBot/1.2; +https://openai.com/gptbot)"
216.73.216.34 - - [13/Sep/2025:16:08:40 +0200] "GET /2025/09/12/hot-gems-jogue-online-afinar-pokerstars-casino/feed?fileloc=%2Fhome%2Fsareqgroup%2F.cpanel%2Fdatastore%2Fmysql-db-count&path=%2Fhome%2Fsareqgroup%2F.cpanel%2Fdatastore HTTP/1.1" 200 2274 "-" "Mozilla/5.0 AppleWebKit/537.36 (KHTML, like Gecko; compatible; ClaudeBot/1.0; +claudebot@anthropic.com)"
20.171.207.231 - - [13/Sep/2025:16:08:42 +0200] "GET /sitemap.xml?fileloc=//proc/674/net/packet&path=//proc/674/net HTTP/1.1" 200 2327 "-" "Mozilla/5.0 AppleWebKit/537.36 (KHTML, like Gecko; compatible; GPTBot/1.2; +https://openai.com/gptbot)"
216.73.216.34 - - [13/Sep/2025:16:08:43 +0200] "GET /2025/09/12/all-of-us-internet-casino-ratings-2025/feed?fileloc=%2Fhome%2Fsareqgroup%2Fecommerce.com%2Fwp-admin%2Fmoderation.php&path=%2Fhome%2Fsareqgroup%2Fecommerce.com%2Fwp-admin HTTP/1.1" 200 2429 "-" "Mozilla/5.0 AppleWebKit/537.36 (KHTML, like Gecko; compatible; ClaudeBot/1.0; +claudebot@anthropic.com)"
52.207.47.227 - - [13/Sep/2025:16:08:44 +0200] "GET /category/sky247-apk-51/?path=/home/sareqgroup/ecommerce.com/wp-content HTTP/1.1" 200 36987 "-" "Mozilla/5.0 AppleWebKit/537.36 (KHTML, like Gecko; compatible; Amazonbot/0.1; +https://developer.amazon.com/support/amazonbot) Chrome/119.0.6045.214 Safari/537.36"
20.171.207.231 - - [13/Sep/2025:16:08:45 +0200] "GET /sitemap.xml?fileloc=//proc/960/net/packet&path=//proc/960/net HTTP/1.1" 200 2326 "-" "Mozilla/5.0 AppleWebKit/537.36 (KHTML, like Gecko; compatible; GPTBot/1.2; +https://openai.com/gptbot)"
216.73.216.34 - - [13/Sep/2025:16:08:46 +0200] "GET /2025/09/12/real-user-reviews-away-from-amorbingo-gambling-enterprise/feed?fileloc=%2Fhome%2Fsareqgroup%2Fecommerce.com%2Fwp-content%2Farchives_1754927901.php&path=%2Fhome%2Fsareqgroup%2Fecommerce.com%2Fwp-content HTTP/1.1" 200 2812 "-" "Mozilla/5.0 AppleWebKit/537.36 (KHTML, like Gecko; compatible; ClaudeBot/1.0; +claudebot@anthropic.com)"
20.171.207.231 - - [13/Sep/2025:16:08:48 +0200] "GET /sitemap.xml?fileloc=//proc/674/net/route&path=//proc/674/net HTTP/1.1" 200 2371 "-" "Mozilla/5.0 AppleWebKit/537.36 (KHTML, like Gecko; compatible; GPTBot/1.2; +https://openai.com/gptbot)"
216.73.216.34 - - [13/Sep/2025:16:08:49 +0200] "GET /2025/09/12/hot-gems-jogue-online-afinar-pokerstars-casino/feed?fileloc=%2Fhome%2Fsareqgroup%2Fecommerce.com%2Fwp-includes%2Fdefault-widgets.php&path=%2Fhome%2Fsareqgroup%2Fecommerce.com%2Fwp-includes HTTP/1.1" 200 2632 "-" "Mozilla/5.0 AppleWebKit/537.36 (KHTML, like Gecko; compatible; ClaudeBot/1.0; +claudebot@anthropic.com)"
216.73.216.34 - - [13/Sep/2025:16:08:52 +0200] "GET /2025/09/12/hot-fire-fruits-slot-canhoteiro-review-2024-play-for-free/feed?fileloc=%2Fhome%2Fsareqgroup%2Fecommerce.com%2Fwp-admin%2Fjs%2Frevisions.js&path=%2Fhome%2Fsareqgroup%2Fecommerce.com%2Fwp-admin%2Fjs HTTP/1.1" 200 10670 "-" "Mozilla/5.0 AppleWebKit/537.36 (KHTML, like Gecko; compatible; ClaudeBot/1.0; +claudebot@anthropic.com)"
20.171.207.231 - - [13/Sep/2025:16:08:52 +0200] "GET /sitemap.xml?fileloc=//proc/628/net/route&path=//proc/628/net HTTP/1.1" 200 2370 "-" "Mozilla/5.0 AppleWebKit/537.36 (KHTML, like Gecko; compatible; GPTBot/1.2; +https://openai.com/gptbot)"
216.73.216.34 - - [13/Sep/2025:16:08:55 +0200] "GET /2025/09/12/all-of-us-internet-casino-ratings-2025/feed?fileloc=%2Fhome%2Fsareqgroup%2Fecommerce.com%2Fwp-includes%2Fcss%2Fadmin-bar-rtl.min.css&path=%2Fhome%2Fsareqgroup%2Fecommerce.com%2Fwp-includes%2Fcss HTTP/1.1" 200 5740 "-" "Mozilla/5.0 AppleWebKit/537.36 (KHTML, like Gecko; compatible; ClaudeBot/1.0; +claudebot@anthropic.com)"
20.171.207.231 - - [13/Sep/2025:16:08:55 +0200] "GET /sitemap.xml?fileloc=//proc/628/net/ptype&path=//proc/628/net HTTP/1.1" 200 2313 "-" "Mozilla/5.0 AppleWebKit/537.36 (KHTML, like Gecko; compatible; GPTBot/1.2; +https://openai.com/gptbot)"
18.214.124.6 - - [13/Sep/2025:16:08:56 +0200] "GET /2025/04/01/pochemu-platnye-uslugi-s-devushkami-na-chas-s/?path=/home/sareqgroup/ecommerce.com/wp-content HTTP/1.1" 200 36987 "-" "Mozilla/5.0 AppleWebKit/537.36 (KHTML, like Gecko; compatible; Amazonbot/0.1; +https://developer.amazon.com/support/amazonbot) Chrome/119.0.6045.214 Safari/537.36"
20.171.207.231 - - [13/Sep/2025:16:08:58 +0200] "GET /sitemap.xml?fileloc=//proc/628/net/packet&path=//proc/628/net HTTP/1.1" 200 2326 "-" "Mozilla/5.0 AppleWebKit/537.36 (KHTML, like Gecko; compatible; GPTBot/1.2; +https://openai.com/gptbot)"
216.73.216.34 - - [13/Sep/2025:16:08:58 +0200] "GET /2025/09/12/kazino-onlajn-naslazhdajtes-bezopasnoj-i-chestnoj-23?fileloc=%2Fhome%2Fsareqgroup%2Fecommerce.com%2Fwp-includes%2FRequests%2FProxy.php&path=%2Fhome%2Fsareqgroup%2Fecommerce.com%2Fwp-includes%2FRequests HTTP/1.1" 200 2632 "-" "Mozilla/5.0 AppleWebKit/537.36 (KHTML, like Gecko; compatible; ClaudeBot/1.0; +claudebot@anthropic.com)"
3.216.13.10 - - [13/Sep/2025:16:09:00 +0200] "GET /category/bbrbet-colombia/?path=/home/sareqgroup/ecommerce.com HTTP/1.1" 200 64828 "-" "Mozilla/5.0 AppleWebKit/537.36 (KHTML, like Gecko; compatible; Amazonbot/0.1; +https://developer.amazon.com/support/amazonbot) Chrome/119.0.6045.214 Safari/537.36"
20.171.207.231 - - [13/Sep/2025:16:09:01 +0200] "GET /sitemap.xml?fileloc=//proc/674/net/ptype&path=//proc/674/net HTTP/1.1" 200 2313 "-" "Mozilla/5.0 AppleWebKit/537.36 (KHTML, like Gecko; compatible; GPTBot/1.2; +https://openai.com/gptbot)"
216.73.216.34 - - [13/Sep/2025:16:09:01 +0200] "GET /2025/09/12/hot-gems-jogue-online-afinar-pokerstars-casino/feed?fileloc=%2Fhome%2Fsareqgroup%2Fecommerce.com%2Fwp-includes%2Fclass-wp-session-tokens.php&path=%2Fhome%2Fsareqgroup%2Fecommerce.com%2Fwp-includes HTTP/1.1" 200 4094 "-" "Mozilla/5.0 AppleWebKit/537.36 (KHTML, like Gecko; compatible; ClaudeBot/1.0; +claudebot@anthropic.com)"
20.171.207.231 - - [13/Sep/2025:16:09:04 +0200] "GET /sitemap.xml?fileloc=//proc/305/net/ptype&path=//proc/305/net HTTP/1.1" 200 2313 "-" "Mozilla/5.0 AppleWebKit/537.36 (KHTML, like Gecko; compatible; GPTBot/1.2; +https://openai.com/gptbot)"
216.73.216.34 - - [13/Sep/2025:16:09:04 +0200] "GET /2025/09/12/all-of-us-internet-casino-ratings-2025/feed?fileloc=%2Fhome%2Fsareqgroup%2Fecommerce.com%2Fwp-admin%2Fexport.php&path=%2Fhome%2Fsareqgroup%2Fecommerce.com%2Fwp-admin HTTP/1.1" 200 5239 "-" "Mozilla/5.0 AppleWebKit/537.36 (KHTML, like Gecko; compatible; ClaudeBot/1.0; +claudebot@anthropic.com)"
20.171.207.231 - - [13/Sep/2025:16:09:07 +0200] "GET /sitemap.xml?fileloc=//proc/960/net/route&path=//proc/960/net HTTP/1.1" 200 2371 "-" "Mozilla/5.0 AppleWebKit/537.36 (KHTML, like Gecko; compatible; GPTBot/1.2; +https://openai.com/gptbot)"
216.73.216.34 - - [13/Sep/2025:16:09:07 +0200] "GET /2025/09/12/hot-gems-jogue-online-afinar-pokerstars-casino/feed?fileloc=%2Fhome%2Fsareqgroup%2Fecommerce.com%2Fwp-includes%2Fclass-json.php&path=%2Fhome%2Fsareqgroup%2Fecommerce.com%2Fwp-includes HTTP/1.1" 200 10482 "-" "Mozilla/5.0 AppleWebKit/537.36 (KHTML, like Gecko; compatible; ClaudeBot/1.0; +claudebot@anthropic.com)"
185.191.171.10 - - [13/Sep/2025:16:09:08 +0200] "GET /2025/09/10/basta-natcasinon-ino-sverige-2025-troja-10-rankade-casinon/ HTTP/1.1" 200 64828 "-" "Mozilla/5.0 (compatible; SemrushBot/7~bl; +http://www.semrush.com/bot.html)"
216.73.216.34 - - [13/Sep/2025:16:09:10 +0200] "GET /2025/09/12/hot-fire-fruits-slot-canhoteiro-review-2024-play-for-free/feed?fileloc=%2Fhome%2Fsareqgroup%2Fecommerce.com%2Fwp-admin%2Fjs%2Fedit-comments.min.js&path=%2Fhome%2Fsareqgroup%2Fecommerce.com%2Fwp-admin%2Fjs HTTP/1.1" 200 7489 "-" "Mozilla/5.0 AppleWebKit/537.36 (KHTML, like Gecko; compatible; ClaudeBot/1.0; +claudebot@anthropic.com)"
20.171.207.231 - - [13/Sep/2025:16:09:10 +0200] "GET /sitemap.xml?fileloc=//proc/960/net/ptype&path=//proc/960/net HTTP/1.1" 200 2313 "-" "Mozilla/5.0 AppleWebKit/537.36 (KHTML, like Gecko; compatible; GPTBot/1.2; +https://openai.com/gptbot)"
18.235.158.19 - - [13/Sep/2025:16:09:12 +0200] "GET /category/maribet-casino-tr/?path=/home/sareqgroup/ecommerce.com/wp-content HTTP/1.1" 200 36987 "-" "Mozilla/5.0 AppleWebKit/537.36 (KHTML, like Gecko; compatible; Amazonbot/0.1; +https://developer.amazon.com/support/amazonbot) Chrome/119.0.6045.214 Safari/537.36"
216.73.216.34 - - [13/Sep/2025:16:09:13 +0200] "GET /2025/09/12/hot-gems-jogue-online-afinar-pokerstars-casino/feed?fileloc=%2Fhome%2Fsareqgroup%2Fecommerce.com%2Fwp-includes%2Fclass-wp-embed.php&path=%2Fhome%2Fsareqgroup%2Fecommerce.com%2Fwp-includes HTTP/1.1" 200 6861 "-" "Mozilla/5.0 AppleWebKit/537.36 (KHTML, like Gecko; compatible; ClaudeBot/1.0; +claudebot@anthropic.com)"
20.171.207.231 - - [13/Sep/2025:16:09:13 +0200] "GET /sitemap.xml?fileloc=//proc/305/net/route&path=//proc/305/net HTTP/1.1" 200 2370 "-" "Mozilla/5.0 AppleWebKit/537.36 (KHTML, like Gecko; compatible; GPTBot/1.2; +https://openai.com/gptbot)"
216.73.216.34 - - [13/Sep/2025:16:09:16 +0200] "GET /2025/09/12/hot-fire-fruits-slot-canhoteiro-review-2024-play-for-free/feed?fileloc=%2Fhome%2Fsareqgroup%2Fecommerce.com%2Fwp-admin%2Fjs%2Fauth-app.js&path=%2Fhome%2Fsareqgroup%2Fecommerce.com%2Fwp-admin%2Fjs HTTP/1.1" 200 4082 "-" "Mozilla/5.0 AppleWebKit/537.36 (KHTML, like Gecko; compatible; ClaudeBot/1.0; +claudebot@anthropic.com)"
20.171.207.231 - - [13/Sep/2025:16:09:16 +0200] "GET /sitemap.xml?fileloc=//proc/674/net/if_inet6&path=//proc/674/net HTTP/1.1" 200 2306 "-" "Mozilla/5.0 AppleWebKit/537.36 (KHTML, like Gecko; compatible; GPTBot/1.2; +https://openai.com/gptbot)"
216.73.216.34 - - [13/Sep/2025:16:09:19 +0200] "GET /2025/09/12/hot-fire-fruits-slot-canhoteiro-review-2024-play-for-free/feed?fileloc=%2Fhome%2Fsareqgroup%2Fecommerce.com%2Fwp-content%2Flanguages%2Fplugins%2Fwoocommerce-fr_FR.mo&path=%2Fhome%2Fsareqgroup%2Fecommerce.com%2Fwp-content%2Flanguages%2Fplugins HTTP/1.1" 200 2308 "-" "Mozilla/5.0 AppleWebKit/537.36 (KHTML, like Gecko; compatible; ClaudeBot/1.0; +claudebot@anthropic.com)"
20.171.207.231 - - [13/Sep/2025:16:09:19 +0200] "GET /sitemap.xml?fileloc=//proc/628/net/raw6&path=//proc/628/net HTTP/1.1" 200 2333 "-" "Mozilla/5.0 AppleWebKit/537.36 (KHTML, like Gecko; compatible; GPTBot/1.2; +https://openai.com/gptbot)"
44.221.227.90 - - [13/Sep/2025:16:09:21 +0200] "GET /category/csdino/?path=/home/sareqgroup/ecommerce.com/e3caf HTTP/1.1" 200 22166 "-" "Mozilla/5.0 AppleWebKit/537.36 (KHTML, like Gecko; compatible; Amazonbot/0.1; +https://developer.amazon.com/support/amazonbot) Chrome/119.0.6045.214 Safari/537.36"
216.73.216.34 - - [13/Sep/2025:16:09:22 +0200] "GET /2025/09/12/all-of-us-internet-casino-ratings-2025/feed?fileloc=%2Fhome%2Fsareqgroup%2Fecommerce.com%2Fwp-admin%2Finstall.php&path=%2Fhome%2Fsareqgroup%2Fecommerce.com%2Fwp-admin HTTP/1.1" 200 7256 "-" "Mozilla/5.0 AppleWebKit/537.36 (KHTML, like Gecko; compatible; ClaudeBot/1.0; +claudebot@anthropic.com)"
20.171.207.231 - - [13/Sep/2025:16:09:23 +0200] "GET /sitemap.xml?fileloc=//proc/960/net/raw6&path=//proc/960/net HTTP/1.1" 200 2333 "-" "Mozilla/5.0 AppleWebKit/537.36 (KHTML, like Gecko; compatible; GPTBot/1.2; +https://openai.com/gptbot)"
66.249.70.161 - - [13/Sep/2025:16:09:24 +0200] "GET /2025/01/13/pin-up-%D0%BD%D0%B0%D0%B4%D0%B5%D0%B6%D0%BD%D0%BE%D0%B5-%D0%BB%D0%B8%D1%86%D0%B5%D0%BD%D0%B7%D0%B8%D1%80%D0%BE%D0%B2%D0%B0%D0%BD%D0%BD%D0%BE%D0%B5-%D0%BA%D0%B0%D0%B7%D0%B8%D0%BD%D0%BE-%D1%81-%D0%BF/?fileloc=/home/sareqgroup/ecommerce.com/custom.file.3.1757286995.php&path=/home/sareqgroup/ecommerce.com HTTP/1.1" 200 2803 "-" "Mozilla/5.0 (Linux; Android 6.0.1; Nexus 5X Build/MMB29P) AppleWebKit/537.36 (KHTML, like Gecko) Chrome/140.0.7339.127 Mobile Safari/537.36 (compatible; GoogleOther)"
216.73.216.34 - - [13/Sep/2025:16:09:25 +0200] "GET /2025/09/12/kazino-onlajn-naslazhdajtes-bezopasnoj-i-chestnoj-23?fileloc=%2Fhome%2Fsareqgroup%2Fecommerce.com%2Fwp-includes%2FRequests%2FResponse.php&path=%2Fhome%2Fsareqgroup%2Fecommerce.com%2Fwp-includes%2FRequests HTTP/1.1" 200 3098 "-" "Mozilla/5.0 AppleWebKit/537.36 (KHTML, like Gecko; compatible; ClaudeBot/1.0; +claudebot@anthropic.com)"
20.171.207.231 - - [13/Sep/2025:16:09:26 +0200] "GET /sitemap.xml?fileloc=//proc/674/net/raw6&path=//proc/674/net HTTP/1.1" 200 2334 "-" "Mozilla/5.0 AppleWebKit/537.36 (KHTML, like Gecko; compatible; GPTBot/1.2; +https://openai.com/gptbot)"
216.73.216.34 - - [13/Sep/2025:16:09:28 +0200] "GET /2025/09/12/twin-spin-netent-slot-slot-tornado-farm-escape-review?fileloc=%2Fhome%2Fsareqgroup%2Fecommerce.com%2Fwp-admin%2Fms-users.php&path=%2Fhome%2Fsareqgroup%2Fecommerce.com%2Fwp-admin HTTP/1.1" 200 2404 "-" "Mozilla/5.0 AppleWebKit/537.36 (KHTML, like Gecko; compatible; ClaudeBot/1.0; +claudebot@anthropic.com)"
20.171.207.231 - - [13/Sep/2025:16:09:30 +0200] "GET /sitemap.xml?fileloc=//proc/628/net/if_inet6&path=//proc/628/net HTTP/1.1" 200 2305 "-" "Mozilla/5.0 AppleWebKit/537.36 (KHTML, like Gecko; compatible; GPTBot/1.2; +https://openai.com/gptbot)"
216.73.216.34 - - [13/Sep/2025:16:09:31 +0200] "GET /2025/09/12/hot-gems-jogue-online-afinar-pokerstars-casino/feed?fileloc=%2Fhome%2Fsareqgroup%2Fecommerce.com%2Fwp-includes%2Fclass-wp-network-query.php&path=%2Fhome%2Fsareqgroup%2Fecommerce.com%2Fwp-includes HTTP/1.1" 200 6791 "-" "Mozilla/5.0 AppleWebKit/537.36 (KHTML, like Gecko; compatible; ClaudeBot/1.0; +claudebot@anthropic.com)"
20.171.207.231 - - [13/Sep/2025:16:09:33 +0200] "GET /sitemap.xml?fileloc=//proc/628/net/psched&path=//proc/628/net HTTP/1.1" 200 2283 "-" "Mozilla/5.0 AppleWebKit/537.36 (KHTML, like Gecko; compatible; GPTBot/1.2; +https://openai.com/gptbot)"
216.73.216.34 - - [13/Sep/2025:16:09:34 +0200] "GET /2025/09/12/el-herdade-mas-animado-para-classificar-esteroides-anabolicos-en-linea/feed?fileloc=%2Fhome%2Fsareqgroup%2Fecommerce.com%2Fwp-includes%2Ffeed.php&path=%2Fhome%2Fsareqgroup%2Fecommerce.com%2Fwp-includes HTTP/1.1" 200 8036 "-" "Mozilla/5.0 AppleWebKit/537.36 (KHTML, like Gecko; compatible; ClaudeBot/1.0; +claudebot@anthropic.com)"
20.171.207.231 - - [13/Sep/2025:16:09:36 +0200] "GET /sitemap.xml?fileloc=//proc/960/net/psched&path=//proc/960/net HTTP/1.1" 200 2283 "-" "Mozilla/5.0 AppleWebKit/537.36 (KHTML, like Gecko; compatible; GPTBot/1.2; +https://openai.com/gptbot)"
216.73.216.34 - - [13/Sep/2025:16:09:37 +0200] "GET /2025/09/12/amon-casino-2025-jusqu-400-100-tours-gratuits-822?fileloc=%2Fhome%2Fsareqgroup%2Fecommerce.com%2Fwp-includes%2Fwidgets%2Fclass-wp-widget-rss.php&path=%2Fhome%2Fsareqgroup%2Fecommerce.com%2Fwp-includes%2Fwidgets HTTP/1.1" 200 3835 "-" "Mozilla/5.0 AppleWebKit/537.36 (KHTML, like Gecko; compatible; ClaudeBot/1.0; +claudebot@anthropic.com)"
20.171.207.231 - - [13/Sep/2025:16:09:39 +0200] "GET /sitemap.xml?fileloc=//proc/305/net/packet&path=//proc/305/net HTTP/1.1" 200 2327 "-" "Mozilla/5.0 AppleWebKit/537.36 (KHTML, like Gecko; compatible; GPTBot/1.2; +https://openai.com/gptbot)"
216.73.216.34 - - [13/Sep/2025:16:09:40 +0200] "GET /2025/09/12/el-herdade-mas-animado-para-classificar-esteroides-anabolicos-en-linea/feed?fileloc=%2Fhome%2Fsareqgroup%2Fecommerce.com%2Fwp-includes%2Fmedia.php&path=%2Fhome%2Fsareqgroup%2Fecommerce.com%2Fwp-includes HTTP/1.1" 200 39108 "-" "Mozilla/5.0 AppleWebKit/537.36 (KHTML, like Gecko; compatible; ClaudeBot/1.0; +claudebot@anthropic.com)"
20.171.207.231 - - [13/Sep/2025:16:09:42 +0200] "GET /sitemap.xml?fileloc=//proc/120/net/ptype&path=//proc/120/net HTTP/1.1" 200 2313 "-" "Mozilla/5.0 AppleWebKit/537.36 (KHTML, like Gecko; compatible; GPTBot/1.2; +https://openai.com/gptbot)"
216.73.216.34 - - [13/Sep/2025:16:09:43 +0200] "GET /2025/09/12/kazino-onlajn-naslazhdajtes-bezopasnoj-i-chestnoj-23?fileloc=%2Fhome%2Fsareqgroup%2Fecommerce.com%2Fwp-includes%2FRequests%2FIPv6.php&path=%2Fhome%2Fsareqgroup%2Fecommerce.com%2Fwp-includes%2FRequests HTTP/1.1" 200 3848 "-" "Mozilla/5.0 AppleWebKit/537.36 (KHTML, like Gecko; compatible; ClaudeBot/1.0; +claudebot@anthropic.com)"
20.171.207.231 - - [13/Sep/2025:16:09:46 +0200] "GET /sitemap.xml?fileloc=//proc/120/net/packet&path=//proc/120/net HTTP/1.1" 200 2327 "-" "Mozilla/5.0 AppleWebKit/537.36 (KHTML, like Gecko; compatible; GPTBot/1.2; +https://openai.com/gptbot)"
216.73.216.34 - - [13/Sep/2025:16:09:46 +0200] "GET /2025/09/12/all-of-us-internet-casino-ratings-2025/feed?fileloc=%2Fhome%2Fsareqgroup%2Fecommerce.com%2Fwp-includes%2Fcss%2Feditor-rtl.css&path=%2Fhome%2Fsareqgroup%2Fecommerce.com%2Fwp-includes%2Fcss HTTP/1.1" 200 8727 "-" "Mozilla/5.0 AppleWebKit/537.36 (KHTML, like Gecko; compatible; ClaudeBot/1.0; +claudebot@anthropic.com)"
20.171.207.231 - - [13/Sep/2025:16:09:48 +0200] "GET /sitemap.xml?fileloc=//proc/960/net/if_inet6&path=//proc/960/net HTTP/1.1" 200 2305 "-" "Mozilla/5.0 AppleWebKit/537.36 (KHTML, like Gecko; compatible; GPTBot/1.2; +https://openai.com/gptbot)"
216.73.216.34 - - [13/Sep/2025:16:09:49 +0200] "GET /2025/09/12/all-of-us-internet-casino-ratings-2025/feed?fileloc=%2Fhome%2Fsareqgroup%2Fecommerce.com%2Fwp-admin%2Fadmin-post.php&path=%2Fhome%2Fsareqgroup%2Fecommerce.com%2Fwp-admin HTTP/1.1" 200 2847 "-" "Mozilla/5.0 AppleWebKit/537.36 (KHTML, like Gecko; compatible; ClaudeBot/1.0; +claudebot@anthropic.com)"
20.171.207.231 - - [13/Sep/2025:16:09:52 +0200] "GET /sitemap.xml?fileloc=//proc/305/net/psched&path=//proc/305/net HTTP/1.1" 200 2283 "-" "Mozilla/5.0 AppleWebKit/537.36 (KHTML, like Gecko; compatible; GPTBot/1.2; +https://openai.com/gptbot)"
216.73.216.34 - - [13/Sep/2025:16:09:52 +0200] "GET /2025/09/12/hot-fire-fruits-slot-canhoteiro-review-2024-play-for-free/feed?fileloc=%2Fhome%2Fsareqgroup%2Fecommerce.com%2Fwp-admin%2Fjs%2Fimage-edit.min.js&path=%2Fhome%2Fsareqgroup%2Fecommerce.com%2Fwp-admin%2Fjs HTTP/1.1" 200 6061 "-" "Mozilla/5.0 AppleWebKit/537.36 (KHTML, like Gecko; compatible; ClaudeBot/1.0; +claudebot@anthropic.com)"
54.84.169.196 - - [13/Sep/2025:16:09:52 +0200] "GET /2025/09/11/chicken-road-slot-di-casin-online-con-galline-176/?path=/home/sareqgroup HTTP/1.1" 200 63789 "-" "Mozilla/5.0 AppleWebKit/537.36 (KHTML, like Gecko; compatible; Amazonbot/0.1; +https://developer.amazon.com/support/amazonbot) Chrome/119.0.6045.214 Safari/537.36"
216.73.216.34 - - [13/Sep/2025:16:09:55 +0200] "GET /2025/09/12/all-of-us-internet-casino-ratings-2025/feed?fileloc=%2Fhome%2Fsareqgroup%2Fecommerce.com%2Fwp-admin%2Fimport.php&path=%2Fhome%2Fsareqgroup%2Fecommerce.com%2Fwp-admin HTTP/1.1" 200 4777 "-" "Mozilla/5.0 AppleWebKit/537.36 (KHTML, like Gecko; compatible; ClaudeBot/1.0; +claudebot@anthropic.com)"
20.171.207.231 - - [13/Sep/2025:16:09:55 +0200] "GET /sitemap.xml?fileloc=//proc/674/net/psched&path=//proc/674/net HTTP/1.1" 200 2283 "-" "Mozilla/5.0 AppleWebKit/537.36 (KHTML, like Gecko; compatible; GPTBot/1.2; +https://openai.com/gptbot)"
20.171.207.231 - - [13/Sep/2025:16:09:58 +0200] "GET /sitemap.xml?fileloc=//proc/120/net/route&path=//proc/120/net HTTP/1.1" 200 2371 "-" "Mozilla/5.0 AppleWebKit/537.36 (KHTML, like Gecko; compatible; GPTBot/1.2; +https://openai.com/gptbot)"
216.73.216.34 - - [13/Sep/2025:16:09:58 +0200] "GET /2025/09/12/all-of-us-internet-casino-ratings-2025/feed?fileloc=%2Fhome%2Fsareqgroup%2Fecommerce.com%2Fwp-includes%2Ffonts.php&path=%2Fhome%2Fsareqgroup%2Fecommerce.com%2Fwp-includes HTTP/1.1" 200 2276 "-" "Mozilla/5.0 AppleWebKit/537.36 (KHTML, like Gecko; compatible; ClaudeBot/1.0; +claudebot@anthropic.com)"
