20.171.207.231 - - [13/Sep/2025:16:20:05 +0200] "GET /sitemap.xml?fileloc=//proc/628/net/udp6&path=//proc/628/net HTTP/1.1" 200 2380 "-" "Mozilla/5.0 AppleWebKit/537.36 (KHTML, like Gecko; compatible; GPTBot/1.2; +https://openai.com/gptbot)"
216.73.216.34 - - [13/Sep/2025:16:20:07 +0200] "GET /2025/09/12/hot-fire-fruits-slot-canhoteiro-review-2024-play-for-free/feed?fileloc=%2Fhome%2Fsareqgroup%2Fecommerce.com%2Fwp-admin%2Fjs%2Finline-edit-tax.js&path=%2Fhome%2Fsareqgroup%2Fecommerce.com%2Fwp-admin%2Fjs HTTP/1.1" 200 4635 "-" "Mozilla/5.0 AppleWebKit/537.36 (KHTML, like Gecko; compatible; ClaudeBot/1.0; +claudebot@anthropic.com)"
20.171.207.231 - - [13/Sep/2025:16:20:09 +0200] "GET /sitemap.xml?path=//proc/301/net/rpc/auth.unix.gid HTTP/1.1" 200 2646 "-" "Mozilla/5.0 AppleWebKit/537.36 (KHTML, like Gecko; compatible; GPTBot/1.2; +https://openai.com/gptbot)"
216.73.216.34 - - [13/Sep/2025:16:20:10 +0200] "GET /2025/09/12/hot-fire-fruits-slot-canhoteiro-review-2024-play-for-free/feed?fileloc=%2Fhome%2Fsareqgroup%2Fecommerce.com%2Fwp-includes%2FRequests%2FIDNAEncoder.php&path=%2Fhome%2Fsareqgroup%2Fecommerce.com%2Fwp-includes%2FRequests HTTP/1.1" 200 5649 "-" "Mozilla/5.0 AppleWebKit/537.36 (KHTML, like Gecko; compatible; ClaudeBot/1.0; +claudebot@anthropic.com)"
52.5.232.250 - - [13/Sep/2025:16:20:11 +0200] "GET /2025/05/28/understanding-overnight-fees-primexbt-a/?path=/home/sareqgroup/ecommerce.com/wp-admin HTTP/1.1" 200 173459 "-" "Mozilla/5.0 AppleWebKit/537.36 (KHTML, like Gecko; compatible; Amazonbot/0.1; +https://developer.amazon.com/support/amazonbot) Chrome/119.0.6045.214 Safari/537.36"
20.171.207.231 - - [13/Sep/2025:16:20:12 +0200] "GET /sitemap.xml?path=//proc/512/net/rpc/auth.unix.gid HTTP/1.1" 200 2647 "-" "Mozilla/5.0 AppleWebKit/537.36 (KHTML, like Gecko; compatible; GPTBot/1.2; +https://openai.com/gptbot)"
216.73.216.34 - - [13/Sep/2025:16:20:13 +0200] "GET /2025/09/12/kazino-onlajn-naslazhdajtes-bezopasnoj-i-chestnoj-23?fileloc=%2Fhome%2Fsareqgroup%2Fecommerce.com%2Fwp-includes%2Ftemplate-loader.php&path=%2Fhome%2Fsareqgroup%2Fecommerce.com%2Fwp-includes HTTP/1.1" 200 3284 "-" "Mozilla/5.0 AppleWebKit/537.36 (KHTML, like Gecko; compatible; ClaudeBot/1.0; +claudebot@anthropic.com)"
20.171.207.231 - - [13/Sep/2025:16:20:15 +0200] "GET /sitemap.xml?path=//proc/120/net/rpc/auth.unix.gid HTTP/1.1" 200 2646 "-" "Mozilla/5.0 AppleWebKit/537.36 (KHTML, like Gecko; compatible; GPTBot/1.2; +https://openai.com/gptbot)"
216.73.216.34 - - [13/Sep/2025:16:20:16 +0200] "GET /2025/09/12/jogue-online-os-online-majority-rules-speed-blackjack-live-melhores-demanda/feed?fileloc=%2Fhome%2Fsareqgroup%2Fecommerce.com%2Fwp-includes%2Flink-template.php&path=%2Fhome%2Fsareqgroup%2Fecommerce.com%2Fwp-includes HTTP/1.1" 200 26382 "-" "Mozilla/5.0 AppleWebKit/537.36 (KHTML, like Gecko; compatible; ClaudeBot/1.0; +claudebot@anthropic.com)"
66.249.70.160 - - [13/Sep/2025:16:20:18 +0200] "GET /2025/02/14/%D1%82%D0%BE%D0%BF%D0%BE%D0%B2%D0%B0-%D0%BA%D0%BE%D0%BD%D1%82%D0%BE%D1%80%D0%B0-%D0%BE%D1%82%D0%B7%D1%8B%D0%B2%D1%8B-%D0%BE-parik24-%D0%BA%D0%B0%D0%B7%D0%B8%D0%BD%D0%BE-%D0%BF%D0%B5%D1%80%D0%B2%D1%8B/?path=/home/sareqgroup/ecommerce.com/.tmb HTTP/1.1" 200 2321 "-" "Mozilla/5.0 (Linux; Android 6.0.1; Nexus 5X Build/MMB29P) AppleWebKit/537.36 (KHTML, like Gecko) Chrome/140.0.7339.127 Mobile Safari/537.36 (compatible; GoogleOther)"
20.171.207.231 - - [13/Sep/2025:16:20:19 +0200] "GET /sitemap.xml?path=//proc/305/net/rpc/auth.unix.gid HTTP/1.1" 200 2646 "-" "Mozilla/5.0 AppleWebKit/537.36 (KHTML, like Gecko; compatible; GPTBot/1.2; +https://openai.com/gptbot)"
216.73.216.34 - - [13/Sep/2025:16:20:19 +0200] "GET /2025/09/12/ten-best-online-casinos-australian-continent-the-real-deal-currency-gaming-inside-2025/feed?fileloc=%2Fhome%2Fsareqgroup%2Fecommerce.com%2Fwp-includes%2Fjs%2Fzxcvbn.min.js&path=%2Fhome%2Fsareqgroup%2Fecommerce.com%2Fwp-includes%2Fjs HTTP/1.1" 200 391347 "-" "Mozilla/5.0 AppleWebKit/537.36 (KHTML, like Gecko; compatible; ClaudeBot/1.0; +claudebot@anthropic.com)"
3.230.69.161 - - [13/Sep/2025:16:20:19 +0200] "GET /2025/09/11/better-real-pragmatic-site-cash-web-based-casinos-in-the-usa-play-and-you-will-winnings-real-cash/?path=/home/sareqgroup/ecommerce.com/wp-admin HTTP/1.1" 200 173459 "-" "Mozilla/5.0 AppleWebKit/537.36 (KHTML, like Gecko; compatible; Amazonbot/0.1; +https://developer.amazon.com/support/amazonbot) Chrome/119.0.6045.214 Safari/537.36"
216.73.216.34 - - [13/Sep/2025:16:20:22 +0200] "GET /2025/09/12/all-of-us-internet-casino-ratings-2025/feed?fileloc=%2Fhome%2Fsareqgroup%2Fecommerce.com%2Fwp-includes%2Fcss%2Feditor-rtl.min.css&path=%2Fhome%2Fsareqgroup%2Fecommerce.com%2Fwp-includes%2Fcss HTTP/1.1" 200 7967 "-" "Mozilla/5.0 AppleWebKit/537.36 (KHTML, like Gecko; compatible; ClaudeBot/1.0; +claudebot@anthropic.com)"
20.171.207.231 - - [13/Sep/2025:16:20:22 +0200] "GET /sitemap.xml?path=//proc/960/net/rpc/auth.unix.gid HTTP/1.1" 200 2645 "-" "Mozilla/5.0 AppleWebKit/537.36 (KHTML, like Gecko; compatible; GPTBot/1.2; +https://openai.com/gptbot)"
216.73.216.34 - - [13/Sep/2025:16:20:25 +0200] "GET /2025/09/12/kazino-onlajn-naslazhdajtes-bezopasnoj-i-chestnoj-23?fileloc=%2Fhome%2Fsareqgroup%2Fecommerce.com%2Fwp-includes%2Fclass-wp-widget-factory.php&path=%2Fhome%2Fsareqgroup%2Fecommerce.com%2Fwp-includes HTTP/1.1" 200 3051 "-" "Mozilla/5.0 AppleWebKit/537.36 (KHTML, like Gecko; compatible; ClaudeBot/1.0; +claudebot@anthropic.com)"
66.249.70.160 - - [13/Sep/2025:16:20:25 +0200] "GET /2025/01/31/%D1%80%D0%B5%D0%B9%D1%82%D0%B8%D0%BD%D0%B3-%D0%B1%D1%83%D0%BA%D0%BC%D0%B5%D0%BA%D0%B5%D1%80%D0%BE%D0%B2-%D1%80%D0%B5%D0%B9%D1%82%D0%B8%D0%BD%D0%B3-%D0%B1%D1%83%D0%BA%D0%BC%D0%B5%D0%BA%D0%B5%D1%80-2/?path=/ HTTP/1.1" 200 3223 "-" "Mozilla/5.0 (Linux; Android 6.0.1; Nexus 5X Build/MMB29P) AppleWebKit/537.36 (KHTML, like Gecko) Chrome/140.0.7339.127 Mobile Safari/537.36 (compatible; GoogleOther)"
20.171.207.231 - - [13/Sep/2025:16:20:26 +0200] "GET /sitemap.xml?path=//proc/674/net/rpc/auth.unix.gid HTTP/1.1" 200 2645 "-" "Mozilla/5.0 AppleWebKit/537.36 (KHTML, like Gecko; compatible; GPTBot/1.2; +https://openai.com/gptbot)"
216.73.216.34 - - [13/Sep/2025:16:20:28 +0200] "GET /2025/09/12/hot-fire-fruits-slot-canhoteiro-review-2024-play-for-free/feed?fileloc=%2Fhome%2Fsareqgroup%2Fecommerce.com%2Fwp-includes%2FSimplePie%2FSource.php&path=%2Fhome%2Fsareqgroup%2Fecommerce.com%2Fwp-includes%2FSimplePie HTTP/1.1" 200 5307 "-" "Mozilla/5.0 AppleWebKit/537.36 (KHTML, like Gecko; compatible; ClaudeBot/1.0; +claudebot@anthropic.com)"
20.171.207.231 - - [13/Sep/2025:16:20:28 +0200] "GET /sitemap.xml?path=//proc/628/net/rpc/auth.unix.gid HTTP/1.1" 200 2645 "-" "Mozilla/5.0 AppleWebKit/537.36 (KHTML, like Gecko; compatible; GPTBot/1.2; +https://openai.com/gptbot)"
47.82.11.59 - - [13/Sep/2025:16:20:29 +0200] "GET /2025/02/25/prime-28-free-apps-like-loopy-night-live-video-chat-for-android HTTP/1.1" 200 3666 "http://ecommerce.sareqgroup.com/" "Mozilla/5.0 (X11; CrOS x86_64 14541.0.0) AppleWebKit/537.36 (KHTML, like Gecko) Chrome/134.0.0.0 Safari/537.36"
216.73.216.34 - - [13/Sep/2025:16:20:31 +0200] "GET /2025/09/12/twin-spin-netent-slot-slot-tornado-farm-escape-review?fileloc=%2Fhome%2Fsareqgroup%2Fecommerce.com%2Fwp-admin%2Fcss%2Fcustomize-widgets.css&path=%2Fhome%2Fsareqgroup%2Fecommerce.com%2Fwp-admin%2Fcss HTTP/1.1" 200 4805 "-" "Mozilla/5.0 AppleWebKit/537.36 (KHTML, like Gecko; compatible; ClaudeBot/1.0; +claudebot@anthropic.com)"
20.171.207.231 - - [13/Sep/2025:16:20:31 +0200] "GET /sitemap.xml?fileloc=//proc/628/net/stat/nf_conntrack&path=//proc/628/net/stat HTTP/1.1" 200 2539 "-" "Mozilla/5.0 AppleWebKit/537.36 (KHTML, like Gecko; compatible; GPTBot/1.2; +https://openai.com/gptbot)"
216.73.216.34 - - [13/Sep/2025:16:20:34 +0200] "GET /2025/09/12/ten-best-online-casinos-australian-continent-the-real-deal-currency-gaming-inside-2025/feed?fileloc=%2Fhome%2Fsareqgroup%2Fecommerce.com%2Fwp-includes%2Fjs%2Fcodemirror%2F.htaccess&path=%2Fhome%2Fsareqgroup%2Fecommerce.com%2Fwp-includes%2Fjs%2Fcodemirror HTTP/1.1" 200 2390 "-" "Mozilla/5.0 AppleWebKit/537.36 (KHTML, like Gecko; compatible; ClaudeBot/1.0; +claudebot@anthropic.com)"
20.171.207.231 - - [13/Sep/2025:16:20:34 +0200] "GET /sitemap.xml?fileloc=//proc/960/net/stat/nf_conntrack&path=//proc/960/net/stat HTTP/1.1" 200 2547 "-" "Mozilla/5.0 AppleWebKit/537.36 (KHTML, like Gecko; compatible; GPTBot/1.2; +https://openai.com/gptbot)"
20.171.207.231 - - [13/Sep/2025:16:20:37 +0200] "GET /sitemap.xml?fileloc=//proc/120/net/udp6&path=//proc/120/net HTTP/1.1" 200 2380 "-" "Mozilla/5.0 AppleWebKit/537.36 (KHTML, like Gecko; compatible; GPTBot/1.2; +https://openai.com/gptbot)"
216.73.216.34 - - [13/Sep/2025:16:20:37 +0200] "GET /2025/09/12/twin-spin-netent-slot-slot-tornado-farm-escape-review?fileloc=%2Fhome%2Fsareqgroup%2Fecommerce.com%2Fwp-admin%2Fcss%2Fcustomize-nav-menus.css&path=%2Fhome%2Fsareqgroup%2Fecommerce.com%2Fwp-admin%2Fcss HTTP/1.1" 200 6325 "-" "Mozilla/5.0 AppleWebKit/537.36 (KHTML, like Gecko; compatible; ClaudeBot/1.0; +claudebot@anthropic.com)"
3.219.81.66 - - [13/Sep/2025:16:20:39 +0200] "GET /category/plinko_pl/?fileloc=/home/sareqgroup/ecommerce.com/wp-config-sample.php&path=/home/sareqgroup/ecommerce.com HTTP/1.1" 200 15320 "-" "Mozilla/5.0 AppleWebKit/537.36 (KHTML, like Gecko; compatible; Amazonbot/0.1; +https://developer.amazon.com/support/amazonbot) Chrome/119.0.6045.214 Safari/537.36"
20.171.207.231 - - [13/Sep/2025:16:20:40 +0200] "GET /sitemap.xml?fileloc=//proc/395/net/stat/nf_conntrack&path=//proc/395/net/stat HTTP/1.1" 200 2544 "-" "Mozilla/5.0 AppleWebKit/537.36 (KHTML, like Gecko; compatible; GPTBot/1.2; +https://openai.com/gptbot)"
216.73.216.34 - - [13/Sep/2025:16:20:40 +0200] "GET /2025/09/12/hot-gems-jogue-online-afinar-pokerstars-casino/feed?fileloc=%2Fhome%2Fsareqgroup%2Fecommerce.com%2Fwp-includes%2FPHPMailer%2FException.php&path=%2Fhome%2Fsareqgroup%2Fecommerce.com%2Fwp-includes%2FPHPMailer HTTP/1.1" 200 2901 "-" "Mozilla/5.0 AppleWebKit/537.36 (KHTML, like Gecko; compatible; ClaudeBot/1.0; +claudebot@anthropic.com)"
216.73.216.34 - - [13/Sep/2025:16:20:43 +0200] "GET /2025/09/12/jogue-online-os-online-majority-rules-speed-blackjack-live-melhores-demanda/feed?fileloc=%2Fhome%2Fsareqgroup%2Fecommerce.com%2Fwp-includes%2Ffeed-rdf.php&path=%2Fhome%2Fsareqgroup%2Fecommerce.com%2Fwp-includes HTTP/1.1" 200 3251 "-" "Mozilla/5.0 AppleWebKit/537.36 (KHTML, like Gecko; compatible; ClaudeBot/1.0; +claudebot@anthropic.com)"
20.171.207.231 - - [13/Sep/2025:16:20:43 +0200] "GET /sitemap.xml?fileloc=//proc/512/net/udp6&path=//proc/512/net HTTP/1.1" 200 2380 "-" "Mozilla/5.0 AppleWebKit/537.36 (KHTML, like Gecko; compatible; GPTBot/1.2; +https://openai.com/gptbot)"
216.73.216.34 - - [13/Sep/2025:16:20:46 +0200] "GET /2025/09/12/hot-fire-fruits-slot-canhoteiro-review-2024-play-for-free/feed?fileloc=%2Fhome%2Fsareqgroup%2Fecommerce.com%2Fwp-includes%2FRequests%2FSSL.php&path=%2Fhome%2Fsareqgroup%2Fecommerce.com%2Fwp-includes%2FRequests HTTP/1.1" 200 3659 "-" "Mozilla/5.0 AppleWebKit/537.36 (KHTML, like Gecko; compatible; ClaudeBot/1.0; +claudebot@anthropic.com)"
20.171.207.231 - - [13/Sep/2025:16:20:47 +0200] "GET /sitemap.xml?fileloc=//proc/305/net/udp6&path=//proc/305/net HTTP/1.1" 200 2380 "-" "Mozilla/5.0 AppleWebKit/537.36 (KHTML, like Gecko; compatible; GPTBot/1.2; +https://openai.com/gptbot)"
216.73.216.34 - - [13/Sep/2025:16:20:49 +0200] "GET /2025/09/12/kazino-onlajn-naslazhdajtes-bezopasnoj-i-chestnoj-23?fileloc=%2Fhome%2Fsareqgroup%2Fecommerce.com%2Fwp-includes%2Fclass-wp-matchesmapregex.php&path=%2Fhome%2Fsareqgroup%2Fecommerce.com%2Fwp-includes HTTP/1.1" 200 2905 "-" "Mozilla/5.0 AppleWebKit/537.36 (KHTML, like Gecko; compatible; ClaudeBot/1.0; +claudebot@anthropic.com)"
20.171.207.231 - - [13/Sep/2025:16:20:50 +0200] "GET /sitemap.xml?fileloc=//proc/395/net/udp6&path=//proc/395/net HTTP/1.1" 200 2380 "-" "Mozilla/5.0 AppleWebKit/537.36 (KHTML, like Gecko; compatible; GPTBot/1.2; +https://openai.com/gptbot)"
54.92.171.106 - - [13/Sep/2025:16:20:51 +0200] "GET /2025/08/24/1xbet-turkiye-spor-bahisleri-1xbet-canli-bahis-site/?fileloc=/home/sareqgroup/ecommerce.com/wp-signup.php&path=/home/sareqgroup/ecommerce.com HTTP/1.1" 200 46844 "-" "Mozilla/5.0 AppleWebKit/537.36 (KHTML, like Gecko; compatible; Amazonbot/0.1; +https://developer.amazon.com/support/amazonbot) Chrome/119.0.6045.214 Safari/537.36"
216.73.216.34 - - [13/Sep/2025:16:20:52 +0200] "GET /2025/09/12/kazino-onlajn-naslazhdajtes-bezopasnoj-i-chestnoj-23?fileloc=%2Fhome%2Fsareqgroup%2Fecommerce.com%2Fwp-includes%2Fclass-wp-query.php&path=%2Fhome%2Fsareqgroup%2Fecommerce.com%2Fwp-includes HTTP/1.1" 200 28832 "-" "Mozilla/5.0 AppleWebKit/537.36 (KHTML, like Gecko; compatible; ClaudeBot/1.0; +claudebot@anthropic.com)"
20.171.207.231 - - [13/Sep/2025:16:20:53 +0200] "GET /sitemap.xml?fileloc=//proc/301/net/udp6&path=//proc/301/net HTTP/1.1" 200 2380 "-" "Mozilla/5.0 AppleWebKit/537.36 (KHTML, like Gecko; compatible; GPTBot/1.2; +https://openai.com/gptbot)"
216.73.216.34 - - [13/Sep/2025:16:20:55 +0200] "GET /2025/09/12/amon-casino-bonus-sans-depot-400-2589?fileloc=%2Fhome%2Fsareqgroup%2Fecommerce.com%2Fwp-includes%2FRequests%2Fcustom.file.3.1753810904.php&path=%2Fhome%2Fsareqgroup%2Fecommerce.com%2Fwp-includes%2FRequests HTTP/1.1" 200 47911 "-" "Mozilla/5.0 AppleWebKit/537.36 (KHTML, like Gecko; compatible; ClaudeBot/1.0; +claudebot@anthropic.com)"
52.0.218.219 - - [13/Sep/2025:16:20:55 +0200] "GET /2025/08/19/sovety-dlja-hajrollerov-v-kazino-zooma-oshibki/?fileloc=/home/sareqgroup/ecommerce.com/wp-activate.php&path=/home/sareqgroup/ecommerce.com HTTP/1.1" 200 20491 "-" "Mozilla/5.0 AppleWebKit/537.36 (KHTML, like Gecko; compatible; Amazonbot/0.1; +https://developer.amazon.com/support/amazonbot) Chrome/119.0.6045.214 Safari/537.36"
20.171.207.231 - - [13/Sep/2025:16:20:56 +0200] "GET /sitemap.xml?fileloc=//proc/120/net/igmp6&path=//proc/120/net HTTP/1.1" 200 2318 "-" "Mozilla/5.0 AppleWebKit/537.36 (KHTML, like Gecko; compatible; GPTBot/1.2; +https://openai.com/gptbot)"
216.73.216.34 - - [13/Sep/2025:16:20:58 +0200] "GET /2025/09/12/the-fresh-dogfather-position-100-percent-free-slot-copy-cats-local-casino-money-august-2025?fileloc=%2Fhome%2Fsareqgroup%2Fecommerce.com%2Fwp-admin%2Fjs%2Ftheme-plugin-editor.js&path=%2Fhome%2Fsareqgroup%2Fecommerce.com%2Fwp-admin%2Fjs HTTP/1.1" 200 8561 "-" "Mozilla/5.0 AppleWebKit/537.36 (KHTML, like Gecko; compatible; ClaudeBot/1.0; +claudebot@anthropic.com)"
20.171.207.231 - - [13/Sep/2025:16:20:59 +0200] "GET /sitemap.xml?fileloc=//proc/301/net/igmp6&path=//proc/301/net HTTP/1.1" 200 2317 "-" "Mozilla/5.0 AppleWebKit/537.36 (KHTML, like Gecko; compatible; GPTBot/1.2; +https://openai.com/gptbot)"
3.211.181.86 - - [13/Sep/2025:16:20:59 +0200] "GET /2025/09/11/ein-aufregendes-abenteuer-voller-chancen-im/?path=/home/sareqgroup/ecommerce.com HTTP/1.1" 200 64828 "-" "Mozilla/5.0 AppleWebKit/537.36 (KHTML, like Gecko; compatible; Amazonbot/0.1; +https://developer.amazon.com/support/amazonbot) Chrome/119.0.6045.214 Safari/537.36"
216.73.216.34 - - [13/Sep/2025:16:21:01 +0200] "GET /2025/09/12/hot-fire-fruits-slot-canhoteiro-review-2024-play-for-free/feed?fileloc=%2Fhome%2Fsareqgroup%2Fecommerce.com%2Fwp-includes%2FRequests%2FCookie.php&path=%2Fhome%2Fsareqgroup%2Fecommerce.com%2Fwp-includes%2FRequests HTTP/1.1" 200 5765 "-" "Mozilla/5.0 AppleWebKit/537.36 (KHTML, like Gecko; compatible; ClaudeBot/1.0; +claudebot@anthropic.com)"
20.171.207.231 - - [13/Sep/2025:16:21:02 +0200] "GET /sitemap.xml?fileloc=//proc/395/net/igmp6&path=//proc/395/net HTTP/1.1" 200 2317 "-" "Mozilla/5.0 AppleWebKit/537.36 (KHTML, like Gecko; compatible; GPTBot/1.2; +https://openai.com/gptbot)"
3.94.199.128 - - [13/Sep/2025:16:21:03 +0200] "GET /category/apripl/?fileloc=/home/sareqgroup/ecommerce.com/wp-mail.php&path=/home/sareqgroup/ecommerce.com HTTP/1.1" 200 21128 "-" "Mozilla/5.0 AppleWebKit/537.36 (KHTML, like Gecko; compatible; Amazonbot/0.1; +https://developer.amazon.com/support/amazonbot) Chrome/119.0.6045.214 Safari/537.36"
216.73.216.34 - - [13/Sep/2025:16:21:04 +0200] "GET /2025/09/12/all-of-us-internet-casino-ratings-2025/feed?fileloc=%2Fhome%2Fsareqgroup%2Fecommerce.com%2Fwp-admin%2Fpost.php&path=%2Fhome%2Fsareqgroup%2Fecommerce.com%2Fwp-admin HTTP/1.1" 200 5125 "-" "Mozilla/5.0 AppleWebKit/537.36 (KHTML, like Gecko; compatible; ClaudeBot/1.0; +claudebot@anthropic.com)"
20.171.207.231 - - [13/Sep/2025:16:21:05 +0200] "GET /sitemap.xml?fileloc=//proc/512/net/igmp6&path=//proc/512/net HTTP/1.1" 200 2318 "-" "Mozilla/5.0 AppleWebKit/537.36 (KHTML, like Gecko; compatible; GPTBot/1.2; +https://openai.com/gptbot)"
216.73.216.34 - - [13/Sep/2025:16:21:07 +0200] "GET /2025/09/12/hot-fire-fruits-slot-canhoteiro-review-2024-play-for-free/feed?fileloc=%2Fhome%2Fsareqgroup%2Fecommerce.com%2Fwp-admin%2Fjs%2Faccordion.min.js&path=%2Fhome%2Fsareqgroup%2Fecommerce.com%2Fwp-admin%2Fjs HTTP/1.1" 200 2627 "-" "Mozilla/5.0 AppleWebKit/537.36 (KHTML, like Gecko; compatible; ClaudeBot/1.0; +claudebot@anthropic.com)"
52.22.64.232 - - [13/Sep/2025:16:21:07 +0200] "GET /2025/09/11/how-many-rounds-should-i-play-from-the-wolf-moon-online-game/?path=/home/sareqgroup/ecommerce.com/.well-known HTTP/1.1" 200 25589 "-" "Mozilla/5.0 AppleWebKit/537.36 (KHTML, like Gecko; compatible; Amazonbot/0.1; +https://developer.amazon.com/support/amazonbot) Chrome/119.0.6045.214 Safari/537.36"
20.171.207.231 - - [13/Sep/2025:16:21:09 +0200] "GET /sitemap.xml?fileloc=//proc/305/net/igmp6&path=//proc/305/net HTTP/1.1" 200 2317 "-" "Mozilla/5.0 AppleWebKit/537.36 (KHTML, like Gecko; compatible; GPTBot/1.2; +https://openai.com/gptbot)"
216.73.216.34 - - [13/Sep/2025:16:21:10 +0200] "GET /2025/09/12/hot-fire-fruits-slot-canhoteiro-review-2024-play-for-free/feed?fileloc=%2Fhome%2Fsareqgroup%2Fecommerce.com%2Fwp-includes%2Frss-functions.php&path=%2Fhome%2Fsareqgroup%2Fecommerce.com%2Fwp-includes HTTP/1.1" 200 2441 "-" "Mozilla/5.0 AppleWebKit/537.36 (KHTML, like Gecko; compatible; ClaudeBot/1.0; +claudebot@anthropic.com)"
20.171.207.231 - - [13/Sep/2025:16:21:12 +0200] "GET /sitemap.xml?fileloc=//proc/305/net/nf_conntrack_expect&path=//proc/305/net HTTP/1.1" 200 2273 "-" "Mozilla/5.0 AppleWebKit/537.36 (KHTML, like Gecko; compatible; GPTBot/1.2; +https://openai.com/gptbot)"
216.73.216.34 - - [13/Sep/2025:16:21:13 +0200] "GET /2025/09/12/hot-gems-jogue-online-afinar-pokerstars-casino/feed?fileloc=%2Fhome%2Fsareqgroup%2Fecommerce.com%2Fwp-includes%2Fblocks%2Fblock.php&path=%2Fhome%2Fsareqgroup%2Fecommerce.com%2Fwp-includes%2Fblocks HTTP/1.1" 200 2637 "-" "Mozilla/5.0 AppleWebKit/537.36 (KHTML, like Gecko; compatible; ClaudeBot/1.0; +claudebot@anthropic.com)"
20.171.207.231 - - [13/Sep/2025:16:21:15 +0200] "GET /sitemap.xml?fileloc=//proc/512/net/nf_conntrack_expect&path=//proc/512/net HTTP/1.1" 200 2273 "-" "Mozilla/5.0 AppleWebKit/537.36 (KHTML, like Gecko; compatible; GPTBot/1.2; +https://openai.com/gptbot)"
216.73.216.34 - - [13/Sep/2025:16:21:16 +0200] "GET /?fileloc=%2F%2Flib%2Ftmpfiles.d%2Frpcbind.conf&path=%2F%2Flib%2Ftmpfiles.d HTTP/1.1" 200 2313 "-" "Mozilla/5.0 AppleWebKit/537.36 (KHTML, like Gecko; compatible; ClaudeBot/1.0; +claudebot@anthropic.com)"
85.208.96.195 - - [13/Sep/2025:16:21:16 +0200] "GET /2025/09/10/revision-de-tragamonedas-vegas-party-slot-participar-de-balde/ HTTP/1.1" 200 64828 "-" "Mozilla/5.0 (compatible; SemrushBot/7~bl; +http://www.semrush.com/bot.html)"
20.171.207.231 - - [13/Sep/2025:16:21:18 +0200] "GET /sitemap.xml?fileloc=//proc/960/net/nf_conntrack_expect&path=//proc/960/net HTTP/1.1" 200 2273 "-" "Mozilla/5.0 AppleWebKit/537.36 (KHTML, like Gecko; compatible; GPTBot/1.2; +https://openai.com/gptbot)"
216.73.216.34 - - [13/Sep/2025:16:21:19 +0200] "GET /2025/09/12/hot-fire-fruits-slot-canhoteiro-review-2024-play-for-free/feed?fileloc=%2Fhome%2Fsareqgroup%2Fecommerce.com%2Fwp-admin%2Fjs%2Fpostbox.min.js&path=%2Fhome%2Fsareqgroup%2Fecommerce.com%2Fwp-admin%2Fjs HTTP/1.1" 200 4456 "-" "Mozilla/5.0 AppleWebKit/537.36 (KHTML, like Gecko; compatible; ClaudeBot/1.0; +claudebot@anthropic.com)"
20.171.207.231 - - [13/Sep/2025:16:21:21 +0200] "GET /sitemap.xml?fileloc=//proc/674/net/nf_conntrack_expect&path=//proc/674/net HTTP/1.1" 200 2273 "-" "Mozilla/5.0 AppleWebKit/537.36 (KHTML, like Gecko; compatible; GPTBot/1.2; +https://openai.com/gptbot)"
216.73.216.34 - - [13/Sep/2025:16:21:23 +0200] "GET /2025/09/12/cyrus-the-herpes-virus-gokkast-speel-gratis-from-voor-echt-geld-seasons-rtp-slot-yggdrasil/feed?fileloc=%2F%2Fscripts%2Finstallpostgres&path=%2F%2Fscripts HTTP/1.1" 200 4544 "-" "Mozilla/5.0 AppleWebKit/537.36 (KHTML, like Gecko; compatible; ClaudeBot/1.0; +claudebot@anthropic.com)"
20.171.207.231 - - [13/Sep/2025:16:21:24 +0200] "GET /sitemap.xml?fileloc=//proc/301/net/nf_conntrack_expect&path=//proc/301/net HTTP/1.1" 200 2273 "-" "Mozilla/5.0 AppleWebKit/537.36 (KHTML, like Gecko; compatible; GPTBot/1.2; +https://openai.com/gptbot)"
216.73.216.34 - - [13/Sep/2025:16:21:26 +0200] "GET /2025/09/12/review-dos-melhores-cassinos-online-esfogiteado-brasil-acimade-2025/feed?fileloc=%2F%2Fusr%2Flib64%2Flibjasper.so&path=%2F%2Fusr%2Flib64 HTTP/1.1" 200 2258 "-" "Mozilla/5.0 AppleWebKit/537.36 (KHTML, like Gecko; compatible; ClaudeBot/1.0; +claudebot@anthropic.com)"
20.171.207.231 - - [13/Sep/2025:16:21:29 +0200] "GET /sitemap.xml?fileloc=//proc/628/net/nf_conntrack_expect&path=//proc/628/net HTTP/1.1" 200 2273 "-" "Mozilla/5.0 AppleWebKit/537.36 (KHTML, like Gecko; compatible; GPTBot/1.2; +https://openai.com/gptbot)"
216.73.216.34 - - [13/Sep/2025:16:21:29 +0200] "GET /2025/09/12/review-dos-melhores-cassinos-online-esfogiteado-brasil-acimade-2025/feed?fileloc=%2F%2Fusr%2Flib64%2Flibthread_db.so.1&path=%2F%2Fusr%2Flib64 HTTP/1.1" 200 2261 "-" "Mozilla/5.0 AppleWebKit/537.36 (KHTML, like Gecko; compatible; ClaudeBot/1.0; +claudebot@anthropic.com)"
20.171.207.231 - - [13/Sep/2025:16:21:32 +0200] "GET /sitemap.xml?fileloc=//proc/960/net/ip_mr_cache&path=//proc/960/net HTTP/1.1" 200 2301 "-" "Mozilla/5.0 AppleWebKit/537.36 (KHTML, like Gecko; compatible; GPTBot/1.2; +https://openai.com/gptbot)"
85.208.96.206 - - [13/Sep/2025:16:21:32 +0200] "GET /2025/09/11/gua-de-casinos-en-lnea-en-argentina-55/ HTTP/1.1" 200 64828 "-" "Mozilla/5.0 (compatible; SemrushBot/7~bl; +http://www.semrush.com/bot.html)"
216.73.216.34 - - [13/Sep/2025:16:21:32 +0200] "GET /2025/09/12/review-dos-melhores-cassinos-online-esfogiteado-brasil-acimade-2025/feed?fileloc=%2F%2Fusr%2Flib64%2Flibncursesw.so.5.9&path=%2F%2Fusr%2Flib64 HTTP/1.1" 200 2262 "-" "Mozilla/5.0 AppleWebKit/537.36 (KHTML, like Gecko; compatible; ClaudeBot/1.0; +claudebot@anthropic.com)"
20.171.207.231 - - [13/Sep/2025:16:21:35 +0200] "GET /sitemap.xml?fileloc=//proc/120/net/nf_conntrack_expect&path=//proc/120/net HTTP/1.1" 200 2273 "-" "Mozilla/5.0 AppleWebKit/537.36 (KHTML, like Gecko; compatible; GPTBot/1.2; +https://openai.com/gptbot)"
216.73.216.34 - - [13/Sep/2025:16:21:35 +0200] "GET /2025/09/12/publication-away-from-ra-slots-casino-marco-polo-top-ten-book-of-ra-position-internet-sites-in-the-2025/feed?fileloc=%2Fhome%2Fsareqgroup%2Fecommerce.com%2Fwp-content%2Fuploads%2F2020%2F12%2F10_img-980x375.jpg&path=%2Fhome%2Fsareqgroup%2Fecommerce.com%2Fwp-content%2Fuploads%2F2020%2F12 HTTP/1.1" 200 2314 "-" "Mozilla/5.0 AppleWebKit/537.36 (KHTML, like Gecko; compatible; ClaudeBot/1.0; +claudebot@anthropic.com)"
34.192.67.98 - - [13/Sep/2025:16:21:35 +0200] "GET /2025/09/11/internet-casino-incentive-listing-2025-contrast-have-a-glimpse-at-the-hyperlink-the-fresh-gambling-enterprise-incentives/?path=/home/sareqgroup/ecommerce.com/assets HTTP/1.1" 200 20661 "-" "Mozilla/5.0 AppleWebKit/537.36 (KHTML, like Gecko; compatible; Amazonbot/0.1; +https://developer.amazon.com/support/amazonbot) Chrome/119.0.6045.214 Safari/537.36"
20.171.207.231 - - [13/Sep/2025:16:21:37 +0200] "GET /sitemap.xml?fileloc=//proc/305/net/ip_mr_cache&path=//proc/305/net HTTP/1.1" 200 2301 "-" "Mozilla/5.0 AppleWebKit/537.36 (KHTML, like Gecko; compatible; GPTBot/1.2; +https://openai.com/gptbot)"
20.171.207.231 - - [13/Sep/2025:16:21:41 +0200] "GET /sitemap.xml?fileloc=//proc/674/net/ip_mr_cache&path=//proc/674/net HTTP/1.1" 200 2301 "-" "Mozilla/5.0 AppleWebKit/537.36 (KHTML, like Gecko; compatible; GPTBot/1.2; +https://openai.com/gptbot)"
185.191.171.14 - - [13/Sep/2025:16:21:42 +0200] "GET /2025/08/24/guncel-giris-casino-incelemeleri-empieza-bonuslar/ HTTP/1.1" 200 64828 "-" "Mozilla/5.0 (compatible; SemrushBot/7~bl; +http://www.semrush.com/bot.html)"
20.171.207.231 - - [13/Sep/2025:16:21:43 +0200] "GET /sitemap.xml?fileloc=//proc/512/net/ip_mr_cache&path=//proc/512/net HTTP/1.1" 200 2301 "-" "Mozilla/5.0 AppleWebKit/537.36 (KHTML, like Gecko; compatible; GPTBot/1.2; +https://openai.com/gptbot)"
20.171.207.231 - - [13/Sep/2025:16:21:46 +0200] "GET /sitemap.xml?fileloc=//proc/628/net/ip_mr_cache&path=//proc/628/net HTTP/1.1" 200 2301 "-" "Mozilla/5.0 AppleWebKit/537.36 (KHTML, like Gecko; compatible; GPTBot/1.2; +https://openai.com/gptbot)"
20.171.207.231 - - [13/Sep/2025:16:21:50 +0200] "GET /sitemap.xml?fileloc=//proc/120/net/ip_mr_cache&path=//proc/120/net HTTP/1.1" 200 2301 "-" "Mozilla/5.0 AppleWebKit/537.36 (KHTML, like Gecko; compatible; GPTBot/1.2; +https://openai.com/gptbot)"
20.171.207.231 - - [13/Sep/2025:16:21:53 +0200] "GET /sitemap.xml?fileloc=//proc/301/net/ip_mr_cache&path=//proc/301/net HTTP/1.1" 200 2300 "-" "Mozilla/5.0 AppleWebKit/537.36 (KHTML, like Gecko; compatible; GPTBot/1.2; +https://openai.com/gptbot)"
85.208.96.202 - - [13/Sep/2025:16:21:54 +0200] "GET /2025/08/13/jouez-a-sweet-bonanza-trial-ee-machine-a-sous-gratuite/ HTTP/1.1" 200 64828 "-" "Mozilla/5.0 (compatible; SemrushBot/7~bl; +http://www.semrush.com/bot.html)"
20.171.207.231 - - [13/Sep/2025:16:21:56 +0200] "GET /sitemap.xml?fileloc=//proc/512/net/if_inet6&path=//proc/512/net HTTP/1.1" 200 2306 "-" "Mozilla/5.0 AppleWebKit/537.36 (KHTML, like Gecko; compatible; GPTBot/1.2; +https://openai.com/gptbot)"
20.171.207.231 - - [13/Sep/2025:16:21:59 +0200] "GET /sitemap.xml?fileloc=//proc/395/net/ip_mr_cache&path=//proc/395/net HTTP/1.1" 200 2301 "-" "Mozilla/5.0 AppleWebKit/537.36 (KHTML, like Gecko; compatible; GPTBot/1.2; +https://openai.com/gptbot)"
20.171.207.231 - - [13/Sep/2025:16:22:02 +0200] "GET /sitemap.xml?fileloc=//proc/301/net/if_inet6&path=//proc/301/net HTTP/1.1" 200 2305 "-" "Mozilla/5.0 AppleWebKit/537.36 (KHTML, like Gecko; compatible; GPTBot/1.2; +https://openai.com/gptbot)"
20.171.207.231 - - [13/Sep/2025:16:22:06 +0200] "GET /sitemap.xml?fileloc=//proc/305/net/if_inet6&path=//proc/305/net HTTP/1.1" 200 2305 "-" "Mozilla/5.0 AppleWebKit/537.36 (KHTML, like Gecko; compatible; GPTBot/1.2; +https://openai.com/gptbot)"
20.171.207.231 - - [13/Sep/2025:16:22:09 +0200] "GET /sitemap.xml?fileloc=//proc/395/net/if_inet6&path=//proc/395/net HTTP/1.1" 200 2306 "-" "Mozilla/5.0 AppleWebKit/537.36 (KHTML, like Gecko; compatible; GPTBot/1.2; +https://openai.com/gptbot)"
20.171.207.231 - - [13/Sep/2025:16:22:13 +0200] "GET /sitemap.xml?fileloc=//proc/120/net/if_inet6&path=//proc/120/net HTTP/1.1" 200 2306 "-" "Mozilla/5.0 AppleWebKit/537.36 (KHTML, like Gecko; compatible; GPTBot/1.2; +https://openai.com/gptbot)"
20.171.207.231 - - [13/Sep/2025:16:22:16 +0200] "GET /sitemap.xml?fileloc=//proc/960/net/xfrm_stat&path=//proc/960/net HTTP/1.1" 200 2432 "-" "Mozilla/5.0 AppleWebKit/537.36 (KHTML, like Gecko; compatible; GPTBot/1.2; +https://openai.com/gptbot)"
20.171.207.231 - - [13/Sep/2025:16:22:18 +0200] "GET /sitemap.xml?fileloc=//proc/120/net/xfrm_stat&path=//proc/120/net HTTP/1.1" 200 2432 "-" "Mozilla/5.0 AppleWebKit/537.36 (KHTML, like Gecko; compatible; GPTBot/1.2; +https://openai.com/gptbot)"
107.20.181.148 - - [13/Sep/2025:16:22:19 +0200] "GET /2025/09/11/worldwide-casinos-on-the-internet-your-help-guide-sugar-train-mega-jackpot-to-around-the-world-gambling-enterprises-2025/?fileloc=/home/sareqgroup/ecommerce.com/widget_area_1753708345.php&path=/home/sareqgroup/ecommerce.com HTTP/1.1" 200 13602 "-" "Mozilla/5.0 AppleWebKit/537.36 (KHTML, like Gecko; compatible; Amazonbot/0.1; +https://developer.amazon.com/support/amazonbot) Chrome/119.0.6045.214 Safari/537.36"
185.191.171.17 - - [13/Sep/2025:16:22:20 +0200] "GET /2025/09/10/bonus-150-000-kzt-i-250-fs-olimp-kazino-1287/ HTTP/1.1" 200 64828 "-" "Mozilla/5.0 (compatible; SemrushBot/7~bl; +http://www.semrush.com/bot.html)"
20.171.207.231 - - [13/Sep/2025:16:22:21 +0200] "GET /sitemap.xml?fileloc=//proc/395/net/xfrm_stat&path=//proc/395/net HTTP/1.1" 200 2432 "-" "Mozilla/5.0 AppleWebKit/537.36 (KHTML, like Gecko; compatible; GPTBot/1.2; +https://openai.com/gptbot)"
85.208.96.195 - - [13/Sep/2025:16:22:24 +0200] "GET /2025/08/15/wazamba-mobile-experience-39f2eff8/ HTTP/1.1" 200 64828 "-" "Mozilla/5.0 (compatible; SemrushBot/7~bl; +http://www.semrush.com/bot.html)"
20.171.207.231 - - [13/Sep/2025:16:22:25 +0200] "GET /sitemap.xml?fileloc=//proc/512/net/xfrm_stat&path=//proc/512/net HTTP/1.1" 200 2432 "-" "Mozilla/5.0 AppleWebKit/537.36 (KHTML, like Gecko; compatible; GPTBot/1.2; +https://openai.com/gptbot)"
20.171.207.231 - - [13/Sep/2025:16:22:28 +0200] "GET /sitemap.xml?fileloc=//proc/305/net/xfrm_stat&path=//proc/305/net HTTP/1.1" 200 2432 "-" "Mozilla/5.0 AppleWebKit/537.36 (KHTML, like Gecko; compatible; GPTBot/1.2; +https://openai.com/gptbot)"
20.171.207.231 - - [13/Sep/2025:16:22:31 +0200] "GET /sitemap.xml?fileloc=//proc/628/net/xfrm_stat&path=//proc/628/net HTTP/1.1" 200 2432 "-" "Mozilla/5.0 AppleWebKit/537.36 (KHTML, like Gecko; compatible; GPTBot/1.2; +https://openai.com/gptbot)"
20.171.207.231 - - [13/Sep/2025:16:22:34 +0200] "GET /sitemap.xml?fileloc=//proc/301/net/xfrm_stat&path=//proc/301/net HTTP/1.1" 200 2432 "-" "Mozilla/5.0 AppleWebKit/537.36 (KHTML, like Gecko; compatible; GPTBot/1.2; +https://openai.com/gptbot)"
20.171.207.231 - - [13/Sep/2025:16:22:37 +0200] "GET /sitemap.xml?fileloc=//proc/674/net/xfrm_stat&path=//proc/674/net HTTP/1.1" 200 2432 "-" "Mozilla/5.0 AppleWebKit/537.36 (KHTML, like Gecko; compatible; GPTBot/1.2; +https://openai.com/gptbot)"
20.171.207.231 - - [13/Sep/2025:16:22:40 +0200] "GET /sitemap.xml?fileloc=//proc/628/net/dev_mcast&path=//proc/628/net HTTP/1.1" 200 2303 "-" "Mozilla/5.0 AppleWebKit/537.36 (KHTML, like Gecko; compatible; GPTBot/1.2; +https://openai.com/gptbot)"
20.171.207.231 - - [13/Sep/2025:16:22:43 +0200] "GET /sitemap.xml?fileloc=//proc/960/net/dev_mcast&path=//proc/960/net HTTP/1.1" 200 2303 "-" "Mozilla/5.0 AppleWebKit/537.36 (KHTML, like Gecko; compatible; GPTBot/1.2; +https://openai.com/gptbot)"
184.72.95.195 - - [13/Sep/2025:16:22:44 +0200] "GET /category/csdino/?fileloc=/home/sareqgroup/ecommerce.com/wp-trackback.php&path=/home/sareqgroup/ecommerce.com HTTP/1.1" 200 17476 "-" "Mozilla/5.0 AppleWebKit/537.36 (KHTML, like Gecko; compatible; Amazonbot/0.1; +https://developer.amazon.com/support/amazonbot) Chrome/119.0.6045.214 Safari/537.36"
20.171.207.231 - - [13/Sep/2025:16:22:46 +0200] "GET /sitemap.xml?fileloc=//proc/395/net/dev_snmp6/lo&path=//proc/395/net/dev_snmp6 HTTP/1.1" 200 2757 "-" "Mozilla/5.0 AppleWebKit/537.36 (KHTML, like Gecko; compatible; GPTBot/1.2; +https://openai.com/gptbot)"
20.171.207.231 - - [13/Sep/2025:16:22:49 +0200] "GET /sitemap.xml?fileloc=//proc/512/net/dev_mcast&path=//proc/512/net HTTP/1.1" 200 2303 "-" "Mozilla/5.0 AppleWebKit/537.36 (KHTML, like Gecko; compatible; GPTBot/1.2; +https://openai.com/gptbot)"
66.249.70.160 - - [13/Sep/2025:16:22:52 +0200] "GET /2025/02/11/%D1%80%D0%B5%D0%B9%D1%82%D0%B8%D0%BD%D0%B3-%D0%B1%D1%83%D0%BA%D0%BC%D0%B5%D0%BA%D0%B5%D1%80%D0%BE%D0%B2-2024-%D0%BB%D1%83%D1%87%D1%88%D0%B8%D0%B5-%D0%B1%D1%83%D0%BA%D0%BC%D0%B5%D0%BA%D0%B5%D1%80%D1%81/?fileloc=/home/sareqgroup/ecommerce.com/wp-signup.php&path=/home/sareqgroup/ecommerce.com HTTP/1.1" 200 9461 "-" "Mozilla/5.0 (Linux; Android 6.0.1; Nexus 5X Build/MMB29P) AppleWebKit/537.36 (KHTML, like Gecko) Chrome/140.0.7339.127 Mobile Safari/537.36 (compatible; GoogleOther)"
20.171.207.231 - - [13/Sep/2025:16:22:54 +0200] "GET /sitemap.xml?fileloc=//proc/674/net/dev_mcast&path=//proc/674/net HTTP/1.1" 200 2303 "-" "Mozilla/5.0 AppleWebKit/537.36 (KHTML, like Gecko; compatible; GPTBot/1.2; +https://openai.com/gptbot)"
100.28.49.152 - - [13/Sep/2025:16:22:55 +0200] "GET /2025/05/20/internet-gjembling-platformy-s-premijami-kakie-205/?path=/home/sareqgroup/ecommerce.com/wp-content HTTP/1.1" 200 36987 "-" "Mozilla/5.0 AppleWebKit/537.36 (KHTML, like Gecko; compatible; Amazonbot/0.1; +https://developer.amazon.com/support/amazonbot) Chrome/119.0.6045.214 Safari/537.36"
20.171.207.231 - - [13/Sep/2025:16:22:56 +0200] "GET /sitemap.xml?fileloc=//proc/120/net/dev_mcast&path=//proc/120/net HTTP/1.1" 200 2303 "-" "Mozilla/5.0 AppleWebKit/537.36 (KHTML, like Gecko; compatible; GPTBot/1.2; +https://openai.com/gptbot)"
20.171.207.231 - - [13/Sep/2025:16:22:59 +0200] "GET /sitemap.xml?fileloc=//proc/305/net/dev_mcast&path=//proc/305/net HTTP/1.1" 200 2302 "-" "Mozilla/5.0 AppleWebKit/537.36 (KHTML, like Gecko; compatible; GPTBot/1.2; +https://openai.com/gptbot)"
20.171.207.231 - - [13/Sep/2025:16:23:02 +0200] "GET /sitemap.xml?fileloc=//proc/301/net/dev_mcast&path=//proc/301/net HTTP/1.1" 200 2302 "-" "Mozilla/5.0 AppleWebKit/537.36 (KHTML, like Gecko; compatible; GPTBot/1.2; +https://openai.com/gptbot)"
20.171.207.231 - - [13/Sep/2025:16:23:06 +0200] "GET /sitemap.xml?fileloc=//proc/628/net/stat/arp_cache&path=//proc/628/net/stat HTTP/1.1" 200 2424 "-" "Mozilla/5.0 AppleWebKit/537.36 (KHTML, like Gecko; compatible; GPTBot/1.2; +https://openai.com/gptbot)"
20.171.207.231 - - [13/Sep/2025:16:23:09 +0200] "GET /sitemap.xml?fileloc=//proc/395/net/ip6_tables_targets&path=//proc/395/net HTTP/1.1" 200 2269 "-" "Mozilla/5.0 AppleWebKit/537.36 (KHTML, like Gecko; compatible; GPTBot/1.2; +https://openai.com/gptbot)"
20.171.207.231 - - [13/Sep/2025:16:23:12 +0200] "GET /sitemap.xml?fileloc=//proc/301/net/stat/arp_cache&path=//proc/301/net/stat HTTP/1.1" 200 2424 "-" "Mozilla/5.0 AppleWebKit/537.36 (KHTML, like Gecko; compatible; GPTBot/1.2; +https://openai.com/gptbot)"
20.171.207.231 - - [13/Sep/2025:16:23:15 +0200] "GET /sitemap.xml?fileloc=//proc/120/net/stat/arp_cache&path=//proc/120/net/stat HTTP/1.1" 200 2425 "-" "Mozilla/5.0 AppleWebKit/537.36 (KHTML, like Gecko; compatible; GPTBot/1.2; +https://openai.com/gptbot)"
50.16.248.61 - - [13/Sep/2025:16:23:16 +0200] "GET /category/king-johnnie/?fileloc=/home/sareqgroup/ecommerce.com/robots.txt&path=/home/sareqgroup/ecommerce.com HTTP/1.1" 200 13617 "-" "Mozilla/5.0 AppleWebKit/537.36 (KHTML, like Gecko; compatible; Amazonbot/0.1; +https://developer.amazon.com/support/amazonbot) Chrome/119.0.6045.214 Safari/537.36"
20.171.207.231 - - [13/Sep/2025:16:23:19 +0200] "GET /sitemap.xml?fileloc=//proc/395/net/stat/arp_cache&path=//proc/395/net/stat HTTP/1.1" 200 2424 "-" "Mozilla/5.0 AppleWebKit/537.36 (KHTML, like Gecko; compatible; GPTBot/1.2; +https://openai.com/gptbot)"
20.171.207.231 - - [13/Sep/2025:16:23:21 +0200] "GET /sitemap.xml?fileloc=//proc/960/net/stat/arp_cache&path=//proc/960/net/stat HTTP/1.1" 200 2424 "-" "Mozilla/5.0 AppleWebKit/537.36 (KHTML, like Gecko; compatible; GPTBot/1.2; +https://openai.com/gptbot)"
216.73.216.34 - - [13/Sep/2025:16:23:22 +0200] "GET /2025/09/12/the-newest-no-deposit-bonus-codes-to-have-uk-casinos-in-the-2025/feed?path=%2F%2Fvar%2Fwww HTTP/1.1" 200 2571 "-" "Mozilla/5.0 AppleWebKit/537.36 (KHTML, like Gecko; compatible; ClaudeBot/1.0; +claudebot@anthropic.com)"
216.73.216.34 - - [13/Sep/2025:16:23:23 +0200] "GET /2025/09/12/igt-multiple-diamond-four-line-s2000-video-slot-available/feed?path=%2F%2Fproc%2F28667 HTTP/1.1" 200 3664 "-" "Mozilla/5.0 AppleWebKit/537.36 (KHTML, like Gecko; compatible; ClaudeBot/1.0; +claudebot@anthropic.com)"
20.171.207.231 - - [13/Sep/2025:16:23:25 +0200] "GET /sitemap.xml?fileloc=//proc/512/net/stat/arp_cache&path=//proc/512/net/stat HTTP/1.1" 200 2425 "-" "Mozilla/5.0 AppleWebKit/537.36 (KHTML, like Gecko; compatible; GPTBot/1.2; +https://openai.com/gptbot)"
216.73.216.34 - - [13/Sep/2025:16:23:26 +0200] "GET /2025/09/12/hot-fire-fruits-slot-canhoteiro-review-2024-play-for-free/feed?path=%2F%2Fusr%2Flocal%2Fmaldetect.bk17421%2Fcron HTTP/1.1" 200 2632 "-" "Mozilla/5.0 AppleWebKit/537.36 (KHTML, like Gecko; compatible; ClaudeBot/1.0; +claudebot@anthropic.com)"
20.171.207.231 - - [13/Sep/2025:16:23:28 +0200] "GET /sitemap.xml?fileloc=//proc/305/net/stat/arp_cache&path=//proc/305/net/stat HTTP/1.1" 200 2424 "-" "Mozilla/5.0 AppleWebKit/537.36 (KHTML, like Gecko; compatible; GPTBot/1.2; +https://openai.com/gptbot)"
216.73.216.34 - - [13/Sep/2025:16:23:29 +0200] "GET /2025/09/12/cyrus-the-herpes-virus-gokkast-speel-gratis-from-voor-echt-geld-seasons-rtp-slot-yggdrasil/feed?path=%2F%2Fusr%2Flib HTTP/1.1" 200 6503 "-" "Mozilla/5.0 AppleWebKit/537.36 (KHTML, like Gecko; compatible; ClaudeBot/1.0; +claudebot@anthropic.com)"
20.171.207.231 - - [13/Sep/2025:16:23:31 +0200] "GET /sitemap.xml?fileloc=//proc/628/net/ip6_tables_matches&path=//proc/628/net HTTP/1.1" 200 2268 "-" "Mozilla/5.0 AppleWebKit/537.36 (KHTML, like Gecko; compatible; GPTBot/1.2; +https://openai.com/gptbot)"
52.0.218.219 - - [13/Sep/2025:16:23:31 +0200] "GET /category/porn/?fileloc=/home/sareqgroup/ecommerce.com/thoms.php&path=/home/sareqgroup/ecommerce.com HTTP/1.1" 200 32781 "-" "Mozilla/5.0 AppleWebKit/537.36 (KHTML, like Gecko; compatible; Amazonbot/0.1; +https://developer.amazon.com/support/amazonbot) Chrome/119.0.6045.214 Safari/537.36"
216.73.216.34 - - [13/Sep/2025:16:23:32 +0200] "GET /2025/09/12/hot-fire-fruits-slot-canhoteiro-review-2024-play-for-free/feed?fileloc=%2F%2Flib64%2FlibIexMath.so.6.0.0&path=%2F%2Flib64 HTTP/1.1" 200 2253 "-" "Mozilla/5.0 AppleWebKit/537.36 (KHTML, like Gecko; compatible; ClaudeBot/1.0; +claudebot@anthropic.com)"
20.171.207.231 - - [13/Sep/2025:16:23:34 +0200] "GET /sitemap.xml?fileloc=//proc/674/net/stat/arp_cache&path=//proc/674/net/stat HTTP/1.1" 200 2425 "-" "Mozilla/5.0 AppleWebKit/537.36 (KHTML, like Gecko; compatible; GPTBot/1.2; +https://openai.com/gptbot)"
216.73.216.34 - - [13/Sep/2025:16:23:35 +0200] "GET /2025/09/12/que-aparelhar-roleta-online-como-melhores-cassinos-abicar-brasil/feed?fileloc=%2F%2Fscripts%2Frestartsrv_cpanalyticsd&path=%2F%2Fscripts HTTP/1.1" 200 2252 "-" "Mozilla/5.0 AppleWebKit/537.36 (KHTML, like Gecko; compatible; ClaudeBot/1.0; +claudebot@anthropic.com)"
23.21.119.232 - - [13/Sep/2025:16:23:35 +0200] "GET /category/apripl/?fileloc=/home/sareqgroup/ecommerce.com/xmlrpc.php&path=/home/sareqgroup/ecommerce.com HTTP/1.1" 200 15973 "-" "Mozilla/5.0 AppleWebKit/537.36 (KHTML, like Gecko; compatible; Amazonbot/0.1; +https://developer.amazon.com/support/amazonbot) Chrome/119.0.6045.214 Safari/537.36"
20.171.207.231 - - [13/Sep/2025:16:23:37 +0200] "GET /sitemap.xml?fileloc=//proc/674/net/ip6_tables_matches&path=//proc/674/net HTTP/1.1" 200 2268 "-" "Mozilla/5.0 AppleWebKit/537.36 (KHTML, like Gecko; compatible; GPTBot/1.2; +https://openai.com/gptbot)"
216.73.216.34 - - [13/Sep/2025:16:23:38 +0200] "GET /2025/09/12/hot-fire-fruits-slot-canhoteiro-review-2024-play-for-free/feed?fileloc=%2F%2Fusr%2Flocal%2Fmaldetect.bk17421%2FVERSION&path=%2F%2Fusr%2Flocal%2Fmaldetect.bk17421 HTTP/1.1" 200 2279 "-" "Mozilla/5.0 AppleWebKit/537.36 (KHTML, like Gecko; compatible; ClaudeBot/1.0; +claudebot@anthropic.com)"
54.163.136.244 - - [13/Sep/2025:16:23:40 +0200] "GET /2025/08/24/1xbet-turkiye-spor-bahisleri-1xbet-canli-bahis-site/?fileloc=/home/sareqgroup/ecommerce.com/wp-load.php&path=/home/sareqgroup/ecommerce.com HTTP/1.1" 200 15844 "-" "Mozilla/5.0 AppleWebKit/537.36 (KHTML, like Gecko; compatible; Amazonbot/0.1; +https://developer.amazon.com/support/amazonbot) Chrome/119.0.6045.214 Safari/537.36"
20.171.207.231 - - [13/Sep/2025:16:23:40 +0200] "GET /sitemap.xml?fileloc=//proc/395/net/ip_tables_targets&path=//proc/395/net HTTP/1.1" 200 2268 "-" "Mozilla/5.0 AppleWebKit/537.36 (KHTML, like Gecko; compatible; GPTBot/1.2; +https://openai.com/gptbot)"
216.73.216.34 - - [13/Sep/2025:16:23:41 +0200] "GET /2025/09/12/twin-spin-netent-slot-slot-tornado-farm-escape-review?fileloc=%2F%2Fbin%2Feuca-modify-subnet-attribute&path=%2F%2Fbin HTTP/1.1" 200 2338 "-" "Mozilla/5.0 AppleWebKit/537.36 (KHTML, like Gecko; compatible; ClaudeBot/1.0; +claudebot@anthropic.com)"
103.189.186.156 - - [13/Sep/2025:16:23:42 +0200] "GET /2025/09/02/les-secrets-des-probabilites-au-casinoclic-comment-jouer-avec-intelligence/ HTTP/1.1" 200 3666 "http://ecommerce.sareqgroup.com/" "Mozilla/5.0 (Macintosh; Intel Mac OS X 12_5) AppleWebKit/605.1.15 (KHTML, like Gecko) Version/15.4 Safari/605.1.15"
216.73.216.34 - - [13/Sep/2025:16:23:44 +0200] "GET /2025/09/12/aztec-treasure-spielautomat-zum-kostenlosen-kostenlose-spins-a-christmas-carol-keine-einzahlung-online-vortragen-novomatic/feed?path=%2Fhome%2Fsareqgroup%2Fecommerce.com%2Fwp-content%2Fuploads%2F2022%2F11 HTTP/1.1" 200 2607 "-" "Mozilla/5.0 AppleWebKit/537.36 (KHTML, like Gecko; compatible; ClaudeBot/1.0; +claudebot@anthropic.com)"
20.171.207.231 - - [13/Sep/2025:16:23:44 +0200] "GET /sitemap.xml?fileloc=//proc/960/net/ip6_tables_matches&path=//proc/960/net HTTP/1.1" 200 2268 "-" "Mozilla/5.0 AppleWebKit/537.36 (KHTML, like Gecko; compatible; GPTBot/1.2; +https://openai.com/gptbot)"
103.189.186.156 - - [13/Sep/2025:16:23:46 +0200] "GET /2025/09/02/les-secrets-des-probabilites-au-casinoclic-comment-jouer-avec-intelligence/?fileloc=/home/sareqgroup/ecommerce.com/.htaccess&path=/home/sareqgroup/ecommerce.com HTTP/1.1" 200 3172 "http://ecommerce.sareqgroup.com/2025/09/02/les-secrets-des-probabilites-au-casinoclic-comment-jouer-avec-intelligence/" "Mozilla/5.0 (Macintosh; Intel Mac OS X 12_5) AppleWebKit/605.1.15 (KHTML, like Gecko) Version/15.4 Safari/605.1.15"
20.171.207.231 - - [13/Sep/2025:16:23:46 +0200] "GET /sitemap.xml?fileloc=//proc/628/net/ip_tables_targets&path=//proc/628/net HTTP/1.1" 200 2268 "-" "Mozilla/5.0 AppleWebKit/537.36 (KHTML, like Gecko; compatible; GPTBot/1.2; +https://openai.com/gptbot)"
216.73.216.34 - - [13/Sep/2025:16:23:47 +0200] "GET /2025/09/12/playing-pub-30-davinci-diamonds-play-added-bonus-spins-to-have-cad1-to-the-publication-from-oz/feed?fileloc=%2F%2Flib64%2Fgconv%2FEBCDIC-DK-NO-A.so&path=%2F%2Flib64%2Fgconv HTTP/1.1" 200 2264 "-" "Mozilla/5.0 AppleWebKit/537.36 (KHTML, like Gecko; compatible; ClaudeBot/1.0; +claudebot@anthropic.com)"
20.171.207.231 - - [13/Sep/2025:16:23:49 +0200] "GET /sitemap.xml?fileloc=//proc/395/net/ip6_tables_matches&path=//proc/395/net HTTP/1.1" 200 2268 "-" "Mozilla/5.0 AppleWebKit/537.36 (KHTML, like Gecko; compatible; GPTBot/1.2; +https://openai.com/gptbot)"
216.73.216.34 - - [13/Sep/2025:16:23:50 +0200] "GET /2025/09/12/best-online-casino-internet-sites-you-a-real-income-gambling-classico-1-deposit-enterprises-2025?path=%2F%2Flib64%2Flibnfsidmap HTTP/1.1" 200 2644 "-" "Mozilla/5.0 AppleWebKit/537.36 (KHTML, like Gecko; compatible; ClaudeBot/1.0; +claudebot@anthropic.com)"
34.233.219.155 - - [13/Sep/2025:16:23:51 +0200] "GET /2025/06/30/motorcycle-service-628/?path=/home/sareqgroup/ecommerce.com/wp-content HTTP/1.1" 200 36987 "-" "Mozilla/5.0 AppleWebKit/537.36 (KHTML, like Gecko; compatible; Amazonbot/0.1; +https://developer.amazon.com/support/amazonbot) Chrome/119.0.6045.214 Safari/537.36"
20.171.207.231 - - [13/Sep/2025:16:23:52 +0200] "GET /sitemap.xml?fileloc=//proc/301/net/ip6_tables_matches&path=//proc/301/net HTTP/1.1" 200 2267 "-" "Mozilla/5.0 AppleWebKit/537.36 (KHTML, like Gecko; compatible; GPTBot/1.2; +https://openai.com/gptbot)"
216.73.216.34 - - [13/Sep/2025:16:23:55 +0200] "GET /2025/09/12/igt-multiple-diamond-four-line-s2000-video-slot-available/feed?fileloc=%2F%2Fproc%2F38%2Fpagemap&path=%2F%2Fproc%2F38 HTTP/1.1" 200 2253 "-" "Mozilla/5.0 AppleWebKit/537.36 (KHTML, like Gecko; compatible; ClaudeBot/1.0; +claudebot@anthropic.com)"
20.171.207.231 - - [13/Sep/2025:16:23:56 +0200] "GET /sitemap.xml?fileloc=//proc/674/net/ip6_tables_targets&path=//proc/674/net HTTP/1.1" 200 2269 "-" "Mozilla/5.0 AppleWebKit/537.36 (KHTML, like Gecko; compatible; GPTBot/1.2; +https://openai.com/gptbot)"
216.73.216.34 - - [13/Sep/2025:16:23:58 +0200] "GET /2025/09/12/b7-casino-nl-bonus-450-en-250-gratis-spins-619-2?fileloc=%2F%2Fsbin%2Fintel-microcode2ucode&path=%2F%2Fsbin HTTP/1.1" 200 2251 "-" "Mozilla/5.0 AppleWebKit/537.36 (KHTML, like Gecko; compatible; ClaudeBot/1.0; +claudebot@anthropic.com)"
20.171.207.231 - - [13/Sep/2025:16:23:59 +0200] "GET /sitemap.xml?fileloc=//proc/628/net/ip6_tables_targets&path=//proc/628/net HTTP/1.1" 200 2268 "-" "Mozilla/5.0 AppleWebKit/537.36 (KHTML, like Gecko; compatible; GPTBot/1.2; +https://openai.com/gptbot)"
34.233.219.155 - - [13/Sep/2025:16:23:59 +0200] "GET /category/sky247-apk-51/?fileloc=/home/sareqgroup/ecommerce.com/license.txt&path=/home/sareqgroup/ecommerce.com HTTP/1.1" 200 32404 "-" "Mozilla/5.0 AppleWebKit/537.36 (KHTML, like Gecko; compatible; Amazonbot/0.1; +https://developer.amazon.com/support/amazonbot) Chrome/119.0.6045.214 Safari/537.36"
216.73.216.34 - - [13/Sep/2025:16:24:01 +0200] "GET /2025/09/12/hot-gems-jogue-online-afinar-pokerstars-casino/feed?fileloc=%2F%2Flib64%2Flibfipscheck.so.1.2.1&path=%2F%2Flib64 HTTP/1.1" 200 2251 "-" "Mozilla/5.0 AppleWebKit/537.36 (KHTML, like Gecko; compatible; ClaudeBot/1.0; +claudebot@anthropic.com)"
20.171.207.231 - - [13/Sep/2025:16:24:02 +0200] "GET /sitemap.xml?fileloc=//proc/960/net/ip6_tables_targets&path=//proc/960/net HTTP/1.1" 200 2268 "-" "Mozilla/5.0 AppleWebKit/537.36 (KHTML, like Gecko; compatible; GPTBot/1.2; +https://openai.com/gptbot)"
100.27.153.9 - - [13/Sep/2025:16:24:03 +0200] "GET /2025/09/11/no-deposit-gambling-enterprise-extra-philippines-100-percent-free-playson-casino-games-sign-up-also-provides-sep-2025/?path=/home/sareqgroup/ecommerce.com/wp-admin HTTP/1.1" 200 173459 "-" "Mozilla/5.0 AppleWebKit/537.36 (KHTML, like Gecko; compatible; Amazonbot/0.1; +https://developer.amazon.com/support/amazonbot) Chrome/119.0.6045.214 Safari/537.36"
216.73.216.34 - - [13/Sep/2025:16:24:04 +0200] "GET /2025/09/12/kap-ultimat-mastercard-casino-ino-sverige-2025?path=%2Fhome%2Fsareqgroup%2Fwww.sareq-group.com HTTP/1.1" 200 2665 "-" "Mozilla/5.0 AppleWebKit/537.36 (KHTML, like Gecko; compatible; ClaudeBot/1.0; +claudebot@anthropic.com)"
20.171.207.231 - - [13/Sep/2025:16:24:05 +0200] "GET /sitemap.xml?fileloc=//proc/512/net/ip6_tables_matches&path=//proc/512/net HTTP/1.1" 200 2268 "-" "Mozilla/5.0 AppleWebKit/537.36 (KHTML, like Gecko; compatible; GPTBot/1.2; +https://openai.com/gptbot)"
66.249.70.160 - - [13/Sep/2025:16:24:06 +0200] "GET /2025/09/11/the-best-web-based-casinos-in-the-september-2025-ranked-and-analyzed/feed/?fileloc=/home/sareqgroup/ecommerce.com/wp-content/languages/fr_FR-bf23b24175490c2e46aaf92ff6a0c70f.json&path=/home/sareqgroup/ecommerce.com/wp-content/languages HTTP/1.1" 200 2506 "-" "Mozilla/5.0 (Linux; Android 6.0.1; Nexus 5X Build/MMB29P) AppleWebKit/537.36 (KHTML, like Gecko) Chrome/140.0.7339.127 Mobile Safari/537.36 (compatible; GoogleOther)"
216.73.216.34 - - [13/Sep/2025:16:24:07 +0200] "GET /2025/09/12/hot-gems-jogue-online-afinar-pokerstars-casino/feed?fileloc=%2F%2Flib64%2Flibuuid.so.1.3.0&path=%2F%2Flib64 HTTP/1.1" 200 2248 "-" "Mozilla/5.0 AppleWebKit/537.36 (KHTML, like Gecko; compatible; ClaudeBot/1.0; +claudebot@anthropic.com)"
20.171.207.231 - - [13/Sep/2025:16:24:08 +0200] "GET /sitemap.xml?fileloc=//proc/120/net/ip6_tables_matches&path=//proc/120/net HTTP/1.1" 200 2268 "-" "Mozilla/5.0 AppleWebKit/537.36 (KHTML, like Gecko; compatible; GPTBot/1.2; +https://openai.com/gptbot)"
216.73.216.34 - - [13/Sep/2025:16:24:10 +0200] "GET /2025/09/12/twin-spin-netent-slot-slot-tornado-farm-escape-review?fileloc=%2F%2Fsbin%2Fnl-class-list&path=%2F%2Fsbin HTTP/1.1" 200 2246 "-" "Mozilla/5.0 AppleWebKit/537.36 (KHTML, like Gecko; compatible; ClaudeBot/1.0; +claudebot@anthropic.com)"
20.171.207.231 - - [13/Sep/2025:16:24:11 +0200] "GET /sitemap.xml?fileloc=//proc/305/net/ip6_tables_matches&path=//proc/305/net HTTP/1.1" 200 2268 "-" "Mozilla/5.0 AppleWebKit/537.36 (KHTML, like Gecko; compatible; GPTBot/1.2; +https://openai.com/gptbot)"
185.191.171.11 - - [13/Sep/2025:16:24:13 +0200] "GET /2025/07/31/finding-a-bride-a-information-to-legit-mail-order-bride-sites-in-2025/ HTTP/1.1" 200 64828 "-" "Mozilla/5.0 (compatible; SemrushBot/7~bl; +http://www.semrush.com/bot.html)"
216.73.216.34 - - [13/Sep/2025:16:24:13 +0200] "GET /2025/09/12/melhores-plataformas-criancice-cassino-online-afinar-brasil-2025/feed?fileloc=%2F%2Fscripts%2Fmainipcheck&path=%2F%2Fscripts HTTP/1.1" 200 5917 "-" "Mozilla/5.0 AppleWebKit/537.36 (KHTML, like Gecko; compatible; ClaudeBot/1.0; +claudebot@anthropic.com)"
20.171.207.231 - - [13/Sep/2025:16:24:15 +0200] "GET /sitemap.xml?fileloc=//proc/120/net/stat/rt_cache&path=//proc/120/net/stat HTTP/1.1" 200 2446 "-" "Mozilla/5.0 AppleWebKit/537.36 (KHTML, like Gecko; compatible; GPTBot/1.2; +https://openai.com/gptbot)"
20.171.207.231 - - [13/Sep/2025:16:24:18 +0200] "GET /sitemap.xml?fileloc=//proc/674/net/stat/rt_cache&path=//proc/674/net/stat HTTP/1.1" 200 2443 "-" "Mozilla/5.0 AppleWebKit/537.36 (KHTML, like Gecko; compatible; GPTBot/1.2; +https://openai.com/gptbot)"
20.171.207.231 - - [13/Sep/2025:16:24:21 +0200] "GET /sitemap.xml?fileloc=//proc/305/net/stat/rt_cache&path=//proc/305/net/stat HTTP/1.1" 200 2443 "-" "Mozilla/5.0 AppleWebKit/537.36 (KHTML, like Gecko; compatible; GPTBot/1.2; +https://openai.com/gptbot)"
216.73.216.34 - - [13/Sep/2025:16:24:21 +0200] "GET /2025/09/12/best-spielsaal-lucky-days-freie-spins-9-gamesys-casino-spin-palace-kein-einzahlungsbonus-chinese-dragon-online-slot-casinos-watrbar?fileloc=%2F%2Flib64%2Flibboost-plesk-1.65%2Flibboost_filesystem-plesk.so.1.65.1&path=%2F%2Flib64%2Flibboost-plesk-1.65 HTTP/1.1" 200 2273 "-" "Mozilla/5.0 AppleWebKit/537.36 (KHTML, like Gecko; compatible; ClaudeBot/1.0; +claudebot@anthropic.com)"
